May 26 18:05:28.858929 dv-cinder-839064-2-iscsi devstack@c-api.service[110912]: DEBUG cinder.api.middleware.request_id [None req-61c9f60d-2728-4ff8-ac85-d7d1c349684e None None] RequestId filter calling following filter/app {{(pid=110912) _context_setter /opt/stack/cinder/cinder/api/middleware/request_id.py:62}}
May 26 18:05:28.863055 dv-cinder-839064-2-iscsi devstack@c-api.service[110912]: INFO cinder.api.openstack.wsgi [None req-61c9f60d-2728-4ff8-ac85-d7d1c349684e tempest-VolumesImageMetadata-711465959 tempest-VolumesImageMetadata-711465959-project] GET http://10.222.0.76/volume/v3/8cbe6d45be104dfaacc3afd241b940ca/volumes/2634a21a-7c69-466c-a3eb-60773af6213d
May 26 18:05:28.863644 dv-cinder-839064-2-iscsi devstack@c-api.service[110912]: DEBUG cinder.api.openstack.wsgi [None req-61c9f60d-2728-4ff8-ac85-d7d1c349684e tempest-VolumesImageMetadata-711465959 tempest-VolumesImageMetadata-711465959-project] Empty body provided in request {{(pid=110912) get_body /opt/stack/cinder/cinder/api/openstack/wsgi.py:715}}
May 26 18:05:28.863963 dv-cinder-839064-2-iscsi devstack@c-api.service[110912]: DEBUG cinder.api.openstack.wsgi [None req-61c9f60d-2728-4ff8-ac85-d7d1c349684e tempest-VolumesImageMetadata-711465959 tempest-VolumesImageMetadata-711465959-project] Calling method 'show' {{(pid=110912) _process_stack /opt/stack/cinder/cinder/api/openstack/wsgi.py:868}}
May 26 18:05:28.878981 dv-cinder-839064-2-iscsi devstack@c-api.service[110912]: /usr/local/lib/python3.8/dist-packages/oslo_context/context.py:100: DeprecationWarning: Policy enforcement is depending on the value of is_admin. This key is deprecated. Please update your policy file to use the standard policy values.
May 26 18:05:28.878981 dv-cinder-839064-2-iscsi devstack@c-api.service[110912]: warnings.warn('Policy enforcement is depending on the value of '
May 26 18:05:28.900250 dv-cinder-839064-2-iscsi devstack@c-api.service[110912]: INFO cinder.volume.api [None req-61c9f60d-2728-4ff8-ac85-d7d1c349684e tempest-VolumesImageMetadata-711465959 tempest-VolumesImageMetadata-711465959-project] Volume info retrieved successfully.
May 26 18:05:28.900647 dv-cinder-839064-2-iscsi devstack@c-api.service[110911]: /usr/local/lib/python3.8/dist-packages/oslo_context/context.py:100: DeprecationWarning: Policy enforcement is depending on the value of is_admin. This key is deprecated. Please update your policy file to use the standard policy values.
May 26 18:05:28.900647 dv-cinder-839064-2-iscsi devstack@c-api.service[110911]: warnings.warn('Policy enforcement is depending on the value of '
May 26 18:05:28.907026 dv-cinder-839064-2-iscsi devstack@c-api.service[110911]: INFO cinder.api.openstack.wsgi [None req-e01de139-1a70-4219-abdb-29f5c9bde401 tempest-VolumeQuotasNegativeTestJSON-366776929 tempest-VolumeQuotasNegativeTestJSON-366776929-project] http://10.222.0.76/volume/v3/6d55e5af817446ff85e70f08c4bf3e89/volumes/28967d46-d89c-49de-9d13-f703d5cdb629 returned with HTTP 404
May 26 18:05:28.911856 dv-cinder-839064-2-iscsi devstack@c-api.service[110911]: [pid: 110911|app: 0|req: 122/212] 10.222.0.76 () {58 vars in 1324 bytes} [Thu May 26 18:05:28 2022] GET /volume/v3/6d55e5af817446ff85e70f08c4bf3e89/volumes/28967d46-d89c-49de-9d13-f703d5cdb629 => generated 109 bytes in 68 msecs (HTTP/1.1 404) 7 headers in 292 bytes (1 switches on core 0)
May 26 18:05:28.913802 dv-cinder-839064-2-iscsi devstack@c-api.service[110911]: DEBUG cinder.api.middleware.request_id [None req-6e2b3c66-f0bb-46a7-8ccc-0200d644178d None None] RequestId filter calling following filter/app {{(pid=110911) _context_setter /opt/stack/cinder/cinder/api/middleware/request_id.py:62}}
May 26 18:05:28.913927 dv-cinder-839064-2-iscsi devstack@c-api.service[110912]: INFO cinder.api.openstack.wsgi [None req-61c9f60d-2728-4ff8-ac85-d7d1c349684e tempest-VolumesImageMetadata-711465959 tempest-VolumesImageMetadata-711465959-project] http://10.222.0.76/volume/v3/8cbe6d45be104dfaacc3afd241b940ca/volumes/2634a21a-7c69-466c-a3eb-60773af6213d returned with HTTP 200
May 26 18:05:28.922602 dv-cinder-839064-2-iscsi devstack@c-api.service[110912]: [pid: 110912|app: 0|req: 91/213] 10.222.0.76 () {58 vars in 1324 bytes} [Thu May 26 18:05:28 2022] GET /volume/v3/8cbe6d45be104dfaacc3afd241b940ca/volumes/2634a21a-7c69-466c-a3eb-60773af6213d => generated 910 bytes in 65 msecs (HTTP/1.1 200) 7 headers in 285 bytes (1 switches on core 0)
May 26 18:05:28.924130 dv-cinder-839064-2-iscsi devstack@c-api.service[110912]: DEBUG cinder.api.middleware.request_id [None req-4854a4d5-bcae-45bb-b7bc-f57f13817d8a None None] RequestId filter calling following filter/app {{(pid=110912) _context_setter /opt/stack/cinder/cinder/api/middleware/request_id.py:62}}
May 26 18:05:28.927504 dv-cinder-839064-2-iscsi devstack@c-api.service[110911]: INFO cinder.api.openstack.wsgi [None req-6e2b3c66-f0bb-46a7-8ccc-0200d644178d tempest-GroupSnapshotsTest-323480867 tempest-GroupSnapshotsTest-323480867-project] GET http://10.222.0.76/volume/v3/db354d763e214ca4a62b0f964ee5b60f/snapshots/detail
May 26 18:05:28.928199 dv-cinder-839064-2-iscsi devstack@c-api.service[110911]: DEBUG cinder.api.openstack.wsgi [None req-6e2b3c66-f0bb-46a7-8ccc-0200d644178d tempest-GroupSnapshotsTest-323480867 tempest-GroupSnapshotsTest-323480867-project] Empty body provided in request {{(pid=110911) get_body /opt/stack/cinder/cinder/api/openstack/wsgi.py:715}}
May 26 18:05:28.928313 dv-cinder-839064-2-iscsi devstack@c-api.service[110912]: INFO cinder.api.openstack.wsgi [None req-4854a4d5-bcae-45bb-b7bc-f57f13817d8a tempest-GroupsTest-1629784071 tempest-GroupsTest-1629784071-project] GET http://10.222.0.76/volume/v3/dbb8c80a56f544c9a0203db42382f72f/volumes/eba726a7-bc70-4300-bd55-8ca3b35fd0d6
May 26 18:05:28.928874 dv-cinder-839064-2-iscsi devstack@c-api.service[110911]: DEBUG cinder.api.openstack.wsgi [None req-6e2b3c66-f0bb-46a7-8ccc-0200d644178d tempest-GroupSnapshotsTest-323480867 tempest-GroupSnapshotsTest-323480867-project] Calling method 'detail' {{(pid=110911) _process_stack /opt/stack/cinder/cinder/api/openstack/wsgi.py:868}}
May 26 18:05:28.929721 dv-cinder-839064-2-iscsi devstack@c-api.service[110912]: DEBUG cinder.api.openstack.wsgi [None req-4854a4d5-bcae-45bb-b7bc-f57f13817d8a tempest-GroupsTest-1629784071 tempest-GroupsTest-1629784071-project] Empty body provided in request {{(pid=110912) get_body /opt/stack/cinder/cinder/api/openstack/wsgi.py:715}}
May 26 18:05:28.929880 dv-cinder-839064-2-iscsi devstack@c-api.service[110911]: DEBUG cinder.api.api_utils [None req-6e2b3c66-f0bb-46a7-8ccc-0200d644178d tempest-GroupSnapshotsTest-323480867 tempest-GroupSnapshotsTest-323480867-project] Removing options '' from query. {{(pid=110911) remove_invalid_filter_options /opt/stack/cinder/cinder/api/api_utils.py:73}}
May 26 18:05:28.930063 dv-cinder-839064-2-iscsi devstack@c-api.service[110912]: DEBUG cinder.api.openstack.wsgi [None req-4854a4d5-bcae-45bb-b7bc-f57f13817d8a tempest-GroupsTest-1629784071 tempest-GroupsTest-1629784071-project] Calling method 'show' {{(pid=110912) _process_stack /opt/stack/cinder/cinder/api/openstack/wsgi.py:868}}
May 26 18:05:28.931925 dv-cinder-839064-2-iscsi devstack@c-api.service[110911]: DEBUG cinder.db.sqlalchemy.api [None req-6e2b3c66-f0bb-46a7-8ccc-0200d644178d tempest-GroupSnapshotsTest-323480867 tempest-GroupSnapshotsTest-323480867-project] Building query based on filter {{(pid=110911) _process_snaps_filters /opt/stack/cinder/cinder/db/sqlalchemy/api.py:3846}}
May 26 18:05:28.939510 dv-cinder-839064-2-iscsi devstack@c-api.service[110911]: INFO cinder.volume.api [None req-6e2b3c66-f0bb-46a7-8ccc-0200d644178d tempest-GroupSnapshotsTest-323480867 tempest-GroupSnapshotsTest-323480867-project] Get all snapshots completed successfully.
May 26 18:05:28.941543 dv-cinder-839064-2-iscsi devstack@c-api.service[110911]: INFO cinder.api.openstack.wsgi [None req-6e2b3c66-f0bb-46a7-8ccc-0200d644178d tempest-GroupSnapshotsTest-323480867 tempest-GroupSnapshotsTest-323480867-project] http://10.222.0.76/volume/v3/db354d763e214ca4a62b0f964ee5b60f/snapshots/detail returned with HTTP 200
May 26 18:05:28.942479 dv-cinder-839064-2-iscsi devstack@c-api.service[110911]: [pid: 110911|app: 0|req: 123/214] 10.222.0.76 () {58 vars in 1240 bytes} [Thu May 26 18:05:28 2022] GET /volume/v3/db354d763e214ca4a62b0f964ee5b60f/snapshots/detail => generated 17 bytes in 30 msecs (HTTP/1.1 200) 7 headers in 284 bytes (1 switches on core 0)
May 26 18:05:28.943703 dv-cinder-839064-2-iscsi devstack@c-api.service[110911]: DEBUG cinder.api.middleware.request_id [None req-a4b6c09f-cc86-49b8-87b5-6c2b2ff31c5c None None] RequestId filter calling following filter/app {{(pid=110911) _context_setter /opt/stack/cinder/cinder/api/middleware/request_id.py:62}}
May 26 18:05:28.948487 dv-cinder-839064-2-iscsi devstack@c-api.service[110911]: INFO cinder.api.openstack.wsgi [None req-a4b6c09f-cc86-49b8-87b5-6c2b2ff31c5c tempest-DeleteServersTestJSON-113582191 tempest-DeleteServersTestJSON-113582191-project] GET http://10.222.0.76/volume/v3/6b746bd093c749c5a2ffe6fd3d3e0417/volumes/847fc9f2-42aa-42ed-b664-4a6d0ef26002
May 26 18:05:28.949111 dv-cinder-839064-2-iscsi devstack@c-api.service[110911]: DEBUG cinder.api.openstack.wsgi [None req-a4b6c09f-cc86-49b8-87b5-6c2b2ff31c5c tempest-DeleteServersTestJSON-113582191 tempest-DeleteServersTestJSON-113582191-project] Empty body provided in request {{(pid=110911) get_body /opt/stack/cinder/cinder/api/openstack/wsgi.py:715}}
May 26 18:05:28.949566 dv-cinder-839064-2-iscsi devstack@c-api.service[110911]: DEBUG cinder.api.openstack.wsgi [None req-a4b6c09f-cc86-49b8-87b5-6c2b2ff31c5c tempest-DeleteServersTestJSON-113582191 tempest-DeleteServersTestJSON-113582191-project] Calling method 'show' {{(pid=110911) _process_stack /opt/stack/cinder/cinder/api/openstack/wsgi.py:868}}
May 26 18:05:28.951375 dv-cinder-839064-2-iscsi devstack@c-api.service[110912]: /usr/local/lib/python3.8/dist-packages/oslo_context/context.py:100: DeprecationWarning: Policy enforcement is depending on the value of is_admin. This key is deprecated. Please update your policy file to use the standard policy values.
May 26 18:05:28.951375 dv-cinder-839064-2-iscsi devstack@c-api.service[110912]: warnings.warn('Policy enforcement is depending on the value of '
May 26 18:05:28.961272 dv-cinder-839064-2-iscsi devstack@c-api.service[110912]: INFO cinder.volume.api [None req-4854a4d5-bcae-45bb-b7bc-f57f13817d8a tempest-GroupsTest-1629784071 tempest-GroupsTest-1629784071-project] Volume info retrieved successfully.
May 26 18:05:28.962723 dv-cinder-839064-2-iscsi devstack@c-api.service[110912]: WARNING stevedore.named [None req-4854a4d5-bcae-45bb-b7bc-f57f13817d8a tempest-GroupsTest-1629784071 tempest-GroupsTest-1629784071-project] Could not load cinder.keymgr.conf_key_mgr.ConfKeyManager
May 26 18:05:28.963103 dv-cinder-839064-2-iscsi devstack@c-api.service[110912]: WARNING castellan.key_manager [None req-4854a4d5-bcae-45bb-b7bc-f57f13817d8a tempest-GroupsTest-1629784071 tempest-GroupsTest-1629784071-project] Deprecation Warning : cinder.keymgr.conf_key_mgr.ConfKeyManager is not a stevedore based driver, trying to load it as a class: stevedore.exception.NoMatches: No 'castellan.drivers' driver found, looking for 'cinder.keymgr.conf_key_mgr.ConfKeyManager'
May 26 18:05:28.971986 dv-cinder-839064-2-iscsi devstack@c-api.service[110912]: DEBUG oslo_db.sqlalchemy.engines [None req-4854a4d5-bcae-45bb-b7bc-f57f13817d8a tempest-GroupsTest-1629784071 tempest-GroupsTest-1629784071-project] MySQL server mode set to STRICT_TRANS_TABLES,STRICT_ALL_TABLES,NO_ZERO_IN_DATE,NO_ZERO_DATE,ERROR_FOR_DIVISION_BY_ZERO,TRADITIONAL,NO_ENGINE_SUBSTITUTION {{(pid=110912) _check_effective_sql_mode /usr/local/lib/python3.8/dist-packages/oslo_db/sqlalchemy/engines.py:314}}
May 26 18:05:28.979768 dv-cinder-839064-2-iscsi devstack@c-api.service[110912]: /usr/local/lib/python3.8/dist-packages/oslo_context/context.py:100: DeprecationWarning: Policy enforcement is depending on the value of is_admin. This key is deprecated. Please update your policy file to use the standard policy values.
May 26 18:05:28.979768 dv-cinder-839064-2-iscsi devstack@c-api.service[110912]: warnings.warn('Policy enforcement is depending on the value of '
May 26 18:05:28.996974 dv-cinder-839064-2-iscsi devstack@c-api.service[110912]: INFO cinder.api.openstack.wsgi [None req-4854a4d5-bcae-45bb-b7bc-f57f13817d8a tempest-GroupsTest-1629784071 tempest-GroupsTest-1629784071-project] http://10.222.0.76/volume/v3/dbb8c80a56f544c9a0203db42382f72f/volumes/eba726a7-bc70-4300-bd55-8ca3b35fd0d6 returned with HTTP 200
May 26 18:05:28.997742 dv-cinder-839064-2-iscsi devstack@c-api.service[110912]: [pid: 110912|app: 0|req: 92/215] 10.222.0.76 () {60 vars in 1365 bytes} [Thu May 26 18:05:28 2022] GET /volume/v3/dbb8c80a56f544c9a0203db42382f72f/volumes/eba726a7-bc70-4300-bd55-8ca3b35fd0d6 => generated 972 bytes in 75 msecs (HTTP/1.1 200) 7 headers in 286 bytes (1 switches on core 0)
May 26 18:05:28.999149 dv-cinder-839064-2-iscsi devstack@c-api.service[110912]: DEBUG cinder.api.middleware.request_id [None req-c52c56b0-1ec4-4783-92f3-c6c500a0dd28 None None] RequestId filter calling following filter/app {{(pid=110912) _context_setter /opt/stack/cinder/cinder/api/middleware/request_id.py:62}}
May 26 18:05:29.005509 dv-cinder-839064-2-iscsi devstack@c-api.service[110912]: INFO cinder.api.openstack.wsgi [None req-c52c56b0-1ec4-4783-92f3-c6c500a0dd28 tempest-VolumeQuotasNegativeTestJSON-1544214499 tempest-VolumeQuotasNegativeTestJSON-1544214499-project-admin] PUT http://10.222.0.76/volume/v3/cb33d2a9c51b40818ba8223009114518/os-quota-sets/6d55e5af817446ff85e70f08c4bf3e89
May 26 18:05:29.006284 dv-cinder-839064-2-iscsi devstack@c-api.service[110912]: DEBUG cinder.api.openstack.wsgi [None req-c52c56b0-1ec4-4783-92f3-c6c500a0dd28 tempest-VolumeQuotasNegativeTestJSON-1544214499 tempest-VolumeQuotasNegativeTestJSON-1544214499-project-admin] Action: 'update', calling method: update, body: {"quota_set": {"volumes": 10, "per_volume_gigabytes": -1, "snapshots": 10, "gigabytes": 1000, "backups": 10, "backup_gigabytes": 1000}} {{(pid=110912) _process_stack /opt/stack/cinder/cinder/api/openstack/wsgi.py:866}}
May 26 18:05:29.110334 dv-cinder-839064-2-iscsi devstack@c-api.service[110911]: /usr/local/lib/python3.8/dist-packages/oslo_context/context.py:100: DeprecationWarning: Policy enforcement is depending on the value of is_admin. This key is deprecated. Please update your policy file to use the standard policy values.
May 26 18:05:29.110334 dv-cinder-839064-2-iscsi devstack@c-api.service[110911]: warnings.warn('Policy enforcement is depending on the value of '
May 26 18:05:29.118984 dv-cinder-839064-2-iscsi devstack@c-api.service[110911]: INFO cinder.volume.api [None req-a4b6c09f-cc86-49b8-87b5-6c2b2ff31c5c tempest-DeleteServersTestJSON-113582191 tempest-DeleteServersTestJSON-113582191-project] Volume info retrieved successfully.
May 26 18:05:29.129371 dv-cinder-839064-2-iscsi devstack@c-api.service[110911]: INFO cinder.api.openstack.wsgi [None req-a4b6c09f-cc86-49b8-87b5-6c2b2ff31c5c tempest-DeleteServersTestJSON-113582191 tempest-DeleteServersTestJSON-113582191-project] http://10.222.0.76/volume/v3/6b746bd093c749c5a2ffe6fd3d3e0417/volumes/847fc9f2-42aa-42ed-b664-4a6d0ef26002 returned with HTTP 200
May 26 18:05:29.130413 dv-cinder-839064-2-iscsi devstack@c-api.service[110911]: [pid: 110911|app: 0|req: 124/216] 10.222.0.76 () {58 vars in 1324 bytes} [Thu May 26 18:05:28 2022] GET /volume/v3/6b746bd093c749c5a2ffe6fd3d3e0417/volumes/847fc9f2-42aa-42ed-b664-4a6d0ef26002 => generated 888 bytes in 187 msecs (HTTP/1.1 200) 7 headers in 285 bytes (1 switches on core 0)
May 26 18:05:29.131621 dv-cinder-839064-2-iscsi devstack@c-api.service[110911]: DEBUG cinder.api.middleware.request_id [None req-9fa31a11-937b-4788-ae23-764e49c03752 None None] RequestId filter calling following filter/app {{(pid=110911) _context_setter /opt/stack/cinder/cinder/api/middleware/request_id.py:62}}
May 26 18:05:29.135464 dv-cinder-839064-2-iscsi devstack@c-api.service[110911]: INFO cinder.api.openstack.wsgi [None req-9fa31a11-937b-4788-ae23-764e49c03752 tempest-GroupSnapshotsTest-323480867 tempest-GroupSnapshotsTest-323480867-project] GET http://10.222.0.76/volume/v3/db354d763e214ca4a62b0f964ee5b60f/group_snapshots/d4e49d28-9a27-4abd-9178-3abbad5f8f35
May 26 18:05:29.135965 dv-cinder-839064-2-iscsi devstack@c-api.service[110911]: DEBUG cinder.api.openstack.wsgi [None req-9fa31a11-937b-4788-ae23-764e49c03752 tempest-GroupSnapshotsTest-323480867 tempest-GroupSnapshotsTest-323480867-project] Empty body provided in request {{(pid=110911) get_body /opt/stack/cinder/cinder/api/openstack/wsgi.py:715}}
May 26 18:05:29.136408 dv-cinder-839064-2-iscsi devstack@c-api.service[110911]: DEBUG cinder.api.openstack.wsgi [None req-9fa31a11-937b-4788-ae23-764e49c03752 tempest-GroupSnapshotsTest-323480867 tempest-GroupSnapshotsTest-323480867-project] Calling method 'version_select' {{(pid=110911) _process_stack /opt/stack/cinder/cinder/api/openstack/wsgi.py:868}}
May 26 18:05:29.136753 dv-cinder-839064-2-iscsi devstack@c-api.service[110911]: DEBUG cinder.api.v3.group_snapshots [None req-9fa31a11-937b-4788-ae23-764e49c03752 tempest-GroupSnapshotsTest-323480867 tempest-GroupSnapshotsTest-323480867-project] show called for member d4e49d28-9a27-4abd-9178-3abbad5f8f35 {{(pid=110911) show /opt/stack/cinder/cinder/api/v3/group_snapshots.py:58}}
May 26 18:05:29.141314 dv-cinder-839064-2-iscsi devstack@c-api.service[110911]: INFO cinder.api.openstack.wsgi [None req-9fa31a11-937b-4788-ae23-764e49c03752 tempest-GroupSnapshotsTest-323480867 tempest-GroupSnapshotsTest-323480867-project] http://10.222.0.76/volume/v3/db354d763e214ca4a62b0f964ee5b60f/group_snapshots/d4e49d28-9a27-4abd-9178-3abbad5f8f35 returned with HTTP 404
May 26 18:05:29.142279 dv-cinder-839064-2-iscsi devstack@c-api.service[110911]: [pid: 110911|app: 0|req: 125/217] 10.222.0.76 () {60 vars in 1389 bytes} [Thu May 26 18:05:29 2022] GET /volume/v3/db354d763e214ca4a62b0f964ee5b60f/group_snapshots/d4e49d28-9a27-4abd-9178-3abbad5f8f35 => generated 116 bytes in 11 msecs (HTTP/1.1 404) 7 headers in 293 bytes (1 switches on core 0)
May 26 18:05:29.147607 dv-cinder-839064-2-iscsi devstack@c-api.service[110911]: DEBUG cinder.api.middleware.request_id [None req-f808a5c2-f2b3-4a94-b9e0-33e1816baf2b None None] RequestId filter calling following filter/app {{(pid=110911) _context_setter /opt/stack/cinder/cinder/api/middleware/request_id.py:62}}
May 26 18:05:29.151556 dv-cinder-839064-2-iscsi devstack@c-api.service[110911]: INFO cinder.api.openstack.wsgi [None req-f808a5c2-f2b3-4a94-b9e0-33e1816baf2b tempest-GroupSnapshotsTest-323480867 tempest-GroupSnapshotsTest-323480867-project] GET http://10.222.0.76/volume/v3/db354d763e214ca4a62b0f964ee5b60f/volumes/detail
May 26 18:05:29.152195 dv-cinder-839064-2-iscsi devstack@c-api.service[110911]: DEBUG cinder.api.openstack.wsgi [None req-f808a5c2-f2b3-4a94-b9e0-33e1816baf2b tempest-GroupSnapshotsTest-323480867 tempest-GroupSnapshotsTest-323480867-project] Empty body provided in request {{(pid=110911) get_body /opt/stack/cinder/cinder/api/openstack/wsgi.py:715}}
May 26 18:05:29.153139 dv-cinder-839064-2-iscsi devstack@c-api.service[110911]: DEBUG cinder.api.openstack.wsgi [None req-f808a5c2-f2b3-4a94-b9e0-33e1816baf2b tempest-GroupSnapshotsTest-323480867 tempest-GroupSnapshotsTest-323480867-project] Calling method 'detail' {{(pid=110911) _process_stack /opt/stack/cinder/cinder/api/openstack/wsgi.py:868}}
May 26 18:05:29.153368 dv-cinder-839064-2-iscsi devstack@c-api.service[110911]: DEBUG cinder.api.api_utils [None req-f808a5c2-f2b3-4a94-b9e0-33e1816baf2b tempest-GroupSnapshotsTest-323480867 tempest-GroupSnapshotsTest-323480867-project] Removing options '' from query. {{(pid=110911) remove_invalid_filter_options /opt/stack/cinder/cinder/api/api_utils.py:73}}
May 26 18:05:29.155375 dv-cinder-839064-2-iscsi devstack@c-api.service[110911]: DEBUG cinder.volume.api [None req-f808a5c2-f2b3-4a94-b9e0-33e1816baf2b tempest-GroupSnapshotsTest-323480867 tempest-GroupSnapshotsTest-323480867-project] Searching by: MultiDict([('no_migration_targets', True)]). {{(pid=110911) get_all /opt/stack/cinder/cinder/volume/api.py:664}}
May 26 18:05:29.182625 dv-cinder-839064-2-iscsi devstack@c-api.service[110912]: INFO cinder.api.openstack.wsgi [None req-c52c56b0-1ec4-4783-92f3-c6c500a0dd28 tempest-VolumeQuotasNegativeTestJSON-1544214499 tempest-VolumeQuotasNegativeTestJSON-1544214499-project-admin] http://10.222.0.76/volume/v3/cb33d2a9c51b40818ba8223009114518/os-quota-sets/6d55e5af817446ff85e70f08c4bf3e89 returned with HTTP 200
May 26 18:05:29.183343 dv-cinder-839064-2-iscsi devstack@c-api.service[110912]: [pid: 110912|app: 0|req: 93/218] 10.222.0.76 () {60 vars in 1351 bytes} [Thu May 26 18:05:28 2022] PUT /volume/v3/cb33d2a9c51b40818ba8223009114518/os-quota-sets/6d55e5af817446ff85e70f08c4bf3e89 => generated 690 bytes in 185 msecs (HTTP/1.1 200) 7 headers in 285 bytes (1 switches on core 0)
May 26 18:05:29.205078 dv-cinder-839064-2-iscsi devstack@c-api.service[110911]: INFO cinder.volume.api [None req-f808a5c2-f2b3-4a94-b9e0-33e1816baf2b tempest-GroupSnapshotsTest-323480867 tempest-GroupSnapshotsTest-323480867-project] Get all volumes completed successfully.
May 26 18:05:29.206521 dv-cinder-839064-2-iscsi devstack@c-api.service[110911]: WARNING stevedore.named [None req-f808a5c2-f2b3-4a94-b9e0-33e1816baf2b tempest-GroupSnapshotsTest-323480867 tempest-GroupSnapshotsTest-323480867-project] Could not load cinder.keymgr.conf_key_mgr.ConfKeyManager
May 26 18:05:29.206928 dv-cinder-839064-2-iscsi devstack@c-api.service[110911]: WARNING castellan.key_manager [None req-f808a5c2-f2b3-4a94-b9e0-33e1816baf2b tempest-GroupSnapshotsTest-323480867 tempest-GroupSnapshotsTest-323480867-project] Deprecation Warning : cinder.keymgr.conf_key_mgr.ConfKeyManager is not a stevedore based driver, trying to load it as a class: stevedore.exception.NoMatches: No 'castellan.drivers' driver found, looking for 'cinder.keymgr.conf_key_mgr.ConfKeyManager'
May 26 18:05:29.213982 dv-cinder-839064-2-iscsi devstack@c-api.service[110911]: DEBUG oslo_db.sqlalchemy.engines [None req-f808a5c2-f2b3-4a94-b9e0-33e1816baf2b tempest-GroupSnapshotsTest-323480867 tempest-GroupSnapshotsTest-323480867-project] MySQL server mode set to STRICT_TRANS_TABLES,STRICT_ALL_TABLES,NO_ZERO_IN_DATE,NO_ZERO_DATE,ERROR_FOR_DIVISION_BY_ZERO,TRADITIONAL,NO_ENGINE_SUBSTITUTION {{(pid=110911) _check_effective_sql_mode /usr/local/lib/python3.8/dist-packages/oslo_db/sqlalchemy/engines.py:314}}
May 26 18:05:29.220419 dv-cinder-839064-2-iscsi devstack@c-api.service[110911]: /usr/local/lib/python3.8/dist-packages/oslo_context/context.py:100: DeprecationWarning: Policy enforcement is depending on the value of is_admin. This key is deprecated. Please update your policy file to use the standard policy values.
May 26 18:05:29.220419 dv-cinder-839064-2-iscsi devstack@c-api.service[110911]: warnings.warn('Policy enforcement is depending on the value of '
May 26 18:05:29.253309 dv-cinder-839064-2-iscsi devstack@c-api.service[110911]: INFO cinder.api.openstack.wsgi [None req-f808a5c2-f2b3-4a94-b9e0-33e1816baf2b tempest-GroupSnapshotsTest-323480867 tempest-GroupSnapshotsTest-323480867-project] http://10.222.0.76/volume/v3/db354d763e214ca4a62b0f964ee5b60f/volumes/detail returned with HTTP 200
May 26 18:05:29.254634 dv-cinder-839064-2-iscsi devstack@c-api.service[110911]: [pid: 110911|app: 0|req: 126/219] 10.222.0.76 () {60 vars in 1275 bytes} [Thu May 26 18:05:29 2022] GET /volume/v3/db354d763e214ca4a62b0f964ee5b60f/volumes/detail => generated 1004 bytes in 108 msecs (HTTP/1.1 200) 7 headers in 287 bytes (1 switches on core 0)
May 26 18:05:29.270257 dv-cinder-839064-2-iscsi devstack@c-api.service[110912]: DEBUG cinder.api.middleware.request_id [None req-dffe30e0-fc97-4fa6-8cc8-2c24ede04c32 None None] RequestId filter calling following filter/app {{(pid=110912) _context_setter /opt/stack/cinder/cinder/api/middleware/request_id.py:62}}
May 26 18:05:29.273029 dv-cinder-839064-2-iscsi devstack@c-api.service[110912]: INFO cinder.api.openstack.wsgi [None req-dffe30e0-fc97-4fa6-8cc8-2c24ede04c32 tempest-GroupSnapshotsTest-323480867 tempest-GroupSnapshotsTest-323480867-project] POST http://10.222.0.76/volume/v3/db354d763e214ca4a62b0f964ee5b60f/groups/65fc3617-364e-4370-b1aa-7c759681a265/action
May 26 18:05:29.273936 dv-cinder-839064-2-iscsi devstack@c-api.service[110912]: DEBUG cinder.api.openstack.wsgi [None req-dffe30e0-fc97-4fa6-8cc8-2c24ede04c32 tempest-GroupSnapshotsTest-323480867 tempest-GroupSnapshotsTest-323480867-project] Action body: b'{"delete": {"delete-volumes": true}}' {{(pid=110912) get_method /opt/stack/cinder/cinder/api/openstack/wsgi.py:983}}
May 26 18:05:29.274469 dv-cinder-839064-2-iscsi devstack@c-api.service[110912]: DEBUG cinder.api.openstack.wsgi [None req-dffe30e0-fc97-4fa6-8cc8-2c24ede04c32 tempest-GroupSnapshotsTest-323480867 tempest-GroupSnapshotsTest-323480867-project] Action: 'action', calling method: delete_group, body: {"delete": {"delete-volumes": true}} {{(pid=110912) _process_stack /opt/stack/cinder/cinder/api/openstack/wsgi.py:866}}
May 26 18:05:29.276053 dv-cinder-839064-2-iscsi devstack@c-api.service[110912]: DEBUG cinder.api.v3.groups [None req-dffe30e0-fc97-4fa6-8cc8-2c24ede04c32 tempest-GroupSnapshotsTest-323480867 tempest-GroupSnapshotsTest-323480867-project] delete called for group 65fc3617-364e-4370-b1aa-7c759681a265 {{(pid=110912) _delete /opt/stack/cinder/cinder/api/v3/groups.py:117}}
May 26 18:05:29.277674 dv-cinder-839064-2-iscsi devstack@c-api.service[110912]: INFO cinder.api.v3.groups [None req-dffe30e0-fc97-4fa6-8cc8-2c24ede04c32 tempest-GroupSnapshotsTest-323480867 tempest-GroupSnapshotsTest-323480867-project] Delete group with id: 65fc3617-364e-4370-b1aa-7c759681a265
May 26 18:05:29.288913 dv-cinder-839064-2-iscsi devstack@c-api.service[110912]: /usr/local/lib/python3.8/dist-packages/oslo_context/context.py:100: DeprecationWarning: Policy enforcement is depending on the value of is_admin. This key is deprecated. Please update your policy file to use the standard policy values.
May 26 18:05:29.288913 dv-cinder-839064-2-iscsi devstack@c-api.service[110912]: warnings.warn('Policy enforcement is depending on the value of '
May 26 18:05:29.299318 dv-cinder-839064-2-iscsi devstack@c-api.service[110912]: DEBUG dbcounter [-] [110912] Writing DB stats cinder:INSERT=8,cinder:UPDATE=12,cinder:SELECT=80 {{(pid=110912) stat_writer /usr/local/lib/python3.8/dist-packages/dbcounter.py:114}}
May 26 18:05:29.392533 dv-cinder-839064-2-iscsi devstack@c-api.service[110912]: INFO cinder.api.openstack.wsgi [None req-dffe30e0-fc97-4fa6-8cc8-2c24ede04c32 tempest-GroupSnapshotsTest-323480867 tempest-GroupSnapshotsTest-323480867-project] http://10.222.0.76/volume/v3/db354d763e214ca4a62b0f964ee5b60f/groups/65fc3617-364e-4370-b1aa-7c759681a265/action returned with HTTP 202
May 26 18:05:29.394226 dv-cinder-839064-2-iscsi devstack@c-api.service[110912]: [pid: 110912|app: 0|req: 94/220] 10.222.0.76 () {62 vars in 1404 bytes} [Thu May 26 18:05:29 2022] POST /volume/v3/db354d763e214ca4a62b0f964ee5b60f/groups/65fc3617-364e-4370-b1aa-7c759681a265/action => generated 0 bytes in 128 msecs (HTTP/1.1 202) 6 headers in 234 bytes (2 switches on core 0)
May 26 18:05:29.398565 dv-cinder-839064-2-iscsi devstack@c-api.service[110911]: DEBUG cinder.api.middleware.request_id [None req-091beb59-d05c-4780-9b14-17753926d087 None None] RequestId filter calling following filter/app {{(pid=110911) _context_setter /opt/stack/cinder/cinder/api/middleware/request_id.py:62}}
May 26 18:05:29.403596 dv-cinder-839064-2-iscsi devstack@c-api.service[110911]: INFO cinder.api.openstack.wsgi [None req-091beb59-d05c-4780-9b14-17753926d087 tempest-GroupSnapshotsTest-323480867 tempest-GroupSnapshotsTest-323480867-project] GET http://10.222.0.76/volume/v3/db354d763e214ca4a62b0f964ee5b60f/volumes/39163132-1cea-41de-bbf3-c65b29000f48
May 26 18:05:29.404143 dv-cinder-839064-2-iscsi devstack@c-api.service[110911]: DEBUG cinder.api.openstack.wsgi [None req-091beb59-d05c-4780-9b14-17753926d087 tempest-GroupSnapshotsTest-323480867 tempest-GroupSnapshotsTest-323480867-project] Empty body provided in request {{(pid=110911) get_body /opt/stack/cinder/cinder/api/openstack/wsgi.py:715}}
May 26 18:05:29.404739 dv-cinder-839064-2-iscsi devstack@c-api.service[110911]: DEBUG cinder.api.openstack.wsgi [None req-091beb59-d05c-4780-9b14-17753926d087 tempest-GroupSnapshotsTest-323480867 tempest-GroupSnapshotsTest-323480867-project] Calling method 'show' {{(pid=110911) _process_stack /opt/stack/cinder/cinder/api/openstack/wsgi.py:868}}
May 26 18:05:29.424237 dv-cinder-839064-2-iscsi devstack@c-api.service[110911]: /usr/local/lib/python3.8/dist-packages/oslo_context/context.py:100: DeprecationWarning: Policy enforcement is depending on the value of is_admin. This key is deprecated. Please update your policy file to use the standard policy values.
May 26 18:05:29.424237 dv-cinder-839064-2-iscsi devstack@c-api.service[110911]: warnings.warn('Policy enforcement is depending on the value of '
May 26 18:05:29.438986 dv-cinder-839064-2-iscsi devstack@c-api.service[110911]: INFO cinder.volume.api [None req-091beb59-d05c-4780-9b14-17753926d087 tempest-GroupSnapshotsTest-323480867 tempest-GroupSnapshotsTest-323480867-project] Volume info retrieved successfully.
May 26 18:05:29.440866 dv-cinder-839064-2-iscsi devstack@c-api.service[110911]: WARNING stevedore.named [None req-091beb59-d05c-4780-9b14-17753926d087 tempest-GroupSnapshotsTest-323480867 tempest-GroupSnapshotsTest-323480867-project] Could not load cinder.keymgr.conf_key_mgr.ConfKeyManager
May 26 18:05:29.441609 dv-cinder-839064-2-iscsi devstack@c-api.service[110911]: WARNING castellan.key_manager [None req-091beb59-d05c-4780-9b14-17753926d087 tempest-GroupSnapshotsTest-323480867 tempest-GroupSnapshotsTest-323480867-project] Deprecation Warning : cinder.keymgr.conf_key_mgr.ConfKeyManager is not a stevedore based driver, trying to load it as a class: stevedore.exception.NoMatches: No 'castellan.drivers' driver found, looking for 'cinder.keymgr.conf_key_mgr.ConfKeyManager'
May 26 18:05:29.452648 dv-cinder-839064-2-iscsi devstack@c-api.service[110911]: DEBUG oslo_db.sqlalchemy.engines [None req-091beb59-d05c-4780-9b14-17753926d087 tempest-GroupSnapshotsTest-323480867 tempest-GroupSnapshotsTest-323480867-project] MySQL server mode set to STRICT_TRANS_TABLES,STRICT_ALL_TABLES,NO_ZERO_IN_DATE,NO_ZERO_DATE,ERROR_FOR_DIVISION_BY_ZERO,TRADITIONAL,NO_ENGINE_SUBSTITUTION {{(pid=110911) _check_effective_sql_mode /usr/local/lib/python3.8/dist-packages/oslo_db/sqlalchemy/engines.py:314}}
May 26 18:05:29.462575 dv-cinder-839064-2-iscsi devstack@c-api.service[110911]: /usr/local/lib/python3.8/dist-packages/oslo_context/context.py:100: DeprecationWarning: Policy enforcement is depending on the value of is_admin. This key is deprecated. Please update your policy file to use the standard policy values.
May 26 18:05:29.462575 dv-cinder-839064-2-iscsi devstack@c-api.service[110911]: warnings.warn('Policy enforcement is depending on the value of '
May 26 18:05:29.494938 dv-cinder-839064-2-iscsi devstack@c-api.service[110911]: INFO cinder.api.openstack.wsgi [None req-091beb59-d05c-4780-9b14-17753926d087 tempest-GroupSnapshotsTest-323480867 tempest-GroupSnapshotsTest-323480867-project] http://10.222.0.76/volume/v3/db354d763e214ca4a62b0f964ee5b60f/volumes/39163132-1cea-41de-bbf3-c65b29000f48 returned with HTTP 200
May 26 18:05:29.508631 dv-cinder-839064-2-iscsi devstack@c-api.service[110911]: [pid: 110911|app: 0|req: 127/221] 10.222.0.76 () {60 vars in 1365 bytes} [Thu May 26 18:05:29 2022] GET /volume/v3/db354d763e214ca4a62b0f964ee5b60f/volumes/39163132-1cea-41de-bbf3-c65b29000f48 => generated 1000 bytes in 111 msecs (HTTP/1.1 200) 7 headers in 287 bytes (1 switches on core 0)
May 26 18:05:29.940976 dv-cinder-839064-2-iscsi devstack@c-api.service[110912]: DEBUG cinder.api.middleware.request_id [None req-98cc3231-5a47-40ac-828b-96a897a63122 None None] RequestId filter calling following filter/app {{(pid=110912) _context_setter /opt/stack/cinder/cinder/api/middleware/request_id.py:62}}
May 26 18:05:29.948901 dv-cinder-839064-2-iscsi devstack@c-api.service[110912]: INFO cinder.api.openstack.wsgi [None req-98cc3231-5a47-40ac-828b-96a897a63122 tempest-VolumesImageMetadata-711465959 tempest-VolumesImageMetadata-711465959-project] GET http://10.222.0.76/volume/v3/8cbe6d45be104dfaacc3afd241b940ca/volumes/2634a21a-7c69-466c-a3eb-60773af6213d
May 26 18:05:29.949971 dv-cinder-839064-2-iscsi devstack@c-api.service[110912]: DEBUG cinder.api.openstack.wsgi [None req-98cc3231-5a47-40ac-828b-96a897a63122 tempest-VolumesImageMetadata-711465959 tempest-VolumesImageMetadata-711465959-project] Empty body provided in request {{(pid=110912) get_body /opt/stack/cinder/cinder/api/openstack/wsgi.py:715}}
May 26 18:05:29.950752 dv-cinder-839064-2-iscsi devstack@c-api.service[110912]: DEBUG cinder.api.openstack.wsgi [None req-98cc3231-5a47-40ac-828b-96a897a63122 tempest-VolumesImageMetadata-711465959 tempest-VolumesImageMetadata-711465959-project] Calling method 'show' {{(pid=110912) _process_stack /opt/stack/cinder/cinder/api/openstack/wsgi.py:868}}
May 26 18:05:29.981136 dv-cinder-839064-2-iscsi devstack@c-api.service[110912]: /usr/local/lib/python3.8/dist-packages/oslo_context/context.py:100: DeprecationWarning: Policy enforcement is depending on the value of is_admin. This key is deprecated. Please update your policy file to use the standard policy values.
May 26 18:05:29.981136 dv-cinder-839064-2-iscsi devstack@c-api.service[110912]: warnings.warn('Policy enforcement is depending on the value of '
May 26 18:05:29.993183 dv-cinder-839064-2-iscsi devstack@c-api.service[110912]: INFO cinder.volume.api [None req-98cc3231-5a47-40ac-828b-96a897a63122 tempest-VolumesImageMetadata-711465959 tempest-VolumesImageMetadata-711465959-project] Volume info retrieved successfully.
May 26 18:05:30.004822 dv-cinder-839064-2-iscsi devstack@c-api.service[110912]: INFO cinder.api.openstack.wsgi [None req-98cc3231-5a47-40ac-828b-96a897a63122 tempest-VolumesImageMetadata-711465959 tempest-VolumesImageMetadata-711465959-project] http://10.222.0.76/volume/v3/8cbe6d45be104dfaacc3afd241b940ca/volumes/2634a21a-7c69-466c-a3eb-60773af6213d returned with HTTP 200
May 26 18:05:30.005837 dv-cinder-839064-2-iscsi devstack@c-api.service[110912]: [pid: 110912|app: 0|req: 95/222] 10.222.0.76 () {58 vars in 1324 bytes} [Thu May 26 18:05:29 2022] GET /volume/v3/8cbe6d45be104dfaacc3afd241b940ca/volumes/2634a21a-7c69-466c-a3eb-60773af6213d => generated 910 bytes in 67 msecs (HTTP/1.1 200) 7 headers in 285 bytes (1 switches on core 0)
May 26 18:05:30.012279 dv-cinder-839064-2-iscsi devstack@c-api.service[110911]: DEBUG cinder.api.middleware.request_id [None req-23c65cc5-1f84-49dd-a431-3e3501fb1f75 None None] RequestId filter calling following filter/app {{(pid=110911) _context_setter /opt/stack/cinder/cinder/api/middleware/request_id.py:62}}
May 26 18:05:30.017768 dv-cinder-839064-2-iscsi devstack@c-api.service[110911]: INFO cinder.api.openstack.wsgi [None req-23c65cc5-1f84-49dd-a431-3e3501fb1f75 tempest-GroupsTest-1629784071 tempest-GroupsTest-1629784071-project] GET http://10.222.0.76/volume/v3/dbb8c80a56f544c9a0203db42382f72f/volumes/eba726a7-bc70-4300-bd55-8ca3b35fd0d6
May 26 18:05:30.018661 dv-cinder-839064-2-iscsi devstack@c-api.service[110911]: DEBUG cinder.api.openstack.wsgi [None req-23c65cc5-1f84-49dd-a431-3e3501fb1f75 tempest-GroupsTest-1629784071 tempest-GroupsTest-1629784071-project] Empty body provided in request {{(pid=110911) get_body /opt/stack/cinder/cinder/api/openstack/wsgi.py:715}}
May 26 18:05:30.019902 dv-cinder-839064-2-iscsi devstack@c-api.service[110911]: DEBUG cinder.api.openstack.wsgi [None req-23c65cc5-1f84-49dd-a431-3e3501fb1f75 tempest-GroupsTest-1629784071 tempest-GroupsTest-1629784071-project] Calling method 'show' {{(pid=110911) _process_stack /opt/stack/cinder/cinder/api/openstack/wsgi.py:868}}
May 26 18:05:30.031926 dv-cinder-839064-2-iscsi devstack@c-api.service[110911]: INFO cinder.api.openstack.wsgi [None req-23c65cc5-1f84-49dd-a431-3e3501fb1f75 tempest-GroupsTest-1629784071 tempest-GroupsTest-1629784071-project] http://10.222.0.76/volume/v3/dbb8c80a56f544c9a0203db42382f72f/volumes/eba726a7-bc70-4300-bd55-8ca3b35fd0d6 returned with HTTP 404
May 26 18:05:30.033872 dv-cinder-839064-2-iscsi devstack@c-api.service[110911]: [pid: 110911|app: 0|req: 128/223] 10.222.0.76 () {60 vars in 1365 bytes} [Thu May 26 18:05:30 2022] GET /volume/v3/dbb8c80a56f544c9a0203db42382f72f/volumes/eba726a7-bc70-4300-bd55-8ca3b35fd0d6 => generated 109 bytes in 22 msecs (HTTP/1.1 404) 7 headers in 293 bytes (1 switches on core 0)
May 26 18:05:30.038636 dv-cinder-839064-2-iscsi devstack@c-api.service[110912]: DEBUG cinder.api.middleware.request_id [None req-b4f71f6a-bedd-4e9d-b932-a65044a8e891 None None] RequestId filter calling following filter/app {{(pid=110912) _context_setter /opt/stack/cinder/cinder/api/middleware/request_id.py:62}}
May 26 18:05:30.042424 dv-cinder-839064-2-iscsi devstack@c-api.service[110912]: INFO cinder.api.openstack.wsgi [None req-b4f71f6a-bedd-4e9d-b932-a65044a8e891 tempest-GroupsTest-1629784071 tempest-GroupsTest-1629784071-project] GET http://10.222.0.76/volume/v3/dbb8c80a56f544c9a0203db42382f72f/groups/1733dbba-5bdb-4e3b-85b3-da66fcbbf0d4
May 26 18:05:30.042997 dv-cinder-839064-2-iscsi devstack@c-api.service[110912]: DEBUG cinder.api.openstack.wsgi [None req-b4f71f6a-bedd-4e9d-b932-a65044a8e891 tempest-GroupsTest-1629784071 tempest-GroupsTest-1629784071-project] Empty body provided in request {{(pid=110912) get_body /opt/stack/cinder/cinder/api/openstack/wsgi.py:715}}
May 26 18:05:30.043517 dv-cinder-839064-2-iscsi devstack@c-api.service[110912]: DEBUG cinder.api.openstack.wsgi [None req-b4f71f6a-bedd-4e9d-b932-a65044a8e891 tempest-GroupsTest-1629784071 tempest-GroupsTest-1629784071-project] Calling method 'version_select' {{(pid=110912) _process_stack /opt/stack/cinder/cinder/api/openstack/wsgi.py:868}}
May 26 18:05:30.043922 dv-cinder-839064-2-iscsi devstack@c-api.service[110912]: DEBUG cinder.api.v3.groups [None req-b4f71f6a-bedd-4e9d-b932-a65044a8e891 tempest-GroupsTest-1629784071 tempest-GroupsTest-1629784071-project] show called for member 1733dbba-5bdb-4e3b-85b3-da66fcbbf0d4 {{(pid=110912) show /opt/stack/cinder/cinder/api/v3/groups.py:58}}
May 26 18:05:30.049410 dv-cinder-839064-2-iscsi devstack@c-api.service[110912]: INFO cinder.api.openstack.wsgi [None req-b4f71f6a-bedd-4e9d-b932-a65044a8e891 tempest-GroupsTest-1629784071 tempest-GroupsTest-1629784071-project] http://10.222.0.76/volume/v3/dbb8c80a56f544c9a0203db42382f72f/groups/1733dbba-5bdb-4e3b-85b3-da66fcbbf0d4 returned with HTTP 404
May 26 18:05:30.050478 dv-cinder-839064-2-iscsi devstack@c-api.service[110912]: [pid: 110912|app: 0|req: 96/224] 10.222.0.76 () {60 vars in 1362 bytes} [Thu May 26 18:05:30 2022] GET /volume/v3/dbb8c80a56f544c9a0203db42382f72f/groups/1733dbba-5bdb-4e3b-85b3-da66fcbbf0d4 => generated 108 bytes in 13 msecs (HTTP/1.1 404) 7 headers in 293 bytes (1 switches on core 0)
May 26 18:05:30.055284 dv-cinder-839064-2-iscsi devstack@c-api.service[110911]: DEBUG cinder.api.middleware.request_id [None req-3f266eb2-dd6e-4b11-8d1b-cf239c65c037 None None] RequestId filter calling following filter/app {{(pid=110911) _context_setter /opt/stack/cinder/cinder/api/middleware/request_id.py:62}}
May 26 18:05:30.061792 dv-cinder-839064-2-iscsi devstack@c-api.service[110911]: INFO cinder.api.openstack.wsgi [None req-3f266eb2-dd6e-4b11-8d1b-cf239c65c037 tempest-GroupsTest-1629784071 tempest-GroupsTest-1629784071-project] POST http://10.222.0.76/volume/v3/dbb8c80a56f544c9a0203db42382f72f/groups/de6cdd69-1b99-45ce-a048-eb0ea516ee6f/action
May 26 18:05:30.063784 dv-cinder-839064-2-iscsi devstack@c-api.service[110911]: DEBUG cinder.api.openstack.wsgi [None req-3f266eb2-dd6e-4b11-8d1b-cf239c65c037 tempest-GroupsTest-1629784071 tempest-GroupsTest-1629784071-project] Action body: b'{"delete": {"delete-volumes": false}}' {{(pid=110911) get_method /opt/stack/cinder/cinder/api/openstack/wsgi.py:983}}
May 26 18:05:30.064418 dv-cinder-839064-2-iscsi devstack@c-api.service[110911]: DEBUG cinder.api.openstack.wsgi [None req-3f266eb2-dd6e-4b11-8d1b-cf239c65c037 tempest-GroupsTest-1629784071 tempest-GroupsTest-1629784071-project] Action: 'action', calling method: delete_group, body: {"delete": {"delete-volumes": false}} {{(pid=110911) _process_stack /opt/stack/cinder/cinder/api/openstack/wsgi.py:866}}
May 26 18:05:30.065857 dv-cinder-839064-2-iscsi devstack@c-api.service[110911]: DEBUG cinder.api.v3.groups [None req-3f266eb2-dd6e-4b11-8d1b-cf239c65c037 tempest-GroupsTest-1629784071 tempest-GroupsTest-1629784071-project] delete called for group de6cdd69-1b99-45ce-a048-eb0ea516ee6f {{(pid=110911) _delete /opt/stack/cinder/cinder/api/v3/groups.py:117}}
May 26 18:05:30.066437 dv-cinder-839064-2-iscsi devstack@c-api.service[110911]: INFO cinder.api.v3.groups [None req-3f266eb2-dd6e-4b11-8d1b-cf239c65c037 tempest-GroupsTest-1629784071 tempest-GroupsTest-1629784071-project] Delete group with id: de6cdd69-1b99-45ce-a048-eb0ea516ee6f
May 26 18:05:30.076434 dv-cinder-839064-2-iscsi devstack@c-api.service[110911]: /usr/local/lib/python3.8/dist-packages/oslo_context/context.py:100: DeprecationWarning: Policy enforcement is depending on the value of is_admin. This key is deprecated. Please update your policy file to use the standard policy values.
May 26 18:05:30.076434 dv-cinder-839064-2-iscsi devstack@c-api.service[110911]: warnings.warn('Policy enforcement is depending on the value of '
May 26 18:05:30.129318 dv-cinder-839064-2-iscsi devstack@c-api.service[110911]: INFO cinder.api.openstack.wsgi [None req-3f266eb2-dd6e-4b11-8d1b-cf239c65c037 tempest-GroupsTest-1629784071 tempest-GroupsTest-1629784071-project] http://10.222.0.76/volume/v3/dbb8c80a56f544c9a0203db42382f72f/groups/de6cdd69-1b99-45ce-a048-eb0ea516ee6f/action returned with HTTP 202
May 26 18:05:30.130529 dv-cinder-839064-2-iscsi devstack@c-api.service[110911]: [pid: 110911|app: 0|req: 129/225] 10.222.0.76 () {62 vars in 1404 bytes} [Thu May 26 18:05:30 2022] POST /volume/v3/dbb8c80a56f544c9a0203db42382f72f/groups/de6cdd69-1b99-45ce-a048-eb0ea516ee6f/action => generated 0 bytes in 76 msecs (HTTP/1.1 202) 6 headers in 234 bytes (1 switches on core 0)
May 26 18:05:30.135044 dv-cinder-839064-2-iscsi devstack@c-api.service[110912]: DEBUG cinder.api.middleware.request_id [None req-4358d942-f966-467f-a4da-2f247ad47914 None None] RequestId filter calling following filter/app {{(pid=110912) _context_setter /opt/stack/cinder/cinder/api/middleware/request_id.py:62}}
May 26 18:05:30.139394 dv-cinder-839064-2-iscsi devstack@c-api.service[110912]: INFO cinder.api.openstack.wsgi [None req-4358d942-f966-467f-a4da-2f247ad47914 tempest-GroupsTest-1629784071 tempest-GroupsTest-1629784071-project] GET http://10.222.0.76/volume/v3/dbb8c80a56f544c9a0203db42382f72f/groups/de6cdd69-1b99-45ce-a048-eb0ea516ee6f
May 26 18:05:30.141701 dv-cinder-839064-2-iscsi devstack@c-api.service[110912]: DEBUG cinder.api.openstack.wsgi [None req-4358d942-f966-467f-a4da-2f247ad47914 tempest-GroupsTest-1629784071 tempest-GroupsTest-1629784071-project] Empty body provided in request {{(pid=110912) get_body /opt/stack/cinder/cinder/api/openstack/wsgi.py:715}}
May 26 18:05:30.141701 dv-cinder-839064-2-iscsi devstack@c-api.service[110912]: DEBUG cinder.api.openstack.wsgi [None req-4358d942-f966-467f-a4da-2f247ad47914 tempest-GroupsTest-1629784071 tempest-GroupsTest-1629784071-project] Calling method 'version_select' {{(pid=110912) _process_stack /opt/stack/cinder/cinder/api/openstack/wsgi.py:868}}
May 26 18:05:30.142563 dv-cinder-839064-2-iscsi devstack@c-api.service[110912]: DEBUG cinder.api.v3.groups [None req-4358d942-f966-467f-a4da-2f247ad47914 tempest-GroupsTest-1629784071 tempest-GroupsTest-1629784071-project] show called for member de6cdd69-1b99-45ce-a048-eb0ea516ee6f {{(pid=110912) show /opt/stack/cinder/cinder/api/v3/groups.py:58}}
May 26 18:05:30.144781 dv-cinder-839064-2-iscsi devstack@c-api.service[110911]: DEBUG cinder.api.middleware.request_id [None req-37795d19-8959-48fa-9003-846c14777fa9 None None] RequestId filter calling following filter/app {{(pid=110911) _context_setter /opt/stack/cinder/cinder/api/middleware/request_id.py:62}}
May 26 18:05:30.149779 dv-cinder-839064-2-iscsi devstack@c-api.service[110911]: INFO cinder.api.openstack.wsgi [None req-37795d19-8959-48fa-9003-846c14777fa9 tempest-DeleteServersTestJSON-113582191 tempest-DeleteServersTestJSON-113582191-project] GET http://10.222.0.76/volume/v3/6b746bd093c749c5a2ffe6fd3d3e0417/volumes/847fc9f2-42aa-42ed-b664-4a6d0ef26002
May 26 18:05:30.150485 dv-cinder-839064-2-iscsi devstack@c-api.service[110911]: DEBUG cinder.api.openstack.wsgi [None req-37795d19-8959-48fa-9003-846c14777fa9 tempest-DeleteServersTestJSON-113582191 tempest-DeleteServersTestJSON-113582191-project] Empty body provided in request {{(pid=110911) get_body /opt/stack/cinder/cinder/api/openstack/wsgi.py:715}}
May 26 18:05:30.150958 dv-cinder-839064-2-iscsi devstack@c-api.service[110911]: DEBUG cinder.api.openstack.wsgi [None req-37795d19-8959-48fa-9003-846c14777fa9 tempest-DeleteServersTestJSON-113582191 tempest-DeleteServersTestJSON-113582191-project] Calling method 'show' {{(pid=110911) _process_stack /opt/stack/cinder/cinder/api/openstack/wsgi.py:868}}
May 26 18:05:30.151897 dv-cinder-839064-2-iscsi devstack@c-api.service[110912]: /usr/local/lib/python3.8/dist-packages/oslo_context/context.py:100: DeprecationWarning: Policy enforcement is depending on the value of is_admin. This key is deprecated. Please update your policy file to use the standard policy values.
May 26 18:05:30.151897 dv-cinder-839064-2-iscsi devstack@c-api.service[110912]: warnings.warn('Policy enforcement is depending on the value of '
May 26 18:05:30.171175 dv-cinder-839064-2-iscsi devstack@c-api.service[110911]: /usr/local/lib/python3.8/dist-packages/oslo_context/context.py:100: DeprecationWarning: Policy enforcement is depending on the value of is_admin. This key is deprecated. Please update your policy file to use the standard policy values.
May 26 18:05:30.171175 dv-cinder-839064-2-iscsi devstack@c-api.service[110911]: warnings.warn('Policy enforcement is depending on the value of '
May 26 18:05:30.176576 dv-cinder-839064-2-iscsi devstack@c-api.service[110912]: INFO cinder.api.openstack.wsgi [None req-4358d942-f966-467f-a4da-2f247ad47914 tempest-GroupsTest-1629784071 tempest-GroupsTest-1629784071-project] http://10.222.0.76/volume/v3/dbb8c80a56f544c9a0203db42382f72f/groups/de6cdd69-1b99-45ce-a048-eb0ea516ee6f returned with HTTP 200
May 26 18:05:30.177801 dv-cinder-839064-2-iscsi devstack@c-api.service[110912]: [pid: 110912|app: 0|req: 97/226] 10.222.0.76 () {60 vars in 1362 bytes} [Thu May 26 18:05:30 2022] GET /volume/v3/dbb8c80a56f544c9a0203db42382f72f/groups/de6cdd69-1b99-45ce-a048-eb0ea516ee6f => generated 322 bytes in 44 msecs (HTTP/1.1 200) 7 headers in 286 bytes (2 switches on core 0)
May 26 18:05:30.181215 dv-cinder-839064-2-iscsi devstack@c-api.service[110911]: INFO cinder.volume.api [None req-37795d19-8959-48fa-9003-846c14777fa9 tempest-DeleteServersTestJSON-113582191 tempest-DeleteServersTestJSON-113582191-project] Volume info retrieved successfully.
May 26 18:05:30.191755 dv-cinder-839064-2-iscsi devstack@c-api.service[110911]: INFO cinder.api.openstack.wsgi [None req-37795d19-8959-48fa-9003-846c14777fa9 tempest-DeleteServersTestJSON-113582191 tempest-DeleteServersTestJSON-113582191-project] http://10.222.0.76/volume/v3/6b746bd093c749c5a2ffe6fd3d3e0417/volumes/847fc9f2-42aa-42ed-b664-4a6d0ef26002 returned with HTTP 200
May 26 18:05:30.192494 dv-cinder-839064-2-iscsi devstack@c-api.service[110911]: [pid: 110911|app: 0|req: 130/227] 10.222.0.76 () {58 vars in 1324 bytes} [Thu May 26 18:05:30 2022] GET /volume/v3/6b746bd093c749c5a2ffe6fd3d3e0417/volumes/847fc9f2-42aa-42ed-b664-4a6d0ef26002 => generated 913 bytes in 50 msecs (HTTP/1.1 200) 7 headers in 285 bytes (2 switches on core 0)
May 26 18:05:30.301753 dv-cinder-839064-2-iscsi devstack@c-api.service[110912]: DEBUG cinder.api.middleware.request_id [req-8f3c3a8a-ae05-46a1-8e91-1f243bec325f req-0c9b7223-5ffc-4de4-acfd-92aaed681e79 None None] RequestId filter calling following filter/app {{(pid=110912) _context_setter /opt/stack/cinder/cinder/api/middleware/request_id.py:62}}
May 26 18:05:30.306020 dv-cinder-839064-2-iscsi devstack@c-api.service[110912]: INFO cinder.api.openstack.wsgi [req-8f3c3a8a-ae05-46a1-8e91-1f243bec325f req-0c9b7223-5ffc-4de4-acfd-92aaed681e79 tempest-DeleteServersTestJSON-113582191 tempest-DeleteServersTestJSON-113582191-project] GET http://10.222.0.76/volume/v3/6b746bd093c749c5a2ffe6fd3d3e0417/volumes/847fc9f2-42aa-42ed-b664-4a6d0ef26002
May 26 18:05:30.306493 dv-cinder-839064-2-iscsi devstack@c-api.service[110912]: DEBUG cinder.api.openstack.wsgi [req-8f3c3a8a-ae05-46a1-8e91-1f243bec325f req-0c9b7223-5ffc-4de4-acfd-92aaed681e79 tempest-DeleteServersTestJSON-113582191 tempest-DeleteServersTestJSON-113582191-project] Empty body provided in request {{(pid=110912) get_body /opt/stack/cinder/cinder/api/openstack/wsgi.py:715}}
May 26 18:05:30.306944 dv-cinder-839064-2-iscsi devstack@c-api.service[110912]: DEBUG cinder.api.openstack.wsgi [req-8f3c3a8a-ae05-46a1-8e91-1f243bec325f req-0c9b7223-5ffc-4de4-acfd-92aaed681e79 tempest-DeleteServersTestJSON-113582191 tempest-DeleteServersTestJSON-113582191-project] Calling method 'show' {{(pid=110912) _process_stack /opt/stack/cinder/cinder/api/openstack/wsgi.py:868}}
