Apr 22 08:04:11.914830 dv-cinder-838880-1-smb devstack@c-api.service[110867]: DEBUG cinder.api.middleware.request_id [None req-13bfe8fa-ce0d-4756-8ed9-ad81c2babad7 None None] RequestId filter calling following filter/app {{(pid=110867) _context_setter /opt/stack/cinder/cinder/api/middleware/request_id.py:62}}
Apr 22 08:04:11.926780 dv-cinder-838880-1-smb devstack@c-api.service[110867]: INFO cinder.api.openstack.wsgi [None req-13bfe8fa-ce0d-4756-8ed9-ad81c2babad7 tempest-SnapshotsActionsTest-1085862822 tempest-SnapshotsActionsTest-1085862822-project] GET http://10.222.0.13/volume/v3/fb5c2c99c84f44ce9ce5930573318357/volumes/a4c20590-2e6c-4a7c-a3d4-735b9f08738a
Apr 22 08:04:11.926780 dv-cinder-838880-1-smb devstack@c-api.service[110867]: DEBUG cinder.api.openstack.wsgi [None req-13bfe8fa-ce0d-4756-8ed9-ad81c2babad7 tempest-SnapshotsActionsTest-1085862822 tempest-SnapshotsActionsTest-1085862822-project] Empty body provided in request {{(pid=110867) get_body /opt/stack/cinder/cinder/api/openstack/wsgi.py:715}}
Apr 22 08:04:11.927199 dv-cinder-838880-1-smb devstack@c-api.service[110867]: DEBUG cinder.api.openstack.wsgi [None req-13bfe8fa-ce0d-4756-8ed9-ad81c2babad7 tempest-SnapshotsActionsTest-1085862822 tempest-SnapshotsActionsTest-1085862822-project] Calling method 'show' {{(pid=110867) _process_stack /opt/stack/cinder/cinder/api/openstack/wsgi.py:868}}
Apr 22 08:04:11.943964 dv-cinder-838880-1-smb devstack@c-api.service[110867]: /usr/local/lib/python3.8/dist-packages/oslo_context/context.py:100: DeprecationWarning: Policy enforcement is depending on the value of is_admin. This key is deprecated. Please update your policy file to use the standard policy values.
Apr 22 08:04:11.943964 dv-cinder-838880-1-smb devstack@c-api.service[110867]: warnings.warn('Policy enforcement is depending on the value of '
Apr 22 08:04:11.955131 dv-cinder-838880-1-smb devstack@c-api.service[110867]: INFO cinder.volume.api [None req-13bfe8fa-ce0d-4756-8ed9-ad81c2babad7 tempest-SnapshotsActionsTest-1085862822 tempest-SnapshotsActionsTest-1085862822-project] Volume info retrieved successfully.
Apr 22 08:04:11.972128 dv-cinder-838880-1-smb devstack@c-api.service[110867]: INFO cinder.api.openstack.wsgi [None req-13bfe8fa-ce0d-4756-8ed9-ad81c2babad7 tempest-SnapshotsActionsTest-1085862822 tempest-SnapshotsActionsTest-1085862822-project] http://10.222.0.13/volume/v3/fb5c2c99c84f44ce9ce5930573318357/volumes/a4c20590-2e6c-4a7c-a3d4-735b9f08738a returned with HTTP 200
Apr 22 08:04:11.973603 dv-cinder-838880-1-smb devstack@c-api.service[110867]: [pid: 110867|app: 0|req: 69/132] 10.222.0.13 () {58 vars in 1324 bytes} [Fri Apr 22 08:04:11 2022] GET /volume/v3/fb5c2c99c84f44ce9ce5930573318357/volumes/a4c20590-2e6c-4a7c-a3d4-735b9f08738a => generated 887 bytes in 60 msecs (HTTP/1.1 200) 7 headers in 285 bytes (2 switches on core 0)
Apr 22 08:04:12.046618 dv-cinder-838880-1-smb devstack@c-api.service[110868]: INFO cinder.api.openstack.wsgi [None req-db8006f1-1f3a-43c6-9655-dde226e10580 tempest-VolumeRetypeWithoutMigrationTest-1704927788 tempest-VolumeRetypeWithoutMigrationTest-1704927788-project-admin] POST http://10.222.0.13/volume/v3/572c3c2dd2794c469a060bdbe57257cb/types
Apr 22 08:04:12.052463 dv-cinder-838880-1-smb devstack@c-api.service[110868]: DEBUG cinder.api.openstack.wsgi [None req-db8006f1-1f3a-43c6-9655-dde226e10580 tempest-VolumeRetypeWithoutMigrationTest-1704927788 tempest-VolumeRetypeWithoutMigrationTest-1704927788-project-admin] Action: 'create', calling method: _create, body: {"volume_type": {"name": "volume-type-1"}} {{(pid=110868) _process_stack /opt/stack/cinder/cinder/api/openstack/wsgi.py:866}}
Apr 22 08:04:12.203398 dv-cinder-838880-1-smb devstack@c-api.service[110868]: INFO cinder.api.openstack.wsgi [None req-db8006f1-1f3a-43c6-9655-dde226e10580 tempest-VolumeRetypeWithoutMigrationTest-1704927788 tempest-VolumeRetypeWithoutMigrationTest-1704927788-project-admin] http://10.222.0.13/volume/v3/572c3c2dd2794c469a060bdbe57257cb/types returned with HTTP 200
Apr 22 08:04:12.203398 dv-cinder-838880-1-smb devstack@c-api.service[110868]: [pid: 110868|app: 0|req: 64/133] 10.222.0.13 () {60 vars in 1228 bytes} [Fri Apr 22 08:04:11 2022] POST /volume/v3/572c3c2dd2794c469a060bdbe57257cb/types => generated 188 bytes in 587 msecs (HTTP/1.1 200) 7 headers in 285 bytes (1 switches on core 0)
Apr 22 08:04:12.205154 dv-cinder-838880-1-smb devstack@c-api.service[110867]: DEBUG cinder.api.middleware.request_id [None req-52a14164-9c43-4b5d-ae7d-78cc6a3e9ddf None None] RequestId filter calling following filter/app {{(pid=110867) _context_setter /opt/stack/cinder/cinder/api/middleware/request_id.py:62}}
Apr 22 08:04:12.209842 dv-cinder-838880-1-smb devstack@c-api.service[110867]: INFO cinder.api.openstack.wsgi [None req-52a14164-9c43-4b5d-ae7d-78cc6a3e9ddf tempest-VolumeRetypeWithoutMigrationTest-1704927788 tempest-VolumeRetypeWithoutMigrationTest-1704927788-project-admin] POST http://10.222.0.13/volume/v3/572c3c2dd2794c469a060bdbe57257cb/types
Apr 22 08:04:12.211518 dv-cinder-838880-1-smb devstack@c-api.service[110867]: DEBUG cinder.api.openstack.wsgi [None req-52a14164-9c43-4b5d-ae7d-78cc6a3e9ddf tempest-VolumeRetypeWithoutMigrationTest-1704927788 tempest-VolumeRetypeWithoutMigrationTest-1704927788-project-admin] Action: 'create', calling method: _create, body: {"volume_type": {"name": "volume-type-2"}} {{(pid=110867) _process_stack /opt/stack/cinder/cinder/api/openstack/wsgi.py:866}}
Apr 22 08:04:12.375197 dv-cinder-838880-1-smb devstack@c-api.service[110867]: INFO cinder.api.openstack.wsgi [None req-52a14164-9c43-4b5d-ae7d-78cc6a3e9ddf tempest-VolumeRetypeWithoutMigrationTest-1704927788 tempest-VolumeRetypeWithoutMigrationTest-1704927788-project-admin] http://10.222.0.13/volume/v3/572c3c2dd2794c469a060bdbe57257cb/types returned with HTTP 200
Apr 22 08:04:12.384180 dv-cinder-838880-1-smb devstack@c-api.service[110867]: [pid: 110867|app: 0|req: 70/134] 10.222.0.13 () {60 vars in 1228 bytes} [Fri Apr 22 08:04:12 2022] POST /volume/v3/572c3c2dd2794c469a060bdbe57257cb/types => generated 188 bytes in 172 msecs (HTTP/1.1 200) 7 headers in 285 bytes (1 switches on core 0)
Apr 22 08:04:12.384509 dv-cinder-838880-1-smb devstack@c-api.service[110868]: DEBUG cinder.api.middleware.request_id [None req-9f95b427-db13-44ad-b291-b309f137c984 None None] RequestId filter calling following filter/app {{(pid=110868) _context_setter /opt/stack/cinder/cinder/api/middleware/request_id.py:62}}
Apr 22 08:04:12.687370 dv-cinder-838880-1-smb devstack@c-api.service[110868]: INFO cinder.api.openstack.wsgi [None req-9f95b427-db13-44ad-b291-b309f137c984 tempest-VolumeRetypeWithoutMigrationTest-217084205 tempest-VolumeRetypeWithoutMigrationTest-217084205-project] POST http://10.222.0.13/volume/v3/7c7ad267c85145d9b761cf7b8fab2d39/volumes
Apr 22 08:04:12.691460 dv-cinder-838880-1-smb devstack@c-api.service[110868]: DEBUG cinder.api.openstack.wsgi [None req-9f95b427-db13-44ad-b291-b309f137c984 tempest-VolumeRetypeWithoutMigrationTest-217084205 tempest-VolumeRetypeWithoutMigrationTest-217084205-project] Action: 'create', calling method: create, body: {"volume": {"volume_type": "volume-type-1", "size": 1, "name": "tempest-VolumeRetypeWithoutMigrationTest-Volume-1470954597"}} {{(pid=110868) _process_stack /opt/stack/cinder/cinder/api/openstack/wsgi.py:866}}
Apr 22 08:04:12.691460 dv-cinder-838880-1-smb devstack@c-api.service[110868]: DEBUG cinder.api.v3.volumes [None req-9f95b427-db13-44ad-b291-b309f137c984 tempest-VolumeRetypeWithoutMigrationTest-217084205 tempest-VolumeRetypeWithoutMigrationTest-217084205-project] Create volume request body: {'volume': {'volume_type': 'volume-type-1', 'size': 1, 'name': 'tempest-VolumeRetypeWithoutMigrationTest-Volume-1470954597'}} {{(pid=110868) create /opt/stack/cinder/cinder/api/v3/volumes.py:298}}
Apr 22 08:04:12.698833 dv-cinder-838880-1-smb devstack@c-api.service[110868]: INFO cinder.api.v3.volumes [None req-9f95b427-db13-44ad-b291-b309f137c984 tempest-VolumeRetypeWithoutMigrationTest-217084205 tempest-VolumeRetypeWithoutMigrationTest-217084205-project] Create volume of 1 GB
Apr 22 08:04:12.699574 dv-cinder-838880-1-smb devstack@c-api.service[110868]: /usr/local/lib/python3.8/dist-packages/oslo_context/context.py:100: DeprecationWarning: Policy enforcement is depending on the value of is_admin. This key is deprecated. Please update your policy file to use the standard policy values.
Apr 22 08:04:12.699574 dv-cinder-838880-1-smb devstack@c-api.service[110868]: warnings.warn('Policy enforcement is depending on the value of '
Apr 22 08:04:12.700889 dv-cinder-838880-1-smb devstack@c-api.service[110868]: INFO cinder.volume.api [None req-9f95b427-db13-44ad-b291-b309f137c984 tempest-VolumeRetypeWithoutMigrationTest-217084205 tempest-VolumeRetypeWithoutMigrationTest-217084205-project] Availability Zones retrieved successfully.
Apr 22 08:04:12.732941 dv-cinder-838880-1-smb devstack@c-api.service[110868]: DEBUG cinder.volume.api [None req-9f95b427-db13-44ad-b291-b309f137c984 tempest-VolumeRetypeWithoutMigrationTest-217084205 tempest-VolumeRetypeWithoutMigrationTest-217084205-project] Flow 'volume_create_api' (c364d447-9579-4898-9d12-32cfedf6b5d1) transitioned into state 'RUNNING' from state 'PENDING' {{(pid=110868) _flow_receiver /usr/local/lib/python3.8/dist-packages/taskflow/listeners/logging.py:141}}
Apr 22 08:04:12.758315 dv-cinder-838880-1-smb devstack@c-api.service[110868]: DEBUG cinder.volume.api [None req-9f95b427-db13-44ad-b291-b309f137c984 tempest-VolumeRetypeWithoutMigrationTest-217084205 tempest-VolumeRetypeWithoutMigrationTest-217084205-project] Task 'cinder.volume.flows.api.create_volume.ExtractVolumeRequestTask;volume:create' (f9a6578e-72e7-4fc5-8107-a51abcfa9ce5) transitioned into state 'RUNNING' from state 'PENDING' {{(pid=110868) _task_receiver /usr/local/lib/python3.8/dist-packages/taskflow/listeners/logging.py:190}}
Apr 22 08:04:12.763667 dv-cinder-838880-1-smb devstack@c-api.service[110868]: DEBUG cinder.volume.flows.api.create_volume [None req-9f95b427-db13-44ad-b291-b309f137c984 tempest-VolumeRetypeWithoutMigrationTest-217084205 tempest-VolumeRetypeWithoutMigrationTest-217084205-project] Validating volume size '1' using validate_int {{(pid=110868) _extract_size /opt/stack/cinder/cinder/volume/flows/api/create_volume.py:225}}
Apr 22 08:04:12.771993 dv-cinder-838880-1-smb devstack@c-api.service[110867]: DEBUG cinder.api.middleware.request_id [None req-431efda1-a56a-4dd3-9644-74cad2e20dab None None] RequestId filter calling following filter/app {{(pid=110867) _context_setter /opt/stack/cinder/cinder/api/middleware/request_id.py:62}}
Apr 22 08:04:12.823649 dv-cinder-838880-1-smb devstack@c-api.service[110868]: DEBUG cinder.volume.api [None req-9f95b427-db13-44ad-b291-b309f137c984 tempest-VolumeRetypeWithoutMigrationTest-217084205 tempest-VolumeRetypeWithoutMigrationTest-217084205-project] Task 'cinder.volume.flows.api.create_volume.ExtractVolumeRequestTask;volume:create' (f9a6578e-72e7-4fc5-8107-a51abcfa9ce5) transitioned into state 'SUCCESS' from state 'RUNNING' with result '{'size': 1, 'snapshot_id': None, 'source_volid': None, 'volume_type': VolumeType(created_at=2022-04-22T08:04:12Z,deleted=False,deleted_at=None,description=None,extra_specs={},id=12f244ba-46df-46b4-bfe4-79fadbb0d3e5,is_public=True,name='volume-type-1',projects=[],qos_specs=,qos_specs_id=None,updated_at=None), 'volume_type_id': '12f244ba-46df-46b4-bfe4-79fadbb0d3e5', 'encryption_key_id': None, 'qos_specs': None, 'consistencygroup_id': None, 'cgsnapshot_id': None, 'group_id': None, 'replication_status': 'disabled', 'refresh_az': False, 'backup_id': None, 'multiattach': False, 'availability_zones': ['nova']}' {{(pid=110868) _task_receiver /usr/local/lib/python3.8/dist-packages/taskflow/listeners/logging.py:178}}
Apr 22 08:04:12.829604 dv-cinder-838880-1-smb devstack@c-api.service[110868]: DEBUG cinder.volume.api [None req-9f95b427-db13-44ad-b291-b309f137c984 tempest-VolumeRetypeWithoutMigrationTest-217084205 tempest-VolumeRetypeWithoutMigrationTest-217084205-project] Task 'cinder.volume.flows.api.create_volume.QuotaReserveTask;volume:create' (02dbc52a-9538-4a7b-ac29-8bd3cba72c78) transitioned into state 'RUNNING' from state 'PENDING' {{(pid=110868) _task_receiver /usr/local/lib/python3.8/dist-packages/taskflow/listeners/logging.py:190}}
Apr 22 08:04:13.042407 dv-cinder-838880-1-smb devstack@c-api.service[110868]: WARNING cinder.quota [None req-9f95b427-db13-44ad-b291-b309f137c984 tempest-VolumeRetypeWithoutMigrationTest-217084205 tempest-VolumeRetypeWithoutMigrationTest-217084205-project] Deprecated: Default quota for resource: volumes_volume-type-1 is set by the default quota flag: quota_volumes_volume-type-1, it is now deprecated. Please use the default quota class for default quota.
Apr 22 08:04:13.044631 dv-cinder-838880-1-smb devstack@c-api.service[110868]: WARNING cinder.quota [None req-9f95b427-db13-44ad-b291-b309f137c984 tempest-VolumeRetypeWithoutMigrationTest-217084205 tempest-VolumeRetypeWithoutMigrationTest-217084205-project] Deprecated: Default quota for resource: gigabytes_volume-type-1 is set by the default quota flag: quota_gigabytes_volume-type-1, it is now deprecated. Please use the default quota class for default quota.
Apr 22 08:04:13.052067 dv-cinder-838880-1-smb devstack@c-api.service[110867]: INFO cinder.api.openstack.wsgi [None req-431efda1-a56a-4dd3-9644-74cad2e20dab tempest-VolumeManageAdminTest-461483711 tempest-VolumeManageAdminTest-461483711-project] POST http://10.222.0.13/volume/v3/09b119390e5e47e585af6dd1caeadc48/volumes
Apr 22 08:04:13.052067 dv-cinder-838880-1-smb devstack@c-api.service[110867]: DEBUG cinder.api.openstack.wsgi [None req-431efda1-a56a-4dd3-9644-74cad2e20dab tempest-VolumeManageAdminTest-461483711 tempest-VolumeManageAdminTest-461483711-project] Action: 'create', calling method: create, body: {"volume": {"size": 1, "name": "tempest-VolumeManageAdminTest-Volume-1979240800"}} {{(pid=110867) _process_stack /opt/stack/cinder/cinder/api/openstack/wsgi.py:866}}
Apr 22 08:04:13.053635 dv-cinder-838880-1-smb devstack@c-api.service[110867]: DEBUG cinder.api.v3.volumes [None req-431efda1-a56a-4dd3-9644-74cad2e20dab tempest-VolumeManageAdminTest-461483711 tempest-VolumeManageAdminTest-461483711-project] Create volume request body: {'volume': {'size': 1, 'name': 'tempest-VolumeManageAdminTest-Volume-1979240800'}} {{(pid=110867) create /opt/stack/cinder/cinder/api/v3/volumes.py:298}}
Apr 22 08:04:13.054199 dv-cinder-838880-1-smb devstack@c-api.service[110867]: INFO cinder.api.v3.volumes [None req-431efda1-a56a-4dd3-9644-74cad2e20dab tempest-VolumeManageAdminTest-461483711 tempest-VolumeManageAdminTest-461483711-project] Create volume of 1 GB
Apr 22 08:04:13.063893 dv-cinder-838880-1-smb devstack@c-api.service[110867]: INFO cinder.volume.api [None req-431efda1-a56a-4dd3-9644-74cad2e20dab tempest-VolumeManageAdminTest-461483711 tempest-VolumeManageAdminTest-461483711-project] Availability Zones retrieved successfully.
Apr 22 08:04:13.079293 dv-cinder-838880-1-smb devstack@c-api.service[110867]: DEBUG cinder.volume.api [None req-431efda1-a56a-4dd3-9644-74cad2e20dab tempest-VolumeManageAdminTest-461483711 tempest-VolumeManageAdminTest-461483711-project] Flow 'volume_create_api' (0d9c41ab-c220-467f-ac64-af3e6807a8bb) transitioned into state 'RUNNING' from state 'PENDING' {{(pid=110867) _flow_receiver /usr/local/lib/python3.8/dist-packages/taskflow/listeners/logging.py:141}}
Apr 22 08:04:13.081841 dv-cinder-838880-1-smb devstack@c-api.service[110867]: DEBUG cinder.volume.api [None req-431efda1-a56a-4dd3-9644-74cad2e20dab tempest-VolumeManageAdminTest-461483711 tempest-VolumeManageAdminTest-461483711-project] Task 'cinder.volume.flows.api.create_volume.ExtractVolumeRequestTask;volume:create' (6c7c2524-0e4d-4ced-a0b9-4c2bd2a5e921) transitioned into state 'RUNNING' from state 'PENDING' {{(pid=110867) _task_receiver /usr/local/lib/python3.8/dist-packages/taskflow/listeners/logging.py:190}}
Apr 22 08:04:13.084283 dv-cinder-838880-1-smb devstack@c-api.service[110867]: DEBUG cinder.volume.flows.api.create_volume [None req-431efda1-a56a-4dd3-9644-74cad2e20dab tempest-VolumeManageAdminTest-461483711 tempest-VolumeManageAdminTest-461483711-project] Validating volume size '1' using validate_int {{(pid=110867) _extract_size /opt/stack/cinder/cinder/volume/flows/api/create_volume.py:225}}
Apr 22 08:04:13.118329 dv-cinder-838880-1-smb devstack@c-api.service[110867]: DEBUG cinder.volume.api [None req-431efda1-a56a-4dd3-9644-74cad2e20dab tempest-VolumeManageAdminTest-461483711 tempest-VolumeManageAdminTest-461483711-project] Task 'cinder.volume.flows.api.create_volume.ExtractVolumeRequestTask;volume:create' (6c7c2524-0e4d-4ced-a0b9-4c2bd2a5e921) transitioned into state 'SUCCESS' from state 'RUNNING' with result '{'size': 1, 'snapshot_id': None, 'source_volid': None, 'volume_type': VolumeType(created_at=2022-04-22T07:47:26Z,deleted=False,deleted_at=None,description='Default Volume Type',extra_specs={},id=0d55ada9-04aa-4075-aef6-4afa1dd666e5,is_public=True,name='__DEFAULT__',projects=[],qos_specs=,qos_specs_id=None,updated_at=2022-04-22T07:47:26Z), 'volume_type_id': '0d55ada9-04aa-4075-aef6-4afa1dd666e5', 'encryption_key_id': None, 'qos_specs': None, 'consistencygroup_id': None, 'cgsnapshot_id': None, 'group_id': None, 'replication_status': 'disabled', 'refresh_az': False, 'backup_id': None, 'multiattach': False, 'availability_zones': ['nova']}' {{(pid=110867) _task_receiver /usr/local/lib/python3.8/dist-packages/taskflow/listeners/logging.py:178}}
Apr 22 08:04:13.120391 dv-cinder-838880-1-smb devstack@c-api.service[110867]: DEBUG cinder.volume.api [None req-431efda1-a56a-4dd3-9644-74cad2e20dab tempest-VolumeManageAdminTest-461483711 tempest-VolumeManageAdminTest-461483711-project] Task 'cinder.volume.flows.api.create_volume.QuotaReserveTask;volume:create' (e2eabb0b-d678-4191-849e-cc7934440695) transitioned into state 'RUNNING' from state 'PENDING' {{(pid=110867) _task_receiver /usr/local/lib/python3.8/dist-packages/taskflow/listeners/logging.py:190}}
Apr 22 08:04:13.218208 dv-cinder-838880-1-smb devstack@c-api.service[110868]: DEBUG cinder.quota [None req-9f95b427-db13-44ad-b291-b309f137c984 tempest-VolumeRetypeWithoutMigrationTest-217084205 tempest-VolumeRetypeWithoutMigrationTest-217084205-project] Created reservations ['49fc400c-463b-432a-be50-b1d074deffff', 'b246ba32-25d7-4a71-9d6e-f31a567d417a', '82237dac-fae4-4bee-bb00-87fed15274fd', 'ca6fc1c7-d227-4dc9-bfa1-29bfe4127b1c'] {{(pid=110868) reserve /opt/stack/cinder/cinder/quota.py:755}}
Apr 22 08:04:13.220356 dv-cinder-838880-1-smb devstack@c-api.service[110868]: DEBUG cinder.volume.api [None req-9f95b427-db13-44ad-b291-b309f137c984 tempest-VolumeRetypeWithoutMigrationTest-217084205 tempest-VolumeRetypeWithoutMigrationTest-217084205-project] Task 'cinder.volume.flows.api.create_volume.QuotaReserveTask;volume:create' (02dbc52a-9538-4a7b-ac29-8bd3cba72c78) transitioned into state 'SUCCESS' from state 'RUNNING' with result '{'reservations': ['49fc400c-463b-432a-be50-b1d074deffff', 'b246ba32-25d7-4a71-9d6e-f31a567d417a', '82237dac-fae4-4bee-bb00-87fed15274fd', 'ca6fc1c7-d227-4dc9-bfa1-29bfe4127b1c']}' {{(pid=110868) _task_receiver /usr/local/lib/python3.8/dist-packages/taskflow/listeners/logging.py:178}}
Apr 22 08:04:13.222408 dv-cinder-838880-1-smb devstack@c-api.service[110868]: DEBUG cinder.volume.api [None req-9f95b427-db13-44ad-b291-b309f137c984 tempest-VolumeRetypeWithoutMigrationTest-217084205 tempest-VolumeRetypeWithoutMigrationTest-217084205-project] Task 'cinder.volume.flows.api.create_volume.EntryCreateTask;volume:create' (20dd23c0-7ab9-46dd-a6a1-1995e2513019) transitioned into state 'RUNNING' from state 'PENDING' {{(pid=110868) _task_receiver /usr/local/lib/python3.8/dist-packages/taskflow/listeners/logging.py:190}}
Apr 22 08:04:13.328175 dv-cinder-838880-1-smb devstack@c-api.service[110868]: DEBUG cinder.volume.api [None req-9f95b427-db13-44ad-b291-b309f137c984 tempest-VolumeRetypeWithoutMigrationTest-217084205 tempest-VolumeRetypeWithoutMigrationTest-217084205-project] Task 'cinder.volume.flows.api.create_volume.EntryCreateTask;volume:create' (20dd23c0-7ab9-46dd-a6a1-1995e2513019) transitioned into state 'SUCCESS' from state 'RUNNING' with result '{'volume_id': '50686f8c-3e1e-48f2-9b99-919d1e21c9b6', 'volume_properties': VolumeProperties(attach_status='detached',availability_zone='nova',cgsnapshot_id=None,consistencygroup_id=None,display_description=None,display_name='tempest-VolumeRetypeWithoutMigrationTest-Volume-1470954597',encryption_key_id=None,group_id=None,group_type_id=,metadata={},multiattach=False,project_id='7c7ad267c85145d9b761cf7b8fab2d39',qos_specs=None,replication_status=,reservations=['49fc400c-463b-432a-be50-b1d074deffff','b246ba32-25d7-4a71-9d6e-f31a567d417a','82237dac-fae4-4bee-bb00-87fed15274fd','ca6fc1c7-d227-4dc9-bfa1-29bfe4127b1c'],size=1,snapshot_id=None,source_replicaid=,source_volid=None,status='creating',user_id='44de9b9f25844b3b838d89db7a2c9944',volume_type_id=12f244ba-46df-46b4-bfe4-79fadbb0d3e5), 'volume': Volume(_name_id=None,admin_metadata=,attach_status='detached',availability_zone='nova',bootable=False,cluster=,cluster_name=None,consistencygroup=,consistencygroup_id=None,created_at=2022-04-22T08:04:13Z,deleted=False,deleted_at=None,display_description=None,display_name='tempest-VolumeRetypeWithoutMigrationTest-Volume-1470954597',ec2_id=None,encryption_key_id=None,glance_metadata=,group=,group_id=None,host=None,id=50686f8c-3e1e-48f2-9b99-919d1e21c9b6,launched_at=None,metadata={},migration_status=None,multiattach=False,previous_status=None,project_id='7c7ad267c85145d9b761cf7b8fab2d39',provider_auth=None,provider_geometry=None,provider_id=None,provider_location=None,replication_driver_data=None,replication_extended_status=None,replication_status=None,scheduled_at=None,service_uuid=None,shared_targets=True,size=1,snapshot_id=None,snapshots=,source_volid=None,status='creating',terminated_at=None,updated_at=None,use_quota=True,user_id='44de9b9f25844b3b838d89db7a2c9944',volume_attachment=VolumeAttachmentList,volume_type=VolumeType(12f244ba-46df-46b4-bfe4-79fadbb0d3e5),volume_type_id=12f244ba-46df-46b4-bfe4-79fadbb0d3e5)}' {{(pid=110868) _task_receiver /usr/local/lib/python3.8/dist-packages/taskflow/listeners/logging.py:178}}
Apr 22 08:04:13.330045 dv-cinder-838880-1-smb devstack@c-api.service[110868]: DEBUG cinder.volume.api [None req-9f95b427-db13-44ad-b291-b309f137c984 tempest-VolumeRetypeWithoutMigrationTest-217084205 tempest-VolumeRetypeWithoutMigrationTest-217084205-project] Task 'cinder.volume.flows.api.create_volume.QuotaCommitTask;volume:create' (7937b951-577f-4e7b-b605-9d7ad161a9b1) transitioned into state 'RUNNING' from state 'PENDING' {{(pid=110868) _task_receiver /usr/local/lib/python3.8/dist-packages/taskflow/listeners/logging.py:190}}
Apr 22 08:04:13.358386 dv-cinder-838880-1-smb devstack@c-api.service[110867]: DEBUG cinder.quota [None req-431efda1-a56a-4dd3-9644-74cad2e20dab tempest-VolumeManageAdminTest-461483711 tempest-VolumeManageAdminTest-461483711-project] Created reservations ['873b2c36-fb41-4987-b92d-e89ce88fb4c6', 'c716a4ba-625e-4b61-8cef-d25b2205f3cd', '604efa53-3160-43e3-8522-ea8093761fcb', '9d6d42bf-d2f8-407b-bfa4-e063922a6d57'] {{(pid=110867) reserve /opt/stack/cinder/cinder/quota.py:755}}
Apr 22 08:04:13.360220 dv-cinder-838880-1-smb devstack@c-api.service[110867]: DEBUG cinder.volume.api [None req-431efda1-a56a-4dd3-9644-74cad2e20dab tempest-VolumeManageAdminTest-461483711 tempest-VolumeManageAdminTest-461483711-project] Task 'cinder.volume.flows.api.create_volume.QuotaReserveTask;volume:create' (e2eabb0b-d678-4191-849e-cc7934440695) transitioned into state 'SUCCESS' from state 'RUNNING' with result '{'reservations': ['873b2c36-fb41-4987-b92d-e89ce88fb4c6', 'c716a4ba-625e-4b61-8cef-d25b2205f3cd', '604efa53-3160-43e3-8522-ea8093761fcb', '9d6d42bf-d2f8-407b-bfa4-e063922a6d57']}' {{(pid=110867) _task_receiver /usr/local/lib/python3.8/dist-packages/taskflow/listeners/logging.py:178}}
Apr 22 08:04:13.362159 dv-cinder-838880-1-smb devstack@c-api.service[110867]: DEBUG cinder.volume.api [None req-431efda1-a56a-4dd3-9644-74cad2e20dab tempest-VolumeManageAdminTest-461483711 tempest-VolumeManageAdminTest-461483711-project] Task 'cinder.volume.flows.api.create_volume.EntryCreateTask;volume:create' (e89ac179-7e22-44eb-b43b-b6d3c557070a) transitioned into state 'RUNNING' from state 'PENDING' {{(pid=110867) _task_receiver /usr/local/lib/python3.8/dist-packages/taskflow/listeners/logging.py:190}}
Apr 22 08:04:13.479963 dv-cinder-838880-1-smb devstack@c-api.service[110868]: DEBUG cinder.volume.api [None req-9f95b427-db13-44ad-b291-b309f137c984 tempest-VolumeRetypeWithoutMigrationTest-217084205 tempest-VolumeRetypeWithoutMigrationTest-217084205-project] Task 'cinder.volume.flows.api.create_volume.QuotaCommitTask;volume:create' (7937b951-577f-4e7b-b605-9d7ad161a9b1) transitioned into state 'SUCCESS' from state 'RUNNING' with result '{'volume_properties': VolumeProperties(attach_status='detached',availability_zone='nova',cgsnapshot_id=None,consistencygroup_id=None,display_description=None,display_name='tempest-VolumeRetypeWithoutMigrationTest-Volume-1470954597',encryption_key_id=None,group_id=None,group_type_id=,metadata={},multiattach=False,project_id='7c7ad267c85145d9b761cf7b8fab2d39',qos_specs=None,replication_status=,reservations=['49fc400c-463b-432a-be50-b1d074deffff','b246ba32-25d7-4a71-9d6e-f31a567d417a','82237dac-fae4-4bee-bb00-87fed15274fd','ca6fc1c7-d227-4dc9-bfa1-29bfe4127b1c'],size=1,snapshot_id=None,source_replicaid=,source_volid=None,status='creating',user_id='44de9b9f25844b3b838d89db7a2c9944',volume_type_id=12f244ba-46df-46b4-bfe4-79fadbb0d3e5)}' {{(pid=110868) _task_receiver /usr/local/lib/python3.8/dist-packages/taskflow/listeners/logging.py:178}}
Apr 22 08:04:13.481802 dv-cinder-838880-1-smb devstack@c-api.service[110868]: DEBUG cinder.volume.api [None req-9f95b427-db13-44ad-b291-b309f137c984 tempest-VolumeRetypeWithoutMigrationTest-217084205 tempest-VolumeRetypeWithoutMigrationTest-217084205-project] Task 'cinder.volume.flows.api.create_volume.VolumeCastTask;volume:create' (1ee22986-c98f-4a42-9e12-fb9f73de7e28) transitioned into state 'RUNNING' from state 'PENDING' {{(pid=110868) _task_receiver /usr/local/lib/python3.8/dist-packages/taskflow/listeners/logging.py:190}}
Apr 22 08:04:13.492414 dv-cinder-838880-1-smb devstack@c-api.service[110867]: DEBUG cinder.volume.api [None req-431efda1-a56a-4dd3-9644-74cad2e20dab tempest-VolumeManageAdminTest-461483711 tempest-VolumeManageAdminTest-461483711-project] Task 'cinder.volume.flows.api.create_volume.EntryCreateTask;volume:create' (e89ac179-7e22-44eb-b43b-b6d3c557070a) transitioned into state 'SUCCESS' from state 'RUNNING' with result '{'volume_id': '845664b3-64d5-4547-92b3-2e92cb49f391', 'volume_properties': VolumeProperties(attach_status='detached',availability_zone='nova',cgsnapshot_id=None,consistencygroup_id=None,display_description=None,display_name='tempest-VolumeManageAdminTest-Volume-1979240800',encryption_key_id=None,group_id=None,group_type_id=,metadata={},multiattach=False,project_id='09b119390e5e47e585af6dd1caeadc48',qos_specs=None,replication_status=,reservations=['873b2c36-fb41-4987-b92d-e89ce88fb4c6','c716a4ba-625e-4b61-8cef-d25b2205f3cd','604efa53-3160-43e3-8522-ea8093761fcb','9d6d42bf-d2f8-407b-bfa4-e063922a6d57'],size=1,snapshot_id=None,source_replicaid=,source_volid=None,status='creating',user_id='42e64a53e75940a790bb70cde8d084a1',volume_type_id=0d55ada9-04aa-4075-aef6-4afa1dd666e5), 'volume': Volume(_name_id=None,admin_metadata=,attach_status='detached',availability_zone='nova',bootable=False,cluster=,cluster_name=None,consistencygroup=,consistencygroup_id=None,created_at=2022-04-22T08:04:13Z,deleted=False,deleted_at=None,display_description=None,display_name='tempest-VolumeManageAdminTest-Volume-1979240800',ec2_id=None,encryption_key_id=None,glance_metadata=,group=,group_id=None,host=None,id=845664b3-64d5-4547-92b3-2e92cb49f391,launched_at=None,metadata={},migration_status=None,multiattach=False,previous_status=None,project_id='09b119390e5e47e585af6dd1caeadc48',provider_auth=None,provider_geometry=None,provider_id=None,provider_location=None,replication_driver_data=None,replication_extended_status=None,replication_status=None,scheduled_at=None,service_uuid=None,shared_targets=True,size=1,snapshot_id=None,snapshots=,source_volid=None,status='creating',terminated_at=None,updated_at=None,use_quota=True,user_id='42e64a53e75940a790bb70cde8d084a1',volume_attachment=VolumeAttachmentList,volume_type=VolumeType(0d55ada9-04aa-4075-aef6-4afa1dd666e5),volume_type_id=0d55ada9-04aa-4075-aef6-4afa1dd666e5)}' {{(pid=110867) _task_receiver /usr/local/lib/python3.8/dist-packages/taskflow/listeners/logging.py:178}}
Apr 22 08:04:13.494264 dv-cinder-838880-1-smb devstack@c-api.service[110867]: DEBUG cinder.volume.api [None req-431efda1-a56a-4dd3-9644-74cad2e20dab tempest-VolumeManageAdminTest-461483711 tempest-VolumeManageAdminTest-461483711-project] Task 'cinder.volume.flows.api.create_volume.QuotaCommitTask;volume:create' (f6cb10aa-9a4c-4245-a12b-290d652b7562) transitioned into state 'RUNNING' from state 'PENDING' {{(pid=110867) _task_receiver /usr/local/lib/python3.8/dist-packages/taskflow/listeners/logging.py:190}}
Apr 22 08:04:13.578088 dv-cinder-838880-1-smb devstack@c-api.service[110868]: DEBUG cinder.volume.api [None req-9f95b427-db13-44ad-b291-b309f137c984 tempest-VolumeRetypeWithoutMigrationTest-217084205 tempest-VolumeRetypeWithoutMigrationTest-217084205-project] Task 'cinder.volume.flows.api.create_volume.VolumeCastTask;volume:create' (1ee22986-c98f-4a42-9e12-fb9f73de7e28) transitioned into state 'SUCCESS' from state 'RUNNING' with result 'None' {{(pid=110868) _task_receiver /usr/local/lib/python3.8/dist-packages/taskflow/listeners/logging.py:178}}
Apr 22 08:04:13.580409 dv-cinder-838880-1-smb devstack@c-api.service[110868]: DEBUG cinder.volume.api [None req-9f95b427-db13-44ad-b291-b309f137c984 tempest-VolumeRetypeWithoutMigrationTest-217084205 tempest-VolumeRetypeWithoutMigrationTest-217084205-project] Flow 'volume_create_api' (c364d447-9579-4898-9d12-32cfedf6b5d1) transitioned into state 'SUCCESS' from state 'RUNNING' {{(pid=110868) _flow_receiver /usr/local/lib/python3.8/dist-packages/taskflow/listeners/logging.py:141}}
Apr 22 08:04:13.581078 dv-cinder-838880-1-smb devstack@c-api.service[110868]: INFO cinder.volume.api [None req-9f95b427-db13-44ad-b291-b309f137c984 tempest-VolumeRetypeWithoutMigrationTest-217084205 tempest-VolumeRetypeWithoutMigrationTest-217084205-project] Create volume request issued successfully.
Apr 22 08:04:13.582296 dv-cinder-838880-1-smb devstack@c-api.service[110868]: INFO cinder.api.openstack.wsgi [None req-9f95b427-db13-44ad-b291-b309f137c984 tempest-VolumeRetypeWithoutMigrationTest-217084205 tempest-VolumeRetypeWithoutMigrationTest-217084205-project] http://10.222.0.13/volume/v3/7c7ad267c85145d9b761cf7b8fab2d39/volumes returned with HTTP 202
Apr 22 08:04:13.583092 dv-cinder-838880-1-smb devstack@c-api.service[110868]: [pid: 110868|app: 0|req: 65/135] 10.222.0.13 () {60 vars in 1235 bytes} [Fri Apr 22 08:04:12 2022] POST /volume/v3/7c7ad267c85145d9b761cf7b8fab2d39/volumes => generated 834 bytes in 1200 msecs (HTTP/1.1 202) 7 headers in 291 bytes (1 switches on core 0)
Apr 22 08:04:13.584616 dv-cinder-838880-1-smb devstack@c-api.service[110868]: DEBUG cinder.api.middleware.request_id [None req-1035a8ce-9421-44b3-b849-0a1f242550f8 None None] RequestId filter calling following filter/app {{(pid=110868) _context_setter /opt/stack/cinder/cinder/api/middleware/request_id.py:62}}
Apr 22 08:04:13.619937 dv-cinder-838880-1-smb devstack@c-api.service[110867]: DEBUG cinder.volume.api [None req-431efda1-a56a-4dd3-9644-74cad2e20dab tempest-VolumeManageAdminTest-461483711 tempest-VolumeManageAdminTest-461483711-project] Task 'cinder.volume.flows.api.create_volume.QuotaCommitTask;volume:create' (f6cb10aa-9a4c-4245-a12b-290d652b7562) transitioned into state 'SUCCESS' from state 'RUNNING' with result '{'volume_properties': VolumeProperties(attach_status='detached',availability_zone='nova',cgsnapshot_id=None,consistencygroup_id=None,display_description=None,display_name='tempest-VolumeManageAdminTest-Volume-1979240800',encryption_key_id=None,group_id=None,group_type_id=,metadata={},multiattach=False,project_id='09b119390e5e47e585af6dd1caeadc48',qos_specs=None,replication_status=,reservations=['873b2c36-fb41-4987-b92d-e89ce88fb4c6','c716a4ba-625e-4b61-8cef-d25b2205f3cd','604efa53-3160-43e3-8522-ea8093761fcb','9d6d42bf-d2f8-407b-bfa4-e063922a6d57'],size=1,snapshot_id=None,source_replicaid=,source_volid=None,status='creating',user_id='42e64a53e75940a790bb70cde8d084a1',volume_type_id=0d55ada9-04aa-4075-aef6-4afa1dd666e5)}' {{(pid=110867) _task_receiver /usr/local/lib/python3.8/dist-packages/taskflow/listeners/logging.py:178}}
Apr 22 08:04:13.623453 dv-cinder-838880-1-smb devstack@c-api.service[110867]: DEBUG cinder.volume.api [None req-431efda1-a56a-4dd3-9644-74cad2e20dab tempest-VolumeManageAdminTest-461483711 tempest-VolumeManageAdminTest-461483711-project] Task 'cinder.volume.flows.api.create_volume.VolumeCastTask;volume:create' (6fcb762a-a6ac-4aab-9fe6-5368fe8ac61d) transitioned into state 'RUNNING' from state 'PENDING' {{(pid=110867) _task_receiver /usr/local/lib/python3.8/dist-packages/taskflow/listeners/logging.py:190}}
Apr 22 08:04:13.665385 dv-cinder-838880-1-smb devstack@c-api.service[110868]: INFO cinder.api.openstack.wsgi [None req-1035a8ce-9421-44b3-b849-0a1f242550f8 tempest-GroupsV314Test-438801872 tempest-GroupsV314Test-438801872-project-admin] POST http://10.222.0.13/volume/v3/16579825cc6e486482edbd7e1fa549d6/types
Apr 22 08:04:13.666239 dv-cinder-838880-1-smb devstack@c-api.service[110868]: DEBUG cinder.api.openstack.wsgi [None req-1035a8ce-9421-44b3-b849-0a1f242550f8 tempest-GroupsV314Test-438801872 tempest-GroupsV314Test-438801872-project-admin] Action: 'create', calling method: _create, body: {"volume_type": {"name": "tempest-GroupsV314Test-volume-type-488060659"}} {{(pid=110868) _process_stack /opt/stack/cinder/cinder/api/openstack/wsgi.py:866}}
Apr 22 08:04:13.672272 dv-cinder-838880-1-smb devstack@c-api.service[110868]: /usr/local/lib/python3.8/dist-packages/oslo_context/context.py:100: DeprecationWarning: Policy enforcement is depending on the value of is_admin. This key is deprecated. Please update your policy file to use the standard policy values.
Apr 22 08:04:13.672272 dv-cinder-838880-1-smb devstack@c-api.service[110868]: warnings.warn('Policy enforcement is depending on the value of '
Apr 22 08:04:13.721138 dv-cinder-838880-1-smb devstack@c-api.service[110867]: DEBUG cinder.volume.api [None req-431efda1-a56a-4dd3-9644-74cad2e20dab tempest-VolumeManageAdminTest-461483711 tempest-VolumeManageAdminTest-461483711-project] Task 'cinder.volume.flows.api.create_volume.VolumeCastTask;volume:create' (6fcb762a-a6ac-4aab-9fe6-5368fe8ac61d) transitioned into state 'SUCCESS' from state 'RUNNING' with result 'None' {{(pid=110867) _task_receiver /usr/local/lib/python3.8/dist-packages/taskflow/listeners/logging.py:178}}
Apr 22 08:04:13.723588 dv-cinder-838880-1-smb devstack@c-api.service[110867]: DEBUG cinder.volume.api [None req-431efda1-a56a-4dd3-9644-74cad2e20dab tempest-VolumeManageAdminTest-461483711 tempest-VolumeManageAdminTest-461483711-project] Flow 'volume_create_api' (0d9c41ab-c220-467f-ac64-af3e6807a8bb) transitioned into state 'SUCCESS' from state 'RUNNING' {{(pid=110867) _flow_receiver /usr/local/lib/python3.8/dist-packages/taskflow/listeners/logging.py:141}}
Apr 22 08:04:13.724928 dv-cinder-838880-1-smb devstack@c-api.service[110867]: INFO cinder.volume.api [None req-431efda1-a56a-4dd3-9644-74cad2e20dab tempest-VolumeManageAdminTest-461483711 tempest-VolumeManageAdminTest-461483711-project] Create volume request issued successfully.
Apr 22 08:04:13.726634 dv-cinder-838880-1-smb devstack@c-api.service[110867]: INFO cinder.api.openstack.wsgi [None req-431efda1-a56a-4dd3-9644-74cad2e20dab tempest-VolumeManageAdminTest-461483711 tempest-VolumeManageAdminTest-461483711-project] http://10.222.0.13/volume/v3/09b119390e5e47e585af6dd1caeadc48/volumes returned with HTTP 202
Apr 22 08:04:13.727408 dv-cinder-838880-1-smb devstack@c-api.service[110867]: [pid: 110867|app: 0|req: 71/136] 10.222.0.13 () {60 vars in 1234 bytes} [Fri Apr 22 08:04:12 2022] POST /volume/v3/09b119390e5e47e585af6dd1caeadc48/volumes => generated 821 bytes in 956 msecs (HTTP/1.1 202) 7 headers in 291 bytes (1 switches on core 0)
Apr 22 08:04:13.737128 dv-cinder-838880-1-smb devstack@c-api.service[110867]: DEBUG cinder.api.middleware.request_id [None req-5e731e91-2a5e-40be-adf8-34709a3d5d4a None None] RequestId filter calling following filter/app {{(pid=110867) _context_setter /opt/stack/cinder/cinder/api/middleware/request_id.py:62}}
Apr 22 08:04:13.737128 dv-cinder-838880-1-smb devstack@c-api.service[110867]: INFO cinder.api.openstack.wsgi [None req-5e731e91-2a5e-40be-adf8-34709a3d5d4a tempest-SnapshotsActionsTest-1085862822 tempest-SnapshotsActionsTest-1085862822-project] GET http://10.222.0.13/volume/v3/fb5c2c99c84f44ce9ce5930573318357/volumes/a4c20590-2e6c-4a7c-a3d4-735b9f08738a
Apr 22 08:04:13.737128 dv-cinder-838880-1-smb devstack@c-api.service[110867]: DEBUG cinder.api.openstack.wsgi [None req-5e731e91-2a5e-40be-adf8-34709a3d5d4a tempest-SnapshotsActionsTest-1085862822 tempest-SnapshotsActionsTest-1085862822-project] Empty body provided in request {{(pid=110867) get_body /opt/stack/cinder/cinder/api/openstack/wsgi.py:715}}
Apr 22 08:04:13.737128 dv-cinder-838880-1-smb devstack@c-api.service[110867]: DEBUG cinder.api.openstack.wsgi [None req-5e731e91-2a5e-40be-adf8-34709a3d5d4a tempest-SnapshotsActionsTest-1085862822 tempest-SnapshotsActionsTest-1085862822-project] Calling method 'show' {{(pid=110867) _process_stack /opt/stack/cinder/cinder/api/openstack/wsgi.py:868}}
Apr 22 08:04:13.749286 dv-cinder-838880-1-smb devstack@c-api.service[110868]: INFO cinder.api.openstack.wsgi [None req-1035a8ce-9421-44b3-b849-0a1f242550f8 tempest-GroupsV314Test-438801872 tempest-GroupsV314Test-438801872-project-admin] http://10.222.0.13/volume/v3/16579825cc6e486482edbd7e1fa549d6/types returned with HTTP 200
Apr 22 08:04:13.751510 dv-cinder-838880-1-smb devstack@c-api.service[110868]: [pid: 110868|app: 0|req: 66/137] 10.222.0.13 () {60 vars in 1228 bytes} [Fri Apr 22 08:04:13 2022] POST /volume/v3/16579825cc6e486482edbd7e1fa549d6/types => generated 219 bytes in 168 msecs (HTTP/1.1 200) 7 headers in 285 bytes (1 switches on core 0)
Apr 22 08:04:13.754667 dv-cinder-838880-1-smb devstack@c-api.service[110868]: DEBUG cinder.api.middleware.request_id [None req-f46630b0-9604-490c-a6cd-899cd16e2a76 None None] RequestId filter calling following filter/app {{(pid=110868) _context_setter /opt/stack/cinder/cinder/api/middleware/request_id.py:62}}
Apr 22 08:04:13.760168 dv-cinder-838880-1-smb devstack@c-api.service[110868]: INFO cinder.api.openstack.wsgi [None req-f46630b0-9604-490c-a6cd-899cd16e2a76 tempest-VolumeRetypeWithoutMigrationTest-217084205 tempest-VolumeRetypeWithoutMigrationTest-217084205-project] GET http://10.222.0.13/volume/v3/7c7ad267c85145d9b761cf7b8fab2d39/volumes/50686f8c-3e1e-48f2-9b99-919d1e21c9b6
Apr 22 08:04:13.760168 dv-cinder-838880-1-smb devstack@c-api.service[110868]: DEBUG cinder.api.openstack.wsgi [None req-f46630b0-9604-490c-a6cd-899cd16e2a76 tempest-VolumeRetypeWithoutMigrationTest-217084205 tempest-VolumeRetypeWithoutMigrationTest-217084205-project] Empty body provided in request {{(pid=110868) get_body /opt/stack/cinder/cinder/api/openstack/wsgi.py:715}}
Apr 22 08:04:13.761001 dv-cinder-838880-1-smb devstack@c-api.service[110868]: DEBUG cinder.api.openstack.wsgi [None req-f46630b0-9604-490c-a6cd-899cd16e2a76 tempest-VolumeRetypeWithoutMigrationTest-217084205 tempest-VolumeRetypeWithoutMigrationTest-217084205-project] Calling method 'show' {{(pid=110868) _process_stack /opt/stack/cinder/cinder/api/openstack/wsgi.py:868}}
Apr 22 08:04:13.766409 dv-cinder-838880-1-smb devstack@c-api.service[110867]: /usr/local/lib/python3.8/dist-packages/oslo_context/context.py:100: DeprecationWarning: Policy enforcement is depending on the value of is_admin. This key is deprecated. Please update your policy file to use the standard policy values.
Apr 22 08:04:13.766409 dv-cinder-838880-1-smb devstack@c-api.service[110867]: warnings.warn('Policy enforcement is depending on the value of '
Apr 22 08:04:13.774398 dv-cinder-838880-1-smb devstack@c-api.service[110867]: INFO cinder.volume.api [None req-5e731e91-2a5e-40be-adf8-34709a3d5d4a tempest-SnapshotsActionsTest-1085862822 tempest-SnapshotsActionsTest-1085862822-project] Volume info retrieved successfully.
Apr 22 08:04:13.775515 dv-cinder-838880-1-smb devstack@c-api.service[110868]: /usr/local/lib/python3.8/dist-packages/oslo_context/context.py:100: DeprecationWarning: Policy enforcement is depending on the value of is_admin. This key is deprecated. Please update your policy file to use the standard policy values.
Apr 22 08:04:13.775515 dv-cinder-838880-1-smb devstack@c-api.service[110868]: warnings.warn('Policy enforcement is depending on the value of '
Apr 22 08:04:13.783715 dv-cinder-838880-1-smb devstack@c-api.service[110868]: INFO cinder.volume.api [None req-f46630b0-9604-490c-a6cd-899cd16e2a76 tempest-VolumeRetypeWithoutMigrationTest-217084205 tempest-VolumeRetypeWithoutMigrationTest-217084205-project] Volume info retrieved successfully.
Apr 22 08:04:13.784741 dv-cinder-838880-1-smb devstack@c-api.service[110867]: INFO cinder.api.openstack.wsgi [None req-5e731e91-2a5e-40be-adf8-34709a3d5d4a tempest-SnapshotsActionsTest-1085862822 tempest-SnapshotsActionsTest-1085862822-project] http://10.222.0.13/volume/v3/fb5c2c99c84f44ce9ce5930573318357/volumes/a4c20590-2e6c-4a7c-a3d4-735b9f08738a returned with HTTP 200
Apr 22 08:04:13.786707 dv-cinder-838880-1-smb devstack@c-api.service[110867]: [pid: 110867|app: 0|req: 72/138] 10.222.0.13 () {58 vars in 1324 bytes} [Fri Apr 22 08:04:13 2022] GET /volume/v3/fb5c2c99c84f44ce9ce5930573318357/volumes/a4c20590-2e6c-4a7c-a3d4-735b9f08738a => generated 912 bytes in 58 msecs (HTTP/1.1 200) 7 headers in 285 bytes (1 switches on core 0)
Apr 22 08:04:13.800729 dv-cinder-838880-1-smb devstack@c-api.service[110867]: DEBUG cinder.api.middleware.request_id [None req-c005d810-2fc9-416c-af29-efd80ab14e6d None None] RequestId filter calling following filter/app {{(pid=110867) _context_setter /opt/stack/cinder/cinder/api/middleware/request_id.py:62}}
Apr 22 08:04:13.800729 dv-cinder-838880-1-smb devstack@c-api.service[110867]: INFO cinder.api.openstack.wsgi [None req-c005d810-2fc9-416c-af29-efd80ab14e6d tempest-VolumeManageAdminTest-461483711 tempest-VolumeManageAdminTest-461483711-project] GET http://10.222.0.13/volume/v3/09b119390e5e47e585af6dd1caeadc48/volumes/845664b3-64d5-4547-92b3-2e92cb49f391
Apr 22 08:04:13.800729 dv-cinder-838880-1-smb devstack@c-api.service[110867]: DEBUG cinder.api.openstack.wsgi [None req-c005d810-2fc9-416c-af29-efd80ab14e6d tempest-VolumeManageAdminTest-461483711 tempest-VolumeManageAdminTest-461483711-project] Empty body provided in request {{(pid=110867) get_body /opt/stack/cinder/cinder/api/openstack/wsgi.py:715}}
Apr 22 08:04:13.800729 dv-cinder-838880-1-smb devstack@c-api.service[110867]: DEBUG cinder.api.openstack.wsgi [None req-c005d810-2fc9-416c-af29-efd80ab14e6d tempest-VolumeManageAdminTest-461483711 tempest-VolumeManageAdminTest-461483711-project] Calling method 'show' {{(pid=110867) _process_stack /opt/stack/cinder/cinder/api/openstack/wsgi.py:868}}
Apr 22 08:04:13.801088 dv-cinder-838880-1-smb devstack@c-api.service[110868]: INFO cinder.api.openstack.wsgi [None req-f46630b0-9604-490c-a6cd-899cd16e2a76 tempest-VolumeRetypeWithoutMigrationTest-217084205 tempest-VolumeRetypeWithoutMigrationTest-217084205-project] http://10.222.0.13/volume/v3/7c7ad267c85145d9b761cf7b8fab2d39/volumes/50686f8c-3e1e-48f2-9b99-919d1e21c9b6 returned with HTTP 200
Apr 22 08:04:13.804661 dv-cinder-838880-1-smb devstack@c-api.service[110868]: [pid: 110868|app: 0|req: 67/139] 10.222.0.13 () {58 vars in 1324 bytes} [Fri Apr 22 08:04:13 2022] GET /volume/v3/7c7ad267c85145d9b761cf7b8fab2d39/volumes/50686f8c-3e1e-48f2-9b99-919d1e21c9b6 => generated 902 bytes in 52 msecs (HTTP/1.1 200) 7 headers in 285 bytes (1 switches on core 0)
Apr 22 08:04:13.806123 dv-cinder-838880-1-smb devstack@c-api.service[110867]: /usr/local/lib/python3.8/dist-packages/oslo_context/context.py:100: DeprecationWarning: Policy enforcement is depending on the value of is_admin. This key is deprecated. Please update your policy file to use the standard policy values.
Apr 22 08:04:13.806123 dv-cinder-838880-1-smb devstack@c-api.service[110867]: warnings.warn('Policy enforcement is depending on the value of '
Apr 22 08:04:13.806699 dv-cinder-838880-1-smb devstack@c-api.service[110868]: DEBUG cinder.api.middleware.request_id [None req-d4242d3d-248b-49e3-9f74-b6b01720637c None None] RequestId filter calling following filter/app {{(pid=110868) _context_setter /opt/stack/cinder/cinder/api/middleware/request_id.py:62}}
Apr 22 08:04:13.810338 dv-cinder-838880-1-smb devstack@c-api.service[110868]: INFO cinder.api.openstack.wsgi [None req-d4242d3d-248b-49e3-9f74-b6b01720637c tempest-GroupsV314Test-438801872 tempest-GroupsV314Test-438801872-project-admin] POST http://10.222.0.13/volume/v3/16579825cc6e486482edbd7e1fa549d6/group_types
Apr 22 08:04:13.811183 dv-cinder-838880-1-smb devstack@c-api.service[110868]: DEBUG cinder.api.openstack.wsgi [None req-d4242d3d-248b-49e3-9f74-b6b01720637c tempest-GroupsV314Test-438801872 tempest-GroupsV314Test-438801872-project-admin] Action: 'create', calling method: version_select, body: {"group_type": {"name": "tempest-GroupsV314Test-group-type-1581684236"}} {{(pid=110868) _process_stack /opt/stack/cinder/cinder/api/openstack/wsgi.py:866}}
Apr 22 08:04:13.813429 dv-cinder-838880-1-smb devstack@c-api.service[110867]: INFO cinder.volume.api [None req-c005d810-2fc9-416c-af29-efd80ab14e6d tempest-VolumeManageAdminTest-461483711 tempest-VolumeManageAdminTest-461483711-project] Volume info retrieved successfully.
Apr 22 08:04:13.822228 dv-cinder-838880-1-smb devstack@c-api.service[110867]: INFO cinder.api.openstack.wsgi [None req-c005d810-2fc9-416c-af29-efd80ab14e6d tempest-VolumeManageAdminTest-461483711 tempest-VolumeManageAdminTest-461483711-project] http://10.222.0.13/volume/v3/09b119390e5e47e585af6dd1caeadc48/volumes/845664b3-64d5-4547-92b3-2e92cb49f391 returned with HTTP 200
Apr 22 08:04:13.823157 dv-cinder-838880-1-smb devstack@c-api.service[110867]: [pid: 110867|app: 0|req: 73/140] 10.222.0.13 () {58 vars in 1324 bytes} [Fri Apr 22 08:04:13 2022] GET /volume/v3/09b119390e5e47e585af6dd1caeadc48/volumes/845664b3-64d5-4547-92b3-2e92cb49f391 => generated 889 bytes in 37 msecs (HTTP/1.1 200) 7 headers in 285 bytes (1 switches on core 0)
Apr 22 08:04:13.824329 dv-cinder-838880-1-smb devstack@c-api.service[110867]: DEBUG cinder.api.middleware.request_id [None req-e8a8eb3b-3ea8-4e1c-ad51-d4341329fad5 None None] RequestId filter calling following filter/app {{(pid=110867) _context_setter /opt/stack/cinder/cinder/api/middleware/request_id.py:62}}
Apr 22 08:04:13.829275 dv-cinder-838880-1-smb devstack@c-api.service[110867]: INFO cinder.api.openstack.wsgi [None req-e8a8eb3b-3ea8-4e1c-ad51-d4341329fad5 tempest-SnapshotsActionsTest-1085862822 tempest-SnapshotsActionsTest-1085862822-project] POST http://10.222.0.13/volume/v3/fb5c2c99c84f44ce9ce5930573318357/snapshots
Apr 22 08:04:13.829935 dv-cinder-838880-1-smb devstack@c-api.service[110867]: DEBUG cinder.api.openstack.wsgi [None req-e8a8eb3b-3ea8-4e1c-ad51-d4341329fad5 tempest-SnapshotsActionsTest-1085862822 tempest-SnapshotsActionsTest-1085862822-project] Action: 'create', calling method: create, body: {"snapshot": {"volume_id": "a4c20590-2e6c-4a7c-a3d4-735b9f08738a", "name": "tempest-SnapshotsActionsTest-Snapshot-250439753"}} {{(pid=110867) _process_stack /opt/stack/cinder/cinder/api/openstack/wsgi.py:866}}
Apr 22 08:04:13.844514 dv-cinder-838880-1-smb devstack@c-api.service[110867]: /usr/local/lib/python3.8/dist-packages/oslo_context/context.py:100: DeprecationWarning: Policy enforcement is depending on the value of is_admin. This key is deprecated. Please update your policy file to use the standard policy values.
Apr 22 08:04:13.844514 dv-cinder-838880-1-smb devstack@c-api.service[110867]: warnings.warn('Policy enforcement is depending on the value of '
Apr 22 08:04:13.845716 dv-cinder-838880-1-smb devstack@c-api.service[110867]: INFO cinder.volume.api [None req-e8a8eb3b-3ea8-4e1c-ad51-d4341329fad5 tempest-SnapshotsActionsTest-1085862822 tempest-SnapshotsActionsTest-1085862822-project] Volume info retrieved successfully.
Apr 22 08:04:13.846155 dv-cinder-838880-1-smb devstack@c-api.service[110867]: INFO cinder.api.v3.snapshots [None req-e8a8eb3b-3ea8-4e1c-ad51-d4341329fad5 tempest-SnapshotsActionsTest-1085862822 tempest-SnapshotsActionsTest-1085862822-project] Create snapshot from volume a4c20590-2e6c-4a7c-a3d4-735b9f08738a
Apr 22 08:04:13.976303 dv-cinder-838880-1-smb devstack@c-api.service[110868]: INFO cinder.api.openstack.wsgi [None req-d4242d3d-248b-49e3-9f74-b6b01720637c tempest-GroupsV314Test-438801872 tempest-GroupsV314Test-438801872-project-admin] http://10.222.0.13/volume/v3/16579825cc6e486482edbd7e1fa549d6/group_types returned with HTTP 202
Apr 22 08:04:13.981844 dv-cinder-838880-1-smb devstack@c-api.service[110868]: [pid: 110868|app: 0|req: 68/141] 10.222.0.13 () {62 vars in 1287 bytes} [Fri Apr 22 08:04:13 2022] POST /volume/v3/16579825cc6e486482edbd7e1fa549d6/group_types => generated 177 bytes in 177 msecs (HTTP/1.1 202) 7 headers in 292 bytes (1 switches on core 0)
