Apr 18 13:56:06.782419 dv-cinder-838302-1-smb neutron-server[103264]: DEBUG neutron_lib.callbacks.manager [None req-29528b0c-cede-4f34-b1e0-91cac73e476c None None] Publish callbacks ['neutron.plugins.ml2.plugin.SecurityGroupServerNotifierRpcMixin._notify_sg_on_port_change-1783968', 'neutron.plugins.ml2.ovo_rpc._ObjectChangeHandler.handle_event-39325', 'neutron.api.rpc.agentnotifiers.dhcp_rpc_agent_api.DhcpAgentNotifyAPI._native_event_send_dhcp_notification-562670', 'neutron.db.l3_db.L3RpcNotifierMixin._notify_gateway_port_ip_changed-8737482733864', 'neutron.db.l3_dvrscheduler_db._notify_l3_agent_port_update-8737482261944', 'neutron.db.l3_hascheduler_db._notify_l3_agent_ha_port_update-8737482261962'] for port (71d46440-6464-47bd-a4ef-98424a5636bb), after_update {{(pid=103264) _notify_loop /usr/local/lib/python3.8/dist-packages/neutron_lib/callbacks/manager.py:176}}
Apr 18 13:56:06.818388 dv-cinder-838302-1-smb neutron-server[103263]: INFO neutron.wsgi [req-7415e8f0-51c4-4a48-a6a8-b13ba753e151 req-96190260-7482-4efb-9520-e5cf3cb0017f tempest-AttachVolumeTestJSON-77303192 tempest-AttachVolumeTestJSON-77303192-project] 10.222.0.47 "GET /v2.0/ports?device_id=2cde6595-38f1-4182-a226-6e63c490392c HTTP/1.1" status: 200 len: 210 time: 0.0446420
Apr 18 13:56:06.819935 dv-cinder-838302-1-smb neutron-server[103263]: DEBUG neutron_lib.callbacks.manager [req-06c6f852-c78b-434a-965b-d0285958d080 req-2755cf25-9b06-467b-8d76-5ce3cbfb5019 tempest-ServerRescueNegativeTestJSON-1685106123 tempest-ServerRescueNegativeTestJSON-1685106123-project] Publish callbacks ['neutron.plugins.ml2.plugin.SecurityGroupServerNotifierRpcMixin._notify_sg_on_port_change-1783968', 'neutron.plugins.ml2.ovo_rpc._ObjectChangeHandler.handle_event-39325', 'neutron.api.rpc.agentnotifiers.dhcp_rpc_agent_api.DhcpAgentNotifyAPI._native_event_send_dhcp_notification-562670', 'neutron.db.l3_dvrscheduler_db._notify_l3_agent_new_port-8737482261926'] for port (3e5a9d37-f774-4e69-bc95-8fe77578dbd4), after_create {{(pid=103263) _notify_loop /usr/local/lib/python3.8/dist-packages/neutron_lib/callbacks/manager.py:176}}
Apr 18 13:56:06.885486 dv-cinder-838302-1-smb neutron-server[103262]: INFO neutron.wsgi [req-698b801f-db01-4ba0-9dac-b2ed70368cc5 req-17ad319b-069a-4237-9520-fc655e1994ad tempest-AttachVolumeShelveTestJSON-2116314001 tempest-AttachVolumeShelveTestJSON-2116314001-project] 10.222.0.47 "GET /v2.0/security-groups?id=30696576-3894-46ea-9897-4cf8c12a843a&fields=id&fields=name HTTP/1.1" status: 200 len: 313 time: 0.1228125
Apr 18 13:56:06.886179 dv-cinder-838302-1-smb neutron-server[103263]: DEBUG neutron.scheduler.dhcp_agent_scheduler [req-06c6f852-c78b-434a-965b-d0285958d080 req-2755cf25-9b06-467b-8d76-5ce3cbfb5019 tempest-ServerRescueNegativeTestJSON-1685106123 tempest-ServerRescueNegativeTestJSON-1685106123-project] Network 10b2da05-4906-44b8-8a57-fa5ab09a879a is already hosted by enough agents. {{(pid=103263) _get_dhcp_agents_hosting_network /opt/stack/neutron/neutron/scheduler/dhcp_agent_scheduler.py:275}}
Apr 18 13:56:06.891493 dv-cinder-838302-1-smb neutron-server[103264]: DEBUG neutron.db.provisioning_blocks [None req-fe3b1147-f355-4aee-b156-2e2c8ea3b03d None None] Provisioning complete for port 5541cb53-0d8e-48f7-9271-9af37084f100 triggered by entity L2. {{(pid=103264) provisioning_complete /opt/stack/neutron/neutron/db/provisioning_blocks.py:145}}
Apr 18 13:56:06.891973 dv-cinder-838302-1-smb neutron-server[103264]: DEBUG neutron_lib.callbacks.manager [None req-fe3b1147-f355-4aee-b156-2e2c8ea3b03d None None] Publish callbacks ['neutron.plugins.ml2.plugin.Ml2Plugin._port_provisioned-1709672'] for port (5541cb53-0d8e-48f7-9271-9af37084f100), provisioning_complete {{(pid=103264) _notify_loop /usr/local/lib/python3.8/dist-packages/neutron_lib/callbacks/manager.py:176}}
Apr 18 13:56:06.897017 dv-cinder-838302-1-smb neutron-server[103262]: DEBUG neutron.wsgi [-] (103262) accepted ('10.222.0.47', 54344) {{(pid=103262) server /usr/local/lib/python3.8/dist-packages/eventlet/wsgi.py:1004}}
Apr 18 13:56:06.924820 dv-cinder-838302-1-smb neutron-server[103263]: DEBUG neutron.api.rpc.handlers.resources_rpc [None req-2755cf25-9b06-467b-8d76-5ce3cbfb5019 tempest-ServerRescueNegativeTestJSON-1685106123 tempest-ServerRescueNegativeTestJSON-1685106123-project] Pushing event updated for resources: {'Port': ['ID=3e5a9d37-f774-4e69-bc95-8fe77578dbd4,revision_number=1']} {{(pid=103263) push /opt/stack/neutron/neutron/api/rpc/handlers/resources_rpc.py:237}}
Apr 18 13:56:06.928088 dv-cinder-838302-1-smb neutron-server[103263]: DEBUG neutron.scheduler.base_scheduler [req-06c6f852-c78b-434a-965b-d0285958d080 req-2755cf25-9b06-467b-8d76-5ce3cbfb5019 tempest-ServerRescueNegativeTestJSON-1685106123 tempest-ServerRescueNegativeTestJSON-1685106123-project] Resources bound (agent type, host, resource id): {{(pid=103263) schedule /opt/stack/neutron/neutron/scheduler/base_scheduler.py:57}}
Apr 18 13:56:06.930696 dv-cinder-838302-1-smb neutron-server[103263]: DEBUG neutron.db.l3_dvrscheduler_db [req-06c6f852-c78b-434a-965b-d0285958d080 req-2755cf25-9b06-467b-8d76-5ce3cbfb5019 tempest-ServerRescueNegativeTestJSON-1685106123 tempest-ServerRescueNegativeTestJSON-1685106123-project] Received port after_create {{(pid=103263) _notify_l3_agent_new_port /opt/stack/neutron/neutron/db/l3_dvrscheduler_db.py:536}}
Apr 18 13:56:06.934388 dv-cinder-838302-1-smb neutron-server[103262]: DEBUG neutron.db.db_base_plugin_common [req-03b4f232-a128-46dc-a8b1-55ebc148fc92 req-6086b37a-b891-4b9c-b7ac-7d276c905d35 tempest-ServerRescueNegativeTestJSON-1685106123 tempest-ServerRescueNegativeTestJSON-1685106123-project] Allocated IP 172.20.0.8 (10b2da05-4906-44b8-8a57-fa5ab09a879a/9cd89363-7f69-41b6-8d0a-a8d4110c4ce0/222c5ecb-1aed-4b75-8a2e-0672d539f82e) {{(pid=103262) _store_ip_allocation /opt/stack/neutron/neutron/db/db_base_plugin_common.py:131}}
Apr 18 13:56:06.936383 dv-cinder-838302-1-smb neutron-server[103263]: DEBUG neutron.pecan_wsgi.hooks.policy_enforcement [req-06c6f852-c78b-434a-965b-d0285958d080 req-2755cf25-9b06-467b-8d76-5ce3cbfb5019 tempest-ServerRescueNegativeTestJSON-1685106123 tempest-ServerRescueNegativeTestJSON-1685106123-project] Attributes excluded by policy engine: ['standard_attr_id', 'binding:profile', 'binding:host_id', 'binding:vif_type', 'binding:vif_details', 'network'] {{(pid=103263) _exclude_attributes_by_policy /opt/stack/neutron/neutron/pecan_wsgi/hooks/policy_enforcement.py:259}}
Apr 18 13:56:06.937080 dv-cinder-838302-1-smb neutron-server[103263]: DEBUG neutron_lib.callbacks.manager [req-06c6f852-c78b-434a-965b-d0285958d080 req-2755cf25-9b06-467b-8d76-5ce3cbfb5019 tempest-ServerRescueNegativeTestJSON-1685106123 tempest-ServerRescueNegativeTestJSON-1685106123-project] Publish callbacks ['neutron.notifiers.nova.Notifier._send_nova_notification-111370', 'neutron.api.rpc.agentnotifiers.dhcp_rpc_agent_api.DhcpAgentNotifyAPI._send_dhcp_notification-562460'] for port (None), before_response {{(pid=103263) _notify_loop /usr/local/lib/python3.8/dist-packages/neutron_lib/callbacks/manager.py:176}}
Apr 18 13:56:06.969344 dv-cinder-838302-1-smb neutron-server[103263]: INFO neutron.wsgi [req-06c6f852-c78b-434a-965b-d0285958d080 req-2755cf25-9b06-467b-8d76-5ce3cbfb5019 tempest-ServerRescueNegativeTestJSON-1685106123 tempest-ServerRescueNegativeTestJSON-1685106123-project] 10.222.0.41 "POST /v2.0/ports HTTP/1.1" status: 201 len: 934 time: 2.0831616
Apr 18 13:56:07.027738 dv-cinder-838302-1-smb neutron-server[103263]: DEBUG neutron.api.v2.base [req-06c6f852-c78b-434a-965b-d0285958d080 req-4547b9d0-ab48-43d1-ac2b-767f89b0acb9 service neutron] Request body: {'port': {'device_id': 'fc30a55f-41f9-4eb3-b60d-93060b4b6b65', 'device_owner': 'compute:nova', 'binding:host_id': 'hv-cinder-83830'}} {{(pid=103263) prepare_request_body /opt/stack/neutron/neutron/api/v2/base.py:729}}
Apr 18 13:56:07.080123 dv-cinder-838302-1-smb neutron-server[103264]: DEBUG neutron.api.rpc.handlers.resources_rpc [None req-29528b0c-cede-4f34-b1e0-91cac73e476c None None] Pushing event updated for resources: {'Port': ['ID=71d46440-6464-47bd-a4ef-98424a5636bb,revision_number=4']} {{(pid=103264) push /opt/stack/neutron/neutron/api/rpc/handlers/resources_rpc.py:237}}
Apr 18 13:56:07.086228 dv-cinder-838302-1-smb neutron-server[103264]: DEBUG neutron.plugins.ml2.db [None req-29528b0c-cede-4f34-b1e0-91cac73e476c None None] get_ports_and_sgs() called for port_ids ['71d46440-6464-47bd-a4ef-98424a5636bb'] {{(pid=103264) get_ports_and_sgs /opt/stack/neutron/neutron/plugins/ml2/db.py:156}}
Apr 18 13:56:07.179432 dv-cinder-838302-1-smb neutron-server[103262]: DEBUG neutron.pecan_wsgi.hooks.policy_enforcement [req-f36a94be-923c-4aa8-9de3-d8453e6b50a8 req-fb82beac-e412-4e88-a62a-774182607b96 service neutron] Attributes excluded by policy engine: ['standard_attr_id'] {{(pid=103262) _exclude_attributes_by_policy /opt/stack/neutron/neutron/pecan_wsgi/hooks/policy_enforcement.py:259}}
Apr 18 13:56:07.185070 dv-cinder-838302-1-smb neutron-server[103262]: INFO neutron.wsgi [req-f36a94be-923c-4aa8-9de3-d8453e6b50a8 req-fb82beac-e412-4e88-a62a-774182607b96 service neutron] 10.222.0.41 "GET /v2.0/ports?tenant_id=8ae1ce5f485740af863dd54c201d573c&device_id=77839f2e-187b-4bbf-a4c3-64a9a8cd048a HTTP/1.1" status: 200 len: 1127 time: 0.1689894
Apr 18 13:56:07.204839 dv-cinder-838302-1-smb neutron-server[103263]: INFO neutron.wsgi [req-179ce29f-98df-4180-9873-f406defc2529 req-2f137c9f-7278-433a-868b-b2157bbcc444 tempest-ServerRescueNegativeTestJSON-1685106123 tempest-ServerRescueNegativeTestJSON-1685106123-project] 10.222.0.47 "GET /v2.0/ports?device_id=365edbd9-16ab-4cd3-9adb-ce3ba70ae5a7 HTTP/1.1" status: 200 len: 210 time: 0.0515547
Apr 18 13:56:07.450634 dv-cinder-838302-1-smb neutron-server[103264]: DEBUG neutron.db.provisioning_blocks [None req-87c9e90f-1c85-4ff1-be22-a35144867ecf None None] Provisioning complete for port 3e5a9d37-f774-4e69-bc95-8fe77578dbd4 triggered by entity DHCP. {{(pid=103264) provisioning_complete /opt/stack/neutron/neutron/db/provisioning_blocks.py:145}}
Apr 18 13:56:07.451372 dv-cinder-838302-1-smb neutron-server[103264]: DEBUG neutron_lib.callbacks.manager [None req-87c9e90f-1c85-4ff1-be22-a35144867ecf None None] Publish callbacks ['neutron.plugins.ml2.plugin.Ml2Plugin._port_provisioned-1709672'] for port (3e5a9d37-f774-4e69-bc95-8fe77578dbd4), provisioning_complete {{(pid=103264) _notify_loop /usr/local/lib/python3.8/dist-packages/neutron_lib/callbacks/manager.py:176}}
Apr 18 13:56:07.519063 dv-cinder-838302-1-smb neutron-server[103263]: DEBUG neutron.wsgi [-] (103263) accepted ('10.222.0.47', 54360) {{(pid=103263) server /usr/local/lib/python3.8/dist-packages/eventlet/wsgi.py:1004}}
Apr 18 13:56:07.534058 dv-cinder-838302-1-smb neutron-server[103263]: INFO neutron.wsgi [req-9e272df6-6f19-4921-9958-f5c4c86c9095 req-32505ed0-ba91-4df5-a3dd-929adea67dde tempest-AttachVolumeTestJSON-77303192 tempest-AttachVolumeTestJSON-77303192-project] 10.222.0.41 "GET /v2.0/security-groups?fields=id&fields=name&tenant_id=65ba486706cb43d6b9a1479195f8a512 HTTP/1.1" status: 200 len: 379 time: 0.5247028
Apr 18 13:56:07.539547 dv-cinder-838302-1-smb neutron-server[103264]: DEBUG neutron.plugins.ml2.plugin [None req-fe3b1147-f355-4aee-b156-2e2c8ea3b03d None None] Current status of the port 5541cb53-0d8e-48f7-9271-9af37084f100 is: ACTIVE; New status is: ACTIVE {{(pid=103264) _update_individual_port_db_status /opt/stack/neutron/neutron/plugins/ml2/plugin.py:2257}}
Apr 18 13:56:07.551345 dv-cinder-838302-1-smb neutron-server[103264]: DEBUG neutron.plugins.ml2.plugin [None req-87c9e90f-1c85-4ff1-be22-a35144867ecf None None] Port 3e5a9d37-f774-4e69-bc95-8fe77578dbd4 cannot update to ACTIVE because it is not bound. {{(pid=103264) _port_provisioned /opt/stack/neutron/neutron/plugins/ml2/plugin.py:343}}
Apr 18 13:56:07.575991 dv-cinder-838302-1-smb neutron-server[103263]: DEBUG neutron.api.v2.base [req-9e272df6-6f19-4921-9958-f5c4c86c9095 req-1f4f8777-32a4-4913-a958-f22833621c1a tempest-AttachVolumeTestJSON-77303192 tempest-AttachVolumeTestJSON-77303192-project] Request body: {'port': {'device_id': '2cde6595-38f1-4182-a226-6e63c490392c', 'network_id': '96c86c64-6c5c-4c32-a6ca-cd575dcbbd44', 'admin_state_up': True, 'tenant_id': '65ba486706cb43d6b9a1479195f8a512', 'security_groups': ['9cc60509-e885-4e69-b39e-d6e9d40f3500']}} {{(pid=103263) prepare_request_body /opt/stack/neutron/neutron/api/v2/base.py:729}}
Apr 18 13:56:07.610645 dv-cinder-838302-1-smb neutron-server[103262]: DEBUG neutron.pecan_wsgi.hooks.policy_enforcement [req-f36a94be-923c-4aa8-9de3-d8453e6b50a8 req-9ba820a5-8fc1-4bf0-b8c8-74652ca5ba2b service neutron] Attributes excluded by policy engine: ['standard_attr_id', 'vlan_transparent'] {{(pid=103262) _exclude_attributes_by_policy /opt/stack/neutron/neutron/pecan_wsgi/hooks/policy_enforcement.py:259}}
Apr 18 13:56:07.613835 dv-cinder-838302-1-smb neutron-server[103262]: INFO neutron.wsgi [req-f36a94be-923c-4aa8-9de3-d8453e6b50a8 req-9ba820a5-8fc1-4bf0-b8c8-74652ca5ba2b service neutron] 10.222.0.41 "GET /v2.0/networks?id=2ecc20b1-0bb1-46f2-b34c-6ee5c123ae40 HTTP/1.1" status: 200 len: 916 time: 0.4246335
Apr 18 13:56:07.774359 dv-cinder-838302-1-smb neutron-server[103263]: DEBUG neutron_lib.callbacks.manager [req-06c6f852-c78b-434a-965b-d0285958d080 req-4547b9d0-ab48-43d1-ac2b-767f89b0acb9 service neutron] Publish callbacks ['neutron.plugins.ml2.plugin.SecurityGroupDbMixin._ensure_default_security_group_handler-1783911'] for port (3e5a9d37-f774-4e69-bc95-8fe77578dbd4), before_update {{(pid=103263) _notify_loop /usr/local/lib/python3.8/dist-packages/neutron_lib/callbacks/manager.py:176}}
Apr 18 13:56:07.796682 dv-cinder-838302-1-smb neutron-server[103263]: DEBUG neutron_lib.callbacks.manager [None req-2b643c84-822c-4d8a-925b-7601ae4f5feb admin admin] Publish callbacks [] for security_group (None), before_create {{(pid=103263) _notify_loop /usr/local/lib/python3.8/dist-packages/neutron_lib/callbacks/manager.py:176}}
Apr 18 13:56:07.808140 dv-cinder-838302-1-smb neutron-server[103263]: INFO neutron.wsgi [req-71707f33-5e5e-49ab-be1f-ddac0da1eb23 req-e2014a4f-e36f-41d6-a4a2-ce2a8a4f12b1 service neutron] 10.222.0.41 "GET /v2.0/networks/49613e3b-4e19-4bbd-93a8-2982ed49af79?fields=provider%3Aphysical_network&fields=provider%3Anetwork_type HTTP/1.1" status: 200 len: 281 time: 0.7752764
Apr 18 13:56:07.920485 dv-cinder-838302-1-smb neutron-server[103262]: INFO neutron.wsgi [req-f36a94be-923c-4aa8-9de3-d8453e6b50a8 req-33e2f14f-a5d2-4c47-9a67-0fa07af24d1d service neutron] 10.222.0.41 "GET /v2.0/floatingips?fixed_ip_address=172.20.0.5&port_id=e2524e25-d586-43e8-a706-2acab1fffc4f HTTP/1.1" status: 200 len: 217 time: 0.2698071
Apr 18 13:56:07.923515 dv-cinder-838302-1-smb neutron-server[103262]: DEBUG neutron_lib.callbacks.manager [None req-0c4ad708-f187-4c24-bc88-20c2ba76b06d admin admin] Publish callbacks [] for security_group (None), before_create {{(pid=103262) _notify_loop /usr/local/lib/python3.8/dist-packages/neutron_lib/callbacks/manager.py:176}}
Apr 18 13:56:08.000821 dv-cinder-838302-1-smb neutron-server[103263]: INFO neutron.wsgi [req-e1504591-98af-4baf-aa9b-bee317d46314 req-9147bd21-7ab8-4316-8ffe-ff408dbf4d88 tempest-AttachVolumeTestJSON-77303192 tempest-AttachVolumeTestJSON-77303192-project] 10.222.0.47 "GET /v2.0/ports?device_id=2cde6595-38f1-4182-a226-6e63c490392c HTTP/1.1" status: 200 len: 210 time: 0.0871270
Apr 18 13:56:08.007585 dv-cinder-838302-1-smb neutron-server[103263]: DEBUG neutron.pecan_wsgi.hooks.quota_enforcement [req-9e272df6-6f19-4921-9958-f5c4c86c9095 req-1f4f8777-32a4-4913-a958-f22833621c1a tempest-AttachVolumeTestJSON-77303192 tempest-AttachVolumeTestJSON-77303192-project] Made reservation on behalf of 65ba486706cb43d6b9a1479195f8a512 for: {'port': 1} {{(pid=103263) before /opt/stack/neutron/neutron/pecan_wsgi/hooks/quota_enforcement.py:53}}
Apr 18 13:56:08.010698 dv-cinder-838302-1-smb neutron-server[103263]: DEBUG neutron_lib.callbacks.manager [req-9e272df6-6f19-4921-9958-f5c4c86c9095 req-1f4f8777-32a4-4913-a958-f22833621c1a tempest-AttachVolumeTestJSON-77303192 tempest-AttachVolumeTestJSON-77303192-project] Publish callbacks ['neutron.plugins.ml2.plugin.SecurityGroupDbMixin._ensure_default_security_group_handler-1783911'] for port (None), before_create {{(pid=103263) _notify_loop /usr/local/lib/python3.8/dist-packages/neutron_lib/callbacks/manager.py:176}}
Apr 18 13:56:08.048696 dv-cinder-838302-1-smb neutron-server[103262]: DEBUG neutron.pecan_wsgi.hooks.policy_enforcement [req-5b62b519-4cb3-43ce-9c77-8e56cc3a3fc2 req-50821acd-8e92-4dc4-a2f9-8ad314df1a48 tempest-DeleteServersTestJSON-1293540344 tempest-DeleteServersTestJSON-1293540344-project] Attributes excluded by policy engine: ['standard_attr_id', 'binding:profile', 'binding:host_id', 'binding:vif_type', 'binding:vif_details'] {{(pid=103262) _exclude_attributes_by_policy /opt/stack/neutron/neutron/pecan_wsgi/hooks/policy_enforcement.py:259}}
Apr 18 13:56:08.050717 dv-cinder-838302-1-smb neutron-server[103262]: INFO neutron.wsgi [req-5b62b519-4cb3-43ce-9c77-8e56cc3a3fc2 req-50821acd-8e92-4dc4-a2f9-8ad314df1a48 tempest-DeleteServersTestJSON-1293540344 tempest-DeleteServersTestJSON-1293540344-project] 10.222.0.47 "GET /v2.0/ports?device_id=2000eeec-aa50-465a-a05e-a8a3559a37ca HTTP/1.1" status: 200 len: 944 time: 0.4309158
Apr 18 13:56:08.095592 dv-cinder-838302-1-smb neutron-server[103264]: DEBUG neutron.plugins.ml2.rpc [None req-29528b0c-cede-4f34-b1e0-91cac73e476c None None] Device 71d46440-6464-47bd-a4ef-98424a5636bb up at agent hyperv_hv-cinder-83830 {{(pid=103264) update_device_up /opt/stack/neutron/neutron/plugins/ml2/rpc.py:296}}
Apr 18 13:56:08.108187 dv-cinder-838302-1-smb neutron-server[103262]: DEBUG neutron.pecan_wsgi.hooks.policy_enforcement [req-f36a94be-923c-4aa8-9de3-d8453e6b50a8 req-1ea6a0dc-e11f-4e25-93ce-9836aef4db0c service neutron] Attributes excluded by policy engine: ['standard_attr_id', 'shared'] {{(pid=103262) _exclude_attributes_by_policy /opt/stack/neutron/neutron/pecan_wsgi/hooks/policy_enforcement.py:259}}
Apr 18 13:56:08.110077 dv-cinder-838302-1-smb neutron-server[103262]: INFO neutron.wsgi [req-f36a94be-923c-4aa8-9de3-d8453e6b50a8 req-1ea6a0dc-e11f-4e25-93ce-9836aef4db0c service neutron] 10.222.0.41 "GET /v2.0/subnets?id=20632f49-373b-4f70-87d9-3f74936e809c HTTP/1.1" status: 200 len: 855 time: 0.1364386
Apr 18 13:56:08.145135 dv-cinder-838302-1-smb neutron-server[103264]: DEBUG neutron.db.provisioning_blocks [None req-29528b0c-cede-4f34-b1e0-91cac73e476c None None] Provisioning for port 71d46440-6464-47bd-a4ef-98424a5636bb completed by entity L2. {{(pid=103264) provisioning_complete /opt/stack/neutron/neutron/db/provisioning_blocks.py:137}}
Apr 18 13:56:08.151672 dv-cinder-838302-1-smb neutron-server[103264]: DEBUG neutron.db.provisioning_blocks [None req-29528b0c-cede-4f34-b1e0-91cac73e476c None None] Provisioning complete for port 71d46440-6464-47bd-a4ef-98424a5636bb triggered by entity L2. {{(pid=103264) provisioning_complete /opt/stack/neutron/neutron/db/provisioning_blocks.py:145}}
Apr 18 13:56:08.152250 dv-cinder-838302-1-smb neutron-server[103264]: DEBUG neutron_lib.callbacks.manager [None req-29528b0c-cede-4f34-b1e0-91cac73e476c None None] Publish callbacks ['neutron.plugins.ml2.plugin.Ml2Plugin._port_provisioned-1709672'] for port (71d46440-6464-47bd-a4ef-98424a5636bb), provisioning_complete {{(pid=103264) _notify_loop /usr/local/lib/python3.8/dist-packages/neutron_lib/callbacks/manager.py:176}}
Apr 18 13:56:08.165116 dv-cinder-838302-1-smb neutron-server[103263]: DEBUG neutron_lib.callbacks.manager [None req-2b643c84-822c-4d8a-925b-7601ae4f5feb admin admin] Publish callbacks [] for security_group (fc25de94-e44b-4567-9ed0-04736aef3737), precommit_create {{(pid=103263) _notify_loop /usr/local/lib/python3.8/dist-packages/neutron_lib/callbacks/manager.py:176}}
Apr 18 13:56:08.182098 dv-cinder-838302-1-smb neutron-server[103263]: DEBUG neutron_lib.callbacks.manager [None req-2b643c84-822c-4d8a-925b-7601ae4f5feb admin admin] Publish callbacks ['neutron.plugins.ml2.ovo_rpc._ObjectChangeHandler.handle_event-782984'] for security_group (fc25de94-e44b-4567-9ed0-04736aef3737), after_create {{(pid=103263) _notify_loop /usr/local/lib/python3.8/dist-packages/neutron_lib/callbacks/manager.py:176}}
Apr 18 13:56:08.186657 dv-cinder-838302-1-smb neutron-server[103262]: DEBUG neutron_lib.callbacks.manager [req-03b4f232-a128-46dc-a8b1-55ebc148fc92 req-6086b37a-b891-4b9c-b7ac-7d276c905d35 tempest-ServerRescueNegativeTestJSON-1685106123 tempest-ServerRescueNegativeTestJSON-1685106123-project] Publish callbacks [] for port (222c5ecb-1aed-4b75-8a2e-0672d539f82e), precommit_create {{(pid=103262) _notify_loop /usr/local/lib/python3.8/dist-packages/neutron_lib/callbacks/manager.py:176}}
Apr 18 13:56:08.210440 dv-cinder-838302-1-smb neutron-server[103262]: DEBUG neutron.pecan_wsgi.hooks.policy_enforcement [req-f36a94be-923c-4aa8-9de3-d8453e6b50a8 req-b38543f0-f06b-4314-b88a-1e2dd9349f62 service neutron] Attributes excluded by policy engine: ['standard_attr_id'] {{(pid=103262) _exclude_attributes_by_policy /opt/stack/neutron/neutron/pecan_wsgi/hooks/policy_enforcement.py:259}}
Apr 18 13:56:08.211653 dv-cinder-838302-1-smb neutron-server[103263]: DEBUG neutron.pecan_wsgi.hooks.policy_enforcement [req-c5fddb09-801a-4636-9f56-fdfe894e376c req-ac96f953-2a79-42fc-b6ea-cd29f12480e8 tempest-AttachVolumeShelveTestJSON-2116314001 tempest-AttachVolumeShelveTestJSON-2116314001-project] Attributes excluded by policy engine: ['standard_attr_id', 'binding:profile', 'binding:host_id', 'binding:vif_type', 'binding:vif_details'] {{(pid=103263) _exclude_attributes_by_policy /opt/stack/neutron/neutron/pecan_wsgi/hooks/policy_enforcement.py:259}}
Apr 18 13:56:08.212172 dv-cinder-838302-1-smb neutron-server[103262]: INFO neutron.wsgi [req-f36a94be-923c-4aa8-9de3-d8453e6b50a8 req-b38543f0-f06b-4314-b88a-1e2dd9349f62 service neutron] 10.222.0.41 "GET /v2.0/ports?network_id=2ecc20b1-0bb1-46f2-b34c-6ee5c123ae40&device_owner=network%3Adhcp HTTP/1.1" status: 200 len: 1210 time: 0.0927498
Apr 18 13:56:08.213159 dv-cinder-838302-1-smb neutron-server[103263]: INFO neutron.wsgi [req-c5fddb09-801a-4636-9f56-fdfe894e376c req-ac96f953-2a79-42fc-b6ea-cd29f12480e8 tempest-AttachVolumeShelveTestJSON-2116314001 tempest-AttachVolumeShelveTestJSON-2116314001-project] 10.222.0.47 "GET /v2.0/ports?device_id=77839f2e-187b-4bbf-a4c3-64a9a8cd048a HTTP/1.1" status: 200 len: 943 time: 0.1406972
Apr 18 13:56:08.225074 dv-cinder-838302-1-smb neutron-server[103262]: INFO neutron.wsgi [req-5b62b519-4cb3-43ce-9c77-8e56cc3a3fc2 req-e4c8402f-eccb-4baf-aacc-5cf2d7918d51 tempest-DeleteServersTestJSON-1293540344 tempest-DeleteServersTestJSON-1293540344-project] 10.222.0.47 "GET /v2.0/security-groups?id=77f30e8b-4711-42e2-b11b-7f684008a163&fields=id&fields=name HTTP/1.1" status: 200 len: 286 time: 0.1644905
Apr 18 13:56:08.243647 dv-cinder-838302-1-smb neutron-server[103264]: DEBUG neutron.plugins.ml2.plugin [None req-29528b0c-cede-4f34-b1e0-91cac73e476c None None] Current status of the port 71d46440-6464-47bd-a4ef-98424a5636bb is: BUILD; New status is: ACTIVE {{(pid=103264) _update_individual_port_db_status /opt/stack/neutron/neutron/plugins/ml2/plugin.py:2257}}
Apr 18 13:56:08.244054 dv-cinder-838302-1-smb neutron-server[103264]: DEBUG neutron_lib.callbacks.manager [None req-29528b0c-cede-4f34-b1e0-91cac73e476c None None] Publish callbacks ['neutron.plugins.ml2.plugin.SecurityGroupDbMixin._ensure_default_security_group_handler-1783911'] for port (71d46440-6464-47bd-a4ef-98424a5636bb), before_update {{(pid=103264) _notify_loop /usr/local/lib/python3.8/dist-packages/neutron_lib/callbacks/manager.py:176}}
Apr 18 13:56:08.270531 dv-cinder-838302-1-smb neutron-server[103264]: DEBUG neutron.notifiers.nova [-] Sending events: [{'server_uuid': '2000eeec-aa50-465a-a05e-a8a3559a37ca', 'name': 'network-vif-plugged', 'status': 'completed', 'tag': '71d46440-6464-47bd-a4ef-98424a5636bb'}] {{(pid=103264) send_events /opt/stack/neutron/neutron/notifiers/nova.py:271}}
Apr 18 13:56:08.310229 dv-cinder-838302-1-smb neutron-server[103263]: INFO neutron.wsgi [None req-2b643c84-822c-4d8a-925b-7601ae4f5feb admin admin] 10.222.0.47 "GET /v2.0/security-groups?tenant_id=f413e54a6dce49408c06da02b9f32ec1&name=default HTTP/1.1" status: 200 len: 2996 time: 0.7719710
Apr 18 13:56:08.310425 dv-cinder-838302-1-smb neutron-server[103263]: DEBUG neutron.api.rpc.handlers.resources_rpc [None req-2b643c84-822c-4d8a-925b-7601ae4f5feb admin admin] Pushing event updated for resources: {'SecurityGroup': ['ID=fc25de94-e44b-4567-9ed0-04736aef3737,revision_number=1']} {{(pid=103263) push /opt/stack/neutron/neutron/api/rpc/handlers/resources_rpc.py:237}}
Apr 18 13:56:08.319932 dv-cinder-838302-1-smb neutron-server[103263]: DEBUG neutron.wsgi [-] (103263) accepted ('10.222.0.47', 54404) {{(pid=103263) server /usr/local/lib/python3.8/dist-packages/eventlet/wsgi.py:1004}}
Apr 18 13:56:08.334012 dv-cinder-838302-1-smb neutron-server[103262]: DEBUG neutron_lib.callbacks.manager [None req-0c4ad708-f187-4c24-bc88-20c2ba76b06d admin admin] Publish callbacks [] for security_group (b184396e-a00c-4fff-9c3b-dc05f876f641), precommit_create {{(pid=103262) _notify_loop /usr/local/lib/python3.8/dist-packages/neutron_lib/callbacks/manager.py:176}}
Apr 18 13:56:08.354059 dv-cinder-838302-1-smb neutron-server[103262]: DEBUG neutron_lib.callbacks.manager [None req-0c4ad708-f187-4c24-bc88-20c2ba76b06d admin admin] Publish callbacks ['neutron.plugins.ml2.ovo_rpc._ObjectChangeHandler.handle_event-782984'] for security_group (b184396e-a00c-4fff-9c3b-dc05f876f641), after_create {{(pid=103262) _notify_loop /usr/local/lib/python3.8/dist-packages/neutron_lib/callbacks/manager.py:176}}
Apr 18 13:56:08.358187 dv-cinder-838302-1-smb neutron-server[103263]: DEBUG neutron.db.db_base_plugin_common [req-9e272df6-6f19-4921-9958-f5c4c86c9095 req-1f4f8777-32a4-4913-a958-f22833621c1a tempest-AttachVolumeTestJSON-77303192 tempest-AttachVolumeTestJSON-77303192-project] Allocated IP 172.20.0.4 (96c86c64-6c5c-4c32-a6ca-cd575dcbbd44/1495b512-3964-440d-97d0-47f2a3fdaba9/e0633a26-6187-4de1-a888-2a20ac502bde) {{(pid=103263) _store_ip_allocation /opt/stack/neutron/neutron/db/db_base_plugin_common.py:131}}
Apr 18 13:56:08.367077 dv-cinder-838302-1-smb neutron-server[103264]: DEBUG neutron.plugins.ml2.db [None req-29528b0c-cede-4f34-b1e0-91cac73e476c None None] For port 71d46440-6464-47bd-a4ef-98424a5636bb, host hv-cinder-83830, got binding levels [PortBindingLevel(driver='hyperv',host='hv-cinder-83830',level=0,port_id=71d46440-6464-47bd-a4ef-98424a5636bb,segment=NetworkSegment(af844394-b0f6-4509-bea6-277b247a001f),segment_id=af844394-b0f6-4509-bea6-277b247a001f)] {{(pid=103264) get_binding_level_objs /opt/stack/neutron/neutron/plugins/ml2/db.py:74}}
Apr 18 13:56:08.374167 dv-cinder-838302-1-smb neutron-server[103264]: DEBUG neutron_lib.callbacks.manager [None req-29528b0c-cede-4f34-b1e0-91cac73e476c None None] Publish callbacks ['neutron.plugins.ml2.plugin.SecurityGroupServerNotifierRpcMixin._notify_sg_on_port_change-1783968', 'neutron.plugins.ml2.ovo_rpc._ObjectChangeHandler.handle_event-39325', 'neutron.api.rpc.agentnotifiers.dhcp_rpc_agent_api.DhcpAgentNotifyAPI._native_event_send_dhcp_notification-562670', 'neutron.db.l3_db.L3RpcNotifierMixin._notify_gateway_port_ip_changed-8737482733864', 'neutron.db.l3_dvrscheduler_db._notify_l3_agent_port_update-8737482261944', 'neutron.db.l3_hascheduler_db._notify_l3_agent_ha_port_update-8737482261962'] for port (71d46440-6464-47bd-a4ef-98424a5636bb), after_update {{(pid=103264) _notify_loop /usr/local/lib/python3.8/dist-packages/neutron_lib/callbacks/manager.py:176}}
Apr 18 13:56:08.400342 dv-cinder-838302-1-smb neutron-server[103263]: INFO neutron.wsgi [req-c5fddb09-801a-4636-9f56-fdfe894e376c req-53c6bbcd-c42c-4478-a23d-b46356355f4c tempest-AttachVolumeShelveTestJSON-2116314001 tempest-AttachVolumeShelveTestJSON-2116314001-project] 10.222.0.47 "GET /v2.0/security-groups?id=30696576-3894-46ea-9897-4cf8c12a843a&fields=id&fields=name HTTP/1.1" status: 200 len: 313 time: 0.1763992
Apr 18 13:56:08.419606 dv-cinder-838302-1-smb neutron-server[103262]: INFO neutron.wsgi [req-3475cb06-c7e5-41df-8742-81806ed0fb2f req-7098b365-b851-4383-9250-d28decd8203e tempest-ServerRescueNegativeTestJSON-1685106123 tempest-ServerRescueNegativeTestJSON-1685106123-project] 10.222.0.47 "GET /v2.0/ports?device_id=365edbd9-16ab-4cd3-9adb-ce3ba70ae5a7 HTTP/1.1" status: 200 len: 210 time: 0.0801268
Apr 18 13:56:08.455065 dv-cinder-838302-1-smb neutron-server[103264]: DEBUG neutron.api.rpc.handlers.resources_rpc [None req-29528b0c-cede-4f34-b1e0-91cac73e476c None None] Pushing event updated for resources: {'Port': ['ID=71d46440-6464-47bd-a4ef-98424a5636bb,revision_number=5']} {{(pid=103264) push /opt/stack/neutron/neutron/api/rpc/handlers/resources_rpc.py:237}}
Apr 18 13:56:08.460913 dv-cinder-838302-1-smb neutron-server[103262]: DEBUG neutron_lib.callbacks.manager [req-03b4f232-a128-46dc-a8b1-55ebc148fc92 req-6086b37a-b891-4b9c-b7ac-7d276c905d35 tempest-ServerRescueNegativeTestJSON-1685106123 tempest-ServerRescueNegativeTestJSON-1685106123-project] Publish callbacks ['neutron.plugins.ml2.plugin.SecurityGroupServerNotifierRpcMixin._notify_sg_on_port_change-1783968', 'neutron.plugins.ml2.ovo_rpc._ObjectChangeHandler.handle_event-39325', 'neutron.api.rpc.agentnotifiers.dhcp_rpc_agent_api.DhcpAgentNotifyAPI._native_event_send_dhcp_notification-562670', 'neutron.db.l3_dvrscheduler_db._notify_l3_agent_new_port-8737482261926'] for port (222c5ecb-1aed-4b75-8a2e-0672d539f82e), after_create {{(pid=103262) _notify_loop /usr/local/lib/python3.8/dist-packages/neutron_lib/callbacks/manager.py:176}}
Apr 18 13:56:08.480592 dv-cinder-838302-1-smb neutron-server[103262]: INFO neutron.wsgi [None req-0c4ad708-f187-4c24-bc88-20c2ba76b06d admin admin] 10.222.0.47 "GET /v2.0/security-groups?tenant_id=c182623ddbf64166b0f5d8ac9a33d323&name=default HTTP/1.1" status: 200 len: 2996 time: 1.5741491
Apr 18 13:56:08.480592 dv-cinder-838302-1-smb neutron-server[103262]: DEBUG neutron.api.rpc.handlers.resources_rpc [None req-0c4ad708-f187-4c24-bc88-20c2ba76b06d admin admin] Pushing event updated for resources: {'SecurityGroup': ['ID=b184396e-a00c-4fff-9c3b-dc05f876f641,revision_number=1']} {{(pid=103262) push /opt/stack/neutron/neutron/api/rpc/handlers/resources_rpc.py:237}}
Apr 18 13:56:08.482309 dv-cinder-838302-1-smb neutron-server[103263]: DEBUG neutron_lib.callbacks.manager [None req-4f6b114a-491e-4f97-bb77-4503dc89bcdf admin admin] Publish callbacks [] for security_group (fc25de94-e44b-4567-9ed0-04736aef3737), before_delete {{(pid=103263) _notify_loop /usr/local/lib/python3.8/dist-packages/neutron_lib/callbacks/manager.py:176}}
Apr 18 13:56:08.483714 dv-cinder-838302-1-smb neutron-server[103263]: DEBUG neutron.wsgi [-] (103263) accepted ('10.222.0.47', 54410) {{(pid=103263) server /usr/local/lib/python3.8/dist-packages/eventlet/wsgi.py:1004}}
Apr 18 13:56:08.517680 dv-cinder-838302-1-smb neutron-server[103264]: DEBUG novaclient.v2.client [-] REQ: curl -g -i --cacert "/opt/stack/data/ca-bundle.pem" -X POST http://10.222.0.47/compute/v2.1/os-server-external-events -H "Accept: application/json" -H "Content-Type: application/json" -H "User-Agent: python-novaclient" -H "X-Auth-Token: {SHA256}45391d65525947e8769935c8467b06f3638fe2cd5bd2b564c37c6e58a115ead2" -H "X-OpenStack-Nova-API-Version: 2.1" -H "X-OpenStack-Request-ID: req-6b99c9f1-c5dc-45cf-baaf-515de4a05a12" -d '{"events": [{"server_uuid": "2000eeec-aa50-465a-a05e-a8a3559a37ca", "name": "network-vif-plugged", "status": "completed", "tag": "71d46440-6464-47bd-a4ef-98424a5636bb"}]}' {{(pid=103264) _http_log_request /usr/local/lib/python3.8/dist-packages/keystoneauth1/session.py:519}}
Apr 18 13:56:08.523742 dv-cinder-838302-1-smb neutron-server[103262]: INFO neutron.wsgi [req-f36a94be-923c-4aa8-9de3-d8453e6b50a8 req-a0791f22-506c-454d-bff2-a121b676ff70 service neutron] 10.222.0.41 "GET /v2.0/networks/2ecc20b1-0bb1-46f2-b34c-6ee5c123ae40?fields=segments HTTP/1.1" status: 200 len: 212 time: 0.3024035
Apr 18 13:56:08.527358 dv-cinder-838302-1-smb neutron-server[103262]: DEBUG neutron.scheduler.dhcp_agent_scheduler [req-03b4f232-a128-46dc-a8b1-55ebc148fc92 req-6086b37a-b891-4b9c-b7ac-7d276c905d35 tempest-ServerRescueNegativeTestJSON-1685106123 tempest-ServerRescueNegativeTestJSON-1685106123-project] Network 10b2da05-4906-44b8-8a57-fa5ab09a879a is already hosted by enough agents. {{(pid=103262) _get_dhcp_agents_hosting_network /opt/stack/neutron/neutron/scheduler/dhcp_agent_scheduler.py:275}}
Apr 18 13:56:08.531643 dv-cinder-838302-1-smb neutron-server[103262]: DEBUG neutron.scheduler.base_scheduler [req-03b4f232-a128-46dc-a8b1-55ebc148fc92 req-6086b37a-b891-4b9c-b7ac-7d276c905d35 tempest-ServerRescueNegativeTestJSON-1685106123 tempest-ServerRescueNegativeTestJSON-1685106123-project] Resources bound (agent type, host, resource id): {{(pid=103262) schedule /opt/stack/neutron/neutron/scheduler/base_scheduler.py:57}}
Apr 18 13:56:08.544979 dv-cinder-838302-1-smb neutron-server[103262]: DEBUG neutron.db.l3_dvrscheduler_db [req-03b4f232-a128-46dc-a8b1-55ebc148fc92 req-6086b37a-b891-4b9c-b7ac-7d276c905d35 tempest-ServerRescueNegativeTestJSON-1685106123 tempest-ServerRescueNegativeTestJSON-1685106123-project] Received port after_create {{(pid=103262) _notify_l3_agent_new_port /opt/stack/neutron/neutron/db/l3_dvrscheduler_db.py:536}}
Apr 18 13:56:08.554498 dv-cinder-838302-1-smb neutron-server[103262]: DEBUG neutron.pecan_wsgi.hooks.policy_enforcement [req-03b4f232-a128-46dc-a8b1-55ebc148fc92 req-6086b37a-b891-4b9c-b7ac-7d276c905d35 tempest-ServerRescueNegativeTestJSON-1685106123 tempest-ServerRescueNegativeTestJSON-1685106123-project] Attributes excluded by policy engine: ['standard_attr_id', 'binding:profile', 'binding:host_id', 'binding:vif_type', 'binding:vif_details', 'network'] {{(pid=103262) _exclude_attributes_by_policy /opt/stack/neutron/neutron/pecan_wsgi/hooks/policy_enforcement.py:259}}
Apr 18 13:56:08.555248 dv-cinder-838302-1-smb neutron-server[103262]: DEBUG neutron_lib.callbacks.manager [req-03b4f232-a128-46dc-a8b1-55ebc148fc92 req-6086b37a-b891-4b9c-b7ac-7d276c905d35 tempest-ServerRescueNegativeTestJSON-1685106123 tempest-ServerRescueNegativeTestJSON-1685106123-project] Publish callbacks ['neutron.notifiers.nova.Notifier._send_nova_notification-111370', 'neutron.api.rpc.agentnotifiers.dhcp_rpc_agent_api.DhcpAgentNotifyAPI._send_dhcp_notification-562460'] for port (None), before_response {{(pid=103262) _notify_loop /usr/local/lib/python3.8/dist-packages/neutron_lib/callbacks/manager.py:176}}
Apr 18 13:56:08.572895 dv-cinder-838302-1-smb neutron-server[103262]: DEBUG neutron.api.rpc.handlers.resources_rpc [None req-6086b37a-b891-4b9c-b7ac-7d276c905d35 tempest-ServerRescueNegativeTestJSON-1685106123 tempest-ServerRescueNegativeTestJSON-1685106123-project] Pushing event updated for resources: {'Port': ['ID=222c5ecb-1aed-4b75-8a2e-0672d539f82e,revision_number=1']} {{(pid=103262) push /opt/stack/neutron/neutron/api/rpc/handlers/resources_rpc.py:237}}
Apr 18 13:56:08.641223 dv-cinder-838302-1-smb neutron-server[103263]: DEBUG neutron_lib.callbacks.manager [None req-4f6b114a-491e-4f97-bb77-4503dc89bcdf admin admin] Publish callbacks [] for security_group (fc25de94-e44b-4567-9ed0-04736aef3737), precommit_delete {{(pid=103263) _notify_loop /usr/local/lib/python3.8/dist-packages/neutron_lib/callbacks/manager.py:176}}
Apr 18 13:56:08.656287 dv-cinder-838302-1-smb neutron-server[103264]: DEBUG novaclient.v2.client [-] RESP: [200] Connection: close Content-Length: 183 Content-Type: application/json Date: Mon, 18 Apr 2022 13:56:08 GMT OpenStack-API-Version: compute 2.1 Server: Apache/2.4.41 (Ubuntu) Vary: OpenStack-API-Version,X-OpenStack-Nova-API-Version X-OpenStack-Nova-API-Version: 2.1 x-compute-request-id: req-87199b40-a07e-4905-8238-ea61c64e3b8b x-openstack-request-id: req-87199b40-a07e-4905-8238-ea61c64e3b8b {{(pid=103264) _http_log_response /usr/local/lib/python3.8/dist-packages/keystoneauth1/session.py:550}}
Apr 18 13:56:08.656703 dv-cinder-838302-1-smb neutron-server[103264]: DEBUG novaclient.v2.client [-] RESP BODY: {"events": [{"server_uuid": "2000eeec-aa50-465a-a05e-a8a3559a37ca", "name": "network-vif-plugged", "status": "completed", "tag": "71d46440-6464-47bd-a4ef-98424a5636bb", "code": 200}]} {{(pid=103264) _http_log_response /usr/local/lib/python3.8/dist-packages/keystoneauth1/session.py:582}}
Apr 18 13:56:08.657069 dv-cinder-838302-1-smb neutron-server[103264]: DEBUG novaclient.v2.client [-] POST call to compute for http://10.222.0.47/compute/v2.1/os-server-external-events used request id req-87199b40-a07e-4905-8238-ea61c64e3b8b {{(pid=103264) request /usr/local/lib/python3.8/dist-packages/keystoneauth1/session.py:954}}
Apr 18 13:56:08.657619 dv-cinder-838302-1-smb neutron-server[103264]: INFO neutron.notifiers.nova [-] Nova event matching ['req-87199b40-a07e-4905-8238-ea61c64e3b8b'] response: {'server_uuid': '2000eeec-aa50-465a-a05e-a8a3559a37ca', 'name': 'network-vif-plugged', 'status': 'completed', 'tag': '71d46440-6464-47bd-a4ef-98424a5636bb', 'code': 200}
Apr 18 13:56:08.663815 dv-cinder-838302-1-smb neutron-server[103262]: INFO neutron.wsgi [req-03b4f232-a128-46dc-a8b1-55ebc148fc92 req-6086b37a-b891-4b9c-b7ac-7d276c905d35 tempest-ServerRescueNegativeTestJSON-1685106123 tempest-ServerRescueNegativeTestJSON-1685106123-project] 10.222.0.41 "POST /v2.0/ports HTTP/1.1" status: 201 len: 933 time: 3.1611085
Apr 18 13:56:08.693847 dv-cinder-838302-1-smb neutron-server[103262]: DEBUG neutron.api.v2.base [req-03b4f232-a128-46dc-a8b1-55ebc148fc92 req-dc62d199-6085-494d-adde-8e294af1923f service neutron] Request body: {'port': {'device_id': '365edbd9-16ab-4cd3-9adb-ce3ba70ae5a7', 'device_owner': 'compute:nova', 'binding:host_id': 'hv-cinder-83830'}} {{(pid=103262) prepare_request_body /opt/stack/neutron/neutron/api/v2/base.py:729}}
Apr 18 13:56:08.720809 dv-cinder-838302-1-smb neutron-server[103262]: INFO neutron.wsgi [req-f36a94be-923c-4aa8-9de3-d8453e6b50a8 req-495f28c2-5f59-4d36-8e73-f7425be456ea service neutron] 10.222.0.41 "GET /v2.0/networks/2ecc20b1-0bb1-46f2-b34c-6ee5c123ae40?fields=provider%3Aphysical_network&fields=provider%3Anetwork_type HTTP/1.1" status: 200 len: 281 time: 0.1903994
Apr 18 13:56:08.765205 dv-cinder-838302-1-smb neutron-server[103263]: DEBUG neutron_lib.callbacks.manager [None req-c68714c6-0533-4bae-8b55-d1e959fcbe3e admin admin] Publish callbacks [] for security_group (b184396e-a00c-4fff-9c3b-dc05f876f641), before_delete {{(pid=103263) _notify_loop /usr/local/lib/python3.8/dist-packages/neutron_lib/callbacks/manager.py:176}}
Apr 18 13:56:08.779483 dv-cinder-838302-1-smb neutron-server[103262]: DEBUG neutron_lib.callbacks.manager [req-03b4f232-a128-46dc-a8b1-55ebc148fc92 req-dc62d199-6085-494d-adde-8e294af1923f service neutron] Publish callbacks ['neutron.plugins.ml2.plugin.SecurityGroupDbMixin._ensure_default_security_group_handler-1783911'] for port (222c5ecb-1aed-4b75-8a2e-0672d539f82e), before_update {{(pid=103262) _notify_loop /usr/local/lib/python3.8/dist-packages/neutron_lib/callbacks/manager.py:176}}
Apr 18 13:56:08.784041 dv-cinder-838302-1-smb neutron-server[103264]: DEBUG neutron.db.provisioning_blocks [None req-d423f6c9-4e4e-4c77-b71c-610fb9900202 None None] Provisioning complete for port 222c5ecb-1aed-4b75-8a2e-0672d539f82e triggered by entity DHCP. {{(pid=103264) provisioning_complete /opt/stack/neutron/neutron/db/provisioning_blocks.py:145}}
Apr 18 13:56:08.784506 dv-cinder-838302-1-smb neutron-server[103264]: DEBUG neutron_lib.callbacks.manager [None req-d423f6c9-4e4e-4c77-b71c-610fb9900202 None None] Publish callbacks ['neutron.plugins.ml2.plugin.Ml2Plugin._port_provisioned-1709672'] for port (222c5ecb-1aed-4b75-8a2e-0672d539f82e), provisioning_complete {{(pid=103264) _notify_loop /usr/local/lib/python3.8/dist-packages/neutron_lib/callbacks/manager.py:176}}
Apr 18 13:56:08.830565 dv-cinder-838302-1-smb neutron-server[103264]: DEBUG neutron.plugins.ml2.plugin [None req-d423f6c9-4e4e-4c77-b71c-610fb9900202 None None] Port 222c5ecb-1aed-4b75-8a2e-0672d539f82e cannot update to ACTIVE because it is not bound. {{(pid=103264) _port_provisioned /opt/stack/neutron/neutron/plugins/ml2/plugin.py:343}}
Apr 18 13:56:08.832090 dv-cinder-838302-1-smb neutron-server[103263]: DEBUG neutron_lib.callbacks.manager [None req-c68714c6-0533-4bae-8b55-d1e959fcbe3e admin admin] Publish callbacks [] for security_group (b184396e-a00c-4fff-9c3b-dc05f876f641), precommit_delete {{(pid=103263) _notify_loop /usr/local/lib/python3.8/dist-packages/neutron_lib/callbacks/manager.py:176}}
Apr 18 13:56:08.869531 dv-cinder-838302-1-smb neutron-server[103263]: DEBUG neutron_lib.callbacks.manager [req-9e272df6-6f19-4921-9958-f5c4c86c9095 req-1f4f8777-32a4-4913-a958-f22833621c1a tempest-AttachVolumeTestJSON-77303192 tempest-AttachVolumeTestJSON-77303192-project] Publish callbacks [] for port (e0633a26-6187-4de1-a888-2a20ac502bde), precommit_create {{(pid=103263) _notify_loop /usr/local/lib/python3.8/dist-packages/neutron_lib/callbacks/manager.py:176}}
Apr 18 13:56:08.944663 dv-cinder-838302-1-smb neutron-server[103263]: DEBUG neutron_lib.callbacks.manager [None req-4f6b114a-491e-4f97-bb77-4503dc89bcdf admin admin] Publish callbacks ['neutron.plugins.ml2.ovo_rpc._ObjectChangeHandler.handle_event-782984'] for security_group (fc25de94-e44b-4567-9ed0-04736aef3737), after_delete {{(pid=103263) _notify_loop /usr/local/lib/python3.8/dist-packages/neutron_lib/callbacks/manager.py:176}}
Apr 18 13:56:08.947222 dv-cinder-838302-1-smb neutron-server[103263]: DEBUG neutron_lib.callbacks.manager [None req-4f6b114a-491e-4f97-bb77-4503dc89bcdf admin admin] Publish callbacks [] for security_group (None), before_response {{(pid=103263) _notify_loop /usr/local/lib/python3.8/dist-packages/neutron_lib/callbacks/manager.py:176}}
Apr 18 13:56:08.950789 dv-cinder-838302-1-smb neutron-server[103263]: INFO neutron.wsgi [None req-4f6b114a-491e-4f97-bb77-4503dc89bcdf admin admin] 10.222.0.47 "DELETE /v2.0/security-groups/fc25de94-e44b-4567-9ed0-04736aef3737 HTTP/1.1" status: 204 len: 168 time: 0.6273758
Apr 18 13:56:08.965815 dv-cinder-838302-1-smb neutron-server[103263]: DEBUG neutron.notifiers.nova [req-06c6f852-c78b-434a-965b-d0285958d080 req-4547b9d0-ab48-43d1-ac2b-767f89b0acb9 service neutron] Ignoring state change previous_port_status: DOWN current_port_status: DOWN port_id 3e5a9d37-f774-4e69-bc95-8fe77578dbd4 {{(pid=103263) record_port_status_changed /opt/stack/neutron/neutron/notifiers/nova.py:233}}
Apr 18 13:56:08.980019 dv-cinder-838302-1-smb neutron-server[103263]: DEBUG neutron_lib.callbacks.manager [req-06c6f852-c78b-434a-965b-d0285958d080 req-4547b9d0-ab48-43d1-ac2b-767f89b0acb9 service neutron] Publish callbacks [] for port (3e5a9d37-f774-4e69-bc95-8fe77578dbd4), precommit_update {{(pid=103263) _notify_loop /usr/local/lib/python3.8/dist-packages/neutron_lib/callbacks/manager.py:176}}
Apr 18 13:56:08.981579 dv-cinder-838302-1-smb neutron-server[103262]: DEBUG neutron.pecan_wsgi.hooks.policy_enforcement [req-316a23cd-6c21-411b-b88b-6d17ec366b8d req-94359bec-aced-423e-a453-a4e03b467a49 service neutron] Attributes excluded by policy engine: ['standard_attr_id'] {{(pid=103262) _exclude_attributes_by_policy /opt/stack/neutron/neutron/pecan_wsgi/hooks/policy_enforcement.py:259}}
Apr 18 13:56:08.982393 dv-cinder-838302-1-smb neutron-server[103263]: DEBUG neutron.api.rpc.handlers.resources_rpc [None req-4f6b114a-491e-4f97-bb77-4503dc89bcdf admin admin] Pushing event deleted for resources: {'SecurityGroup': ['ID=fc25de94-e44b-4567-9ed0-04736aef3737,revision_number=None']} {{(pid=103263) push /opt/stack/neutron/neutron/api/rpc/handlers/resources_rpc.py:237}}
Apr 18 13:56:08.992528 dv-cinder-838302-1-smb neutron-server[103262]: INFO neutron.wsgi [req-316a23cd-6c21-411b-b88b-6d17ec366b8d req-94359bec-aced-423e-a453-a4e03b467a49 service neutron] 10.222.0.41 "GET /v2.0/ports?device_id=2000eeec-aa50-465a-a05e-a8a3559a37ca HTTP/1.1" status: 200 len: 1129 time: 0.1502032
Apr 18 13:56:09.002652 dv-cinder-838302-1-smb neutron-server[103263]: DEBUG neutron_lib.callbacks.manager [None req-c68714c6-0533-4bae-8b55-d1e959fcbe3e admin admin] Publish callbacks ['neutron.plugins.ml2.ovo_rpc._ObjectChangeHandler.handle_event-782984'] for security_group (b184396e-a00c-4fff-9c3b-dc05f876f641), after_delete {{(pid=103263) _notify_loop /usr/local/lib/python3.8/dist-packages/neutron_lib/callbacks/manager.py:176}}
Apr 18 13:56:09.005465 dv-cinder-838302-1-smb neutron-server[103263]: DEBUG neutron_lib.callbacks.manager [None req-c68714c6-0533-4bae-8b55-d1e959fcbe3e admin admin] Publish callbacks [] for security_group (None), before_response {{(pid=103263) _notify_loop /usr/local/lib/python3.8/dist-packages/neutron_lib/callbacks/manager.py:176}}
Apr 18 13:56:09.006799 dv-cinder-838302-1-smb neutron-server[103263]: INFO neutron.wsgi [None req-c68714c6-0533-4bae-8b55-d1e959fcbe3e admin admin] 10.222.0.47 "DELETE /v2.0/security-groups/b184396e-a00c-4fff-9c3b-dc05f876f641 HTTP/1.1" status: 204 len: 168 time: 0.5187883
Apr 18 13:56:09.007799 dv-cinder-838302-1-smb neutron-server[103263]: DEBUG neutron.db.provisioning_blocks [req-06c6f852-c78b-434a-965b-d0285958d080 req-4547b9d0-ab48-43d1-ac2b-767f89b0acb9 service neutron] Transition to ACTIVE for port object 3e5a9d37-f774-4e69-bc95-8fe77578dbd4 will not be triggered until provisioned by entity L2. {{(pid=103263) add_provisioning_component /opt/stack/neutron/neutron/db/provisioning_blocks.py:75}}
Apr 18 13:56:09.024178 dv-cinder-838302-1-smb neutron-server[103263]: DEBUG neutron_lib.callbacks.manager [req-9e272df6-6f19-4921-9958-f5c4c86c9095 req-1f4f8777-32a4-4913-a958-f22833621c1a tempest-AttachVolumeTestJSON-77303192 tempest-AttachVolumeTestJSON-77303192-project] Publish callbacks ['neutron.plugins.ml2.plugin.SecurityGroupServerNotifierRpcMixin._notify_sg_on_port_change-1783968', 'neutron.plugins.ml2.ovo_rpc._ObjectChangeHandler.handle_event-39325', 'neutron.api.rpc.agentnotifiers.dhcp_rpc_agent_api.DhcpAgentNotifyAPI._native_event_send_dhcp_notification-562670', 'neutron.db.l3_dvrscheduler_db._notify_l3_agent_new_port-8737482261926'] for port (e0633a26-6187-4de1-a888-2a20ac502bde), after_create {{(pid=103263) _notify_loop /usr/local/lib/python3.8/dist-packages/neutron_lib/callbacks/manager.py:176}}
Apr 18 13:56:09.049740 dv-cinder-838302-1-smb neutron-server[103262]: DEBUG neutron_lib.callbacks.manager [req-316a23cd-6c21-411b-b88b-6d17ec366b8d req-180953c0-887e-4d71-a658-89dda8cc64a2 service neutron] Publish callbacks [] for security_group (None), before_create {{(pid=103262) _notify_loop /usr/local/lib/python3.8/dist-packages/neutron_lib/callbacks/manager.py:176}}
Apr 18 13:56:09.077247 dv-cinder-838302-1-smb neutron-server[103263]: DEBUG neutron_lib.callbacks.manager [req-06c6f852-c78b-434a-965b-d0285958d080 req-4547b9d0-ab48-43d1-ac2b-767f89b0acb9 service neutron] Publish callbacks ['neutron.plugins.ml2.plugin.SecurityGroupServerNotifierRpcMixin._notify_sg_on_port_change-1783968', 'neutron.plugins.ml2.ovo_rpc._ObjectChangeHandler.handle_event-39325', 'neutron.api.rpc.agentnotifiers.dhcp_rpc_agent_api.DhcpAgentNotifyAPI._native_event_send_dhcp_notification-562670', 'neutron.db.l3_db.L3RpcNotifierMixin._notify_gateway_port_ip_changed-8737482733864', 'neutron.db.l3_dvrscheduler_db._notify_l3_agent_port_update-8737482261944', 'neutron.db.l3_hascheduler_db._notify_l3_agent_ha_port_update-8737482261962'] for port (3e5a9d37-f774-4e69-bc95-8fe77578dbd4), after_update {{(pid=103263) _notify_loop /usr/local/lib/python3.8/dist-packages/neutron_lib/callbacks/manager.py:176}}
Apr 18 13:56:09.166875 dv-cinder-838302-1-smb neutron-server[103263]: DEBUG neutron.api.rpc.handlers.resources_rpc [None req-c68714c6-0533-4bae-8b55-d1e959fcbe3e admin admin] Pushing event deleted for resources: {'SecurityGroup': ['ID=b184396e-a00c-4fff-9c3b-dc05f876f641,revision_number=None']} {{(pid=103263) push /opt/stack/neutron/neutron/api/rpc/handlers/resources_rpc.py:237}}
Apr 18 13:56:09.232329 dv-cinder-838302-1-smb neutron-server[103263]: DEBUG neutron.scheduler.dhcp_agent_scheduler [req-9e272df6-6f19-4921-9958-f5c4c86c9095 req-1f4f8777-32a4-4913-a958-f22833621c1a tempest-AttachVolumeTestJSON-77303192 tempest-AttachVolumeTestJSON-77303192-project] Network 96c86c64-6c5c-4c32-a6ca-cd575dcbbd44 is already hosted by enough agents. {{(pid=103263) _get_dhcp_agents_hosting_network /opt/stack/neutron/neutron/scheduler/dhcp_agent_scheduler.py:275}}
Apr 18 13:56:09.242003 dv-cinder-838302-1-smb neutron-server[103263]: DEBUG neutron.scheduler.base_scheduler [req-9e272df6-6f19-4921-9958-f5c4c86c9095 req-1f4f8777-32a4-4913-a958-f22833621c1a tempest-AttachVolumeTestJSON-77303192 tempest-AttachVolumeTestJSON-77303192-project] Resources bound (agent type, host, resource id): {{(pid=103263) schedule /opt/stack/neutron/neutron/scheduler/base_scheduler.py:57}}
Apr 18 13:56:09.246884 dv-cinder-838302-1-smb neutron-server[103263]: DEBUG neutron.db.l3_dvrscheduler_db [req-9e272df6-6f19-4921-9958-f5c4c86c9095 req-1f4f8777-32a4-4913-a958-f22833621c1a tempest-AttachVolumeTestJSON-77303192 tempest-AttachVolumeTestJSON-77303192-project] Received port after_create {{(pid=103263) _notify_l3_agent_new_port /opt/stack/neutron/neutron/db/l3_dvrscheduler_db.py:536}}
Apr 18 13:56:09.252692 dv-cinder-838302-1-smb neutron-server[103263]: DEBUG neutron.pecan_wsgi.hooks.policy_enforcement [req-9e272df6-6f19-4921-9958-f5c4c86c9095 req-1f4f8777-32a4-4913-a958-f22833621c1a tempest-AttachVolumeTestJSON-77303192 tempest-AttachVolumeTestJSON-77303192-project] Attributes excluded by policy engine: ['standard_attr_id', 'binding:profile', 'binding:host_id', 'binding:vif_type', 'binding:vif_details', 'network'] {{(pid=103263) _exclude_attributes_by_policy /opt/stack/neutron/neutron/pecan_wsgi/hooks/policy_enforcement.py:259}}
