Apr 18 13:56:28.791736 dv-cinder-838302-1-smb neutron-server[103263]: DEBUG novaclient.v2.client [-] RESP: [200] Connection: close Content-Length: 183 Content-Type: application/json Date: Mon, 18 Apr 2022 13:56:28 GMT OpenStack-API-Version: compute 2.1 Server: Apache/2.4.41 (Ubuntu) Vary: OpenStack-API-Version,X-OpenStack-Nova-API-Version X-OpenStack-Nova-API-Version: 2.1 x-compute-request-id: req-a6942bae-9aca-4178-8cf0-ac3c163c9e26 x-openstack-request-id: req-a6942bae-9aca-4178-8cf0-ac3c163c9e26 {{(pid=103263) _http_log_response /usr/local/lib/python3.8/dist-packages/keystoneauth1/session.py:550}}
Apr 18 13:56:28.792051 dv-cinder-838302-1-smb neutron-server[103263]: DEBUG novaclient.v2.client [-] RESP BODY: {"events": [{"server_uuid": "2000eeec-aa50-465a-a05e-a8a3559a37ca", "name": "network-vif-deleted", "tag": "71d46440-6464-47bd-a4ef-98424a5636bb", "status": "completed", "code": 200}]} {{(pid=103263) _http_log_response /usr/local/lib/python3.8/dist-packages/keystoneauth1/session.py:582}}
Apr 18 13:56:28.792314 dv-cinder-838302-1-smb neutron-server[103263]: DEBUG novaclient.v2.client [-] POST call to compute for http://10.222.0.47/compute/v2.1/os-server-external-events used request id req-a6942bae-9aca-4178-8cf0-ac3c163c9e26 {{(pid=103263) request /usr/local/lib/python3.8/dist-packages/keystoneauth1/session.py:954}}
Apr 18 13:56:28.792716 dv-cinder-838302-1-smb neutron-server[103263]: INFO neutron.notifiers.nova [-] Nova event matching ['req-a6942bae-9aca-4178-8cf0-ac3c163c9e26'] response: {'server_uuid': '2000eeec-aa50-465a-a05e-a8a3559a37ca', 'name': 'network-vif-deleted', 'tag': '71d46440-6464-47bd-a4ef-98424a5636bb', 'status': 'completed', 'code': 200}
Apr 18 13:56:28.844715 dv-cinder-838302-1-smb neutron-server[103262]: DEBUG neutron_lib.callbacks.manager [None req-ce78ce36-dd02-4e42-aa65-dc7c36d700a9 admin admin] Publish callbacks ['neutron.plugins.ml2.ovo_rpc._ObjectChangeHandler.handle_event-674960', 'neutron.api.rpc.agentnotifiers.dhcp_rpc_agent_api.DhcpAgentNotifyAPI._native_event_send_dhcp_notification-562670'] for subnet (1d2f08a8-f3e0-4b40-a446-a5ce483ef108), after_create {{(pid=103262) _notify_loop /usr/local/lib/python3.8/dist-packages/neutron_lib/callbacks/manager.py:176}}
Apr 18 13:56:28.930210 dv-cinder-838302-1-smb neutron-server[103262]: INFO neutron.wsgi [req-d608f36b-6424-4a89-8f52-546f6089e053 req-aa28dc79-21f1-479e-b17b-469cf42090fe service neutron] 10.222.0.41 "GET /v2.0/networks/10b2da05-4906-44b8-8a57-fa5ab09a879a?fields=segments HTTP/1.1" status: 200 len: 212 time: 0.2295265
Apr 18 13:56:28.930757 dv-cinder-838302-1-smb neutron-server[103262]: DEBUG neutron.api.rpc.handlers.resources_rpc [None req-ce78ce36-dd02-4e42-aa65-dc7c36d700a9 admin admin] Pushing event updated for resources: {'Subnet': ['ID=1d2f08a8-f3e0-4b40-a446-a5ce483ef108,revision_number=0']} {{(pid=103262) push /opt/stack/neutron/neutron/api/rpc/handlers/resources_rpc.py:237}}
Apr 18 13:56:28.943048 dv-cinder-838302-1-smb neutron-server[103262]: DEBUG neutron.plugins.ml2.drivers.mech_agent [None req-ce78ce36-dd02-4e42-aa65-dc7c36d700a9 admin admin] Checking segment: {'id': '0c889dff-9a0b-4dfe-a8eb-e343e67c9859', 'network_type': 'vlan', 'physical_network': 'physnet1', 'segmentation_id': 64, 'network_id': '818f87db-4594-4aaf-8d92-995b26dc2bc0'} for mappings: {'physnet1': 'br-data'} with network types: ['local', 'flat', 'vlan'] {{(pid=103262) check_segment_for_agent /opt/stack/neutron/neutron/plugins/ml2/drivers/mech_agent.py:373}}
Apr 18 13:56:28.943411 dv-cinder-838302-1-smb neutron-server[103262]: DEBUG neutron.scheduler.dhcp_agent_scheduler [None req-ce78ce36-dd02-4e42-aa65-dc7c36d700a9 admin admin] Network hostable DHCP agents. Network: 818f87db-4594-4aaf-8d92-995b26dc2bc0, hostable agents: ['09baa727-03e9-49ef-ac9a-07cd2ba4a77d'], hosted agents: [] {{(pid=103262) _get_network_hostable_dhcp_agents /opt/stack/neutron/neutron/scheduler/dhcp_agent_scheduler.py:329}}
Apr 18 13:56:28.960011 dv-cinder-838302-1-smb neutron-server[103263]: DEBUG neutron.wsgi [-] (103263) accepted ('10.222.0.47', 55436) {{(pid=103263) server /usr/local/lib/python3.8/dist-packages/eventlet/wsgi.py:1004}}
Apr 18 13:56:28.970216 dv-cinder-838302-1-smb neutron-server[103262]: DEBUG neutron.scheduler.dhcp_agent_scheduler [None req-ce78ce36-dd02-4e42-aa65-dc7c36d700a9 admin admin] Network 818f87db-4594-4aaf-8d92-995b26dc2bc0 is scheduled to be hosted by DHCP agent 09baa727-03e9-49ef-ac9a-07cd2ba4a77d with binding_index 1 {{(pid=103262) bind /opt/stack/neutron/neutron/scheduler/dhcp_agent_scheduler.py:227}}
Apr 18 13:56:28.986008 dv-cinder-838302-1-smb neutron-server[103262]: DEBUG neutron.scheduler.base_scheduler [None req-ce78ce36-dd02-4e42-aa65-dc7c36d700a9 admin admin] Resources bound (agent type, host, resource id): (DHCP agent, dv-cinder-838302-1-smb, 818f87db-4594-4aaf-8d92-995b26dc2bc0) {{(pid=103262) schedule /opt/stack/neutron/neutron/scheduler/base_scheduler.py:57}}
Apr 18 13:56:28.998773 dv-cinder-838302-1-smb neutron-server[103264]: DEBUG neutron.api.rpc.handlers.dhcp_rpc [None req-b53f39c4-71c8-49d1-9ff8-9c9fbcf86a4d None None] Network 818f87db-4594-4aaf-8d92-995b26dc2bc0 requested from dv-cinder-838302-1-smb {{(pid=103264) get_network_info /opt/stack/neutron/neutron/api/rpc/handlers/dhcp_rpc.py:191}}
Apr 18 13:56:29.003679 dv-cinder-838302-1-smb neutron-server[103262]: DEBUG neutron.pecan_wsgi.hooks.policy_enforcement [None req-ce78ce36-dd02-4e42-aa65-dc7c36d700a9 admin admin] Attributes excluded by policy engine: ['standard_attr_id', 'shared', 'network'] {{(pid=103262) _exclude_attributes_by_policy /opt/stack/neutron/neutron/pecan_wsgi/hooks/policy_enforcement.py:259}}
Apr 18 13:56:29.005441 dv-cinder-838302-1-smb neutron-server[103262]: DEBUG neutron_lib.callbacks.manager [None req-ce78ce36-dd02-4e42-aa65-dc7c36d700a9 admin admin] Publish callbacks ['neutron.api.rpc.agentnotifiers.dhcp_rpc_agent_api.DhcpAgentNotifyAPI._send_dhcp_notification-562460'] for subnet (None), before_response {{(pid=103262) _notify_loop /usr/local/lib/python3.8/dist-packages/neutron_lib/callbacks/manager.py:176}}
Apr 18 13:56:29.029517 dv-cinder-838302-1-smb neutron-server[103262]: INFO neutron.wsgi [None req-ce78ce36-dd02-4e42-aa65-dc7c36d700a9 admin admin] 10.222.0.47 "POST /v2.0/subnets HTTP/1.1" status: 201 len: 846 time: 0.8953643
Apr 18 13:56:29.160300 dv-cinder-838302-1-smb neutron-server[103264]: DEBUG neutron.api.rpc.handlers.dhcp_rpc [None req-23b00ce3-0218-4ce2-b2ff-6c462fe2388b None None] Network 818f87db-4594-4aaf-8d92-995b26dc2bc0 requested from dv-cinder-838302-1-smb {{(pid=103264) get_network_info /opt/stack/neutron/neutron/api/rpc/handlers/dhcp_rpc.py:191}}
Apr 18 13:56:29.281525 dv-cinder-838302-1-smb neutron-server[103263]: DEBUG neutron_lib.callbacks.manager [None req-c0d3faeb-8107-4b28-9122-11b83de523f8 admin admin] Publish callbacks [] for security_group (None), before_create {{(pid=103263) _notify_loop /usr/local/lib/python3.8/dist-packages/neutron_lib/callbacks/manager.py:176}}
Apr 18 13:56:29.407306 dv-cinder-838302-1-smb neutron-server[103263]: DEBUG neutron_lib.callbacks.manager [None req-c0d3faeb-8107-4b28-9122-11b83de523f8 admin admin] Publish callbacks [] for security_group (39f7764a-083c-4af8-8bbc-1e1355dc95d4), precommit_create {{(pid=103263) _notify_loop /usr/local/lib/python3.8/dist-packages/neutron_lib/callbacks/manager.py:176}}
Apr 18 13:56:29.412358 dv-cinder-838302-1-smb neutron-server[103263]: DEBUG neutron_lib.callbacks.manager [None req-c0d3faeb-8107-4b28-9122-11b83de523f8 admin admin] Publish callbacks ['neutron.plugins.ml2.ovo_rpc._ObjectChangeHandler.handle_event-782984'] for security_group (39f7764a-083c-4af8-8bbc-1e1355dc95d4), after_create {{(pid=103263) _notify_loop /usr/local/lib/python3.8/dist-packages/neutron_lib/callbacks/manager.py:176}}
Apr 18 13:56:29.450378 dv-cinder-838302-1-smb neutron-server[103263]: INFO neutron.wsgi [None req-c0d3faeb-8107-4b28-9122-11b83de523f8 admin admin] 10.222.0.47 "GET /v2.0/security-groups?tenant_id=d33af0922160439c8d761fbc7ed8b24a&name=default HTTP/1.1" status: 200 len: 2996 time: 0.4889944
Apr 18 13:56:29.453031 dv-cinder-838302-1-smb neutron-server[103262]: DEBUG neutron.wsgi [-] (103262) accepted ('10.222.0.47', 55456) {{(pid=103262) server /usr/local/lib/python3.8/dist-packages/eventlet/wsgi.py:1004}}
Apr 18 13:56:29.458945 dv-cinder-838302-1-smb neutron-server[103263]: DEBUG neutron.api.rpc.handlers.resources_rpc [None req-c0d3faeb-8107-4b28-9122-11b83de523f8 admin admin] Pushing event updated for resources: {'SecurityGroup': ['ID=39f7764a-083c-4af8-8bbc-1e1355dc95d4,revision_number=1']} {{(pid=103263) push /opt/stack/neutron/neutron/api/rpc/handlers/resources_rpc.py:237}}
Apr 18 13:56:29.516204 dv-cinder-838302-1-smb neutron-server[103262]: DEBUG neutron_lib.callbacks.manager [None req-7ec85a71-55d4-4ddb-8168-1af9c03c45ed admin admin] Publish callbacks [] for security_group (39f7764a-083c-4af8-8bbc-1e1355dc95d4), before_delete {{(pid=103262) _notify_loop /usr/local/lib/python3.8/dist-packages/neutron_lib/callbacks/manager.py:176}}
Apr 18 13:56:29.540408 dv-cinder-838302-1-smb neutron-server[103262]: DEBUG neutron_lib.callbacks.manager [None req-7ec85a71-55d4-4ddb-8168-1af9c03c45ed admin admin] Publish callbacks [] for security_group (39f7764a-083c-4af8-8bbc-1e1355dc95d4), precommit_delete {{(pid=103262) _notify_loop /usr/local/lib/python3.8/dist-packages/neutron_lib/callbacks/manager.py:176}}
Apr 18 13:56:29.592315 dv-cinder-838302-1-smb neutron-server[103263]: DEBUG neutron.pecan_wsgi.hooks.policy_enforcement [req-a608e054-14c1-4437-9cf0-5cd5119ab35a req-bb8ad777-3074-4d29-8ea3-9824db0b682f tempest-AttachVolumeTestJSON-77303192 tempest-AttachVolumeTestJSON-77303192-project] Attributes excluded by policy engine: ['standard_attr_id', 'binding:profile', 'binding:host_id', 'binding:vif_type', 'binding:vif_details'] {{(pid=103263) _exclude_attributes_by_policy /opt/stack/neutron/neutron/pecan_wsgi/hooks/policy_enforcement.py:259}}
Apr 18 13:56:29.594203 dv-cinder-838302-1-smb neutron-server[103263]: INFO neutron.wsgi [req-a608e054-14c1-4437-9cf0-5cd5119ab35a req-bb8ad777-3074-4d29-8ea3-9824db0b682f tempest-AttachVolumeTestJSON-77303192 tempest-AttachVolumeTestJSON-77303192-project] 10.222.0.47 "GET /v2.0/ports?device_id=2cde6595-38f1-4182-a226-6e63c490392c HTTP/1.1" status: 200 len: 945 time: 0.0552111
Apr 18 13:56:29.604523 dv-cinder-838302-1-smb neutron-server[103262]: DEBUG neutron_lib.callbacks.manager [None req-7ec85a71-55d4-4ddb-8168-1af9c03c45ed admin admin] Publish callbacks ['neutron.plugins.ml2.ovo_rpc._ObjectChangeHandler.handle_event-782984'] for security_group (39f7764a-083c-4af8-8bbc-1e1355dc95d4), after_delete {{(pid=103262) _notify_loop /usr/local/lib/python3.8/dist-packages/neutron_lib/callbacks/manager.py:176}}
Apr 18 13:56:29.607732 dv-cinder-838302-1-smb neutron-server[103262]: DEBUG neutron_lib.callbacks.manager [None req-7ec85a71-55d4-4ddb-8168-1af9c03c45ed admin admin] Publish callbacks [] for security_group (None), before_response {{(pid=103262) _notify_loop /usr/local/lib/python3.8/dist-packages/neutron_lib/callbacks/manager.py:176}}
Apr 18 13:56:29.609131 dv-cinder-838302-1-smb neutron-server[103262]: INFO neutron.wsgi [None req-7ec85a71-55d4-4ddb-8168-1af9c03c45ed admin admin] 10.222.0.47 "DELETE /v2.0/security-groups/39f7764a-083c-4af8-8bbc-1e1355dc95d4 HTTP/1.1" status: 204 len: 168 time: 0.1548779
Apr 18 13:56:29.617903 dv-cinder-838302-1-smb neutron-server[103262]: DEBUG neutron.api.rpc.handlers.resources_rpc [None req-7ec85a71-55d4-4ddb-8168-1af9c03c45ed admin admin] Pushing event deleted for resources: {'SecurityGroup': ['ID=39f7764a-083c-4af8-8bbc-1e1355dc95d4,revision_number=None']} {{(pid=103262) push /opt/stack/neutron/neutron/api/rpc/handlers/resources_rpc.py:237}}
Apr 18 13:56:29.728990 dv-cinder-838302-1-smb neutron-server[103263]: INFO neutron.wsgi [req-a608e054-14c1-4437-9cf0-5cd5119ab35a req-486d0e26-141d-494b-86dc-73f787279a46 tempest-AttachVolumeTestJSON-77303192 tempest-AttachVolumeTestJSON-77303192-project] 10.222.0.47 "GET /v2.0/security-groups?id=9cc60509-e885-4e69-b39e-d6e9d40f3500&fields=id&fields=name HTTP/1.1" status: 200 len: 312 time: 0.1205535
Apr 18 13:56:29.870479 dv-cinder-838302-1-smb neutron-server[103263]: DEBUG neutron.wsgi [-] (103263) accepted ('10.222.0.47', 55476) {{(pid=103263) server /usr/local/lib/python3.8/dist-packages/eventlet/wsgi.py:1004}}
Apr 18 13:56:29.876256 dv-cinder-838302-1-smb neutron-server[103263]: DEBUG neutron.api.v2.base [None req-5bf2995d-5698-4226-bb06-c161c862a6ab admin admin] Request body: {'network': {'name': 'tempest-VolumesActionsTest-13399671-network', 'tenant_id': '90fdaf3ddb904b26b57d98aa445dec45'}} {{(pid=103263) prepare_request_body /opt/stack/neutron/neutron/api/v2/base.py:729}}
Apr 18 13:56:29.922253 dv-cinder-838302-1-smb neutron-server[103263]: INFO neutron.wsgi [req-738612d7-9583-4ace-808f-dc2d4aa6c815 req-3505a4ea-267e-4ffb-b2ae-280ec3b8d051 tempest-DeleteServersTestJSON-1293540344 tempest-DeleteServersTestJSON-1293540344-project] 10.222.0.47 "GET /v2.0/ports?device_id=2000eeec-aa50-465a-a05e-a8a3559a37ca HTTP/1.1" status: 200 len: 210 time: 0.0670300
Apr 18 13:56:29.928621 dv-cinder-838302-1-smb neutron-server[103262]: DEBUG neutron.pecan_wsgi.hooks.policy_enforcement [req-c9f35811-b144-405b-b76e-64cf2989969b req-886286f5-d22c-4d83-8862-fd023b81cd3b tempest-ServerRescueNegativeTestJSON-1685106123 tempest-ServerRescueNegativeTestJSON-1685106123-project] Attributes excluded by policy engine: ['standard_attr_id', 'binding:profile', 'binding:host_id', 'binding:vif_type', 'binding:vif_details'] {{(pid=103262) _exclude_attributes_by_policy /opt/stack/neutron/neutron/pecan_wsgi/hooks/policy_enforcement.py:259}}
Apr 18 13:56:29.930144 dv-cinder-838302-1-smb neutron-server[103262]: INFO neutron.wsgi [req-c9f35811-b144-405b-b76e-64cf2989969b req-886286f5-d22c-4d83-8862-fd023b81cd3b tempest-ServerRescueNegativeTestJSON-1685106123 tempest-ServerRescueNegativeTestJSON-1685106123-project] 10.222.0.47 "GET /v2.0/ports?device_id=365edbd9-16ab-4cd3-9adb-ce3ba70ae5a7 HTTP/1.1" status: 200 len: 945 time: 0.1359580
Apr 18 13:56:29.936021 dv-cinder-838302-1-smb neutron-server[103262]: INFO neutron.wsgi [req-d608f36b-6424-4a89-8f52-546f6089e053 req-bb9e483d-5e5d-4976-8d45-2f2f4d355386 service neutron] 10.222.0.41 "GET /v2.0/networks/10b2da05-4906-44b8-8a57-fa5ab09a879a?fields=provider%3Aphysical_network&fields=provider%3Anetwork_type HTTP/1.1" status: 200 len: 281 time: 0.3035889
Apr 18 13:56:29.950165 dv-cinder-838302-1-smb neutron-server[103263]: DEBUG neutron.pecan_wsgi.hooks.quota_enforcement [None req-5bf2995d-5698-4226-bb06-c161c862a6ab admin admin] Made reservation on behalf of 90fdaf3ddb904b26b57d98aa445dec45 for: {'network': 1} {{(pid=103263) before /opt/stack/neutron/neutron/pecan_wsgi/hooks/quota_enforcement.py:53}}
Apr 18 13:56:29.952886 dv-cinder-838302-1-smb neutron-server[103263]: DEBUG neutron_lib.callbacks.manager [None req-5bf2995d-5698-4226-bb06-c161c862a6ab admin admin] Publish callbacks ['neutron.plugins.ml2.plugin.SecurityGroupDbMixin._ensure_default_security_group_handler-1783911'] for network (None), before_create {{(pid=103263) _notify_loop /usr/local/lib/python3.8/dist-packages/neutron_lib/callbacks/manager.py:176}}
Apr 18 13:56:29.976989 dv-cinder-838302-1-smb neutron-server[103263]: DEBUG neutron_lib.callbacks.manager [None req-5bf2995d-5698-4226-bb06-c161c862a6ab admin admin] Publish callbacks [] for security_group (None), before_create {{(pid=103263) _notify_loop /usr/local/lib/python3.8/dist-packages/neutron_lib/callbacks/manager.py:176}}
Apr 18 13:56:29.993098 dv-cinder-838302-1-smb neutron-server[103265]: DEBUG neutron.db.agents_db [None req-fd717794-d734-4ed2-8fec-969d3213f167 None None] Agent healthcheck: found 6 active agents {{(pid=103265) agent_health_check /opt/stack/neutron/neutron/db/agents_db.py:317}}
Apr 18 13:56:30.027339 dv-cinder-838302-1-smb neutron-server[103262]: INFO neutron.wsgi [req-c9f35811-b144-405b-b76e-64cf2989969b req-0373f2f0-8e96-45df-822a-72759ac8d339 tempest-ServerRescueNegativeTestJSON-1685106123 tempest-ServerRescueNegativeTestJSON-1685106123-project] 10.222.0.47 "GET /v2.0/security-groups?id=51bc131e-e4a6-4d14-924c-1271e325b9e7&fields=id&fields=name HTTP/1.1" status: 200 len: 286 time: 0.0875170
Apr 18 13:56:30.066900 dv-cinder-838302-1-smb neutron-server[103263]: DEBUG neutron.pecan_wsgi.hooks.policy_enforcement [req-c6a5a293-a666-4bad-ad32-e38983d71533 req-413219f1-c754-4660-a586-f14ce0675c83 tempest-AttachVolumeTestJSON-77303192 tempest-AttachVolumeTestJSON-77303192-project] Attributes excluded by policy engine: ['standard_attr_id', 'binding:profile', 'binding:host_id', 'binding:vif_type', 'binding:vif_details'] {{(pid=103263) _exclude_attributes_by_policy /opt/stack/neutron/neutron/pecan_wsgi/hooks/policy_enforcement.py:259}}
Apr 18 13:56:30.069166 dv-cinder-838302-1-smb neutron-server[103263]: INFO neutron.wsgi [req-c6a5a293-a666-4bad-ad32-e38983d71533 req-413219f1-c754-4660-a586-f14ce0675c83 tempest-AttachVolumeTestJSON-77303192 tempest-AttachVolumeTestJSON-77303192-project] 10.222.0.47 "GET /v2.0/ports?device_id=2cde6595-38f1-4182-a226-6e63c490392c HTTP/1.1" status: 200 len: 945 time: 0.0581176
Apr 18 13:56:30.078852 dv-cinder-838302-1-smb neutron-server[103262]: DEBUG neutron.wsgi [-] (103262) accepted ('10.222.0.47', 55484) {{(pid=103262) server /usr/local/lib/python3.8/dist-packages/eventlet/wsgi.py:1004}}
Apr 18 13:56:30.085139 dv-cinder-838302-1-smb neutron-server[103262]: DEBUG neutron.api.v2.base [None req-e2d00f0c-fcbb-4a76-b376-5a70a11d4efe tempest-AttachVolumeTestJSON-77303192 tempest-AttachVolumeTestJSON-77303192-project] Request body: {'floatingip': {'port_id': 'e0633a26-6187-4de1-a888-2a20ac502bde'}} {{(pid=103262) prepare_request_body /opt/stack/neutron/neutron/api/v2/base.py:729}}
Apr 18 13:56:30.119520 dv-cinder-838302-1-smb neutron-server[103263]: DEBUG neutron_lib.callbacks.manager [None req-5bf2995d-5698-4226-bb06-c161c862a6ab admin admin] Publish callbacks [] for security_group (26217bc3-2a88-4111-9969-6de38bde29ed), precommit_create {{(pid=103263) _notify_loop /usr/local/lib/python3.8/dist-packages/neutron_lib/callbacks/manager.py:176}}
Apr 18 13:56:30.123317 dv-cinder-838302-1-smb neutron-server[103263]: DEBUG neutron_lib.callbacks.manager [None req-5bf2995d-5698-4226-bb06-c161c862a6ab admin admin] Publish callbacks ['neutron.plugins.ml2.ovo_rpc._ObjectChangeHandler.handle_event-782984'] for security_group (26217bc3-2a88-4111-9969-6de38bde29ed), after_create {{(pid=103263) _notify_loop /usr/local/lib/python3.8/dist-packages/neutron_lib/callbacks/manager.py:176}}
Apr 18 13:56:30.126977 dv-cinder-838302-1-smb neutron-server[103262]: DEBUG neutron_lib.callbacks.manager [None req-e2d00f0c-fcbb-4a76-b376-5a70a11d4efe tempest-AttachVolumeTestJSON-77303192 tempest-AttachVolumeTestJSON-77303192-project] Publish callbacks [] for floatingip (fd3a2465-fc60-41fa-bb0a-bdf757becaef), before_update {{(pid=103262) _notify_loop /usr/local/lib/python3.8/dist-packages/neutron_lib/callbacks/manager.py:176}}
Apr 18 13:56:30.148313 dv-cinder-838302-1-smb neutron-server[103263]: DEBUG neutron.plugins.ml2.drivers.helpers [None req-5bf2995d-5698-4226-bb06-c161c862a6ab admin admin] vlan segment allocate from pool success with {'physical_network': 'physnet1', 'vlan_id': 54} {{(pid=103263) allocate_partially_specified_segment /opt/stack/neutron/neutron/plugins/ml2/drivers/helpers.py:153}}
Apr 18 13:56:30.164122 dv-cinder-838302-1-smb neutron-server[103263]: DEBUG neutron.api.rpc.handlers.resources_rpc [None req-5bf2995d-5698-4226-bb06-c161c862a6ab admin admin] Pushing event updated for resources: {'SecurityGroup': ['ID=26217bc3-2a88-4111-9969-6de38bde29ed,revision_number=1']} {{(pid=103263) push /opt/stack/neutron/neutron/api/rpc/handlers/resources_rpc.py:237}}
Apr 18 13:56:30.167365 dv-cinder-838302-1-smb neutron-server[103263]: DEBUG neutron_lib.callbacks.manager [None req-5bf2995d-5698-4226-bb06-c161c862a6ab admin admin] Publish callbacks ['neutron.plugins.ml2.plugin.Ml2Plugin._handle_segment_change-1814519'] for segment (7411ec87-cb01-4ab7-bacc-385673188514), precommit_create {{(pid=103263) _notify_loop /usr/local/lib/python3.8/dist-packages/neutron_lib/callbacks/manager.py:176}}
Apr 18 13:56:30.167714 dv-cinder-838302-1-smb neutron-server[103263]: INFO neutron.db.segments_db [None req-5bf2995d-5698-4226-bb06-c161c862a6ab admin admin] Added segment 7411ec87-cb01-4ab7-bacc-385673188514 of type vlan for network 3adef81a-f362-4606-81b6-f1636d9e509f
Apr 18 13:56:30.210514 dv-cinder-838302-1-smb neutron-server[103263]: DEBUG neutron_lib.callbacks.manager [None req-5bf2995d-5698-4226-bb06-c161c862a6ab admin admin] Publish callbacks ['neutron.services.auto_allocate.db._ensure_external_network_default_value_callback-8737482247900'] for network (3adef81a-f362-4606-81b6-f1636d9e509f), precommit_create {{(pid=103263) _notify_loop /usr/local/lib/python3.8/dist-packages/neutron_lib/callbacks/manager.py:176}}
Apr 18 13:56:30.237112 dv-cinder-838302-1-smb neutron-server[103263]: DEBUG neutron_lib.callbacks.manager [None req-5bf2995d-5698-4226-bb06-c161c862a6ab admin admin] Publish callbacks ['neutron.plugins.ml2.ovo_rpc._ObjectChangeHandler.handle_event-783065', 'neutron.api.rpc.agentnotifiers.dhcp_rpc_agent_api.DhcpAgentNotifyAPI._native_event_send_dhcp_notification-562670'] for network (3adef81a-f362-4606-81b6-f1636d9e509f), after_create {{(pid=103263) _notify_loop /usr/local/lib/python3.8/dist-packages/neutron_lib/callbacks/manager.py:176}}
Apr 18 13:56:30.238034 dv-cinder-838302-1-smb neutron-server[103263]: DEBUG neutron.pecan_wsgi.hooks.policy_enforcement [None req-5bf2995d-5698-4226-bb06-c161c862a6ab admin admin] Attributes excluded by policy engine: ['standard_attr_id', 'vlan_transparent'] {{(pid=103263) _exclude_attributes_by_policy /opt/stack/neutron/neutron/pecan_wsgi/hooks/policy_enforcement.py:259}}
Apr 18 13:56:30.239782 dv-cinder-838302-1-smb neutron-server[103263]: DEBUG neutron_lib.callbacks.manager [None req-5bf2995d-5698-4226-bb06-c161c862a6ab admin admin] Publish callbacks ['neutron.api.rpc.agentnotifiers.dhcp_rpc_agent_api.DhcpAgentNotifyAPI._send_dhcp_notification-562460'] for network (None), before_response {{(pid=103263) _notify_loop /usr/local/lib/python3.8/dist-packages/neutron_lib/callbacks/manager.py:176}}
Apr 18 13:56:30.265997 dv-cinder-838302-1-smb neutron-server[103263]: DEBUG neutron.wsgi [-] (103263) accepted ('10.222.0.47', 55486) {{(pid=103263) server /usr/local/lib/python3.8/dist-packages/eventlet/wsgi.py:1004}}
Apr 18 13:56:30.283437 dv-cinder-838302-1-smb neutron-server[103263]: INFO neutron.wsgi [None req-5bf2995d-5698-4226-bb06-c161c862a6ab admin admin] 10.222.0.47 "POST /v2.0/networks HTTP/1.1" status: 201 len: 879 time: 0.4130957
Apr 18 13:56:30.291987 dv-cinder-838302-1-smb neutron-server[103262]: DEBUG neutron.wsgi [-] (103262) accepted ('10.222.0.47', 55488) {{(pid=103262) server /usr/local/lib/python3.8/dist-packages/eventlet/wsgi.py:1004}}
Apr 18 13:56:30.298963 dv-cinder-838302-1-smb neutron-server[103262]: DEBUG neutron.api.v2.base [None req-cd34884e-73db-410b-b202-33c964dbc568 admin admin] Request body: {'subnet': {'network_id': '3adef81a-f362-4606-81b6-f1636d9e509f', 'cidr': '172.20.0.0/28', 'name': 'tempest-VolumesActionsTest-13399671-subnet', 'tenant_id': '90fdaf3ddb904b26b57d98aa445dec45', 'enable_dhcp': False, 'ip_version': 4}} {{(pid=103262) prepare_request_body /opt/stack/neutron/neutron/api/v2/base.py:729}}
Apr 18 13:56:30.310628 dv-cinder-838302-1-smb neutron-server[103263]: DEBUG neutron_lib.callbacks.manager [None req-c5cb3a92-1401-4dc8-8e5e-6c96ad2c6d91 admin admin] Publish callbacks [] for security_group (None), before_create {{(pid=103263) _notify_loop /usr/local/lib/python3.8/dist-packages/neutron_lib/callbacks/manager.py:176}}
Apr 18 13:56:30.323424 dv-cinder-838302-1-smb neutron-server[103263]: DEBUG neutron.api.rpc.handlers.resources_rpc [None req-5bf2995d-5698-4226-bb06-c161c862a6ab admin admin] Pushing event updated for resources: {'Network': ['ID=3adef81a-f362-4606-81b6-f1636d9e509f,revision_number=1']} {{(pid=103263) push /opt/stack/neutron/neutron/api/rpc/handlers/resources_rpc.py:237}}
Apr 18 13:56:30.339386 dv-cinder-838302-1-smb neutron-server[103264]: DEBUG neutron.plugins.ml2.rpc [None req-fe3b1147-f355-4aee-b156-2e2c8ea3b03d None None] Network 3adef81a-f362-4606-81b6-f1636d9e509f details requested by agent ovs-agent-dv-cinder-838302-1-smb with host dv-cinder-838302-1-smb {{(pid=103264) get_network_details /opt/stack/neutron/neutron/plugins/ml2/rpc.py:248}}
Apr 18 13:56:30.373365 dv-cinder-838302-1-smb neutron-server[103262]: DEBUG neutron.pecan_wsgi.hooks.quota_enforcement [None req-cd34884e-73db-410b-b202-33c964dbc568 admin admin] Made reservation on behalf of 90fdaf3ddb904b26b57d98aa445dec45 for: {'subnet': 1} {{(pid=103262) before /opt/stack/neutron/neutron/pecan_wsgi/hooks/quota_enforcement.py:53}}
Apr 18 13:56:30.375708 dv-cinder-838302-1-smb neutron-server[103262]: DEBUG neutron_lib.callbacks.manager [None req-cd34884e-73db-410b-b202-33c964dbc568 admin admin] Publish callbacks [] for subnet (None), before_create {{(pid=103262) _notify_loop /usr/local/lib/python3.8/dist-packages/neutron_lib/callbacks/manager.py:176}}
Apr 18 13:56:30.446194 dv-cinder-838302-1-smb neutron-server[103263]: DEBUG neutron_lib.callbacks.manager [None req-c5cb3a92-1401-4dc8-8e5e-6c96ad2c6d91 admin admin] Publish callbacks [] for security_group (cb48554f-0832-41bd-882f-0cbb205a4fc4), precommit_create {{(pid=103263) _notify_loop /usr/local/lib/python3.8/dist-packages/neutron_lib/callbacks/manager.py:176}}
Apr 18 13:56:30.451641 dv-cinder-838302-1-smb neutron-server[103263]: DEBUG neutron_lib.callbacks.manager [None req-c5cb3a92-1401-4dc8-8e5e-6c96ad2c6d91 admin admin] Publish callbacks ['neutron.plugins.ml2.ovo_rpc._ObjectChangeHandler.handle_event-782984'] for security_group (cb48554f-0832-41bd-882f-0cbb205a4fc4), after_create {{(pid=103263) _notify_loop /usr/local/lib/python3.8/dist-packages/neutron_lib/callbacks/manager.py:176}}
Apr 18 13:56:30.498016 dv-cinder-838302-1-smb neutron-server[103263]: INFO neutron.wsgi [None req-c5cb3a92-1401-4dc8-8e5e-6c96ad2c6d91 admin admin] 10.222.0.47 "GET /v2.0/security-groups?tenant_id=e6f1005c654647cdace7060e6568d60e&name=default HTTP/1.1" status: 200 len: 2996 time: 0.2309713
Apr 18 13:56:30.499345 dv-cinder-838302-1-smb neutron-server[103263]: DEBUG neutron.api.rpc.handlers.resources_rpc [None req-c5cb3a92-1401-4dc8-8e5e-6c96ad2c6d91 admin admin] Pushing event updated for resources: {'SecurityGroup': ['ID=cb48554f-0832-41bd-882f-0cbb205a4fc4,revision_number=1']} {{(pid=103263) push /opt/stack/neutron/neutron/api/rpc/handlers/resources_rpc.py:237}}
Apr 18 13:56:30.501938 dv-cinder-838302-1-smb neutron-server[103263]: DEBUG neutron.wsgi [-] (103263) accepted ('10.222.0.47', 55498) {{(pid=103263) server /usr/local/lib/python3.8/dist-packages/eventlet/wsgi.py:1004}}
Apr 18 13:56:30.570048 dv-cinder-838302-1-smb neutron-server[103263]: DEBUG neutron_lib.callbacks.manager [None req-c5fb09ba-e998-4c9a-96df-b318bd225f9c admin admin] Publish callbacks [] for security_group (cb48554f-0832-41bd-882f-0cbb205a4fc4), before_delete {{(pid=103263) _notify_loop /usr/local/lib/python3.8/dist-packages/neutron_lib/callbacks/manager.py:176}}
Apr 18 13:56:30.603668 dv-cinder-838302-1-smb neutron-server[103263]: DEBUG neutron_lib.callbacks.manager [None req-c5fb09ba-e998-4c9a-96df-b318bd225f9c admin admin] Publish callbacks [] for security_group (cb48554f-0832-41bd-882f-0cbb205a4fc4), precommit_delete {{(pid=103263) _notify_loop /usr/local/lib/python3.8/dist-packages/neutron_lib/callbacks/manager.py:176}}
Apr 18 13:56:30.670343 dv-cinder-838302-1-smb neutron-server[103263]: DEBUG neutron_lib.callbacks.manager [None req-c5fb09ba-e998-4c9a-96df-b318bd225f9c admin admin] Publish callbacks ['neutron.plugins.ml2.ovo_rpc._ObjectChangeHandler.handle_event-782984'] for security_group (cb48554f-0832-41bd-882f-0cbb205a4fc4), after_delete {{(pid=103263) _notify_loop /usr/local/lib/python3.8/dist-packages/neutron_lib/callbacks/manager.py:176}}
Apr 18 13:56:30.672796 dv-cinder-838302-1-smb neutron-server[103263]: DEBUG neutron_lib.callbacks.manager [None req-c5fb09ba-e998-4c9a-96df-b318bd225f9c admin admin] Publish callbacks [] for security_group (None), before_response {{(pid=103263) _notify_loop /usr/local/lib/python3.8/dist-packages/neutron_lib/callbacks/manager.py:176}}
Apr 18 13:56:30.674861 dv-cinder-838302-1-smb neutron-server[103263]: INFO neutron.wsgi [None req-c5fb09ba-e998-4c9a-96df-b318bd225f9c admin admin] 10.222.0.47 "DELETE /v2.0/security-groups/cb48554f-0832-41bd-882f-0cbb205a4fc4 HTTP/1.1" status: 204 len: 168 time: 0.1711984
Apr 18 13:56:30.690854 dv-cinder-838302-1-smb neutron-server[103263]: DEBUG neutron.api.rpc.handlers.resources_rpc [None req-c5fb09ba-e998-4c9a-96df-b318bd225f9c admin admin] Pushing event deleted for resources: {'SecurityGroup': ['ID=cb48554f-0832-41bd-882f-0cbb205a4fc4,revision_number=None']} {{(pid=103263) push /opt/stack/neutron/neutron/api/rpc/handlers/resources_rpc.py:237}}
Apr 18 13:56:30.737998 dv-cinder-838302-1-smb neutron-server[103264]: DEBUG neutron.plugins.ml2.rpc [None req-29528b0c-cede-4f34-b1e0-91cac73e476c None None] Device 71d46440-6464-47bd-a4ef-98424a5636bb no longer exists at agent hyperv_hv-cinder-83830 {{(pid=103264) update_device_down /opt/stack/neutron/neutron/plugins/ml2/rpc.py:259}}
Apr 18 13:56:30.768212 dv-cinder-838302-1-smb neutron-server[103262]: DEBUG neutron_lib.callbacks.manager [None req-cd34884e-73db-410b-b202-33c964dbc568 admin admin] Publish callbacks ['neutron.plugins.ml2.ovo_rpc._ObjectChangeHandler.handle_event-674960', 'neutron.api.rpc.agentnotifiers.dhcp_rpc_agent_api.DhcpAgentNotifyAPI._native_event_send_dhcp_notification-562670'] for subnet (dafc6f62-cd93-49dd-8a38-5729e11426e7), after_create {{(pid=103262) _notify_loop /usr/local/lib/python3.8/dist-packages/neutron_lib/callbacks/manager.py:176}}
Apr 18 13:56:30.770131 dv-cinder-838302-1-smb neutron-server[103264]: DEBUG neutron.plugins.ml2.plugin [None req-29528b0c-cede-4f34-b1e0-91cac73e476c None None] No Port match for: 71d46440-6464-47bd-a4ef-98424a5636bb {{(pid=103264) port_bound_to_host /opt/stack/neutron/neutron/plugins/ml2/plugin.py:2341}}
Apr 18 13:56:30.770478 dv-cinder-838302-1-smb neutron-server[103264]: DEBUG neutron.plugins.ml2.rpc [None req-29528b0c-cede-4f34-b1e0-91cac73e476c None None] Device 71d46440-6464-47bd-a4ef-98424a5636bb not bound to the agent host hv-cinder-83830 {{(pid=103264) update_device_down /opt/stack/neutron/neutron/plugins/ml2/rpc.py:269}}
Apr 18 13:56:30.875547 dv-cinder-838302-1-smb neutron-server[103262]: DEBUG neutron.api.rpc.handlers.resources_rpc [None req-cd34884e-73db-410b-b202-33c964dbc568 admin admin] Pushing event updated for resources: {'Subnet': ['ID=dafc6f62-cd93-49dd-8a38-5729e11426e7,revision_number=0']} {{(pid=103262) push /opt/stack/neutron/neutron/api/rpc/handlers/resources_rpc.py:237}}
Apr 18 13:56:30.889237 dv-cinder-838302-1-smb neutron-server[103262]: DEBUG neutron_lib.callbacks.manager [None req-e2d00f0c-fcbb-4a76-b376-5a70a11d4efe tempest-AttachVolumeTestJSON-77303192 tempest-AttachVolumeTestJSON-77303192-project] Publish callbacks [] for floatingip (None), precommit_update {{(pid=103262) _notify_loop /usr/local/lib/python3.8/dist-packages/neutron_lib/callbacks/manager.py:176}}
Apr 18 13:56:30.892343 dv-cinder-838302-1-smb neutron-server[103262]: DEBUG neutron.plugins.ml2.drivers.mech_agent [None req-cd34884e-73db-410b-b202-33c964dbc568 admin admin] Checking segment: {'id': '7411ec87-cb01-4ab7-bacc-385673188514', 'network_type': 'vlan', 'physical_network': 'physnet1', 'segmentation_id': 54, 'network_id': '3adef81a-f362-4606-81b6-f1636d9e509f'} for mappings: {'physnet1': 'br-data'} with network types: ['local', 'flat', 'vlan'] {{(pid=103262) check_segment_for_agent /opt/stack/neutron/neutron/plugins/ml2/drivers/mech_agent.py:373}}
Apr 18 13:56:30.892773 dv-cinder-838302-1-smb neutron-server[103262]: DEBUG neutron.scheduler.dhcp_agent_scheduler [None req-cd34884e-73db-410b-b202-33c964dbc568 admin admin] Network hostable DHCP agents. Network: 3adef81a-f362-4606-81b6-f1636d9e509f, hostable agents: ['09baa727-03e9-49ef-ac9a-07cd2ba4a77d'], hosted agents: [] {{(pid=103262) _get_network_hostable_dhcp_agents /opt/stack/neutron/neutron/scheduler/dhcp_agent_scheduler.py:329}}
Apr 18 13:56:30.897660 dv-cinder-838302-1-smb neutron-server[103262]: DEBUG neutron_lib.callbacks.manager [None req-e2d00f0c-fcbb-4a76-b376-5a70a11d4efe tempest-AttachVolumeTestJSON-77303192 tempest-AttachVolumeTestJSON-77303192-project] Publish callbacks ['neutron.services.l3_router.l3_router_plugin.DVRResourceOperationHandler._create_dvr_floating_gw_port-589023'] for floatingip (fd3a2465-fc60-41fa-bb0a-bdf757becaef), after_update {{(pid=103262) _notify_loop /usr/local/lib/python3.8/dist-packages/neutron_lib/callbacks/manager.py:176}}
Apr 18 13:56:30.952323 dv-cinder-838302-1-smb neutron-server[103262]: DEBUG neutron.scheduler.dhcp_agent_scheduler [None req-cd34884e-73db-410b-b202-33c964dbc568 admin admin] Network 3adef81a-f362-4606-81b6-f1636d9e509f is scheduled to be hosted by DHCP agent 09baa727-03e9-49ef-ac9a-07cd2ba4a77d with binding_index 1 {{(pid=103262) bind /opt/stack/neutron/neutron/scheduler/dhcp_agent_scheduler.py:227}}
Apr 18 13:56:31.001044 dv-cinder-838302-1-smb neutron-server[103262]: DEBUG neutron.scheduler.base_scheduler [None req-cd34884e-73db-410b-b202-33c964dbc568 admin admin] Resources bound (agent type, host, resource id): (DHCP agent, dv-cinder-838302-1-smb, 3adef81a-f362-4606-81b6-f1636d9e509f) {{(pid=103262) schedule /opt/stack/neutron/neutron/scheduler/base_scheduler.py:57}}
Apr 18 13:56:31.016494 dv-cinder-838302-1-smb neutron-server[103264]: DEBUG neutron.api.rpc.handlers.dhcp_rpc [None req-9a6f5746-78e6-4e97-8a39-1da7b62abea8 None None] Network 3adef81a-f362-4606-81b6-f1636d9e509f requested from dv-cinder-838302-1-smb {{(pid=103264) get_network_info /opt/stack/neutron/neutron/api/rpc/handlers/dhcp_rpc.py:191}}
Apr 18 13:56:31.017535 dv-cinder-838302-1-smb neutron-server[103262]: DEBUG neutron.pecan_wsgi.hooks.policy_enforcement [None req-cd34884e-73db-410b-b202-33c964dbc568 admin admin] Attributes excluded by policy engine: ['standard_attr_id', 'shared', 'network'] {{(pid=103262) _exclude_attributes_by_policy /opt/stack/neutron/neutron/pecan_wsgi/hooks/policy_enforcement.py:259}}
Apr 18 13:56:31.018251 dv-cinder-838302-1-smb neutron-server[103262]: DEBUG neutron_lib.callbacks.manager [None req-cd34884e-73db-410b-b202-33c964dbc568 admin admin] Publish callbacks ['neutron.api.rpc.agentnotifiers.dhcp_rpc_agent_api.DhcpAgentNotifyAPI._send_dhcp_notification-562460'] for subnet (None), before_response {{(pid=103262) _notify_loop /usr/local/lib/python3.8/dist-packages/neutron_lib/callbacks/manager.py:176}}
Apr 18 13:56:31.070770 dv-cinder-838302-1-smb neutron-server[103262]: INFO neutron.wsgi [None req-cd34884e-73db-410b-b202-33c964dbc568 admin admin] 10.222.0.47 "POST /v2.0/subnets HTTP/1.1" status: 201 len: 844 time: 0.7775137
Apr 18 13:56:31.078507 dv-cinder-838302-1-smb neutron-server[103262]: INFO neutron.db.l3_db [None req-e2d00f0c-fcbb-4a76-b376-5a70a11d4efe tempest-AttachVolumeTestJSON-77303192 tempest-AttachVolumeTestJSON-77303192-project] Floating IP fd3a2465-fc60-41fa-bb0a-bdf757becaef associated. External IP: 172.28.0.150, port: e0633a26-6187-4de1-a888-2a20ac502bde.
Apr 18 13:56:31.222729 dv-cinder-838302-1-smb neutron-server[103263]: DEBUG neutron.pecan_wsgi.hooks.policy_enforcement [req-df6f1e02-6781-40d2-800d-de84f9616aba req-c36db910-9320-4635-9e41-3e5e5c73fc4a tempest-ServerRescueNegativeTestJSON-1685106123 tempest-ServerRescueNegativeTestJSON-1685106123-project] Attributes excluded by policy engine: ['standard_attr_id', 'binding:profile', 'binding:host_id', 'binding:vif_type', 'binding:vif_details'] {{(pid=103263) _exclude_attributes_by_policy /opt/stack/neutron/neutron/pecan_wsgi/hooks/policy_enforcement.py:259}}
Apr 18 13:56:31.235566 dv-cinder-838302-1-smb neutron-server[103263]: INFO neutron.wsgi [req-df6f1e02-6781-40d2-800d-de84f9616aba req-c36db910-9320-4635-9e41-3e5e5c73fc4a tempest-ServerRescueNegativeTestJSON-1685106123 tempest-ServerRescueNegativeTestJSON-1685106123-project] 10.222.0.47 "GET /v2.0/ports?device_id=365edbd9-16ab-4cd3-9adb-ce3ba70ae5a7 HTTP/1.1" status: 200 len: 945 time: 0.0994861
Apr 18 13:56:31.250037 dv-cinder-838302-1-smb neutron-server[103264]: DEBUG neutron.api.rpc.handlers.dhcp_rpc [None req-6f0e4959-34f8-484b-9605-8af84bb351b6 None None] Network 3adef81a-f362-4606-81b6-f1636d9e509f requested from dv-cinder-838302-1-smb {{(pid=103264) get_network_info /opt/stack/neutron/neutron/api/rpc/handlers/dhcp_rpc.py:191}}
Apr 18 13:56:31.359454 dv-cinder-838302-1-smb neutron-server[103263]: INFO neutron.wsgi [req-df6f1e02-6781-40d2-800d-de84f9616aba req-5b54f11f-740b-4802-8207-ba42530d03b6 tempest-ServerRescueNegativeTestJSON-1685106123 tempest-ServerRescueNegativeTestJSON-1685106123-project] 10.222.0.47 "GET /v2.0/security-groups?id=51bc131e-e4a6-4d14-924c-1271e325b9e7&fields=id&fields=name HTTP/1.1" status: 200 len: 286 time: 0.1228197
Apr 18 13:56:31.674194 dv-cinder-838302-1-smb neutron-server[103262]: DEBUG neutron.scheduler.l3_agent_scheduler [None req-e2d00f0c-fcbb-4a76-b376-5a70a11d4efe tempest-AttachVolumeTestJSON-77303192 tempest-AttachVolumeTestJSON-77303192-project] Router b640468d-47e9-482f-83b3-0f68132077fa has already been hosted by L3 agent ffffb093-a31c-4399-a25a-7afb9eaf9be9 {{(pid=103262) _get_candidates /opt/stack/neutron/neutron/scheduler/l3_agent_scheduler.py:126}}
Apr 18 13:56:31.898527 dv-cinder-838302-1-smb neutron-server[103262]: DEBUG neutron.api.rpc.agentnotifiers.l3_rpc_agent_api [None req-e2d00f0c-fcbb-4a76-b376-5a70a11d4efe tempest-AttachVolumeTestJSON-77303192 tempest-AttachVolumeTestJSON-77303192-project] Notify agent at l3_agent.dv-cinder-838302-1-smb the message routers_updated {{(pid=103262) _agent_notification /opt/stack/neutron/neutron/api/rpc/agentnotifiers/l3_rpc_agent_api.py:65}}
Apr 18 13:56:31.905765 dv-cinder-838302-1-smb neutron-server[103262]: DEBUG neutron.pecan_wsgi.hooks.policy_enforcement [req-01d71833-29f6-497b-b277-d80f5f25aa87 req-f02d2e96-6288-448e-80a9-c736407cb225 tempest-VolumesActionsTest-1933221461 tempest-VolumesActionsTest-1933221461-project] Attributes excluded by policy engine: ['standard_attr_id', 'vlan_transparent', 'provider:network_type', 'provider:physical_network', 'provider:segmentation_id'] {{(pid=103262) _exclude_attributes_by_policy /opt/stack/neutron/neutron/pecan_wsgi/hooks/policy_enforcement.py:259}}
Apr 18 13:56:31.912355 dv-cinder-838302-1-smb neutron-server[103265]: DEBUG neutron.api.rpc.handlers.l3_rpc [None req-5625808b-995f-436c-8518-c682104e6ad1 None None] Sync routers for ids ['b640468d-47e9-482f-83b3-0f68132077fa'] in dv-cinder-838302-1-smb {{(pid=103265) sync_routers /opt/stack/neutron/neutron/api/rpc/handlers/l3_rpc.py:125}}
Apr 18 13:56:31.912888 dv-cinder-838302-1-smb neutron-server[103262]: INFO neutron.wsgi [req-01d71833-29f6-497b-b277-d80f5f25aa87 req-f02d2e96-6288-448e-80a9-c736407cb225 tempest-VolumesActionsTest-1933221461 tempest-VolumesActionsTest-1933221461-project] 10.222.0.47 "GET /v2.0/networks?id=818f87db-4594-4aaf-8d92-995b26dc2bc0 HTTP/1.1" status: 200 len: 809 time: 0.1689637
Apr 18 13:56:31.917664 dv-cinder-838302-1-smb neutron-server[103262]: DEBUG neutron_lib.callbacks.manager [None req-e2d00f0c-fcbb-4a76-b376-5a70a11d4efe tempest-AttachVolumeTestJSON-77303192 tempest-AttachVolumeTestJSON-77303192-project] Publish callbacks ['neutron.notifiers.nova.Notifier._send_nova_notification-111370'] for floatingip (None), before_response {{(pid=103262) _notify_loop /usr/local/lib/python3.8/dist-packages/neutron_lib/callbacks/manager.py:176}}
Apr 18 13:56:31.937908 dv-cinder-838302-1-smb neutron-server[103265]: DEBUG neutron.db.l3_dvrscheduler_db [None req-5625808b-995f-436c-8518-c682104e6ad1 None None] Routers {'b640468d-47e9-482f-83b3-0f68132077fa'} bound to L3 agent in host dv-cinder-838302-1-smb {{(pid=103265) _get_router_ids_for_agent /opt/stack/neutron/neutron/db/l3_dvrscheduler_db.py:421}}
Apr 18 13:56:31.938575 dv-cinder-838302-1-smb neutron-server[103265]: DEBUG neutron.db.l3_hamode_db [None req-5625808b-995f-436c-8518-c682104e6ad1 None None] neutron.services.l3_router.l3_router_plugin.L3RouterPlugin method get_ha_sync_data_for_host called with arguments (, 'dv-cinder-838302-1-smb', Agent(admin_state_up=True,agent_type='L3 agent',availability_zone='nova',binary='neutron-l3-agent',configurations={"agent_mode": "legacy", "ex_gw_ports": 4, "extensions": [], "floating_ips": 1, "handle_internal_only_routers": true, "interface_driver": "openvswitch", "interfaces": 4, "log_agent_heartbeats": false, "routers": 4},created_at=2022-04-18T13:46:53Z,description=,heartbeat_timestamp=2022-04-18T13:56:23Z,host='dv-cinder-838302-1-smb',id=ffffb093-a31c-4399-a25a-7afb9eaf9be9,load=0,resource_versions=,resources_synced=,started_at=2022-04-18T13:46:53Z,topic='l3_agent')) {'router_ids': ['b640468d-47e9-482f-83b3-0f68132077fa'], 'active': True} {{(pid=103265) wrapper /usr/local/lib/python3.8/dist-packages/oslo_log/helpers.py:65}}
Apr 18 13:56:31.960216 dv-cinder-838302-1-smb neutron-server[103262]: INFO neutron.wsgi [req-01d71833-29f6-497b-b277-d80f5f25aa87 req-2f8b37cc-94d5-41ce-827e-d80c6ed9fd19 tempest-VolumesActionsTest-1933221461 tempest-VolumesActionsTest-1933221461-project] 10.222.0.47 "GET /v2.0/quotas/601b6b52004946b29a2b00a73507b4a7 HTTP/1.1" status: 200 len: 375 time: 0.0455918
Apr 18 13:56:32.015047 dv-cinder-838302-1-smb neutron-server[103262]: INFO neutron.wsgi [None req-e2d00f0c-fcbb-4a76-b376-5a70a11d4efe tempest-AttachVolumeTestJSON-77303192 tempest-AttachVolumeTestJSON-77303192-project] 10.222.0.47 "PUT /v2.0/floatingips/fd3a2465-fc60-41fa-bb0a-bdf757becaef HTTP/1.1" status: 200 len: 991 time: 1.9282379
Apr 18 13:56:32.015047 dv-cinder-838302-1-smb neutron-server[103262]: DEBUG neutron.notifiers.nova [-] Sending events: [{'name': 'network-changed', 'server_uuid': '2cde6595-38f1-4182-a226-6e63c490392c', 'tag': 'e0633a26-6187-4de1-a888-2a20ac502bde'}] {{(pid=103262) send_events /opt/stack/neutron/neutron/notifiers/nova.py:271}}
Apr 18 13:56:32.015047 dv-cinder-838302-1-smb neutron-server[103262]: DEBUG novaclient.v2.client [-] REQ: curl -g -i --cacert "/opt/stack/data/ca-bundle.pem" -X POST http://10.222.0.47/compute/v2.1/os-server-external-events -H "Accept: application/json" -H "Content-Type: application/json" -H "User-Agent: python-novaclient" -H "X-Auth-Token: {SHA256}92f5aa85563157ac036c04ca9cb456bbab9ff7a410ac379fe621c904dc9883f3" -H "X-OpenStack-Nova-API-Version: 2.1" -H "X-OpenStack-Request-ID: req-bb7724d4-5c6b-40f1-b7bb-0db41fa65e09" -d '{"events": [{"name": "network-changed", "server_uuid": "2cde6595-38f1-4182-a226-6e63c490392c", "tag": "e0633a26-6187-4de1-a888-2a20ac502bde"}]}' {{(pid=103262) _http_log_request /usr/local/lib/python3.8/dist-packages/keystoneauth1/session.py:519}}
Apr 18 13:56:32.021837 dv-cinder-838302-1-smb neutron-server[103262]: INFO neutron.wsgi [req-01d71833-29f6-497b-b277-d80f5f25aa87 req-b6a1c5a9-9890-4f36-b956-a3f6b9109fc6 tempest-VolumesActionsTest-1933221461 tempest-VolumesActionsTest-1933221461-project] 10.222.0.47 "GET /v2.0/ports?tenant_id=601b6b52004946b29a2b00a73507b4a7&fields=id HTTP/1.1" status: 200 len: 210 time: 0.0615406
Apr 18 13:56:32.086787 dv-cinder-838302-1-smb neutron-server[103265]: DEBUG neutron.db.l3_dvr_db [None req-5625808b-995f-436c-8518-c682104e6ad1 None None] Set router b640468d-47e9-482f-83b3-0f68132077fa gateway port host: dv-cinder-838302-1-smb {{(pid=103265) _build_routers_list /opt/stack/neutron/neutron/db/l3_dvr_db.py:906}}
Apr 18 13:56:32.103025 dv-cinder-838302-1-smb neutron-server[103262]: DEBUG novaclient.v2.client [-] RESP: [200] Connection: close Content-Length: 179 Content-Type: application/json Date: Mon, 18 Apr 2022 13:56:32 GMT OpenStack-API-Version: compute 2.1 Server: Apache/2.4.41 (Ubuntu) Vary: OpenStack-API-Version,X-OpenStack-Nova-API-Version X-OpenStack-Nova-API-Version: 2.1 x-compute-request-id: req-519123cd-4098-4409-b289-7347db7c476a x-openstack-request-id: req-519123cd-4098-4409-b289-7347db7c476a {{(pid=103262) _http_log_response /usr/local/lib/python3.8/dist-packages/keystoneauth1/session.py:550}}
Apr 18 13:56:32.103397 dv-cinder-838302-1-smb neutron-server[103262]: DEBUG novaclient.v2.client [-] RESP BODY: {"events": [{"name": "network-changed", "server_uuid": "2cde6595-38f1-4182-a226-6e63c490392c", "tag": "e0633a26-6187-4de1-a888-2a20ac502bde", "status": "completed", "code": 200}]} {{(pid=103262) _http_log_response /usr/local/lib/python3.8/dist-packages/keystoneauth1/session.py:582}}
Apr 18 13:56:32.103555 dv-cinder-838302-1-smb neutron-server[103262]: DEBUG novaclient.v2.client [-] POST call to compute for http://10.222.0.47/compute/v2.1/os-server-external-events used request id req-519123cd-4098-4409-b289-7347db7c476a {{(pid=103262) request /usr/local/lib/python3.8/dist-packages/keystoneauth1/session.py:954}}
Apr 18 13:56:32.103964 dv-cinder-838302-1-smb neutron-server[103262]: INFO neutron.notifiers.nova [-] Nova event matching ['req-519123cd-4098-4409-b289-7347db7c476a'] response: {'name': 'network-changed', 'server_uuid': '2cde6595-38f1-4182-a226-6e63c490392c', 'tag': 'e0633a26-6187-4de1-a888-2a20ac502bde', 'status': 'completed', 'code': 200}
Apr 18 13:56:32.201141 dv-cinder-838302-1-smb neutron-server[103262]: INFO neutron.wsgi [req-01d71833-29f6-497b-b277-d80f5f25aa87 req-182db593-73fb-4a16-961a-131fe574ada5 service neutron] 10.222.0.47 "GET /v2.0/networks/818f87db-4594-4aaf-8d92-995b26dc2bc0?fields=segments HTTP/1.1" status: 200 len: 212 time: 0.1782629
Apr 18 13:56:32.242668 dv-cinder-838302-1-smb neutron-server[103262]: DEBUG neutron.pecan_wsgi.hooks.policy_enforcement [req-bb7724d4-5c6b-40f1-b7bb-0db41fa65e09 req-9dc6d1d0-563e-48fa-a6b8-e6db64361375 service neutron] Attributes excluded by policy engine: ['standard_attr_id'] {{(pid=103262) _exclude_attributes_by_policy /opt/stack/neutron/neutron/pecan_wsgi/hooks/policy_enforcement.py:259}}
Apr 18 13:56:32.244347 dv-cinder-838302-1-smb neutron-server[103262]: INFO neutron.wsgi [req-bb7724d4-5c6b-40f1-b7bb-0db41fa65e09 req-9dc6d1d0-563e-48fa-a6b8-e6db64361375 service neutron] 10.222.0.41 "GET /v2.0/ports?tenant_id=65ba486706cb43d6b9a1479195f8a512&device_id=2cde6595-38f1-4182-a226-6e63c490392c HTTP/1.1" status: 200 len: 1129 time: 0.1027443
