May 09 04:26:18.200660 dv-cinder-838009-3-iscsi devstack@c-api.service[109985]: /usr/local/lib/python3.8/dist-packages/oslo_context/context.py:100: DeprecationWarning: Policy enforcement is depending on the value of is_admin. This key is deprecated. Please update your policy file to use the standard policy values.
May 09 04:26:18.200660 dv-cinder-838009-3-iscsi devstack@c-api.service[109985]: warnings.warn('Policy enforcement is depending on the value of '
May 09 04:26:18.205445 dv-cinder-838009-3-iscsi devstack@c-api.service[109985]: DEBUG cinder.api.contrib.qos_specs_manage [None req-853f48f5-2bca-4aea-b043-7293a1fe7318 tempest-QosSpecsTestJSON-193890900 tempest-QosSpecsTestJSON-193890900-project-admin] Delete_key spec: 015bca69-88a0-4ccc-9da8-e2727c71e4b9, keys: ['iops_bytes'] {{(pid=109985) delete_keys /opt/stack/cinder/cinder/api/contrib/qos_specs_manage.py:207}}
May 09 04:26:18.206425 dv-cinder-838009-3-iscsi devstack@c-api.service[109984]: DEBUG cinder.api.middleware.request_id [req-a0aa35e1-930e-4624-af75-18365dae3394 req-81dbe84a-c9e6-4c93-8ed8-a211e179ca3d None None] RequestId filter calling following filter/app {{(pid=109984) _context_setter /opt/stack/cinder/cinder/api/middleware/request_id.py:62}}
May 09 04:26:18.214705 dv-cinder-838009-3-iscsi devstack@c-api.service[109984]: INFO cinder.api.openstack.wsgi [req-a0aa35e1-930e-4624-af75-18365dae3394 req-81dbe84a-c9e6-4c93-8ed8-a211e179ca3d tempest-VolumesGetTestJSON-1134898797 tempest-VolumesGetTestJSON-1134898797-project] GET http://10.222.0.44/volume/v3/d8b020b16f9c43cb9e04a786011069c4/volumes/b990629c-2113-477f-86e8-808ba206287f
May 09 04:26:18.215957 dv-cinder-838009-3-iscsi devstack@c-api.service[109984]: DEBUG cinder.api.openstack.wsgi [req-a0aa35e1-930e-4624-af75-18365dae3394 req-81dbe84a-c9e6-4c93-8ed8-a211e179ca3d tempest-VolumesGetTestJSON-1134898797 tempest-VolumesGetTestJSON-1134898797-project] Empty body provided in request {{(pid=109984) get_body /opt/stack/cinder/cinder/api/openstack/wsgi.py:715}}
May 09 04:26:18.217061 dv-cinder-838009-3-iscsi devstack@c-api.service[109984]: DEBUG cinder.api.openstack.wsgi [req-a0aa35e1-930e-4624-af75-18365dae3394 req-81dbe84a-c9e6-4c93-8ed8-a211e179ca3d tempest-VolumesGetTestJSON-1134898797 tempest-VolumesGetTestJSON-1134898797-project] Calling method 'show' {{(pid=109984) _process_stack /opt/stack/cinder/cinder/api/openstack/wsgi.py:868}}
May 09 04:26:18.239797 dv-cinder-838009-3-iscsi devstack@c-api.service[109984]: /usr/local/lib/python3.8/dist-packages/oslo_context/context.py:100: DeprecationWarning: Policy enforcement is depending on the value of is_admin. This key is deprecated. Please update your policy file to use the standard policy values.
May 09 04:26:18.239797 dv-cinder-838009-3-iscsi devstack@c-api.service[109984]: warnings.warn('Policy enforcement is depending on the value of '
May 09 04:26:18.251670 dv-cinder-838009-3-iscsi devstack@c-api.service[109985]: INFO cinder.api.openstack.wsgi [None req-853f48f5-2bca-4aea-b043-7293a1fe7318 tempest-QosSpecsTestJSON-193890900 tempest-QosSpecsTestJSON-193890900-project-admin] http://10.222.0.44/volume/v3/8519390d3262470593b9acf3ab8f240a/qos-specs/015bca69-88a0-4ccc-9da8-e2727c71e4b9/delete_keys returned with HTTP 202
May 09 04:26:18.257891 dv-cinder-838009-3-iscsi devstack@c-api.service[109985]: [pid: 109985|app: 0|req: 25/46] 10.222.0.44 () {60 vars in 1386 bytes} [Mon May 9 04:26:18 2022] PUT /volume/v3/8519390d3262470593b9acf3ab8f240a/qos-specs/015bca69-88a0-4ccc-9da8-e2727c71e4b9/delete_keys => generated 0 bytes in 71 msecs (HTTP/1.1 202) 6 headers in 233 bytes (1 switches on core 0)
May 09 04:26:18.263920 dv-cinder-838009-3-iscsi devstack@c-api.service[109985]: DEBUG cinder.api.middleware.request_id [None req-ec86cb01-f243-4d7f-9b16-0f2aaa3635f1 None None] RequestId filter calling following filter/app {{(pid=109985) _context_setter /opt/stack/cinder/cinder/api/middleware/request_id.py:62}}
May 09 04:26:18.266991 dv-cinder-838009-3-iscsi devstack@c-api.service[109984]: INFO cinder.volume.api [req-a0aa35e1-930e-4624-af75-18365dae3394 req-81dbe84a-c9e6-4c93-8ed8-a211e179ca3d tempest-VolumesGetTestJSON-1134898797 tempest-VolumesGetTestJSON-1134898797-project] Volume info retrieved successfully.
May 09 04:26:18.284396 dv-cinder-838009-3-iscsi devstack@c-api.service[109984]: INFO cinder.api.openstack.wsgi [req-a0aa35e1-930e-4624-af75-18365dae3394 req-81dbe84a-c9e6-4c93-8ed8-a211e179ca3d tempest-VolumesGetTestJSON-1134898797 tempest-VolumesGetTestJSON-1134898797-project] http://10.222.0.44/volume/v3/d8b020b16f9c43cb9e04a786011069c4/volumes/b990629c-2113-477f-86e8-808ba206287f returned with HTTP 200
May 09 04:26:18.288693 dv-cinder-838009-3-iscsi devstack@c-api.service[109984]: [pid: 109984|app: 0|req: 22/47] 10.222.0.44 () {60 vars in 1578 bytes} [Mon May 9 04:26:18 2022] GET /volume/v3/d8b020b16f9c43cb9e04a786011069c4/volumes/b990629c-2113-477f-86e8-808ba206287f => generated 925 bytes in 84 msecs (HTTP/1.1 200) 7 headers in 285 bytes (2 switches on core 0)
May 09 04:26:18.290815 dv-cinder-838009-3-iscsi devstack@c-api.service[109984]: DEBUG cinder.api.middleware.request_id [None req-e8cdc63a-63f1-43a7-a18a-36624be5cec0 None None] RequestId filter calling following filter/app {{(pid=109984) _context_setter /opt/stack/cinder/cinder/api/middleware/request_id.py:62}}
May 09 04:26:18.294926 dv-cinder-838009-3-iscsi devstack@c-api.service[109984]: INFO cinder.api.openstack.wsgi [None req-e8cdc63a-63f1-43a7-a18a-36624be5cec0 tempest-GroupSnapshotsTest-1897075674 tempest-GroupSnapshotsTest-1897075674-project] GET http://10.222.0.44/volume/v3/aee7fe01f201408e8949d3405fe44586/groups/06c6e2d1-b62b-4f35-b54a-7680103f3633
May 09 04:26:18.295444 dv-cinder-838009-3-iscsi devstack@c-api.service[109984]: DEBUG cinder.api.openstack.wsgi [None req-e8cdc63a-63f1-43a7-a18a-36624be5cec0 tempest-GroupSnapshotsTest-1897075674 tempest-GroupSnapshotsTest-1897075674-project] Empty body provided in request {{(pid=109984) get_body /opt/stack/cinder/cinder/api/openstack/wsgi.py:715}}
May 09 04:26:18.295917 dv-cinder-838009-3-iscsi devstack@c-api.service[109984]: DEBUG cinder.api.openstack.wsgi [None req-e8cdc63a-63f1-43a7-a18a-36624be5cec0 tempest-GroupSnapshotsTest-1897075674 tempest-GroupSnapshotsTest-1897075674-project] Calling method 'version_select' {{(pid=109984) _process_stack /opt/stack/cinder/cinder/api/openstack/wsgi.py:868}}
May 09 04:26:18.296315 dv-cinder-838009-3-iscsi devstack@c-api.service[109984]: DEBUG cinder.api.v3.groups [None req-e8cdc63a-63f1-43a7-a18a-36624be5cec0 tempest-GroupSnapshotsTest-1897075674 tempest-GroupSnapshotsTest-1897075674-project] show called for member 06c6e2d1-b62b-4f35-b54a-7680103f3633 {{(pid=109984) show /opt/stack/cinder/cinder/api/v3/groups.py:58}}
May 09 04:26:18.303821 dv-cinder-838009-3-iscsi devstack@c-api.service[109984]: /usr/local/lib/python3.8/dist-packages/oslo_context/context.py:100: DeprecationWarning: Policy enforcement is depending on the value of is_admin. This key is deprecated. Please update your policy file to use the standard policy values.
May 09 04:26:18.303821 dv-cinder-838009-3-iscsi devstack@c-api.service[109984]: warnings.warn('Policy enforcement is depending on the value of '
May 09 04:26:18.310459 dv-cinder-838009-3-iscsi devstack@c-api.service[109985]: INFO cinder.api.openstack.wsgi [None req-ec86cb01-f243-4d7f-9b16-0f2aaa3635f1 tempest-QosSpecsTestJSON-193890900 tempest-QosSpecsTestJSON-193890900-project-admin] GET http://10.222.0.44/volume/v3/8519390d3262470593b9acf3ab8f240a/qos-specs/015bca69-88a0-4ccc-9da8-e2727c71e4b9
May 09 04:26:18.328119 dv-cinder-838009-3-iscsi devstack@c-api.service[109985]: DEBUG cinder.api.openstack.wsgi [None req-ec86cb01-f243-4d7f-9b16-0f2aaa3635f1 tempest-QosSpecsTestJSON-193890900 tempest-QosSpecsTestJSON-193890900-project-admin] Empty body provided in request {{(pid=109985) get_body /opt/stack/cinder/cinder/api/openstack/wsgi.py:715}}
May 09 04:26:18.332540 dv-cinder-838009-3-iscsi devstack@c-api.service[109985]: DEBUG cinder.api.openstack.wsgi [None req-ec86cb01-f243-4d7f-9b16-0f2aaa3635f1 tempest-QosSpecsTestJSON-193890900 tempest-QosSpecsTestJSON-193890900-project-admin] Calling method 'show' {{(pid=109985) _process_stack /opt/stack/cinder/cinder/api/openstack/wsgi.py:868}}
May 09 04:26:18.333216 dv-cinder-838009-3-iscsi devstack@c-api.service[109985]: /usr/local/lib/python3.8/dist-packages/oslo_context/context.py:100: DeprecationWarning: Policy enforcement is depending on the value of is_admin. This key is deprecated. Please update your policy file to use the standard policy values.
May 09 04:26:18.333216 dv-cinder-838009-3-iscsi devstack@c-api.service[109985]: warnings.warn('Policy enforcement is depending on the value of '
May 09 04:26:18.337145 dv-cinder-838009-3-iscsi devstack@c-api.service[109984]: INFO cinder.api.openstack.wsgi [None req-e8cdc63a-63f1-43a7-a18a-36624be5cec0 tempest-GroupSnapshotsTest-1897075674 tempest-GroupSnapshotsTest-1897075674-project] http://10.222.0.44/volume/v3/aee7fe01f201408e8949d3405fe44586/groups/06c6e2d1-b62b-4f35-b54a-7680103f3633 returned with HTTP 200
May 09 04:26:18.338443 dv-cinder-838009-3-iscsi devstack@c-api.service[109984]: [pid: 109984|app: 0|req: 23/48] 10.222.0.44 () {60 vars in 1362 bytes} [Mon May 9 04:26:18 2022] GET /volume/v3/aee7fe01f201408e8949d3405fe44586/groups/06c6e2d1-b62b-4f35-b54a-7680103f3633 => generated 392 bytes in 49 msecs (HTTP/1.1 200) 7 headers in 286 bytes (1 switches on core 0)
May 09 04:26:18.346482 dv-cinder-838009-3-iscsi devstack@c-api.service[109984]: DEBUG cinder.api.middleware.request_id [None req-36a70a32-0f84-4acb-97b1-d2a301397392 None None] RequestId filter calling following filter/app {{(pid=109984) _context_setter /opt/stack/cinder/cinder/api/middleware/request_id.py:62}}
May 09 04:26:18.353929 dv-cinder-838009-3-iscsi devstack@c-api.service[109984]: INFO cinder.api.openstack.wsgi [None req-36a70a32-0f84-4acb-97b1-d2a301397392 tempest-GroupSnapshotsTest-1897075674 tempest-GroupSnapshotsTest-1897075674-project] POST http://10.222.0.44/volume/v3/aee7fe01f201408e8949d3405fe44586/volumes
May 09 04:26:18.358169 dv-cinder-838009-3-iscsi devstack@c-api.service[109984]: DEBUG cinder.api.openstack.wsgi [None req-36a70a32-0f84-4acb-97b1-d2a301397392 tempest-GroupSnapshotsTest-1897075674 tempest-GroupSnapshotsTest-1897075674-project] Action: 'create', calling method: create, body: {"volume": {"volume_type": "f7761d44-b1c3-4d11-8e01-3844783e2381", "group_id": "06c6e2d1-b62b-4f35-b54a-7680103f3633", "size": 1, "name": "tempest-GroupSnapshotsTest-Volume-1377058346"}} {{(pid=109984) _process_stack /opt/stack/cinder/cinder/api/openstack/wsgi.py:866}}
May 09 04:26:18.362367 dv-cinder-838009-3-iscsi devstack@c-api.service[109984]: DEBUG cinder.api.v3.volumes [None req-36a70a32-0f84-4acb-97b1-d2a301397392 tempest-GroupSnapshotsTest-1897075674 tempest-GroupSnapshotsTest-1897075674-project] Create volume request body: {'volume': {'volume_type': 'f7761d44-b1c3-4d11-8e01-3844783e2381', 'group_id': '06c6e2d1-b62b-4f35-b54a-7680103f3633', 'size': 1, 'name': 'tempest-GroupSnapshotsTest-Volume-1377058346'}} {{(pid=109984) create /opt/stack/cinder/cinder/api/v3/volumes.py:298}}
May 09 04:26:18.377309 dv-cinder-838009-3-iscsi devstack@c-api.service[109985]: INFO cinder.api.openstack.wsgi [None req-ec86cb01-f243-4d7f-9b16-0f2aaa3635f1 tempest-QosSpecsTestJSON-193890900 tempest-QosSpecsTestJSON-193890900-project-admin] http://10.222.0.44/volume/v3/8519390d3262470593b9acf3ab8f240a/qos-specs/015bca69-88a0-4ccc-9da8-e2727c71e4b9 returned with HTTP 200
May 09 04:26:18.386273 dv-cinder-838009-3-iscsi devstack@c-api.service[109985]: [pid: 109985|app: 0|req: 26/49] 10.222.0.44 () {58 vars in 1330 bytes} [Mon May 9 04:26:18 2022] GET /volume/v3/8519390d3262470593b9acf3ab8f240a/qos-specs/015bca69-88a0-4ccc-9da8-e2727c71e4b9 => generated 458 bytes in 125 msecs (HTTP/1.1 200) 7 headers in 285 bytes (1 switches on core 0)
May 09 04:26:18.389446 dv-cinder-838009-3-iscsi devstack@c-api.service[109985]: DEBUG cinder.api.middleware.request_id [req-cca467a0-968b-4817-b735-7d5a86cf7bdd req-2a1add82-825b-42df-b47a-e7c7bc264a4b None None] RequestId filter calling following filter/app {{(pid=109985) _context_setter /opt/stack/cinder/cinder/api/middleware/request_id.py:62}}
May 09 04:26:18.391047 dv-cinder-838009-3-iscsi devstack@c-api.service[109984]: /usr/local/lib/python3.8/dist-packages/oslo_context/context.py:100: DeprecationWarning: Policy enforcement is depending on the value of is_admin. This key is deprecated. Please update your policy file to use the standard policy values.
May 09 04:26:18.391047 dv-cinder-838009-3-iscsi devstack@c-api.service[109984]: warnings.warn('Policy enforcement is depending on the value of '
May 09 04:26:18.392324 dv-cinder-838009-3-iscsi devstack@c-api.service[109984]: INFO cinder.api.v3.volumes [None req-36a70a32-0f84-4acb-97b1-d2a301397392 tempest-GroupSnapshotsTest-1897075674 tempest-GroupSnapshotsTest-1897075674-project] Create volume of 1 GB
May 09 04:26:18.405781 dv-cinder-838009-3-iscsi devstack@c-api.service[109985]: INFO cinder.api.openstack.wsgi [req-cca467a0-968b-4817-b735-7d5a86cf7bdd req-2a1add82-825b-42df-b47a-e7c7bc264a4b tempest-VolumesGetTestJSON-1134898797 tempest-VolumesGetTestJSON-1134898797-project] GET http://10.222.0.44/volume/v3/d8b020b16f9c43cb9e04a786011069c4/volumes/b990629c-2113-477f-86e8-808ba206287f
May 09 04:26:18.406393 dv-cinder-838009-3-iscsi devstack@c-api.service[109984]: INFO cinder.volume.api [None req-36a70a32-0f84-4acb-97b1-d2a301397392 tempest-GroupSnapshotsTest-1897075674 tempest-GroupSnapshotsTest-1897075674-project] Availability Zones retrieved successfully.
May 09 04:26:18.408859 dv-cinder-838009-3-iscsi devstack@c-api.service[109985]: DEBUG cinder.api.openstack.wsgi [req-cca467a0-968b-4817-b735-7d5a86cf7bdd req-2a1add82-825b-42df-b47a-e7c7bc264a4b tempest-VolumesGetTestJSON-1134898797 tempest-VolumesGetTestJSON-1134898797-project] Empty body provided in request {{(pid=109985) get_body /opt/stack/cinder/cinder/api/openstack/wsgi.py:715}}
May 09 04:26:18.411181 dv-cinder-838009-3-iscsi devstack@c-api.service[109985]: DEBUG cinder.api.openstack.wsgi [req-cca467a0-968b-4817-b735-7d5a86cf7bdd req-2a1add82-825b-42df-b47a-e7c7bc264a4b tempest-VolumesGetTestJSON-1134898797 tempest-VolumesGetTestJSON-1134898797-project] Calling method 'show' {{(pid=109985) _process_stack /opt/stack/cinder/cinder/api/openstack/wsgi.py:868}}
May 09 04:26:18.426888 dv-cinder-838009-3-iscsi devstack@c-api.service[109984]: DEBUG cinder.volume.api [None req-36a70a32-0f84-4acb-97b1-d2a301397392 tempest-GroupSnapshotsTest-1897075674 tempest-GroupSnapshotsTest-1897075674-project] Flow 'volume_create_api' (6d9ee2f5-f466-4aaa-8eb6-fde3e5220790) transitioned into state 'RUNNING' from state 'PENDING' {{(pid=109984) _flow_receiver /usr/local/lib/python3.8/dist-packages/taskflow/listeners/logging.py:141}}
May 09 04:26:18.430727 dv-cinder-838009-3-iscsi devstack@c-api.service[109984]: DEBUG cinder.volume.api [None req-36a70a32-0f84-4acb-97b1-d2a301397392 tempest-GroupSnapshotsTest-1897075674 tempest-GroupSnapshotsTest-1897075674-project] Task 'cinder.volume.flows.api.create_volume.ExtractVolumeRequestTask;volume:create' (d168f54f-d844-4507-ae05-aff2259fa5d7) transitioned into state 'RUNNING' from state 'PENDING' {{(pid=109984) _task_receiver /usr/local/lib/python3.8/dist-packages/taskflow/listeners/logging.py:190}}
May 09 04:26:18.433165 dv-cinder-838009-3-iscsi devstack@c-api.service[109984]: /usr/local/lib/python3.8/dist-packages/oslo_context/context.py:100: DeprecationWarning: Policy enforcement is depending on the value of is_admin. This key is deprecated. Please update your policy file to use the standard policy values.
May 09 04:26:18.433165 dv-cinder-838009-3-iscsi devstack@c-api.service[109984]: warnings.warn('Policy enforcement is depending on the value of '
May 09 04:26:18.434182 dv-cinder-838009-3-iscsi devstack@c-api.service[109984]: DEBUG cinder.volume.flows.api.create_volume [None req-36a70a32-0f84-4acb-97b1-d2a301397392 tempest-GroupSnapshotsTest-1897075674 tempest-GroupSnapshotsTest-1897075674-project] Validating volume size '1' using validate_int {{(pid=109984) _extract_size /opt/stack/cinder/cinder/volume/flows/api/create_volume.py:225}}
May 09 04:26:18.460071 dv-cinder-838009-3-iscsi devstack@c-api.service[109985]: /usr/local/lib/python3.8/dist-packages/oslo_context/context.py:100: DeprecationWarning: Policy enforcement is depending on the value of is_admin. This key is deprecated. Please update your policy file to use the standard policy values.
May 09 04:26:18.460071 dv-cinder-838009-3-iscsi devstack@c-api.service[109985]: warnings.warn('Policy enforcement is depending on the value of '
May 09 04:26:18.474086 dv-cinder-838009-3-iscsi devstack@c-api.service[109984]: DEBUG cinder.volume.api [None req-36a70a32-0f84-4acb-97b1-d2a301397392 tempest-GroupSnapshotsTest-1897075674 tempest-GroupSnapshotsTest-1897075674-project] Task 'cinder.volume.flows.api.create_volume.ExtractVolumeRequestTask;volume:create' (d168f54f-d844-4507-ae05-aff2259fa5d7) transitioned into state 'SUCCESS' from state 'RUNNING' with result '{'size': 1, 'snapshot_id': None, 'source_volid': None, 'volume_type': VolumeType(created_at=2022-05-09T04:26:15Z,deleted=False,deleted_at=None,description=None,extra_specs={},id=f7761d44-b1c3-4d11-8e01-3844783e2381,is_public=True,name='tempest-GroupSnapshotsTest-volume-type-459115286',projects=[],qos_specs=,qos_specs_id=None,updated_at=None), 'volume_type_id': 'f7761d44-b1c3-4d11-8e01-3844783e2381', 'encryption_key_id': None, 'qos_specs': None, 'consistencygroup_id': None, 'cgsnapshot_id': None, 'group_id': '06c6e2d1-b62b-4f35-b54a-7680103f3633', 'replication_status': 'disabled', 'refresh_az': False, 'backup_id': None, 'multiattach': False, 'availability_zones': ['nova']}' {{(pid=109984) _task_receiver /usr/local/lib/python3.8/dist-packages/taskflow/listeners/logging.py:178}}
May 09 04:26:18.481143 dv-cinder-838009-3-iscsi devstack@c-api.service[109985]: INFO cinder.volume.api [req-cca467a0-968b-4817-b735-7d5a86cf7bdd req-2a1add82-825b-42df-b47a-e7c7bc264a4b tempest-VolumesGetTestJSON-1134898797 tempest-VolumesGetTestJSON-1134898797-project] Volume info retrieved successfully.
May 09 04:26:18.484900 dv-cinder-838009-3-iscsi devstack@c-api.service[109984]: DEBUG cinder.volume.api [None req-36a70a32-0f84-4acb-97b1-d2a301397392 tempest-GroupSnapshotsTest-1897075674 tempest-GroupSnapshotsTest-1897075674-project] Task 'cinder.volume.flows.api.create_volume.QuotaReserveTask;volume:create' (97caa3cf-3421-4359-be6c-4e9d13ac1254) transitioned into state 'RUNNING' from state 'PENDING' {{(pid=109984) _task_receiver /usr/local/lib/python3.8/dist-packages/taskflow/listeners/logging.py:190}}
May 09 04:26:18.517886 dv-cinder-838009-3-iscsi devstack@c-api.service[109985]: INFO cinder.api.openstack.wsgi [req-cca467a0-968b-4817-b735-7d5a86cf7bdd req-2a1add82-825b-42df-b47a-e7c7bc264a4b tempest-VolumesGetTestJSON-1134898797 tempest-VolumesGetTestJSON-1134898797-project] http://10.222.0.44/volume/v3/d8b020b16f9c43cb9e04a786011069c4/volumes/b990629c-2113-477f-86e8-808ba206287f returned with HTTP 200
May 09 04:26:18.522434 dv-cinder-838009-3-iscsi devstack@c-api.service[109985]: [pid: 109985|app: 0|req: 27/50] 10.222.0.44 () {60 vars in 1578 bytes} [Mon May 9 04:26:18 2022] GET /volume/v3/d8b020b16f9c43cb9e04a786011069c4/volumes/b990629c-2113-477f-86e8-808ba206287f => generated 925 bytes in 135 msecs (HTTP/1.1 200) 7 headers in 285 bytes (1 switches on core 0)
May 09 04:26:18.526437 dv-cinder-838009-3-iscsi devstack@c-api.service[109985]: DEBUG cinder.api.middleware.request_id [None req-af4f0736-5779-4731-b7ce-1868ae56e4eb None None] RequestId filter calling following filter/app {{(pid=109985) _context_setter /opt/stack/cinder/cinder/api/middleware/request_id.py:62}}
May 09 04:26:18.540429 dv-cinder-838009-3-iscsi devstack@c-api.service[109985]: INFO cinder.api.openstack.wsgi [None req-af4f0736-5779-4731-b7ce-1868ae56e4eb tempest-QosSpecsTestJSON-193890900 tempest-QosSpecsTestJSON-193890900-project-admin] GET http://10.222.0.44/volume/v3/8519390d3262470593b9acf3ab8f240a/qos-specs/015bca69-88a0-4ccc-9da8-e2727c71e4b9
May 09 04:26:18.543050 dv-cinder-838009-3-iscsi devstack@c-api.service[109985]: DEBUG cinder.api.openstack.wsgi [None req-af4f0736-5779-4731-b7ce-1868ae56e4eb tempest-QosSpecsTestJSON-193890900 tempest-QosSpecsTestJSON-193890900-project-admin] Empty body provided in request {{(pid=109985) get_body /opt/stack/cinder/cinder/api/openstack/wsgi.py:715}}
May 09 04:26:18.544828 dv-cinder-838009-3-iscsi devstack@c-api.service[109985]: DEBUG cinder.api.openstack.wsgi [None req-af4f0736-5779-4731-b7ce-1868ae56e4eb tempest-QosSpecsTestJSON-193890900 tempest-QosSpecsTestJSON-193890900-project-admin] Calling method 'show' {{(pid=109985) _process_stack /opt/stack/cinder/cinder/api/openstack/wsgi.py:868}}
May 09 04:26:18.564445 dv-cinder-838009-3-iscsi devstack@c-api.service[109985]: INFO cinder.api.openstack.wsgi [None req-af4f0736-5779-4731-b7ce-1868ae56e4eb tempest-QosSpecsTestJSON-193890900 tempest-QosSpecsTestJSON-193890900-project-admin] http://10.222.0.44/volume/v3/8519390d3262470593b9acf3ab8f240a/qos-specs/015bca69-88a0-4ccc-9da8-e2727c71e4b9 returned with HTTP 200
May 09 04:26:18.576236 dv-cinder-838009-3-iscsi devstack@c-api.service[109985]: [pid: 109985|app: 0|req: 28/51] 10.222.0.44 () {58 vars in 1330 bytes} [Mon May 9 04:26:18 2022] GET /volume/v3/8519390d3262470593b9acf3ab8f240a/qos-specs/015bca69-88a0-4ccc-9da8-e2727c71e4b9 => generated 458 bytes in 53 msecs (HTTP/1.1 200) 7 headers in 285 bytes (1 switches on core 0)
May 09 04:26:18.579795 dv-cinder-838009-3-iscsi devstack@c-api.service[109985]: DEBUG cinder.api.middleware.request_id [req-97d7abb8-4d95-47c7-8579-e976c49a9f22 req-800e34c2-3b90-49e6-ab15-a2a796c06c8e None None] RequestId filter calling following filter/app {{(pid=109985) _context_setter /opt/stack/cinder/cinder/api/middleware/request_id.py:62}}
May 09 04:26:18.589542 dv-cinder-838009-3-iscsi devstack@c-api.service[109985]: INFO cinder.api.openstack.wsgi [req-97d7abb8-4d95-47c7-8579-e976c49a9f22 req-800e34c2-3b90-49e6-ab15-a2a796c06c8e tempest-VolumesSnapshotsTestJSON-1393918454 tempest-VolumesSnapshotsTestJSON-1393918454-project] GET http://10.222.0.44/volume/v3/4b289587284a4aba96b85ffec328efff/volumes/58c39049-154e-4773-a145-64bb9675049e
May 09 04:26:18.590476 dv-cinder-838009-3-iscsi devstack@c-api.service[109985]: DEBUG cinder.api.openstack.wsgi [req-97d7abb8-4d95-47c7-8579-e976c49a9f22 req-800e34c2-3b90-49e6-ab15-a2a796c06c8e tempest-VolumesSnapshotsTestJSON-1393918454 tempest-VolumesSnapshotsTestJSON-1393918454-project] Empty body provided in request {{(pid=109985) get_body /opt/stack/cinder/cinder/api/openstack/wsgi.py:715}}
May 09 04:26:18.592609 dv-cinder-838009-3-iscsi devstack@c-api.service[109985]: DEBUG cinder.api.openstack.wsgi [req-97d7abb8-4d95-47c7-8579-e976c49a9f22 req-800e34c2-3b90-49e6-ab15-a2a796c06c8e tempest-VolumesSnapshotsTestJSON-1393918454 tempest-VolumesSnapshotsTestJSON-1393918454-project] Calling method 'show' {{(pid=109985) _process_stack /opt/stack/cinder/cinder/api/openstack/wsgi.py:868}}
May 09 04:26:18.599159 dv-cinder-838009-3-iscsi devstack@c-api.service[109984]: WARNING cinder.quota [None req-36a70a32-0f84-4acb-97b1-d2a301397392 tempest-GroupSnapshotsTest-1897075674 tempest-GroupSnapshotsTest-1897075674-project] Deprecated: Default quota for resource: volumes_tempest-GroupSnapshotsTest-volume-type-459115286 is set by the default quota flag: quota_volumes_tempest-GroupSnapshotsTest-volume-type-459115286, it is now deprecated. Please use the default quota class for default quota.
May 09 04:26:18.602033 dv-cinder-838009-3-iscsi devstack@c-api.service[109984]: WARNING cinder.quota [None req-36a70a32-0f84-4acb-97b1-d2a301397392 tempest-GroupSnapshotsTest-1897075674 tempest-GroupSnapshotsTest-1897075674-project] Deprecated: Default quota for resource: gigabytes_tempest-GroupSnapshotsTest-volume-type-459115286 is set by the default quota flag: quota_gigabytes_tempest-GroupSnapshotsTest-volume-type-459115286, it is now deprecated. Please use the default quota class for default quota.
May 09 04:26:18.627611 dv-cinder-838009-3-iscsi devstack@c-api.service[109985]: /usr/local/lib/python3.8/dist-packages/oslo_context/context.py:100: DeprecationWarning: Policy enforcement is depending on the value of is_admin. This key is deprecated. Please update your policy file to use the standard policy values.
May 09 04:26:18.627611 dv-cinder-838009-3-iscsi devstack@c-api.service[109985]: warnings.warn('Policy enforcement is depending on the value of '
May 09 04:26:18.643290 dv-cinder-838009-3-iscsi devstack@c-api.service[109985]: INFO cinder.volume.api [req-97d7abb8-4d95-47c7-8579-e976c49a9f22 req-800e34c2-3b90-49e6-ab15-a2a796c06c8e tempest-VolumesSnapshotsTestJSON-1393918454 tempest-VolumesSnapshotsTestJSON-1393918454-project] Volume info retrieved successfully.
May 09 04:26:18.666858 dv-cinder-838009-3-iscsi devstack@c-api.service[109985]: INFO cinder.api.openstack.wsgi [req-97d7abb8-4d95-47c7-8579-e976c49a9f22 req-800e34c2-3b90-49e6-ab15-a2a796c06c8e tempest-VolumesSnapshotsTestJSON-1393918454 tempest-VolumesSnapshotsTestJSON-1393918454-project] http://10.222.0.44/volume/v3/4b289587284a4aba96b85ffec328efff/volumes/58c39049-154e-4773-a145-64bb9675049e returned with HTTP 200
May 09 04:26:18.669760 dv-cinder-838009-3-iscsi devstack@c-api.service[109985]: [pid: 109985|app: 0|req: 29/52] 10.222.0.44 () {60 vars in 1578 bytes} [Mon May 9 04:26:18 2022] GET /volume/v3/4b289587284a4aba96b85ffec328efff/volumes/58c39049-154e-4773-a145-64bb9675049e => generated 917 bytes in 92 msecs (HTTP/1.1 200) 7 headers in 285 bytes (1 switches on core 0)
May 09 04:26:18.672193 dv-cinder-838009-3-iscsi devstack@c-api.service[109985]: DEBUG cinder.api.middleware.request_id [None req-4e32ec95-b192-4bdb-ae2c-2a469e2a337d None None] RequestId filter calling following filter/app {{(pid=109985) _context_setter /opt/stack/cinder/cinder/api/middleware/request_id.py:62}}
May 09 04:26:18.692380 dv-cinder-838009-3-iscsi devstack@c-api.service[109985]: INFO cinder.api.openstack.wsgi [None req-4e32ec95-b192-4bdb-ae2c-2a469e2a337d tempest-QosSpecsTestJSON-193890900 tempest-QosSpecsTestJSON-193890900-project-admin] DELETE http://10.222.0.44/volume/v3/8519390d3262470593b9acf3ab8f240a/qos-specs/dbcb2a1c-fad1-4bf3-86a7-6d0874840b01?force=False
May 09 04:26:18.692866 dv-cinder-838009-3-iscsi devstack@c-api.service[109985]: DEBUG cinder.api.openstack.wsgi [None req-4e32ec95-b192-4bdb-ae2c-2a469e2a337d tempest-QosSpecsTestJSON-193890900 tempest-QosSpecsTestJSON-193890900-project-admin] Empty body provided in request {{(pid=109985) get_body /opt/stack/cinder/cinder/api/openstack/wsgi.py:715}}
May 09 04:26:18.693367 dv-cinder-838009-3-iscsi devstack@c-api.service[109985]: DEBUG cinder.api.openstack.wsgi [None req-4e32ec95-b192-4bdb-ae2c-2a469e2a337d tempest-QosSpecsTestJSON-193890900 tempest-QosSpecsTestJSON-193890900-project-admin] Calling method 'delete' {{(pid=109985) _process_stack /opt/stack/cinder/cinder/api/openstack/wsgi.py:868}}
May 09 04:26:18.695492 dv-cinder-838009-3-iscsi devstack@c-api.service[109985]: DEBUG cinder.api.contrib.qos_specs_manage [None req-4e32ec95-b192-4bdb-ae2c-2a469e2a337d tempest-QosSpecsTestJSON-193890900 tempest-QosSpecsTestJSON-193890900-project-admin] Delete qos_spec: dbcb2a1c-fad1-4bf3-86a7-6d0874840b01, force: False {{(pid=109985) delete /opt/stack/cinder/cinder/api/contrib/qos_specs_manage.py:168}}
May 09 04:26:18.700355 dv-cinder-838009-3-iscsi devstack@c-api.service[109985]: INFO cinder.api.openstack.wsgi [None req-4e32ec95-b192-4bdb-ae2c-2a469e2a337d tempest-QosSpecsTestJSON-193890900 tempest-QosSpecsTestJSON-193890900-project-admin] http://10.222.0.44/volume/v3/8519390d3262470593b9acf3ab8f240a/qos-specs/dbcb2a1c-fad1-4bf3-86a7-6d0874840b01?force=False returned with HTTP 404
May 09 04:26:18.701272 dv-cinder-838009-3-iscsi devstack@c-api.service[109985]: [pid: 109985|app: 0|req: 30/53] 10.222.0.44 () {58 vars in 1356 bytes} [Mon May 9 04:26:18 2022] DELETE /volume/v3/8519390d3262470593b9acf3ab8f240a/qos-specs/dbcb2a1c-fad1-4bf3-86a7-6d0874840b01?force=False => generated 100 bytes in 31 msecs (HTTP/1.1 404) 7 headers in 292 bytes (1 switches on core 0)
May 09 04:26:18.702891 dv-cinder-838009-3-iscsi devstack@c-api.service[109985]: DEBUG cinder.api.middleware.request_id [req-b3f766a7-5bf1-459c-9995-b1cfd28fe0b0 req-79e40d42-4485-4acd-8506-0b918286edb9 None None] RequestId filter calling following filter/app {{(pid=109985) _context_setter /opt/stack/cinder/cinder/api/middleware/request_id.py:62}}
May 09 04:26:18.708424 dv-cinder-838009-3-iscsi devstack@c-api.service[109985]: INFO cinder.api.openstack.wsgi [req-b3f766a7-5bf1-459c-9995-b1cfd28fe0b0 req-79e40d42-4485-4acd-8506-0b918286edb9 tempest-VolumesGetTestJSON-1134898797 tempest-VolumesGetTestJSON-1134898797-project] DELETE http://10.222.0.44/volume/v3/d8b020b16f9c43cb9e04a786011069c4/volumes/b990629c-2113-477f-86e8-808ba206287f
May 09 04:26:18.708861 dv-cinder-838009-3-iscsi devstack@c-api.service[109985]: DEBUG cinder.api.openstack.wsgi [req-b3f766a7-5bf1-459c-9995-b1cfd28fe0b0 req-79e40d42-4485-4acd-8506-0b918286edb9 tempest-VolumesGetTestJSON-1134898797 tempest-VolumesGetTestJSON-1134898797-project] Empty body provided in request {{(pid=109985) get_body /opt/stack/cinder/cinder/api/openstack/wsgi.py:715}}
May 09 04:26:18.709032 dv-cinder-838009-3-iscsi devstack@c-api.service[109984]: DEBUG cinder.quota [None req-36a70a32-0f84-4acb-97b1-d2a301397392 tempest-GroupSnapshotsTest-1897075674 tempest-GroupSnapshotsTest-1897075674-project] Created reservations ['bac75cf6-8fde-4e94-a0be-ad1ca31161ea', '77644c2c-489d-4f43-a1d0-cfd436a76522', 'ebbbb5d7-a5c2-4e38-82f7-fae38314d081', 'd1d74935-2447-40c6-bcba-26125919114a'] {{(pid=109984) reserve /opt/stack/cinder/cinder/quota.py:755}}
May 09 04:26:18.709758 dv-cinder-838009-3-iscsi devstack@c-api.service[109985]: DEBUG cinder.api.openstack.wsgi [req-b3f766a7-5bf1-459c-9995-b1cfd28fe0b0 req-79e40d42-4485-4acd-8506-0b918286edb9 tempest-VolumesGetTestJSON-1134898797 tempest-VolumesGetTestJSON-1134898797-project] Calling method 'delete' {{(pid=109985) _process_stack /opt/stack/cinder/cinder/api/openstack/wsgi.py:868}}
May 09 04:26:18.709758 dv-cinder-838009-3-iscsi devstack@c-api.service[109985]: INFO cinder.api.v3.volumes [req-b3f766a7-5bf1-459c-9995-b1cfd28fe0b0 req-79e40d42-4485-4acd-8506-0b918286edb9 tempest-VolumesGetTestJSON-1134898797 tempest-VolumesGetTestJSON-1134898797-project] Delete volume with id: b990629c-2113-477f-86e8-808ba206287f
May 09 04:26:18.711638 dv-cinder-838009-3-iscsi devstack@c-api.service[109984]: DEBUG cinder.volume.api [None req-36a70a32-0f84-4acb-97b1-d2a301397392 tempest-GroupSnapshotsTest-1897075674 tempest-GroupSnapshotsTest-1897075674-project] Task 'cinder.volume.flows.api.create_volume.QuotaReserveTask;volume:create' (97caa3cf-3421-4359-be6c-4e9d13ac1254) transitioned into state 'SUCCESS' from state 'RUNNING' with result '{'reservations': ['bac75cf6-8fde-4e94-a0be-ad1ca31161ea', '77644c2c-489d-4f43-a1d0-cfd436a76522', 'ebbbb5d7-a5c2-4e38-82f7-fae38314d081', 'd1d74935-2447-40c6-bcba-26125919114a']}' {{(pid=109984) _task_receiver /usr/local/lib/python3.8/dist-packages/taskflow/listeners/logging.py:178}}
May 09 04:26:18.714716 dv-cinder-838009-3-iscsi devstack@c-api.service[109984]: DEBUG cinder.volume.api [None req-36a70a32-0f84-4acb-97b1-d2a301397392 tempest-GroupSnapshotsTest-1897075674 tempest-GroupSnapshotsTest-1897075674-project] Task 'cinder.volume.flows.api.create_volume.EntryCreateTask;volume:create' (c710a716-fce9-46eb-b530-f64d9436452b) transitioned into state 'RUNNING' from state 'PENDING' {{(pid=109984) _task_receiver /usr/local/lib/python3.8/dist-packages/taskflow/listeners/logging.py:190}}
May 09 04:26:18.726842 dv-cinder-838009-3-iscsi devstack@c-api.service[109985]: /usr/local/lib/python3.8/dist-packages/oslo_context/context.py:100: DeprecationWarning: Policy enforcement is depending on the value of is_admin. This key is deprecated. Please update your policy file to use the standard policy values.
May 09 04:26:18.726842 dv-cinder-838009-3-iscsi devstack@c-api.service[109985]: warnings.warn('Policy enforcement is depending on the value of '
May 09 04:26:18.727932 dv-cinder-838009-3-iscsi devstack@c-api.service[109985]: INFO cinder.volume.api [req-b3f766a7-5bf1-459c-9995-b1cfd28fe0b0 req-79e40d42-4485-4acd-8506-0b918286edb9 tempest-VolumesGetTestJSON-1134898797 tempest-VolumesGetTestJSON-1134898797-project] Volume info retrieved successfully.
May 09 04:26:18.756104 dv-cinder-838009-3-iscsi devstack@c-api.service[109984]: DEBUG cinder.volume.api [None req-36a70a32-0f84-4acb-97b1-d2a301397392 tempest-GroupSnapshotsTest-1897075674 tempest-GroupSnapshotsTest-1897075674-project] Task 'cinder.volume.flows.api.create_volume.EntryCreateTask;volume:create' (c710a716-fce9-46eb-b530-f64d9436452b) transitioned into state 'SUCCESS' from state 'RUNNING' with result '{'volume_id': '63edb861-5abd-4b12-9f26-14537f4ecf1b', 'volume_properties': VolumeProperties(attach_status='detached',availability_zone='nova',cgsnapshot_id=None,consistencygroup_id=None,display_description=None,display_name='tempest-GroupSnapshotsTest-Volume-1377058346',encryption_key_id=None,group_id=06c6e2d1-b62b-4f35-b54a-7680103f3633,group_type_id=,metadata={},multiattach=False,project_id='aee7fe01f201408e8949d3405fe44586',qos_specs=None,replication_status=,reservations=['bac75cf6-8fde-4e94-a0be-ad1ca31161ea','77644c2c-489d-4f43-a1d0-cfd436a76522','ebbbb5d7-a5c2-4e38-82f7-fae38314d081','d1d74935-2447-40c6-bcba-26125919114a'],size=1,snapshot_id=None,source_replicaid=,source_volid=None,status='creating',user_id='c28066d9a3ab4d58aa9e950abb9ec2c9',volume_type_id=f7761d44-b1c3-4d11-8e01-3844783e2381), 'volume': Volume(_name_id=None,admin_metadata=,attach_status='detached',availability_zone='nova',bootable=False,cluster=,cluster_name=None,consistencygroup=,consistencygroup_id=None,created_at=2022-05-09T04:26:18Z,deleted=False,deleted_at=None,display_description=None,display_name='tempest-GroupSnapshotsTest-Volume-1377058346',ec2_id=None,encryption_key_id=None,glance_metadata=,group=,group_id=06c6e2d1-b62b-4f35-b54a-7680103f3633,host=None,id=63edb861-5abd-4b12-9f26-14537f4ecf1b,launched_at=None,metadata={},migration_status=None,multiattach=False,previous_status=None,project_id='aee7fe01f201408e8949d3405fe44586',provider_auth=None,provider_geometry=None,provider_id=None,provider_location=None,replication_driver_data=None,replication_extended_status=None,replication_status=None,scheduled_at=None,service_uuid=None,shared_targets=True,size=1,snapshot_id=None,snapshots=,source_volid=None,status='creating',terminated_at=None,updated_at=None,use_quota=True,user_id='c28066d9a3ab4d58aa9e950abb9ec2c9',volume_attachment=VolumeAttachmentList,volume_type=VolumeType(f7761d44-b1c3-4d11-8e01-3844783e2381),volume_type_id=f7761d44-b1c3-4d11-8e01-3844783e2381)}' {{(pid=109984) _task_receiver /usr/local/lib/python3.8/dist-packages/taskflow/listeners/logging.py:178}}
May 09 04:26:18.759496 dv-cinder-838009-3-iscsi devstack@c-api.service[109984]: DEBUG cinder.volume.api [None req-36a70a32-0f84-4acb-97b1-d2a301397392 tempest-GroupSnapshotsTest-1897075674 tempest-GroupSnapshotsTest-1897075674-project] Task 'cinder.volume.flows.api.create_volume.QuotaCommitTask;volume:create' (645d40c4-b34e-45eb-addb-daa1a5df87d4) transitioned into state 'RUNNING' from state 'PENDING' {{(pid=109984) _task_receiver /usr/local/lib/python3.8/dist-packages/taskflow/listeners/logging.py:190}}
May 09 04:26:18.791956 dv-cinder-838009-3-iscsi devstack@c-api.service[109985]: INFO cinder.volume.api [req-b3f766a7-5bf1-459c-9995-b1cfd28fe0b0 req-79e40d42-4485-4acd-8506-0b918286edb9 tempest-VolumesGetTestJSON-1134898797 tempest-VolumesGetTestJSON-1134898797-project] Delete volume request issued successfully.
May 09 04:26:18.792356 dv-cinder-838009-3-iscsi devstack@c-api.service[109985]: INFO cinder.api.openstack.wsgi [req-b3f766a7-5bf1-459c-9995-b1cfd28fe0b0 req-79e40d42-4485-4acd-8506-0b918286edb9 tempest-VolumesGetTestJSON-1134898797 tempest-VolumesGetTestJSON-1134898797-project] http://10.222.0.44/volume/v3/d8b020b16f9c43cb9e04a786011069c4/volumes/b990629c-2113-477f-86e8-808ba206287f returned with HTTP 202
May 09 04:26:18.794928 dv-cinder-838009-3-iscsi devstack@c-api.service[109984]: DEBUG cinder.volume.api [None req-36a70a32-0f84-4acb-97b1-d2a301397392 tempest-GroupSnapshotsTest-1897075674 tempest-GroupSnapshotsTest-1897075674-project] Task 'cinder.volume.flows.api.create_volume.QuotaCommitTask;volume:create' (645d40c4-b34e-45eb-addb-daa1a5df87d4) transitioned into state 'SUCCESS' from state 'RUNNING' with result '{'volume_properties': VolumeProperties(attach_status='detached',availability_zone='nova',cgsnapshot_id=None,consistencygroup_id=None,display_description=None,display_name='tempest-GroupSnapshotsTest-Volume-1377058346',encryption_key_id=None,group_id=06c6e2d1-b62b-4f35-b54a-7680103f3633,group_type_id=,metadata={},multiattach=False,project_id='aee7fe01f201408e8949d3405fe44586',qos_specs=None,replication_status=,reservations=['bac75cf6-8fde-4e94-a0be-ad1ca31161ea','77644c2c-489d-4f43-a1d0-cfd436a76522','ebbbb5d7-a5c2-4e38-82f7-fae38314d081','d1d74935-2447-40c6-bcba-26125919114a'],size=1,snapshot_id=None,source_replicaid=,source_volid=None,status='creating',user_id='c28066d9a3ab4d58aa9e950abb9ec2c9',volume_type_id=f7761d44-b1c3-4d11-8e01-3844783e2381)}' {{(pid=109984) _task_receiver /usr/local/lib/python3.8/dist-packages/taskflow/listeners/logging.py:178}}
May 09 04:26:18.798019 dv-cinder-838009-3-iscsi devstack@c-api.service[109984]: DEBUG cinder.volume.api [None req-36a70a32-0f84-4acb-97b1-d2a301397392 tempest-GroupSnapshotsTest-1897075674 tempest-GroupSnapshotsTest-1897075674-project] Task 'cinder.volume.flows.api.create_volume.VolumeCastTask;volume:create' (403a24dc-f52e-4b48-bf22-a384c70068e0) transitioned into state 'RUNNING' from state 'PENDING' {{(pid=109984) _task_receiver /usr/local/lib/python3.8/dist-packages/taskflow/listeners/logging.py:190}}
May 09 04:26:18.801352 dv-cinder-838009-3-iscsi devstack@c-api.service[109985]: [pid: 109985|app: 0|req: 31/54] 10.222.0.44 () {62 vars in 1600 bytes} [Mon May 9 04:26:18 2022] DELETE /volume/v3/d8b020b16f9c43cb9e04a786011069c4/volumes/b990629c-2113-477f-86e8-808ba206287f => generated 0 bytes in 99 msecs (HTTP/1.1 202) 6 headers in 233 bytes (1 switches on core 0)
May 09 04:26:18.806744 dv-cinder-838009-3-iscsi devstack@c-api.service[109985]: DEBUG cinder.api.middleware.request_id [None req-1e71e55b-aa9c-466a-9ad7-c0314b6e14d0 None None] RequestId filter calling following filter/app {{(pid=109985) _context_setter /opt/stack/cinder/cinder/api/middleware/request_id.py:62}}
May 09 04:26:18.823088 dv-cinder-838009-3-iscsi devstack@c-api.service[109985]: INFO cinder.api.openstack.wsgi [None req-1e71e55b-aa9c-466a-9ad7-c0314b6e14d0 tempest-QosSpecsTestJSON-193890900 tempest-QosSpecsTestJSON-193890900-project-admin] GET http://10.222.0.44/volume/v3/8519390d3262470593b9acf3ab8f240a/qos-specs/dbcb2a1c-fad1-4bf3-86a7-6d0874840b01
May 09 04:26:18.825644 dv-cinder-838009-3-iscsi devstack@c-api.service[109985]: DEBUG cinder.api.openstack.wsgi [None req-1e71e55b-aa9c-466a-9ad7-c0314b6e14d0 tempest-QosSpecsTestJSON-193890900 tempest-QosSpecsTestJSON-193890900-project-admin] Empty body provided in request {{(pid=109985) get_body /opt/stack/cinder/cinder/api/openstack/wsgi.py:715}}
May 09 04:26:18.827274 dv-cinder-838009-3-iscsi devstack@c-api.service[109985]: DEBUG cinder.api.openstack.wsgi [None req-1e71e55b-aa9c-466a-9ad7-c0314b6e14d0 tempest-QosSpecsTestJSON-193890900 tempest-QosSpecsTestJSON-193890900-project-admin] Calling method 'show' {{(pid=109985) _process_stack /opt/stack/cinder/cinder/api/openstack/wsgi.py:868}}
May 09 04:26:18.844921 dv-cinder-838009-3-iscsi devstack@c-api.service[109985]: INFO cinder.api.openstack.wsgi [None req-1e71e55b-aa9c-466a-9ad7-c0314b6e14d0 tempest-QosSpecsTestJSON-193890900 tempest-QosSpecsTestJSON-193890900-project-admin] http://10.222.0.44/volume/v3/8519390d3262470593b9acf3ab8f240a/qos-specs/dbcb2a1c-fad1-4bf3-86a7-6d0874840b01 returned with HTTP 404
May 09 04:26:18.845984 dv-cinder-838009-3-iscsi devstack@c-api.service[109985]: [pid: 109985|app: 0|req: 32/55] 10.222.0.44 () {58 vars in 1330 bytes} [Mon May 9 04:26:18 2022] GET /volume/v3/8519390d3262470593b9acf3ab8f240a/qos-specs/dbcb2a1c-fad1-4bf3-86a7-6d0874840b01 => generated 100 bytes in 44 msecs (HTTP/1.1 404) 7 headers in 292 bytes (1 switches on core 0)
May 09 04:26:18.847090 dv-cinder-838009-3-iscsi devstack@c-api.service[109985]: DEBUG cinder.api.middleware.request_id [req-ada4993b-46ef-41f2-8b52-6dd6ea459aa7 req-4e987147-1a09-4c59-b38d-2ce8f3692d0f None None] RequestId filter calling following filter/app {{(pid=109985) _context_setter /opt/stack/cinder/cinder/api/middleware/request_id.py:62}}
May 09 04:26:18.862509 dv-cinder-838009-3-iscsi devstack@c-api.service[109985]: INFO cinder.api.openstack.wsgi [req-ada4993b-46ef-41f2-8b52-6dd6ea459aa7 req-4e987147-1a09-4c59-b38d-2ce8f3692d0f tempest-VolumesSnapshotsTestJSON-1393918454 tempest-VolumesSnapshotsTestJSON-1393918454-project] POST http://10.222.0.44/volume/v3/4b289587284a4aba96b85ffec328efff/snapshots
May 09 04:26:18.863203 dv-cinder-838009-3-iscsi devstack@c-api.service[109984]: DEBUG cinder.volume.api [None req-36a70a32-0f84-4acb-97b1-d2a301397392 tempest-GroupSnapshotsTest-1897075674 tempest-GroupSnapshotsTest-1897075674-project] Task 'cinder.volume.flows.api.create_volume.VolumeCastTask;volume:create' (403a24dc-f52e-4b48-bf22-a384c70068e0) transitioned into state 'SUCCESS' from state 'RUNNING' with result 'None' {{(pid=109984) _task_receiver /usr/local/lib/python3.8/dist-packages/taskflow/listeners/logging.py:178}}
May 09 04:26:18.866567 dv-cinder-838009-3-iscsi devstack@c-api.service[109985]: DEBUG cinder.api.openstack.wsgi [req-ada4993b-46ef-41f2-8b52-6dd6ea459aa7 req-4e987147-1a09-4c59-b38d-2ce8f3692d0f tempest-VolumesSnapshotsTestJSON-1393918454 tempest-VolumesSnapshotsTestJSON-1393918454-project] Action: 'create', calling method: create, body: {"snapshot": {"volume_id": "58c39049-154e-4773-a145-64bb9675049e", "force": false, "name": "tempest-VolumesSnapshotsTestJSON-Snapshot-650733220", "description": null, "metadata": {}}} {{(pid=109985) _process_stack /opt/stack/cinder/cinder/api/openstack/wsgi.py:866}}
May 09 04:26:18.872956 dv-cinder-838009-3-iscsi devstack@c-api.service[109984]: DEBUG cinder.volume.api [None req-36a70a32-0f84-4acb-97b1-d2a301397392 tempest-GroupSnapshotsTest-1897075674 tempest-GroupSnapshotsTest-1897075674-project] Flow 'volume_create_api' (6d9ee2f5-f466-4aaa-8eb6-fde3e5220790) transitioned into state 'SUCCESS' from state 'RUNNING' {{(pid=109984) _flow_receiver /usr/local/lib/python3.8/dist-packages/taskflow/listeners/logging.py:141}}
May 09 04:26:18.873871 dv-cinder-838009-3-iscsi devstack@c-api.service[109984]: INFO cinder.volume.api [None req-36a70a32-0f84-4acb-97b1-d2a301397392 tempest-GroupSnapshotsTest-1897075674 tempest-GroupSnapshotsTest-1897075674-project] Create volume request issued successfully.
May 09 04:26:18.881603 dv-cinder-838009-3-iscsi devstack@c-api.service[109984]: WARNING stevedore.named [None req-36a70a32-0f84-4acb-97b1-d2a301397392 tempest-GroupSnapshotsTest-1897075674 tempest-GroupSnapshotsTest-1897075674-project] Could not load cinder.keymgr.conf_key_mgr.ConfKeyManager
May 09 04:26:18.882359 dv-cinder-838009-3-iscsi devstack@c-api.service[109984]: WARNING castellan.key_manager [None req-36a70a32-0f84-4acb-97b1-d2a301397392 tempest-GroupSnapshotsTest-1897075674 tempest-GroupSnapshotsTest-1897075674-project] Deprecation Warning : cinder.keymgr.conf_key_mgr.ConfKeyManager is not a stevedore based driver, trying to load it as a class: stevedore.exception.NoMatches: No 'castellan.drivers' driver found, looking for 'cinder.keymgr.conf_key_mgr.ConfKeyManager'
May 09 04:26:18.900434 dv-cinder-838009-3-iscsi devstack@c-api.service[109984]: DEBUG oslo_db.sqlalchemy.engines [None req-36a70a32-0f84-4acb-97b1-d2a301397392 tempest-GroupSnapshotsTest-1897075674 tempest-GroupSnapshotsTest-1897075674-project] MySQL server mode set to STRICT_TRANS_TABLES,STRICT_ALL_TABLES,NO_ZERO_IN_DATE,NO_ZERO_DATE,ERROR_FOR_DIVISION_BY_ZERO,TRADITIONAL,NO_ENGINE_SUBSTITUTION {{(pid=109984) _check_effective_sql_mode /usr/local/lib/python3.8/dist-packages/oslo_db/sqlalchemy/engines.py:314}}
May 09 04:26:18.906744 dv-cinder-838009-3-iscsi devstack@c-api.service[109985]: /usr/local/lib/python3.8/dist-packages/oslo_context/context.py:100: DeprecationWarning: Policy enforcement is depending on the value of is_admin. This key is deprecated. Please update your policy file to use the standard policy values.
May 09 04:26:18.906744 dv-cinder-838009-3-iscsi devstack@c-api.service[109985]: warnings.warn('Policy enforcement is depending on the value of '
May 09 04:26:18.910165 dv-cinder-838009-3-iscsi devstack@c-api.service[109985]: INFO cinder.volume.api [req-ada4993b-46ef-41f2-8b52-6dd6ea459aa7 req-4e987147-1a09-4c59-b38d-2ce8f3692d0f tempest-VolumesSnapshotsTestJSON-1393918454 tempest-VolumesSnapshotsTestJSON-1393918454-project] Volume info retrieved successfully.
May 09 04:26:18.910588 dv-cinder-838009-3-iscsi devstack@c-api.service[109985]: INFO cinder.api.v3.snapshots [req-ada4993b-46ef-41f2-8b52-6dd6ea459aa7 req-4e987147-1a09-4c59-b38d-2ce8f3692d0f tempest-VolumesSnapshotsTestJSON-1393918454 tempest-VolumesSnapshotsTestJSON-1393918454-project] Create snapshot from volume 58c39049-154e-4773-a145-64bb9675049e
May 09 04:26:18.916686 dv-cinder-838009-3-iscsi devstack@c-api.service[109984]: /usr/local/lib/python3.8/dist-packages/oslo_context/context.py:100: DeprecationWarning: Policy enforcement is depending on the value of is_admin. This key is deprecated. Please update your policy file to use the standard policy values.
May 09 04:26:18.916686 dv-cinder-838009-3-iscsi devstack@c-api.service[109984]: warnings.warn('Policy enforcement is depending on the value of '
May 09 04:26:18.936945 dv-cinder-838009-3-iscsi devstack@c-api.service[109984]: INFO cinder.api.openstack.wsgi [None req-36a70a32-0f84-4acb-97b1-d2a301397392 tempest-GroupSnapshotsTest-1897075674 tempest-GroupSnapshotsTest-1897075674-project] http://10.222.0.44/volume/v3/aee7fe01f201408e8949d3405fe44586/volumes returned with HTTP 202
May 09 04:26:18.947230 dv-cinder-838009-3-iscsi devstack@c-api.service[109984]: [pid: 109984|app: 0|req: 24/56] 10.222.0.44 () {62 vars in 1276 bytes} [Mon May 9 04:26:18 2022] POST /volume/v3/aee7fe01f201408e8949d3405fe44586/volumes => generated 907 bytes in 594 msecs (HTTP/1.1 202) 7 headers in 292 bytes (1 switches on core 0)
May 09 04:26:18.947230 dv-cinder-838009-3-iscsi devstack@c-api.service[109984]: DEBUG cinder.api.middleware.request_id [None req-8a62ba42-ebda-4e69-9121-2b694ba006e6 None None] RequestId filter calling following filter/app {{(pid=109984) _context_setter /opt/stack/cinder/cinder/api/middleware/request_id.py:62}}
May 09 04:26:18.957224 dv-cinder-838009-3-iscsi devstack@c-api.service[109984]: INFO cinder.api.openstack.wsgi [None req-8a62ba42-ebda-4e69-9121-2b694ba006e6 tempest-QosSpecsTestJSON-193890900 tempest-QosSpecsTestJSON-193890900-project-admin] DELETE http://10.222.0.44/volume/v3/8519390d3262470593b9acf3ab8f240a/qos-specs/44e24fff-8733-4590-8ce7-3c1eb5e34efd?force=False
May 09 04:26:18.960458 dv-cinder-838009-3-iscsi devstack@c-api.service[109984]: DEBUG cinder.api.openstack.wsgi [None req-8a62ba42-ebda-4e69-9121-2b694ba006e6 tempest-QosSpecsTestJSON-193890900 tempest-QosSpecsTestJSON-193890900-project-admin] Empty body provided in request {{(pid=109984) get_body /opt/stack/cinder/cinder/api/openstack/wsgi.py:715}}
May 09 04:26:18.961634 dv-cinder-838009-3-iscsi devstack@c-api.service[109984]: DEBUG cinder.api.openstack.wsgi [None req-8a62ba42-ebda-4e69-9121-2b694ba006e6 tempest-QosSpecsTestJSON-193890900 tempest-QosSpecsTestJSON-193890900-project-admin] Calling method 'delete' {{(pid=109984) _process_stack /opt/stack/cinder/cinder/api/openstack/wsgi.py:868}}
May 09 04:26:18.964477 dv-cinder-838009-3-iscsi devstack@c-api.service[109984]: DEBUG cinder.api.contrib.qos_specs_manage [None req-8a62ba42-ebda-4e69-9121-2b694ba006e6 tempest-QosSpecsTestJSON-193890900 tempest-QosSpecsTestJSON-193890900-project-admin] Delete qos_spec: 44e24fff-8733-4590-8ce7-3c1eb5e34efd, force: False {{(pid=109984) delete /opt/stack/cinder/cinder/api/contrib/qos_specs_manage.py:168}}
May 09 04:26:18.976922 dv-cinder-838009-3-iscsi devstack@c-api.service[109984]: INFO cinder.api.openstack.wsgi [None req-8a62ba42-ebda-4e69-9121-2b694ba006e6 tempest-QosSpecsTestJSON-193890900 tempest-QosSpecsTestJSON-193890900-project-admin] http://10.222.0.44/volume/v3/8519390d3262470593b9acf3ab8f240a/qos-specs/44e24fff-8733-4590-8ce7-3c1eb5e34efd?force=False returned with HTTP 404
May 09 04:26:18.981581 dv-cinder-838009-3-iscsi devstack@c-api.service[109984]: [pid: 109984|app: 0|req: 25/57] 10.222.0.44 () {58 vars in 1356 bytes} [Mon May 9 04:26:18 2022] DELETE /volume/v3/8519390d3262470593b9acf3ab8f240a/qos-specs/44e24fff-8733-4590-8ce7-3c1eb5e34efd?force=False => generated 100 bytes in 38 msecs (HTTP/1.1 404) 7 headers in 292 bytes (1 switches on core 0)
May 09 04:26:18.985293 dv-cinder-838009-3-iscsi devstack@c-api.service[109984]: DEBUG cinder.api.middleware.request_id [None req-a82281cf-1771-44a4-83f9-9eea0243c85d None None] RequestId filter calling following filter/app {{(pid=109984) _context_setter /opt/stack/cinder/cinder/api/middleware/request_id.py:62}}
