May 09 04:26:42.014967 dv-cinder-838009-3-iscsi devstack@c-api.service[109984]: INFO cinder.api.openstack.wsgi [None req-8b262a1a-177a-4e6a-adfd-62cc271bfe2f tempest-GroupSnapshotsTest-1897075674 tempest-GroupSnapshotsTest-1897075674-project] PUT http://10.222.0.44/volume/v3/aee7fe01f201408e8949d3405fe44586/groups/e326efce-438f-4e44-94da-a2a5322f2aeb
May 09 04:26:42.030603 dv-cinder-838009-3-iscsi devstack@c-api.service[109984]: DEBUG cinder.api.openstack.wsgi [None req-8b262a1a-177a-4e6a-adfd-62cc271bfe2f tempest-GroupSnapshotsTest-1897075674 tempest-GroupSnapshotsTest-1897075674-project] Action: 'update', calling method: version_select, body: {"group": {"add_volumes": "5a2cc00e-08a5-4880-acdc-5594f4daf9f0"}} {{(pid=109984) _process_stack /opt/stack/cinder/cinder/api/openstack/wsgi.py:866}}
May 09 04:26:42.030876 dv-cinder-838009-3-iscsi devstack@c-api.service[109985]: INFO cinder.api.openstack.wsgi [None req-66607f86-0e43-4fcf-98ef-47d633ec2b50 tempest-VolumeQuotasNegativeTestJSON-547563011 tempest-VolumeQuotasNegativeTestJSON-547563011-project-admin] GET http://10.222.0.44/volume/v3/c8591337c62d4ea29d08891e0e016ce6/os-quota-sets/776ca5a21dd2425a95ebd514efbabee7
May 09 04:26:42.031532 dv-cinder-838009-3-iscsi devstack@c-api.service[109985]: DEBUG cinder.api.openstack.wsgi [None req-66607f86-0e43-4fcf-98ef-47d633ec2b50 tempest-VolumeQuotasNegativeTestJSON-547563011 tempest-VolumeQuotasNegativeTestJSON-547563011-project-admin] Empty body provided in request {{(pid=109985) get_body /opt/stack/cinder/cinder/api/openstack/wsgi.py:715}}
May 09 04:26:42.032277 dv-cinder-838009-3-iscsi devstack@c-api.service[109985]: DEBUG cinder.api.openstack.wsgi [None req-66607f86-0e43-4fcf-98ef-47d633ec2b50 tempest-VolumeQuotasNegativeTestJSON-547563011 tempest-VolumeQuotasNegativeTestJSON-547563011-project-admin] Calling method 'show' {{(pid=109985) _process_stack /opt/stack/cinder/cinder/api/openstack/wsgi.py:868}}
May 09 04:26:42.033103 dv-cinder-838009-3-iscsi devstack@c-api.service[109985]: /usr/local/lib/python3.8/dist-packages/oslo_context/context.py:100: DeprecationWarning: Policy enforcement is depending on the value of is_admin. This key is deprecated. Please update your policy file to use the standard policy values.
May 09 04:26:42.033103 dv-cinder-838009-3-iscsi devstack@c-api.service[109985]: warnings.warn('Policy enforcement is depending on the value of '
May 09 04:26:42.034786 dv-cinder-838009-3-iscsi devstack@c-api.service[109984]: DEBUG cinder.api.v3.groups [None req-8b262a1a-177a-4e6a-adfd-62cc271bfe2f tempest-GroupSnapshotsTest-1897075674 tempest-GroupSnapshotsTest-1897075674-project] Update called for group e326efce-438f-4e44-94da-a2a5322f2aeb. {{(pid=109984) update /opt/stack/cinder/cinder/api/v3/groups.py:302}}
May 09 04:26:42.035224 dv-cinder-838009-3-iscsi devstack@c-api.service[109984]: INFO cinder.api.v3.groups [None req-8b262a1a-177a-4e6a-adfd-62cc271bfe2f tempest-GroupSnapshotsTest-1897075674 tempest-GroupSnapshotsTest-1897075674-project] Updating group e326efce-438f-4e44-94da-a2a5322f2aeb with name None description: None add_volumes: 5a2cc00e-08a5-4880-acdc-5594f4daf9f0 remove_volumes: None.
May 09 04:26:42.051011 dv-cinder-838009-3-iscsi devstack@c-api.service[109984]: /usr/local/lib/python3.8/dist-packages/oslo_context/context.py:100: DeprecationWarning: Policy enforcement is depending on the value of is_admin. This key is deprecated. Please update your policy file to use the standard policy values.
May 09 04:26:42.051011 dv-cinder-838009-3-iscsi devstack@c-api.service[109984]: warnings.warn('Policy enforcement is depending on the value of '
May 09 04:26:42.118220 dv-cinder-838009-3-iscsi devstack@c-api.service[109985]: WARNING cinder.quota [None req-66607f86-0e43-4fcf-98ef-47d633ec2b50 tempest-VolumeQuotasNegativeTestJSON-547563011 tempest-VolumeQuotasNegativeTestJSON-547563011-project-admin] Deprecated: Default quota for resource: snapshots_tempest-GroupSnapshotsTest-volume-type-1991961859 is set by the default quota flag: quota_snapshots_tempest-GroupSnapshotsTest-volume-type-1991961859, it is now deprecated. Please use the default quota class for default quota.
May 09 04:26:42.167101 dv-cinder-838009-3-iscsi devstack@c-api.service[109985]: INFO cinder.api.openstack.wsgi [None req-66607f86-0e43-4fcf-98ef-47d633ec2b50 tempest-VolumeQuotasNegativeTestJSON-547563011 tempest-VolumeQuotasNegativeTestJSON-547563011-project-admin] http://10.222.0.44/volume/v3/c8591337c62d4ea29d08891e0e016ce6/os-quota-sets/776ca5a21dd2425a95ebd514efbabee7 returned with HTTP 200
May 09 04:26:42.172411 dv-cinder-838009-3-iscsi devstack@c-api.service[109985]: [pid: 109985|app: 0|req: 84/163] 10.222.0.44 () {58 vars in 1330 bytes} [Mon May 9 04:26:41 2022] GET /volume/v3/c8591337c62d4ea29d08891e0e016ce6/os-quota-sets/776ca5a21dd2425a95ebd514efbabee7 => generated 756 bytes in 362 msecs (HTTP/1.1 200) 7 headers in 285 bytes (1 switches on core 0)
May 09 04:26:42.178104 dv-cinder-838009-3-iscsi devstack@c-api.service[109985]: DEBUG cinder.api.middleware.request_id [None req-9ec4ddd1-1477-4831-b04a-1739a053708d None None] RequestId filter calling following filter/app {{(pid=109985) _context_setter /opt/stack/cinder/cinder/api/middleware/request_id.py:62}}
May 09 04:26:42.186681 dv-cinder-838009-3-iscsi devstack@c-api.service[109984]: INFO cinder.api.openstack.wsgi [None req-8b262a1a-177a-4e6a-adfd-62cc271bfe2f tempest-GroupSnapshotsTest-1897075674 tempest-GroupSnapshotsTest-1897075674-project] http://10.222.0.44/volume/v3/aee7fe01f201408e8949d3405fe44586/groups/e326efce-438f-4e44-94da-a2a5322f2aeb returned with HTTP 202
May 09 04:26:42.188231 dv-cinder-838009-3-iscsi devstack@c-api.service[109984]: [pid: 109984|app: 0|req: 80/164] 10.222.0.44 () {62 vars in 1382 bytes} [Mon May 9 04:26:41 2022] PUT /volume/v3/aee7fe01f201408e8949d3405fe44586/groups/e326efce-438f-4e44-94da-a2a5322f2aeb => generated 0 bytes in 197 msecs (HTTP/1.1 202) 6 headers in 234 bytes (1 switches on core 0)
May 09 04:26:42.193522 dv-cinder-838009-3-iscsi devstack@c-api.service[109984]: DEBUG cinder.api.middleware.request_id [None req-585693c1-f9bd-4623-ae39-88d66c1e6e68 None None] RequestId filter calling following filter/app {{(pid=109984) _context_setter /opt/stack/cinder/cinder/api/middleware/request_id.py:62}}
May 09 04:26:42.201526 dv-cinder-838009-3-iscsi devstack@c-api.service[109984]: INFO cinder.api.openstack.wsgi [None req-585693c1-f9bd-4623-ae39-88d66c1e6e68 tempest-GroupSnapshotsTest-1897075674 tempest-GroupSnapshotsTest-1897075674-project] GET http://10.222.0.44/volume/v3/aee7fe01f201408e8949d3405fe44586/groups/e326efce-438f-4e44-94da-a2a5322f2aeb
May 09 04:26:42.204094 dv-cinder-838009-3-iscsi devstack@c-api.service[109984]: DEBUG cinder.api.openstack.wsgi [None req-585693c1-f9bd-4623-ae39-88d66c1e6e68 tempest-GroupSnapshotsTest-1897075674 tempest-GroupSnapshotsTest-1897075674-project] Empty body provided in request {{(pid=109984) get_body /opt/stack/cinder/cinder/api/openstack/wsgi.py:715}}
May 09 04:26:42.204787 dv-cinder-838009-3-iscsi devstack@c-api.service[109984]: DEBUG cinder.api.openstack.wsgi [None req-585693c1-f9bd-4623-ae39-88d66c1e6e68 tempest-GroupSnapshotsTest-1897075674 tempest-GroupSnapshotsTest-1897075674-project] Calling method 'version_select' {{(pid=109984) _process_stack /opt/stack/cinder/cinder/api/openstack/wsgi.py:868}}
May 09 04:26:42.207734 dv-cinder-838009-3-iscsi devstack@c-api.service[109984]: DEBUG cinder.api.v3.groups [None req-585693c1-f9bd-4623-ae39-88d66c1e6e68 tempest-GroupSnapshotsTest-1897075674 tempest-GroupSnapshotsTest-1897075674-project] show called for member e326efce-438f-4e44-94da-a2a5322f2aeb {{(pid=109984) show /opt/stack/cinder/cinder/api/v3/groups.py:58}}
May 09 04:26:42.225109 dv-cinder-838009-3-iscsi devstack@c-api.service[109984]: /usr/local/lib/python3.8/dist-packages/oslo_context/context.py:100: DeprecationWarning: Policy enforcement is depending on the value of is_admin. This key is deprecated. Please update your policy file to use the standard policy values.
May 09 04:26:42.225109 dv-cinder-838009-3-iscsi devstack@c-api.service[109984]: warnings.warn('Policy enforcement is depending on the value of '
May 09 04:26:42.260352 dv-cinder-838009-3-iscsi devstack@c-api.service[109984]: INFO cinder.api.openstack.wsgi [None req-585693c1-f9bd-4623-ae39-88d66c1e6e68 tempest-GroupSnapshotsTest-1897075674 tempest-GroupSnapshotsTest-1897075674-project] http://10.222.0.44/volume/v3/aee7fe01f201408e8949d3405fe44586/groups/e326efce-438f-4e44-94da-a2a5322f2aeb returned with HTTP 200
May 09 04:26:42.265805 dv-cinder-838009-3-iscsi devstack@c-api.service[109984]: [pid: 109984|app: 0|req: 81/165] 10.222.0.44 () {60 vars in 1362 bytes} [Mon May 9 04:26:42 2022] GET /volume/v3/aee7fe01f201408e8949d3405fe44586/groups/e326efce-438f-4e44-94da-a2a5322f2aeb => generated 391 bytes in 74 msecs (HTTP/1.1 200) 7 headers in 286 bytes (2 switches on core 0)
May 09 04:26:42.885928 dv-cinder-838009-3-iscsi devstack@c-api.service[109985]: INFO cinder.api.openstack.wsgi [None req-9ec4ddd1-1477-4831-b04a-1739a053708d tempest-VolumeQuotasNegativeTestJSON-378270992 tempest-VolumeQuotasNegativeTestJSON-378270992-project] POST http://10.222.0.44/volume/v3/776ca5a21dd2425a95ebd514efbabee7/volumes
May 09 04:26:42.886946 dv-cinder-838009-3-iscsi devstack@c-api.service[109985]: DEBUG cinder.api.openstack.wsgi [None req-9ec4ddd1-1477-4831-b04a-1739a053708d tempest-VolumeQuotasNegativeTestJSON-378270992 tempest-VolumeQuotasNegativeTestJSON-378270992-project] Action: 'create', calling method: create, body: {"volume": {"size": 1, "name": "tempest-VolumeQuotasNegativeTestJSON-Volume-110235615"}} {{(pid=109985) _process_stack /opt/stack/cinder/cinder/api/openstack/wsgi.py:866}}
May 09 04:26:42.887942 dv-cinder-838009-3-iscsi devstack@c-api.service[109985]: DEBUG cinder.api.v3.volumes [None req-9ec4ddd1-1477-4831-b04a-1739a053708d tempest-VolumeQuotasNegativeTestJSON-378270992 tempest-VolumeQuotasNegativeTestJSON-378270992-project] Create volume request body: {'volume': {'size': 1, 'name': 'tempest-VolumeQuotasNegativeTestJSON-Volume-110235615'}} {{(pid=109985) create /opt/stack/cinder/cinder/api/v3/volumes.py:298}}
May 09 04:26:42.888276 dv-cinder-838009-3-iscsi devstack@c-api.service[109985]: INFO cinder.api.v3.volumes [None req-9ec4ddd1-1477-4831-b04a-1739a053708d tempest-VolumeQuotasNegativeTestJSON-378270992 tempest-VolumeQuotasNegativeTestJSON-378270992-project] Create volume of 1 GB
May 09 04:26:42.914749 dv-cinder-838009-3-iscsi devstack@c-api.service[109985]: INFO cinder.volume.api [None req-9ec4ddd1-1477-4831-b04a-1739a053708d tempest-VolumeQuotasNegativeTestJSON-378270992 tempest-VolumeQuotasNegativeTestJSON-378270992-project] Availability Zones retrieved successfully.
May 09 04:26:42.953711 dv-cinder-838009-3-iscsi devstack@c-api.service[109985]: DEBUG cinder.volume.api [None req-9ec4ddd1-1477-4831-b04a-1739a053708d tempest-VolumeQuotasNegativeTestJSON-378270992 tempest-VolumeQuotasNegativeTestJSON-378270992-project] Flow 'volume_create_api' (a05fe37a-1092-4f3a-af11-016ee6f6e75f) transitioned into state 'RUNNING' from state 'PENDING' {{(pid=109985) _flow_receiver /usr/local/lib/python3.8/dist-packages/taskflow/listeners/logging.py:141}}
May 09 04:26:42.965875 dv-cinder-838009-3-iscsi devstack@c-api.service[109985]: DEBUG cinder.volume.api [None req-9ec4ddd1-1477-4831-b04a-1739a053708d tempest-VolumeQuotasNegativeTestJSON-378270992 tempest-VolumeQuotasNegativeTestJSON-378270992-project] Task 'cinder.volume.flows.api.create_volume.ExtractVolumeRequestTask;volume:create' (3be515f2-8d90-4344-a895-8971e4b690c1) transitioned into state 'RUNNING' from state 'PENDING' {{(pid=109985) _task_receiver /usr/local/lib/python3.8/dist-packages/taskflow/listeners/logging.py:190}}
May 09 04:26:42.970245 dv-cinder-838009-3-iscsi devstack@c-api.service[109985]: DEBUG cinder.volume.flows.api.create_volume [None req-9ec4ddd1-1477-4831-b04a-1739a053708d tempest-VolumeQuotasNegativeTestJSON-378270992 tempest-VolumeQuotasNegativeTestJSON-378270992-project] Validating volume size '1' using validate_int {{(pid=109985) _extract_size /opt/stack/cinder/cinder/volume/flows/api/create_volume.py:225}}
May 09 04:26:43.138862 dv-cinder-838009-3-iscsi devstack@c-api.service[109985]: DEBUG cinder.volume.api [None req-9ec4ddd1-1477-4831-b04a-1739a053708d tempest-VolumeQuotasNegativeTestJSON-378270992 tempest-VolumeQuotasNegativeTestJSON-378270992-project] Task 'cinder.volume.flows.api.create_volume.ExtractVolumeRequestTask;volume:create' (3be515f2-8d90-4344-a895-8971e4b690c1) transitioned into state 'SUCCESS' from state 'RUNNING' with result '{'size': 1, 'snapshot_id': None, 'source_volid': None, 'volume_type': VolumeType(created_at=2022-05-09T04:16:13Z,deleted=False,deleted_at=None,description='Default Volume Type',extra_specs={},id=d1524b0e-843f-4ea3-9f7e-efd5800defb6,is_public=True,name='__DEFAULT__',projects=[],qos_specs=,qos_specs_id=None,updated_at=2022-05-09T04:16:13Z), 'volume_type_id': 'd1524b0e-843f-4ea3-9f7e-efd5800defb6', 'encryption_key_id': None, 'qos_specs': None, 'consistencygroup_id': None, 'cgsnapshot_id': None, 'group_id': None, 'replication_status': 'disabled', 'refresh_az': False, 'backup_id': None, 'multiattach': False, 'availability_zones': ['nova']}' {{(pid=109985) _task_receiver /usr/local/lib/python3.8/dist-packages/taskflow/listeners/logging.py:178}}
May 09 04:26:43.145033 dv-cinder-838009-3-iscsi devstack@c-api.service[109985]: DEBUG cinder.volume.api [None req-9ec4ddd1-1477-4831-b04a-1739a053708d tempest-VolumeQuotasNegativeTestJSON-378270992 tempest-VolumeQuotasNegativeTestJSON-378270992-project] Task 'cinder.volume.flows.api.create_volume.QuotaReserveTask;volume:create' (e8090acb-6561-4894-b30b-770d417650d4) transitioned into state 'RUNNING' from state 'PENDING' {{(pid=109985) _task_receiver /usr/local/lib/python3.8/dist-packages/taskflow/listeners/logging.py:190}}
May 09 04:26:43.275371 dv-cinder-838009-3-iscsi devstack@c-api.service[109984]: DEBUG cinder.api.middleware.request_id [None req-1604a8b7-3fd2-4b76-a238-70a9afb06cd3 None None] RequestId filter calling following filter/app {{(pid=109984) _context_setter /opt/stack/cinder/cinder/api/middleware/request_id.py:62}}
May 09 04:26:43.279574 dv-cinder-838009-3-iscsi devstack@c-api.service[109984]: INFO cinder.api.openstack.wsgi [None req-1604a8b7-3fd2-4b76-a238-70a9afb06cd3 tempest-GroupSnapshotsTest-1897075674 tempest-GroupSnapshotsTest-1897075674-project] GET http://10.222.0.44/volume/v3/aee7fe01f201408e8949d3405fe44586/groups/e326efce-438f-4e44-94da-a2a5322f2aeb
May 09 04:26:43.281829 dv-cinder-838009-3-iscsi devstack@c-api.service[109984]: DEBUG cinder.api.openstack.wsgi [None req-1604a8b7-3fd2-4b76-a238-70a9afb06cd3 tempest-GroupSnapshotsTest-1897075674 tempest-GroupSnapshotsTest-1897075674-project] Empty body provided in request {{(pid=109984) get_body /opt/stack/cinder/cinder/api/openstack/wsgi.py:715}}
May 09 04:26:43.282315 dv-cinder-838009-3-iscsi devstack@c-api.service[109984]: DEBUG cinder.api.openstack.wsgi [None req-1604a8b7-3fd2-4b76-a238-70a9afb06cd3 tempest-GroupSnapshotsTest-1897075674 tempest-GroupSnapshotsTest-1897075674-project] Calling method 'version_select' {{(pid=109984) _process_stack /opt/stack/cinder/cinder/api/openstack/wsgi.py:868}}
May 09 04:26:43.282683 dv-cinder-838009-3-iscsi devstack@c-api.service[109984]: DEBUG cinder.api.v3.groups [None req-1604a8b7-3fd2-4b76-a238-70a9afb06cd3 tempest-GroupSnapshotsTest-1897075674 tempest-GroupSnapshotsTest-1897075674-project] show called for member e326efce-438f-4e44-94da-a2a5322f2aeb {{(pid=109984) show /opt/stack/cinder/cinder/api/v3/groups.py:58}}
May 09 04:26:43.303457 dv-cinder-838009-3-iscsi devstack@c-api.service[109984]: /usr/local/lib/python3.8/dist-packages/oslo_context/context.py:100: DeprecationWarning: Policy enforcement is depending on the value of is_admin. This key is deprecated. Please update your policy file to use the standard policy values.
May 09 04:26:43.303457 dv-cinder-838009-3-iscsi devstack@c-api.service[109984]: warnings.warn('Policy enforcement is depending on the value of '
May 09 04:26:43.361261 dv-cinder-838009-3-iscsi devstack@c-api.service[109984]: INFO cinder.api.openstack.wsgi [None req-1604a8b7-3fd2-4b76-a238-70a9afb06cd3 tempest-GroupSnapshotsTest-1897075674 tempest-GroupSnapshotsTest-1897075674-project] http://10.222.0.44/volume/v3/aee7fe01f201408e8949d3405fe44586/groups/e326efce-438f-4e44-94da-a2a5322f2aeb returned with HTTP 200
May 09 04:26:43.371241 dv-cinder-838009-3-iscsi devstack@c-api.service[109984]: [pid: 109984|app: 0|req: 82/166] 10.222.0.44 () {60 vars in 1362 bytes} [Mon May 9 04:26:43 2022] GET /volume/v3/aee7fe01f201408e8949d3405fe44586/groups/e326efce-438f-4e44-94da-a2a5322f2aeb => generated 392 bytes in 101 msecs (HTTP/1.1 200) 7 headers in 286 bytes (1 switches on core 0)
May 09 04:26:43.372996 dv-cinder-838009-3-iscsi devstack@c-api.service[109984]: DEBUG cinder.api.middleware.request_id [None req-5c03b705-a160-4bac-a114-2a8e9ddd8a28 None None] RequestId filter calling following filter/app {{(pid=109984) _context_setter /opt/stack/cinder/cinder/api/middleware/request_id.py:62}}
May 09 04:26:43.474911 dv-cinder-838009-3-iscsi devstack@c-api.service[109985]: DEBUG cinder.quota [None req-9ec4ddd1-1477-4831-b04a-1739a053708d tempest-VolumeQuotasNegativeTestJSON-378270992 tempest-VolumeQuotasNegativeTestJSON-378270992-project] Created reservations ['25dd84c1-ae7d-458d-a050-ed38716dde52', '5d2a2500-3d1f-4ce0-b267-7e13de58bb0b', '2d4b160a-ab60-4053-9730-cbc9d5e3977e', '5eda204c-964b-446b-ac07-87bcb74e4eaf'] {{(pid=109985) reserve /opt/stack/cinder/cinder/quota.py:755}}
May 09 04:26:43.477345 dv-cinder-838009-3-iscsi devstack@c-api.service[109985]: DEBUG cinder.volume.api [None req-9ec4ddd1-1477-4831-b04a-1739a053708d tempest-VolumeQuotasNegativeTestJSON-378270992 tempest-VolumeQuotasNegativeTestJSON-378270992-project] Task 'cinder.volume.flows.api.create_volume.QuotaReserveTask;volume:create' (e8090acb-6561-4894-b30b-770d417650d4) transitioned into state 'SUCCESS' from state 'RUNNING' with result '{'reservations': ['25dd84c1-ae7d-458d-a050-ed38716dde52', '5d2a2500-3d1f-4ce0-b267-7e13de58bb0b', '2d4b160a-ab60-4053-9730-cbc9d5e3977e', '5eda204c-964b-446b-ac07-87bcb74e4eaf']}' {{(pid=109985) _task_receiver /usr/local/lib/python3.8/dist-packages/taskflow/listeners/logging.py:178}}
May 09 04:26:43.479617 dv-cinder-838009-3-iscsi devstack@c-api.service[109985]: DEBUG cinder.volume.api [None req-9ec4ddd1-1477-4831-b04a-1739a053708d tempest-VolumeQuotasNegativeTestJSON-378270992 tempest-VolumeQuotasNegativeTestJSON-378270992-project] Task 'cinder.volume.flows.api.create_volume.EntryCreateTask;volume:create' (6ffa71b9-fec5-41fb-af8e-924ba382f2d8) transitioned into state 'RUNNING' from state 'PENDING' {{(pid=109985) _task_receiver /usr/local/lib/python3.8/dist-packages/taskflow/listeners/logging.py:190}}
May 09 04:26:43.525266 dv-cinder-838009-3-iscsi devstack@c-api.service[109985]: DEBUG cinder.volume.api [None req-9ec4ddd1-1477-4831-b04a-1739a053708d tempest-VolumeQuotasNegativeTestJSON-378270992 tempest-VolumeQuotasNegativeTestJSON-378270992-project] Task 'cinder.volume.flows.api.create_volume.EntryCreateTask;volume:create' (6ffa71b9-fec5-41fb-af8e-924ba382f2d8) transitioned into state 'SUCCESS' from state 'RUNNING' with result '{'volume_id': 'ca27ec5b-9552-4c65-8527-790318138e8a', 'volume_properties': VolumeProperties(attach_status='detached',availability_zone='nova',cgsnapshot_id=None,consistencygroup_id=None,display_description=None,display_name='tempest-VolumeQuotasNegativeTestJSON-Volume-110235615',encryption_key_id=None,group_id=None,group_type_id=,metadata={},multiattach=False,project_id='776ca5a21dd2425a95ebd514efbabee7',qos_specs=None,replication_status=,reservations=['25dd84c1-ae7d-458d-a050-ed38716dde52','5d2a2500-3d1f-4ce0-b267-7e13de58bb0b','2d4b160a-ab60-4053-9730-cbc9d5e3977e','5eda204c-964b-446b-ac07-87bcb74e4eaf'],size=1,snapshot_id=None,source_replicaid=,source_volid=None,status='creating',user_id='9cda7278efbe4e37af96ca1e32888a06',volume_type_id=d1524b0e-843f-4ea3-9f7e-efd5800defb6), 'volume': Volume(_name_id=None,admin_metadata=,attach_status='detached',availability_zone='nova',bootable=False,cluster=,cluster_name=None,consistencygroup=,consistencygroup_id=None,created_at=2022-05-09T04:26:43Z,deleted=False,deleted_at=None,display_description=None,display_name='tempest-VolumeQuotasNegativeTestJSON-Volume-110235615',ec2_id=None,encryption_key_id=None,glance_metadata=,group=,group_id=None,host=None,id=ca27ec5b-9552-4c65-8527-790318138e8a,launched_at=None,metadata={},migration_status=None,multiattach=False,previous_status=None,project_id='776ca5a21dd2425a95ebd514efbabee7',provider_auth=None,provider_geometry=None,provider_id=None,provider_location=None,replication_driver_data=None,replication_extended_status=None,replication_status=None,scheduled_at=None,service_uuid=None,shared_targets=True,size=1,snapshot_id=None,snapshots=,source_volid=None,status='creating',terminated_at=None,updated_at=None,use_quota=True,user_id='9cda7278efbe4e37af96ca1e32888a06',volume_attachment=VolumeAttachmentList,volume_type=VolumeType(d1524b0e-843f-4ea3-9f7e-efd5800defb6),volume_type_id=d1524b0e-843f-4ea3-9f7e-efd5800defb6)}' {{(pid=109985) _task_receiver /usr/local/lib/python3.8/dist-packages/taskflow/listeners/logging.py:178}}
May 09 04:26:43.527457 dv-cinder-838009-3-iscsi devstack@c-api.service[109985]: DEBUG cinder.volume.api [None req-9ec4ddd1-1477-4831-b04a-1739a053708d tempest-VolumeQuotasNegativeTestJSON-378270992 tempest-VolumeQuotasNegativeTestJSON-378270992-project] Task 'cinder.volume.flows.api.create_volume.QuotaCommitTask;volume:create' (b31ee9d4-c8bd-4277-82d3-0dc1becbb719) transitioned into state 'RUNNING' from state 'PENDING' {{(pid=109985) _task_receiver /usr/local/lib/python3.8/dist-packages/taskflow/listeners/logging.py:190}}
May 09 04:26:43.561378 dv-cinder-838009-3-iscsi devstack@c-api.service[109985]: DEBUG cinder.volume.api [None req-9ec4ddd1-1477-4831-b04a-1739a053708d tempest-VolumeQuotasNegativeTestJSON-378270992 tempest-VolumeQuotasNegativeTestJSON-378270992-project] Task 'cinder.volume.flows.api.create_volume.QuotaCommitTask;volume:create' (b31ee9d4-c8bd-4277-82d3-0dc1becbb719) transitioned into state 'SUCCESS' from state 'RUNNING' with result '{'volume_properties': VolumeProperties(attach_status='detached',availability_zone='nova',cgsnapshot_id=None,consistencygroup_id=None,display_description=None,display_name='tempest-VolumeQuotasNegativeTestJSON-Volume-110235615',encryption_key_id=None,group_id=None,group_type_id=,metadata={},multiattach=False,project_id='776ca5a21dd2425a95ebd514efbabee7',qos_specs=None,replication_status=,reservations=['25dd84c1-ae7d-458d-a050-ed38716dde52','5d2a2500-3d1f-4ce0-b267-7e13de58bb0b','2d4b160a-ab60-4053-9730-cbc9d5e3977e','5eda204c-964b-446b-ac07-87bcb74e4eaf'],size=1,snapshot_id=None,source_replicaid=,source_volid=None,status='creating',user_id='9cda7278efbe4e37af96ca1e32888a06',volume_type_id=d1524b0e-843f-4ea3-9f7e-efd5800defb6)}' {{(pid=109985) _task_receiver /usr/local/lib/python3.8/dist-packages/taskflow/listeners/logging.py:178}}
May 09 04:26:43.563646 dv-cinder-838009-3-iscsi devstack@c-api.service[109985]: DEBUG cinder.volume.api [None req-9ec4ddd1-1477-4831-b04a-1739a053708d tempest-VolumeQuotasNegativeTestJSON-378270992 tempest-VolumeQuotasNegativeTestJSON-378270992-project] Task 'cinder.volume.flows.api.create_volume.VolumeCastTask;volume:create' (9fdcf803-1830-484e-9e5c-cedcd5896d0b) transitioned into state 'RUNNING' from state 'PENDING' {{(pid=109985) _task_receiver /usr/local/lib/python3.8/dist-packages/taskflow/listeners/logging.py:190}}
May 09 04:26:43.600613 dv-cinder-838009-3-iscsi devstack@c-api.service[109984]: INFO cinder.api.openstack.wsgi [None req-5c03b705-a160-4bac-a114-2a8e9ddd8a28 tempest-VolumesServicesTestJSON-1031209984 tempest-VolumesServicesTestJSON-1031209984-project-admin] GET http://10.222.0.44/volume/v3/325adb362e0545a8ae52bdc4a6faea3e/os-services
May 09 04:26:43.602334 dv-cinder-838009-3-iscsi devstack@c-api.service[109984]: DEBUG cinder.api.openstack.wsgi [None req-5c03b705-a160-4bac-a114-2a8e9ddd8a28 tempest-VolumesServicesTestJSON-1031209984 tempest-VolumesServicesTestJSON-1031209984-project-admin] Empty body provided in request {{(pid=109984) get_body /opt/stack/cinder/cinder/api/openstack/wsgi.py:715}}
May 09 04:26:43.605809 dv-cinder-838009-3-iscsi devstack@c-api.service[109984]: DEBUG cinder.api.openstack.wsgi [None req-5c03b705-a160-4bac-a114-2a8e9ddd8a28 tempest-VolumesServicesTestJSON-1031209984 tempest-VolumesServicesTestJSON-1031209984-project-admin] Calling method 'index' {{(pid=109984) _process_stack /opt/stack/cinder/cinder/api/openstack/wsgi.py:868}}
May 09 04:26:43.608060 dv-cinder-838009-3-iscsi devstack@c-api.service[109984]: /usr/local/lib/python3.8/dist-packages/oslo_context/context.py:100: DeprecationWarning: Policy enforcement is depending on the value of is_admin. This key is deprecated. Please update your policy file to use the standard policy values.
May 09 04:26:43.608060 dv-cinder-838009-3-iscsi devstack@c-api.service[109984]: warnings.warn('Policy enforcement is depending on the value of '
May 09 04:26:43.609685 dv-cinder-838009-3-iscsi devstack@c-api.service[109985]: DEBUG cinder.volume.api [None req-9ec4ddd1-1477-4831-b04a-1739a053708d tempest-VolumeQuotasNegativeTestJSON-378270992 tempest-VolumeQuotasNegativeTestJSON-378270992-project] Task 'cinder.volume.flows.api.create_volume.VolumeCastTask;volume:create' (9fdcf803-1830-484e-9e5c-cedcd5896d0b) transitioned into state 'SUCCESS' from state 'RUNNING' with result 'None' {{(pid=109985) _task_receiver /usr/local/lib/python3.8/dist-packages/taskflow/listeners/logging.py:178}}
May 09 04:26:43.615861 dv-cinder-838009-3-iscsi devstack@c-api.service[109985]: DEBUG cinder.volume.api [None req-9ec4ddd1-1477-4831-b04a-1739a053708d tempest-VolumeQuotasNegativeTestJSON-378270992 tempest-VolumeQuotasNegativeTestJSON-378270992-project] Flow 'volume_create_api' (a05fe37a-1092-4f3a-af11-016ee6f6e75f) transitioned into state 'SUCCESS' from state 'RUNNING' {{(pid=109985) _flow_receiver /usr/local/lib/python3.8/dist-packages/taskflow/listeners/logging.py:141}}
May 09 04:26:43.620253 dv-cinder-838009-3-iscsi devstack@c-api.service[109985]: INFO cinder.volume.api [None req-9ec4ddd1-1477-4831-b04a-1739a053708d tempest-VolumeQuotasNegativeTestJSON-378270992 tempest-VolumeQuotasNegativeTestJSON-378270992-project] Create volume request issued successfully.
May 09 04:26:43.623151 dv-cinder-838009-3-iscsi devstack@c-api.service[109984]: INFO cinder.api.openstack.wsgi [None req-5c03b705-a160-4bac-a114-2a8e9ddd8a28 tempest-VolumesServicesTestJSON-1031209984 tempest-VolumesServicesTestJSON-1031209984-project-admin] http://10.222.0.44/volume/v3/325adb362e0545a8ae52bdc4a6faea3e/os-services returned with HTTP 200
May 09 04:26:43.624977 dv-cinder-838009-3-iscsi devstack@c-api.service[109985]: INFO cinder.api.openstack.wsgi [None req-9ec4ddd1-1477-4831-b04a-1739a053708d tempest-VolumeQuotasNegativeTestJSON-378270992 tempest-VolumeQuotasNegativeTestJSON-378270992-project] http://10.222.0.44/volume/v3/776ca5a21dd2425a95ebd514efbabee7/volumes returned with HTTP 202
May 09 04:26:43.625942 dv-cinder-838009-3-iscsi devstack@c-api.service[109985]: [pid: 109985|app: 0|req: 85/167] 10.222.0.44 () {60 vars in 1234 bytes} [Mon May 9 04:26:42 2022] POST /volume/v3/776ca5a21dd2425a95ebd514efbabee7/volumes => generated 827 bytes in 1450 msecs (HTTP/1.1 202) 7 headers in 291 bytes (1 switches on core 0)
May 09 04:26:43.626840 dv-cinder-838009-3-iscsi devstack@c-api.service[109984]: [pid: 109984|app: 0|req: 83/168] 10.222.0.44 () {58 vars in 1225 bytes} [Mon May 9 04:26:43 2022] GET /volume/v3/325adb362e0545a8ae52bdc4a6faea3e/os-services => generated 642 bytes in 255 msecs (HTTP/1.1 200) 7 headers in 285 bytes (1 switches on core 0)
May 09 04:26:43.628593 dv-cinder-838009-3-iscsi devstack@c-api.service[109985]: DEBUG cinder.api.middleware.request_id [None req-b2fa62a9-a1c8-41e4-bc25-1f3fdad8cbd0 None None] RequestId filter calling following filter/app {{(pid=109985) _context_setter /opt/stack/cinder/cinder/api/middleware/request_id.py:62}}
May 09 04:26:43.637116 dv-cinder-838009-3-iscsi devstack@c-api.service[109985]: INFO cinder.api.openstack.wsgi [None req-b2fa62a9-a1c8-41e4-bc25-1f3fdad8cbd0 tempest-GroupSnapshotsTest-1897075674 tempest-GroupSnapshotsTest-1897075674-project] GET http://10.222.0.44/volume/v3/aee7fe01f201408e8949d3405fe44586/volumes/detail
May 09 04:26:43.640244 dv-cinder-838009-3-iscsi devstack@c-api.service[109985]: DEBUG cinder.api.openstack.wsgi [None req-b2fa62a9-a1c8-41e4-bc25-1f3fdad8cbd0 tempest-GroupSnapshotsTest-1897075674 tempest-GroupSnapshotsTest-1897075674-project] Empty body provided in request {{(pid=109985) get_body /opt/stack/cinder/cinder/api/openstack/wsgi.py:715}}
May 09 04:26:43.642384 dv-cinder-838009-3-iscsi devstack@c-api.service[109984]: DEBUG cinder.api.middleware.request_id [None req-dd101f23-9424-4cf9-b744-35b569181006 None None] RequestId filter calling following filter/app {{(pid=109984) _context_setter /opt/stack/cinder/cinder/api/middleware/request_id.py:62}}
May 09 04:26:43.647415 dv-cinder-838009-3-iscsi devstack@c-api.service[109984]: INFO cinder.api.openstack.wsgi [None req-dd101f23-9424-4cf9-b744-35b569181006 tempest-VolumeQuotasNegativeTestJSON-378270992 tempest-VolumeQuotasNegativeTestJSON-378270992-project] GET http://10.222.0.44/volume/v3/776ca5a21dd2425a95ebd514efbabee7/volumes/ca27ec5b-9552-4c65-8527-790318138e8a
May 09 04:26:43.648310 dv-cinder-838009-3-iscsi devstack@c-api.service[109985]: DEBUG cinder.api.openstack.wsgi [None req-b2fa62a9-a1c8-41e4-bc25-1f3fdad8cbd0 tempest-GroupSnapshotsTest-1897075674 tempest-GroupSnapshotsTest-1897075674-project] Calling method 'detail' {{(pid=109985) _process_stack /opt/stack/cinder/cinder/api/openstack/wsgi.py:868}}
May 09 04:26:43.649200 dv-cinder-838009-3-iscsi devstack@c-api.service[109984]: DEBUG cinder.api.openstack.wsgi [None req-dd101f23-9424-4cf9-b744-35b569181006 tempest-VolumeQuotasNegativeTestJSON-378270992 tempest-VolumeQuotasNegativeTestJSON-378270992-project] Empty body provided in request {{(pid=109984) get_body /opt/stack/cinder/cinder/api/openstack/wsgi.py:715}}
May 09 04:26:43.650483 dv-cinder-838009-3-iscsi devstack@c-api.service[109984]: DEBUG cinder.api.openstack.wsgi [None req-dd101f23-9424-4cf9-b744-35b569181006 tempest-VolumeQuotasNegativeTestJSON-378270992 tempest-VolumeQuotasNegativeTestJSON-378270992-project] Calling method 'show' {{(pid=109984) _process_stack /opt/stack/cinder/cinder/api/openstack/wsgi.py:868}}
May 09 04:26:43.654738 dv-cinder-838009-3-iscsi devstack@c-api.service[109985]: DEBUG cinder.api.api_utils [None req-b2fa62a9-a1c8-41e4-bc25-1f3fdad8cbd0 tempest-GroupSnapshotsTest-1897075674 tempest-GroupSnapshotsTest-1897075674-project] Removing options '' from query. {{(pid=109985) remove_invalid_filter_options /opt/stack/cinder/cinder/api/api_utils.py:73}}
May 09 04:26:43.662525 dv-cinder-838009-3-iscsi devstack@c-api.service[109985]: /usr/local/lib/python3.8/dist-packages/oslo_context/context.py:100: DeprecationWarning: Policy enforcement is depending on the value of is_admin. This key is deprecated. Please update your policy file to use the standard policy values.
May 09 04:26:43.662525 dv-cinder-838009-3-iscsi devstack@c-api.service[109985]: warnings.warn('Policy enforcement is depending on the value of '
May 09 04:26:43.667578 dv-cinder-838009-3-iscsi devstack@c-api.service[109985]: DEBUG cinder.volume.api [None req-b2fa62a9-a1c8-41e4-bc25-1f3fdad8cbd0 tempest-GroupSnapshotsTest-1897075674 tempest-GroupSnapshotsTest-1897075674-project] Searching by: MultiDict([('no_migration_targets', True)]). {{(pid=109985) get_all /opt/stack/cinder/cinder/volume/api.py:663}}
May 09 04:26:43.698226 dv-cinder-838009-3-iscsi devstack@c-api.service[109984]: /usr/local/lib/python3.8/dist-packages/oslo_context/context.py:100: DeprecationWarning: Policy enforcement is depending on the value of is_admin. This key is deprecated. Please update your policy file to use the standard policy values.
May 09 04:26:43.698226 dv-cinder-838009-3-iscsi devstack@c-api.service[109984]: warnings.warn('Policy enforcement is depending on the value of '
May 09 04:26:43.740914 dv-cinder-838009-3-iscsi devstack@c-api.service[109984]: INFO cinder.volume.api [None req-dd101f23-9424-4cf9-b744-35b569181006 tempest-VolumeQuotasNegativeTestJSON-378270992 tempest-VolumeQuotasNegativeTestJSON-378270992-project] Volume info retrieved successfully.
May 09 04:26:43.774102 dv-cinder-838009-3-iscsi devstack@c-api.service[109984]: INFO cinder.api.openstack.wsgi [None req-dd101f23-9424-4cf9-b744-35b569181006 tempest-VolumeQuotasNegativeTestJSON-378270992 tempest-VolumeQuotasNegativeTestJSON-378270992-project] http://10.222.0.44/volume/v3/776ca5a21dd2425a95ebd514efbabee7/volumes/ca27ec5b-9552-4c65-8527-790318138e8a returned with HTTP 200
May 09 04:26:43.782389 dv-cinder-838009-3-iscsi devstack@c-api.service[109984]: [pid: 109984|app: 0|req: 84/169] 10.222.0.44 () {58 vars in 1324 bytes} [Mon May 9 04:26:43 2022] GET /volume/v3/776ca5a21dd2425a95ebd514efbabee7/volumes/ca27ec5b-9552-4c65-8527-790318138e8a => generated 895 bytes in 141 msecs (HTTP/1.1 200) 7 headers in 285 bytes (2 switches on core 0)
May 09 04:26:43.785333 dv-cinder-838009-3-iscsi devstack@c-api.service[109984]: DEBUG cinder.api.middleware.request_id [None req-d1069fc7-9d9a-46f7-aab4-4cf4d17e2d8d None None] RequestId filter calling following filter/app {{(pid=109984) _context_setter /opt/stack/cinder/cinder/api/middleware/request_id.py:62}}
May 09 04:26:43.810256 dv-cinder-838009-3-iscsi devstack@c-api.service[109984]: INFO cinder.api.openstack.wsgi [None req-d1069fc7-9d9a-46f7-aab4-4cf4d17e2d8d tempest-VolumesServicesTestJSON-1031209984 tempest-VolumesServicesTestJSON-1031209984-project-admin] GET http://10.222.0.44/volume/v3/325adb362e0545a8ae52bdc4a6faea3e/os-services?host=dv-cinder-838009-3-iscsi
May 09 04:26:43.811214 dv-cinder-838009-3-iscsi devstack@c-api.service[109984]: DEBUG cinder.api.openstack.wsgi [None req-d1069fc7-9d9a-46f7-aab4-4cf4d17e2d8d tempest-VolumesServicesTestJSON-1031209984 tempest-VolumesServicesTestJSON-1031209984-project-admin] Empty body provided in request {{(pid=109984) get_body /opt/stack/cinder/cinder/api/openstack/wsgi.py:715}}
May 09 04:26:43.817280 dv-cinder-838009-3-iscsi devstack@c-api.service[109984]: DEBUG cinder.api.openstack.wsgi [None req-d1069fc7-9d9a-46f7-aab4-4cf4d17e2d8d tempest-VolumesServicesTestJSON-1031209984 tempest-VolumesServicesTestJSON-1031209984-project-admin] Calling method 'index' {{(pid=109984) _process_stack /opt/stack/cinder/cinder/api/openstack/wsgi.py:868}}
May 09 04:26:43.854889 dv-cinder-838009-3-iscsi devstack@c-api.service[109984]: INFO cinder.api.openstack.wsgi [None req-d1069fc7-9d9a-46f7-aab4-4cf4d17e2d8d tempest-VolumesServicesTestJSON-1031209984 tempest-VolumesServicesTestJSON-1031209984-project-admin] http://10.222.0.44/volume/v3/325adb362e0545a8ae52bdc4a6faea3e/os-services?host=dv-cinder-838009-3-iscsi returned with HTTP 200
May 09 04:26:43.858377 dv-cinder-838009-3-iscsi devstack@c-api.service[109984]: [pid: 109984|app: 0|req: 85/170] 10.222.0.44 () {58 vars in 1284 bytes} [Mon May 9 04:26:43 2022] GET /volume/v3/325adb362e0545a8ae52bdc4a6faea3e/os-services?host=dv-cinder-838009-3-iscsi => generated 203 bytes in 75 msecs (HTTP/1.1 200) 7 headers in 285 bytes (1 switches on core 0)
May 09 04:26:43.871294 dv-cinder-838009-3-iscsi devstack@c-api.service[109984]: DEBUG cinder.api.middleware.request_id [None req-1c6ca5b8-921b-4861-a7b7-c2e1eac9f9bb None None] RequestId filter calling following filter/app {{(pid=109984) _context_setter /opt/stack/cinder/cinder/api/middleware/request_id.py:62}}
May 09 04:26:43.891451 dv-cinder-838009-3-iscsi devstack@c-api.service[109985]: INFO cinder.volume.api [None req-b2fa62a9-a1c8-41e4-bc25-1f3fdad8cbd0 tempest-GroupSnapshotsTest-1897075674 tempest-GroupSnapshotsTest-1897075674-project] Get all volumes completed successfully.
May 09 04:26:43.896488 dv-cinder-838009-3-iscsi devstack@c-api.service[109985]: WARNING stevedore.named [None req-b2fa62a9-a1c8-41e4-bc25-1f3fdad8cbd0 tempest-GroupSnapshotsTest-1897075674 tempest-GroupSnapshotsTest-1897075674-project] Could not load cinder.keymgr.conf_key_mgr.ConfKeyManager
May 09 04:26:43.909862 dv-cinder-838009-3-iscsi devstack@c-api.service[109984]: INFO cinder.api.openstack.wsgi [None req-1c6ca5b8-921b-4861-a7b7-c2e1eac9f9bb tempest-VolumesServicesTestJSON-1031209984 tempest-VolumesServicesTestJSON-1031209984-project-admin] GET http://10.222.0.44/volume/v3/325adb362e0545a8ae52bdc4a6faea3e/os-services?host=dv-cinder-838009-3-iscsi&binary=cinder-scheduler
May 09 04:26:43.911932 dv-cinder-838009-3-iscsi devstack@c-api.service[109985]: WARNING castellan.key_manager [None req-b2fa62a9-a1c8-41e4-bc25-1f3fdad8cbd0 tempest-GroupSnapshotsTest-1897075674 tempest-GroupSnapshotsTest-1897075674-project] Deprecation Warning : cinder.keymgr.conf_key_mgr.ConfKeyManager is not a stevedore based driver, trying to load it as a class: stevedore.exception.NoMatches: No 'castellan.drivers' driver found, looking for 'cinder.keymgr.conf_key_mgr.ConfKeyManager'
May 09 04:26:43.913688 dv-cinder-838009-3-iscsi devstack@c-api.service[109984]: DEBUG cinder.api.openstack.wsgi [None req-1c6ca5b8-921b-4861-a7b7-c2e1eac9f9bb tempest-VolumesServicesTestJSON-1031209984 tempest-VolumesServicesTestJSON-1031209984-project-admin] Empty body provided in request {{(pid=109984) get_body /opt/stack/cinder/cinder/api/openstack/wsgi.py:715}}
May 09 04:26:43.916750 dv-cinder-838009-3-iscsi devstack@c-api.service[109984]: DEBUG cinder.api.openstack.wsgi [None req-1c6ca5b8-921b-4861-a7b7-c2e1eac9f9bb tempest-VolumesServicesTestJSON-1031209984 tempest-VolumesServicesTestJSON-1031209984-project-admin] Calling method 'index' {{(pid=109984) _process_stack /opt/stack/cinder/cinder/api/openstack/wsgi.py:868}}
May 09 04:26:43.935169 dv-cinder-838009-3-iscsi devstack@c-api.service[109985]: DEBUG oslo_db.sqlalchemy.engines [None req-b2fa62a9-a1c8-41e4-bc25-1f3fdad8cbd0 tempest-GroupSnapshotsTest-1897075674 tempest-GroupSnapshotsTest-1897075674-project] MySQL server mode set to STRICT_TRANS_TABLES,STRICT_ALL_TABLES,NO_ZERO_IN_DATE,NO_ZERO_DATE,ERROR_FOR_DIVISION_BY_ZERO,TRADITIONAL,NO_ENGINE_SUBSTITUTION {{(pid=109985) _check_effective_sql_mode /usr/local/lib/python3.8/dist-packages/oslo_db/sqlalchemy/engines.py:314}}
May 09 04:26:43.944222 dv-cinder-838009-3-iscsi devstack@c-api.service[109985]: /usr/local/lib/python3.8/dist-packages/oslo_context/context.py:100: DeprecationWarning: Policy enforcement is depending on the value of is_admin. This key is deprecated. Please update your policy file to use the standard policy values.
May 09 04:26:43.944222 dv-cinder-838009-3-iscsi devstack@c-api.service[109985]: warnings.warn('Policy enforcement is depending on the value of '
May 09 04:26:43.970779 dv-cinder-838009-3-iscsi devstack@c-api.service[109985]: WARNING stevedore.named [None req-b2fa62a9-a1c8-41e4-bc25-1f3fdad8cbd0 tempest-GroupSnapshotsTest-1897075674 tempest-GroupSnapshotsTest-1897075674-project] Could not load cinder.keymgr.conf_key_mgr.ConfKeyManager
May 09 04:26:43.972618 dv-cinder-838009-3-iscsi devstack@c-api.service[109985]: WARNING castellan.key_manager [None req-b2fa62a9-a1c8-41e4-bc25-1f3fdad8cbd0 tempest-GroupSnapshotsTest-1897075674 tempest-GroupSnapshotsTest-1897075674-project] Deprecation Warning : cinder.keymgr.conf_key_mgr.ConfKeyManager is not a stevedore based driver, trying to load it as a class: stevedore.exception.NoMatches: No 'castellan.drivers' driver found, looking for 'cinder.keymgr.conf_key_mgr.ConfKeyManager'
May 09 04:26:43.986151 dv-cinder-838009-3-iscsi devstack@c-api.service[109984]: INFO cinder.api.openstack.wsgi [None req-1c6ca5b8-921b-4861-a7b7-c2e1eac9f9bb tempest-VolumesServicesTestJSON-1031209984 tempest-VolumesServicesTestJSON-1031209984-project-admin] http://10.222.0.44/volume/v3/325adb362e0545a8ae52bdc4a6faea3e/os-services?host=dv-cinder-838009-3-iscsi&binary=cinder-scheduler returned with HTTP 200
May 09 04:26:43.994024 dv-cinder-838009-3-iscsi devstack@c-api.service[109984]: [pid: 109984|app: 0|req: 86/171] 10.222.0.44 () {58 vars in 1332 bytes} [Mon May 9 04:26:43 2022] GET /volume/v3/325adb362e0545a8ae52bdc4a6faea3e/os-services?host=dv-cinder-838009-3-iscsi&binary=cinder-scheduler => generated 203 bytes in 117 msecs (HTTP/1.1 200) 7 headers in 285 bytes (1 switches on core 0)
May 09 04:26:43.994394 dv-cinder-838009-3-iscsi devstack@c-api.service[109985]: DEBUG oslo_db.sqlalchemy.engines [None req-b2fa62a9-a1c8-41e4-bc25-1f3fdad8cbd0 tempest-GroupSnapshotsTest-1897075674 tempest-GroupSnapshotsTest-1897075674-project] MySQL server mode set to STRICT_TRANS_TABLES,STRICT_ALL_TABLES,NO_ZERO_IN_DATE,NO_ZERO_DATE,ERROR_FOR_DIVISION_BY_ZERO,TRADITIONAL,NO_ENGINE_SUBSTITUTION {{(pid=109985) _check_effective_sql_mode /usr/local/lib/python3.8/dist-packages/oslo_db/sqlalchemy/engines.py:314}}
May 09 04:26:43.997680 dv-cinder-838009-3-iscsi devstack@c-api.service[109984]: DEBUG cinder.api.middleware.request_id [None req-e66a636d-30ff-4290-bf8a-2f2585182153 None None] RequestId filter calling following filter/app {{(pid=109984) _context_setter /opt/stack/cinder/cinder/api/middleware/request_id.py:62}}
May 09 04:26:44.011315 dv-cinder-838009-3-iscsi devstack@c-api.service[109985]: /usr/local/lib/python3.8/dist-packages/oslo_context/context.py:100: DeprecationWarning: Policy enforcement is depending on the value of is_admin. This key is deprecated. Please update your policy file to use the standard policy values.
May 09 04:26:44.011315 dv-cinder-838009-3-iscsi devstack@c-api.service[109985]: warnings.warn('Policy enforcement is depending on the value of '
May 09 04:26:44.020494 dv-cinder-838009-3-iscsi devstack@c-api.service[109984]: INFO cinder.api.openstack.wsgi [None req-e66a636d-30ff-4290-bf8a-2f2585182153 tempest-VolumesServicesTestJSON-1031209984 tempest-VolumesServicesTestJSON-1031209984-project-admin] GET http://10.222.0.44/volume/v3/325adb362e0545a8ae52bdc4a6faea3e/os-services?binary=cinder-scheduler
May 09 04:26:44.021586 dv-cinder-838009-3-iscsi devstack@c-api.service[109984]: DEBUG cinder.api.openstack.wsgi [None req-e66a636d-30ff-4290-bf8a-2f2585182153 tempest-VolumesServicesTestJSON-1031209984 tempest-VolumesServicesTestJSON-1031209984-project-admin] Empty body provided in request {{(pid=109984) get_body /opt/stack/cinder/cinder/api/openstack/wsgi.py:715}}
May 09 04:26:44.022100 dv-cinder-838009-3-iscsi devstack@c-api.service[109984]: DEBUG cinder.api.openstack.wsgi [None req-e66a636d-30ff-4290-bf8a-2f2585182153 tempest-VolumesServicesTestJSON-1031209984 tempest-VolumesServicesTestJSON-1031209984-project-admin] Calling method 'index' {{(pid=109984) _process_stack /opt/stack/cinder/cinder/api/openstack/wsgi.py:868}}
May 09 04:26:44.049049 dv-cinder-838009-3-iscsi devstack@c-api.service[109985]: INFO cinder.api.openstack.wsgi [None req-b2fa62a9-a1c8-41e4-bc25-1f3fdad8cbd0 tempest-GroupSnapshotsTest-1897075674 tempest-GroupSnapshotsTest-1897075674-project] http://10.222.0.44/volume/v3/aee7fe01f201408e8949d3405fe44586/volumes/detail returned with HTTP 200
May 09 04:26:44.049369 dv-cinder-838009-3-iscsi devstack@c-api.service[109984]: INFO cinder.api.openstack.wsgi [None req-e66a636d-30ff-4290-bf8a-2f2585182153 tempest-VolumesServicesTestJSON-1031209984 tempest-VolumesServicesTestJSON-1031209984-project-admin] http://10.222.0.44/volume/v3/325adb362e0545a8ae52bdc4a6faea3e/os-services?binary=cinder-scheduler returned with HTTP 200
May 09 04:26:44.051792 dv-cinder-838009-3-iscsi devstack@c-api.service[109984]: [pid: 109984|app: 0|req: 87/172] 10.222.0.44 () {58 vars in 1272 bytes} [Mon May 9 04:26:43 2022] GET /volume/v3/325adb362e0545a8ae52bdc4a6faea3e/os-services?binary=cinder-scheduler => generated 203 bytes in 55 msecs (HTTP/1.1 200) 7 headers in 285 bytes (1 switches on core 0)
May 09 04:26:44.056691 dv-cinder-838009-3-iscsi devstack@c-api.service[109985]: [pid: 109985|app: 0|req: 86/173] 10.222.0.44 () {60 vars in 1275 bytes} [Mon May 9 04:26:43 2022] GET /volume/v3/aee7fe01f201408e8949d3405fe44586/volumes/detail => generated 1995 bytes in 429 msecs (HTTP/1.1 200) 7 headers in 287 bytes (1 switches on core 0)
May 09 04:26:44.066268 dv-cinder-838009-3-iscsi devstack@c-api.service[109984]: DEBUG cinder.api.middleware.request_id [None req-6602c657-a281-4361-8417-26d22d4d84f7 None None] RequestId filter calling following filter/app {{(pid=109984) _context_setter /opt/stack/cinder/cinder/api/middleware/request_id.py:62}}
May 09 04:26:44.073380 dv-cinder-838009-3-iscsi devstack@c-api.service[109985]: DEBUG cinder.api.middleware.request_id [None req-cc2757ab-fdf2-46b0-93b9-af81c6910814 None None] RequestId filter calling following filter/app {{(pid=109985) _context_setter /opt/stack/cinder/cinder/api/middleware/request_id.py:62}}
May 09 04:26:44.083918 dv-cinder-838009-3-iscsi devstack@c-api.service[109985]: INFO cinder.api.openstack.wsgi [None req-cc2757ab-fdf2-46b0-93b9-af81c6910814 tempest-GroupSnapshotsTest-1897075674 tempest-GroupSnapshotsTest-1897075674-project] POST http://10.222.0.44/volume/v3/aee7fe01f201408e8949d3405fe44586/group_snapshots
May 09 04:26:44.087312 dv-cinder-838009-3-iscsi devstack@c-api.service[109985]: DEBUG cinder.api.openstack.wsgi [None req-cc2757ab-fdf2-46b0-93b9-af81c6910814 tempest-GroupSnapshotsTest-1897075674 tempest-GroupSnapshotsTest-1897075674-project] Action: 'create', calling method: version_select, body: {"group_snapshot": {"group_id": "e326efce-438f-4e44-94da-a2a5322f2aeb", "name": "tempest-GroupSnapshotsTest-Group_Snapshot-1461943179"}} {{(pid=109985) _process_stack /opt/stack/cinder/cinder/api/openstack/wsgi.py:866}}
May 09 04:26:44.093298 dv-cinder-838009-3-iscsi devstack@c-api.service[109985]: DEBUG cinder.api.v3.group_snapshots [None req-cc2757ab-fdf2-46b0-93b9-af81c6910814 tempest-GroupSnapshotsTest-1897075674 tempest-GroupSnapshotsTest-1897075674-project] Creating new group_snapshot {'group_snapshot': {'group_id': 'e326efce-438f-4e44-94da-a2a5322f2aeb', 'name': 'tempest-GroupSnapshotsTest-Group_Snapshot-1461943179'}} {{(pid=109985) create /opt/stack/cinder/cinder/api/v3/group_snapshots.py:154}}
May 09 04:26:44.107043 dv-cinder-838009-3-iscsi devstack@c-api.service[109985]: /usr/local/lib/python3.8/dist-packages/oslo_context/context.py:100: DeprecationWarning: Policy enforcement is depending on the value of is_admin. This key is deprecated. Please update your policy file to use the standard policy values.
May 09 04:26:44.107043 dv-cinder-838009-3-iscsi devstack@c-api.service[109985]: warnings.warn('Policy enforcement is depending on the value of '
May 09 04:26:44.152907 dv-cinder-838009-3-iscsi devstack@c-api.service[109985]: INFO cinder.api.v3.group_snapshots [None req-cc2757ab-fdf2-46b0-93b9-af81c6910814 tempest-GroupSnapshotsTest-1897075674 tempest-GroupSnapshotsTest-1897075674-project] Creating group_snapshot tempest-GroupSnapshotsTest-Group_Snapshot-1461943179.
May 09 04:26:44.246085 dv-cinder-838009-3-iscsi devstack@c-api.service[109985]: /usr/local/lib/python3.8/dist-packages/oslo_context/context.py:100: DeprecationWarning: Policy enforcement is depending on the value of is_admin. This key is deprecated. Please update your policy file to use the standard policy values.
May 09 04:26:44.246085 dv-cinder-838009-3-iscsi devstack@c-api.service[109985]: warnings.warn('Policy enforcement is depending on the value of '
May 09 04:26:44.402591 dv-cinder-838009-3-iscsi devstack@c-api.service[109984]: INFO cinder.api.openstack.wsgi [None req-6602c657-a281-4361-8417-26d22d4d84f7 tempest-VolumesServicesTestJSON-425290833 tempest-VolumesServicesTestJSON-425290833-project] POST http://10.222.0.44/volume/v3/0dd9e10217e64a2a9bd5673a803ac71f/volumes
May 09 04:26:44.404075 dv-cinder-838009-3-iscsi devstack@c-api.service[109984]: DEBUG cinder.api.openstack.wsgi [None req-6602c657-a281-4361-8417-26d22d4d84f7 tempest-VolumesServicesTestJSON-425290833 tempest-VolumesServicesTestJSON-425290833-project] Action: 'create', calling method: create, body: {"volume": {"size": 1, "name": "tempest-VolumesServicesTestJSON-Volume-776653961"}} {{(pid=109984) _process_stack /opt/stack/cinder/cinder/api/openstack/wsgi.py:866}}
May 09 04:26:44.405485 dv-cinder-838009-3-iscsi devstack@c-api.service[109984]: DEBUG cinder.api.v3.volumes [None req-6602c657-a281-4361-8417-26d22d4d84f7 tempest-VolumesServicesTestJSON-425290833 tempest-VolumesServicesTestJSON-425290833-project] Create volume request body: {'volume': {'size': 1, 'name': 'tempest-VolumesServicesTestJSON-Volume-776653961'}} {{(pid=109984) create /opt/stack/cinder/cinder/api/v3/volumes.py:298}}
May 09 04:26:44.406078 dv-cinder-838009-3-iscsi devstack@c-api.service[109984]: INFO cinder.api.v3.volumes [None req-6602c657-a281-4361-8417-26d22d4d84f7 tempest-VolumesServicesTestJSON-425290833 tempest-VolumesServicesTestJSON-425290833-project] Create volume of 1 GB
May 09 04:26:44.423178 dv-cinder-838009-3-iscsi devstack@c-api.service[109984]: INFO cinder.volume.api [None req-6602c657-a281-4361-8417-26d22d4d84f7 tempest-VolumesServicesTestJSON-425290833 tempest-VolumesServicesTestJSON-425290833-project] Availability Zones retrieved successfully.
May 09 04:26:44.470319 dv-cinder-838009-3-iscsi devstack@c-api.service[109984]: DEBUG cinder.volume.api [None req-6602c657-a281-4361-8417-26d22d4d84f7 tempest-VolumesServicesTestJSON-425290833 tempest-VolumesServicesTestJSON-425290833-project] Flow 'volume_create_api' (49e593aa-b69f-465c-ba2c-779a093bbe5e) transitioned into state 'RUNNING' from state 'PENDING' {{(pid=109984) _flow_receiver /usr/local/lib/python3.8/dist-packages/taskflow/listeners/logging.py:141}}
