Apr 14 21:46:58.586818 dv-cinder-838009-1-smb devstack@n-api.service[123755]: DEBUG nova.api.openstack.wsgi_app [-] oslo_limit.status_code_retry_delay = None {{(pid=123755) log_opt_values /usr/local/lib/python3.8/dist-packages/oslo_config/cfg.py:2609}}
Apr 14 21:46:58.586976 dv-cinder-838009-1-smb devstack@n-api.service[123754]: DEBUG nova.api.openstack.wsgi_app [-] oslo_messaging_rabbit.rabbit_login_method = AMQPLAIN {{(pid=123754) log_opt_values /usr/local/lib/python3.8/dist-packages/oslo_config/cfg.py:2609}}
Apr 14 21:46:58.587143 dv-cinder-838009-1-smb devstack@n-api.service[123755]: DEBUG nova.api.openstack.wsgi_app [-] oslo_limit.timeout = None {{(pid=123755) log_opt_values /usr/local/lib/python3.8/dist-packages/oslo_config/cfg.py:2609}}
Apr 14 21:46:58.587293 dv-cinder-838009-1-smb devstack@n-api.service[123754]: DEBUG nova.api.openstack.wsgi_app [-] oslo_messaging_rabbit.rabbit_qos_prefetch_count = 0 {{(pid=123754) log_opt_values /usr/local/lib/python3.8/dist-packages/oslo_config/cfg.py:2609}}
Apr 14 21:46:58.587442 dv-cinder-838009-1-smb devstack@n-api.service[123755]: DEBUG nova.api.openstack.wsgi_app [-] oslo_limit.valid_interfaces = None {{(pid=123755) log_opt_values /usr/local/lib/python3.8/dist-packages/oslo_config/cfg.py:2609}}
Apr 14 21:46:58.587592 dv-cinder-838009-1-smb devstack@n-api.service[123754]: DEBUG nova.api.openstack.wsgi_app [-] oslo_messaging_rabbit.rabbit_quorum_queue = False {{(pid=123754) log_opt_values /usr/local/lib/python3.8/dist-packages/oslo_config/cfg.py:2609}}
Apr 14 21:46:58.587741 dv-cinder-838009-1-smb devstack@n-api.service[123755]: DEBUG nova.api.openstack.wsgi_app [-] oslo_limit.version = None {{(pid=123755) log_opt_values /usr/local/lib/python3.8/dist-packages/oslo_config/cfg.py:2609}}
Apr 14 21:46:58.587901 dv-cinder-838009-1-smb devstack@n-api.service[123754]: DEBUG nova.api.openstack.wsgi_app [-] oslo_messaging_rabbit.rabbit_retry_backoff = 2 {{(pid=123754) log_opt_values /usr/local/lib/python3.8/dist-packages/oslo_config/cfg.py:2609}}
Apr 14 21:46:58.588058 dv-cinder-838009-1-smb devstack@n-api.service[123755]: DEBUG nova.api.openstack.wsgi_app [-] oslo_middleware.http_basic_auth_user_file = /etc/htpasswd {{(pid=123755) log_opt_values /usr/local/lib/python3.8/dist-packages/oslo_config/cfg.py:2609}}
Apr 14 21:46:58.588221 dv-cinder-838009-1-smb devstack@n-api.service[123754]: DEBUG nova.api.openstack.wsgi_app [-] oslo_messaging_rabbit.rabbit_retry_interval = 1 {{(pid=123754) log_opt_values /usr/local/lib/python3.8/dist-packages/oslo_config/cfg.py:2609}}
Apr 14 21:46:58.588379 dv-cinder-838009-1-smb devstack@n-api.service[123755]: DEBUG nova.api.openstack.wsgi_app [-] profiler.connection_string = messaging:// {{(pid=123755) log_opt_values /usr/local/lib/python3.8/dist-packages/oslo_config/cfg.py:2609}}
Apr 14 21:46:58.588528 dv-cinder-838009-1-smb devstack@n-api.service[123754]: DEBUG nova.api.openstack.wsgi_app [-] oslo_messaging_rabbit.rabbit_transient_queues_ttl = 1800 {{(pid=123754) log_opt_values /usr/local/lib/python3.8/dist-packages/oslo_config/cfg.py:2609}}
Apr 14 21:46:58.588686 dv-cinder-838009-1-smb devstack@n-api.service[123755]: DEBUG nova.api.openstack.wsgi_app [-] profiler.enabled = False {{(pid=123755) log_opt_values /usr/local/lib/python3.8/dist-packages/oslo_config/cfg.py:2609}}
Apr 14 21:46:58.588844 dv-cinder-838009-1-smb devstack@n-api.service[123754]: DEBUG nova.api.openstack.wsgi_app [-] oslo_messaging_rabbit.rpc_conn_pool_size = 30 {{(pid=123754) log_opt_values /usr/local/lib/python3.8/dist-packages/oslo_config/cfg.py:2609}}
Apr 14 21:46:58.589003 dv-cinder-838009-1-smb devstack@n-api.service[123755]: DEBUG nova.api.openstack.wsgi_app [-] profiler.es_doc_type = notification {{(pid=123755) log_opt_values /usr/local/lib/python3.8/dist-packages/oslo_config/cfg.py:2609}}
Apr 14 21:46:58.589153 dv-cinder-838009-1-smb devstack@n-api.service[123754]: DEBUG nova.api.openstack.wsgi_app [-] oslo_messaging_rabbit.ssl = False {{(pid=123754) log_opt_values /usr/local/lib/python3.8/dist-packages/oslo_config/cfg.py:2609}}
Apr 14 21:46:58.589302 dv-cinder-838009-1-smb devstack@n-api.service[123755]: DEBUG nova.api.openstack.wsgi_app [-] profiler.es_scroll_size = 10000 {{(pid=123755) log_opt_values /usr/local/lib/python3.8/dist-packages/oslo_config/cfg.py:2609}}
Apr 14 21:46:58.589458 dv-cinder-838009-1-smb devstack@n-api.service[123754]: DEBUG nova.api.openstack.wsgi_app [-] oslo_messaging_rabbit.ssl_ca_file = {{(pid=123754) log_opt_values /usr/local/lib/python3.8/dist-packages/oslo_config/cfg.py:2609}}
Apr 14 21:46:58.589684 dv-cinder-838009-1-smb devstack@n-api.service[123755]: DEBUG nova.api.openstack.wsgi_app [-] profiler.es_scroll_time = 2m {{(pid=123755) log_opt_values /usr/local/lib/python3.8/dist-packages/oslo_config/cfg.py:2609}}
Apr 14 21:46:58.589851 dv-cinder-838009-1-smb devstack@n-api.service[123754]: DEBUG nova.api.openstack.wsgi_app [-] oslo_messaging_rabbit.ssl_cert_file = {{(pid=123754) log_opt_values /usr/local/lib/python3.8/dist-packages/oslo_config/cfg.py:2609}}
Apr 14 21:46:58.590026 dv-cinder-838009-1-smb devstack@n-api.service[123755]: DEBUG nova.api.openstack.wsgi_app [-] profiler.filter_error_trace = False {{(pid=123755) log_opt_values /usr/local/lib/python3.8/dist-packages/oslo_config/cfg.py:2609}}
Apr 14 21:46:58.590177 dv-cinder-838009-1-smb devstack@n-api.service[123754]: DEBUG nova.api.openstack.wsgi_app [-] oslo_messaging_rabbit.ssl_key_file = {{(pid=123754) log_opt_values /usr/local/lib/python3.8/dist-packages/oslo_config/cfg.py:2609}}
Apr 14 21:46:58.590337 dv-cinder-838009-1-smb devstack@n-api.service[123755]: DEBUG nova.api.openstack.wsgi_app [-] profiler.hmac_keys = SECRET_KEY {{(pid=123755) log_opt_values /usr/local/lib/python3.8/dist-packages/oslo_config/cfg.py:2609}}
Apr 14 21:46:58.590496 dv-cinder-838009-1-smb devstack@n-api.service[123754]: DEBUG nova.api.openstack.wsgi_app [-] oslo_messaging_rabbit.ssl_version = {{(pid=123754) log_opt_values /usr/local/lib/python3.8/dist-packages/oslo_config/cfg.py:2609}}
Apr 14 21:46:58.590654 dv-cinder-838009-1-smb devstack@n-api.service[123755]: DEBUG nova.api.openstack.wsgi_app [-] profiler.sentinel_service_name = mymaster {{(pid=123755) log_opt_values /usr/local/lib/python3.8/dist-packages/oslo_config/cfg.py:2609}}
Apr 14 21:46:58.590818 dv-cinder-838009-1-smb devstack@n-api.service[123754]: DEBUG nova.api.openstack.wsgi_app [-] oslo_messaging_notifications.driver = ['messagingv2'] {{(pid=123754) log_opt_values /usr/local/lib/python3.8/dist-packages/oslo_config/cfg.py:2609}}
Apr 14 21:46:58.590979 dv-cinder-838009-1-smb devstack@n-api.service[123755]: DEBUG nova.api.openstack.wsgi_app [-] profiler.socket_timeout = 0.1 {{(pid=123755) log_opt_values /usr/local/lib/python3.8/dist-packages/oslo_config/cfg.py:2609}}
Apr 14 21:46:58.591130 dv-cinder-838009-1-smb devstack@n-api.service[123754]: DEBUG nova.api.openstack.wsgi_app [-] oslo_messaging_notifications.retry = -1 {{(pid=123754) log_opt_values /usr/local/lib/python3.8/dist-packages/oslo_config/cfg.py:2609}}
Apr 14 21:46:58.591279 dv-cinder-838009-1-smb devstack@n-api.service[123755]: DEBUG nova.api.openstack.wsgi_app [-] profiler.trace_sqlalchemy = False {{(pid=123755) log_opt_values /usr/local/lib/python3.8/dist-packages/oslo_config/cfg.py:2609}}
Apr 14 21:46:58.591435 dv-cinder-838009-1-smb devstack@n-api.service[123754]: DEBUG nova.api.openstack.wsgi_app [-] oslo_messaging_notifications.topics = ['notifications'] {{(pid=123754) log_opt_values /usr/local/lib/python3.8/dist-packages/oslo_config/cfg.py:2609}}
Apr 14 21:46:58.591585 dv-cinder-838009-1-smb devstack@n-api.service[123755]: DEBUG nova.api.openstack.wsgi_app [-] oslo_messaging_rabbit.amqp_auto_delete = False {{(pid=123755) log_opt_values /usr/local/lib/python3.8/dist-packages/oslo_config/cfg.py:2609}}
Apr 14 21:46:58.591746 dv-cinder-838009-1-smb devstack@n-api.service[123754]: DEBUG nova.api.openstack.wsgi_app [-] oslo_messaging_notifications.transport_url = **** {{(pid=123754) log_opt_values /usr/local/lib/python3.8/dist-packages/oslo_config/cfg.py:2609}}
Apr 14 21:46:58.591914 dv-cinder-838009-1-smb devstack@n-api.service[123755]: DEBUG nova.api.openstack.wsgi_app [-] oslo_messaging_rabbit.amqp_durable_queues = False {{(pid=123755) log_opt_values /usr/local/lib/python3.8/dist-packages/oslo_config/cfg.py:2609}}
Apr 14 21:46:58.592065 dv-cinder-838009-1-smb devstack@n-api.service[123754]: DEBUG nova.api.openstack.wsgi_app [-] oslo_reports.file_event_handler = None {{(pid=123754) log_opt_values /usr/local/lib/python3.8/dist-packages/oslo_config/cfg.py:2609}}
Apr 14 21:46:58.592065 dv-cinder-838009-1-smb devstack@n-api.service[123754]: DEBUG nova.api.openstack.wsgi_app [-] oslo_reports.file_event_handler_interval = 1 {{(pid=123754) log_opt_values /usr/local/lib/python3.8/dist-packages/oslo_config/cfg.py:2609}}
Apr 14 21:46:58.592377 dv-cinder-838009-1-smb devstack@n-api.service[123755]: DEBUG nova.api.openstack.wsgi_app [-] oslo_messaging_rabbit.conn_pool_min_size = 2 {{(pid=123755) log_opt_values /usr/local/lib/python3.8/dist-packages/oslo_config/cfg.py:2609}}
Apr 14 21:46:58.592622 dv-cinder-838009-1-smb devstack@n-api.service[123754]: DEBUG nova.api.openstack.wsgi_app [-] oslo_reports.log_dir = None {{(pid=123754) log_opt_values /usr/local/lib/python3.8/dist-packages/oslo_config/cfg.py:2609}}
Apr 14 21:46:58.592785 dv-cinder-838009-1-smb devstack@n-api.service[123755]: DEBUG nova.api.openstack.wsgi_app [-] oslo_messaging_rabbit.conn_pool_ttl = 1200 {{(pid=123755) log_opt_values /usr/local/lib/python3.8/dist-packages/oslo_config/cfg.py:2609}}
Apr 14 21:46:58.592945 dv-cinder-838009-1-smb devstack@n-api.service[123754]: DEBUG nova.api.openstack.wsgi_app [-] ******************************************************************************** {{(pid=123754) log_opt_values /usr/local/lib/python3.8/dist-packages/oslo_config/cfg.py:2613}}
Apr 14 21:46:58.593104 dv-cinder-838009-1-smb devstack@n-api.service[123755]: DEBUG nova.api.openstack.wsgi_app [-] oslo_messaging_rabbit.direct_mandatory_flag = True {{(pid=123755) log_opt_values /usr/local/lib/python3.8/dist-packages/oslo_config/cfg.py:2609}}
Apr 14 21:46:58.593104 dv-cinder-838009-1-smb devstack@n-api.service[123755]: DEBUG nova.api.openstack.wsgi_app [-] oslo_messaging_rabbit.enable_cancel_on_failover = False {{(pid=123755) log_opt_values /usr/local/lib/python3.8/dist-packages/oslo_config/cfg.py:2609}}
Apr 14 21:46:58.593104 dv-cinder-838009-1-smb devstack@n-api.service[123755]: DEBUG nova.api.openstack.wsgi_app [-] oslo_messaging_rabbit.heartbeat_in_pthread = True {{(pid=123755) log_opt_values /usr/local/lib/python3.8/dist-packages/oslo_config/cfg.py:2609}}
Apr 14 21:46:58.593104 dv-cinder-838009-1-smb devstack@n-api.service[123755]: DEBUG nova.api.openstack.wsgi_app [-] oslo_messaging_rabbit.heartbeat_rate = 3 {{(pid=123755) log_opt_values /usr/local/lib/python3.8/dist-packages/oslo_config/cfg.py:2609}}
Apr 14 21:46:58.593104 dv-cinder-838009-1-smb devstack@n-api.service[123755]: DEBUG nova.api.openstack.wsgi_app [-] oslo_messaging_rabbit.heartbeat_timeout_threshold = 600 {{(pid=123755) log_opt_values /usr/local/lib/python3.8/dist-packages/oslo_config/cfg.py:2609}}
Apr 14 21:46:58.593104 dv-cinder-838009-1-smb devstack@n-api.service[123755]: DEBUG nova.api.openstack.wsgi_app [-] oslo_messaging_rabbit.kombu_compression = None {{(pid=123755) log_opt_values /usr/local/lib/python3.8/dist-packages/oslo_config/cfg.py:2609}}
Apr 14 21:46:58.593104 dv-cinder-838009-1-smb devstack@n-api.service[123755]: DEBUG nova.api.openstack.wsgi_app [-] oslo_messaging_rabbit.kombu_failover_strategy = round-robin {{(pid=123755) log_opt_values /usr/local/lib/python3.8/dist-packages/oslo_config/cfg.py:2609}}
Apr 14 21:46:58.593104 dv-cinder-838009-1-smb devstack@n-api.service[123755]: DEBUG nova.api.openstack.wsgi_app [-] oslo_messaging_rabbit.kombu_missing_consumer_retry_timeout = 60 {{(pid=123755) log_opt_values /usr/local/lib/python3.8/dist-packages/oslo_config/cfg.py:2609}}
Apr 14 21:46:58.594460 dv-cinder-838009-1-smb devstack@n-api.service[123755]: DEBUG nova.api.openstack.wsgi_app [-] oslo_messaging_rabbit.kombu_reconnect_delay = 1.0 {{(pid=123755) log_opt_values /usr/local/lib/python3.8/dist-packages/oslo_config/cfg.py:2609}}
Apr 14 21:46:58.594460 dv-cinder-838009-1-smb devstack@n-api.service[123755]: DEBUG nova.api.openstack.wsgi_app [-] oslo_messaging_rabbit.rabbit_ha_queues = False {{(pid=123755) log_opt_values /usr/local/lib/python3.8/dist-packages/oslo_config/cfg.py:2609}}
Apr 14 21:46:58.594460 dv-cinder-838009-1-smb devstack@n-api.service[123755]: DEBUG nova.api.openstack.wsgi_app [-] oslo_messaging_rabbit.rabbit_interval_max = 30 {{(pid=123755) log_opt_values /usr/local/lib/python3.8/dist-packages/oslo_config/cfg.py:2609}}
Apr 14 21:46:58.594460 dv-cinder-838009-1-smb devstack@n-api.service[123755]: DEBUG nova.api.openstack.wsgi_app [-] oslo_messaging_rabbit.rabbit_login_method = AMQPLAIN {{(pid=123755) log_opt_values /usr/local/lib/python3.8/dist-packages/oslo_config/cfg.py:2609}}
Apr 14 21:46:58.594460 dv-cinder-838009-1-smb devstack@n-api.service[123755]: DEBUG nova.api.openstack.wsgi_app [-] oslo_messaging_rabbit.rabbit_qos_prefetch_count = 0 {{(pid=123755) log_opt_values /usr/local/lib/python3.8/dist-packages/oslo_config/cfg.py:2609}}
Apr 14 21:46:58.594460 dv-cinder-838009-1-smb devstack@n-api.service[123755]: DEBUG nova.api.openstack.wsgi_app [-] oslo_messaging_rabbit.rabbit_quorum_queue = False {{(pid=123755) log_opt_values /usr/local/lib/python3.8/dist-packages/oslo_config/cfg.py:2609}}
Apr 14 21:46:58.594460 dv-cinder-838009-1-smb devstack@n-api.service[123755]: DEBUG nova.api.openstack.wsgi_app [-] oslo_messaging_rabbit.rabbit_retry_backoff = 2 {{(pid=123755) log_opt_values /usr/local/lib/python3.8/dist-packages/oslo_config/cfg.py:2609}}
Apr 14 21:46:58.594460 dv-cinder-838009-1-smb devstack@n-api.service[123755]: DEBUG nova.api.openstack.wsgi_app [-] oslo_messaging_rabbit.rabbit_retry_interval = 1 {{(pid=123755) log_opt_values /usr/local/lib/python3.8/dist-packages/oslo_config/cfg.py:2609}}
Apr 14 21:46:58.595750 dv-cinder-838009-1-smb devstack@n-api.service[123755]: DEBUG nova.api.openstack.wsgi_app [-] oslo_messaging_rabbit.rabbit_transient_queues_ttl = 1800 {{(pid=123755) log_opt_values /usr/local/lib/python3.8/dist-packages/oslo_config/cfg.py:2609}}
Apr 14 21:46:58.595750 dv-cinder-838009-1-smb devstack@n-api.service[123755]: DEBUG nova.api.openstack.wsgi_app [-] oslo_messaging_rabbit.rpc_conn_pool_size = 30 {{(pid=123755) log_opt_values /usr/local/lib/python3.8/dist-packages/oslo_config/cfg.py:2609}}
Apr 14 21:46:58.595750 dv-cinder-838009-1-smb devstack@n-api.service[123755]: DEBUG nova.api.openstack.wsgi_app [-] oslo_messaging_rabbit.ssl = False {{(pid=123755) log_opt_values /usr/local/lib/python3.8/dist-packages/oslo_config/cfg.py:2609}}
Apr 14 21:46:58.595750 dv-cinder-838009-1-smb devstack@n-api.service[123755]: DEBUG nova.api.openstack.wsgi_app [-] oslo_messaging_rabbit.ssl_ca_file = {{(pid=123755) log_opt_values /usr/local/lib/python3.8/dist-packages/oslo_config/cfg.py:2609}}
Apr 14 21:46:58.595750 dv-cinder-838009-1-smb devstack@n-api.service[123755]: DEBUG nova.api.openstack.wsgi_app [-] oslo_messaging_rabbit.ssl_cert_file = {{(pid=123755) log_opt_values /usr/local/lib/python3.8/dist-packages/oslo_config/cfg.py:2609}}
Apr 14 21:46:58.595750 dv-cinder-838009-1-smb devstack@n-api.service[123755]: DEBUG nova.api.openstack.wsgi_app [-] oslo_messaging_rabbit.ssl_key_file = {{(pid=123755) log_opt_values /usr/local/lib/python3.8/dist-packages/oslo_config/cfg.py:2609}}
Apr 14 21:46:58.595750 dv-cinder-838009-1-smb devstack@n-api.service[123755]: DEBUG nova.api.openstack.wsgi_app [-] oslo_messaging_rabbit.ssl_version = {{(pid=123755) log_opt_values /usr/local/lib/python3.8/dist-packages/oslo_config/cfg.py:2609}}
Apr 14 21:46:58.595750 dv-cinder-838009-1-smb devstack@n-api.service[123755]: DEBUG nova.api.openstack.wsgi_app [-] oslo_messaging_notifications.driver = ['messagingv2'] {{(pid=123755) log_opt_values /usr/local/lib/python3.8/dist-packages/oslo_config/cfg.py:2609}}
Apr 14 21:46:58.596943 dv-cinder-838009-1-smb devstack@n-api.service[123755]: DEBUG nova.api.openstack.wsgi_app [-] oslo_messaging_notifications.retry = -1 {{(pid=123755) log_opt_values /usr/local/lib/python3.8/dist-packages/oslo_config/cfg.py:2609}}
Apr 14 21:46:58.596943 dv-cinder-838009-1-smb devstack@n-api.service[123755]: DEBUG nova.api.openstack.wsgi_app [-] oslo_messaging_notifications.topics = ['notifications'] {{(pid=123755) log_opt_values /usr/local/lib/python3.8/dist-packages/oslo_config/cfg.py:2609}}
Apr 14 21:46:58.596943 dv-cinder-838009-1-smb devstack@n-api.service[123755]: DEBUG nova.api.openstack.wsgi_app [-] oslo_messaging_notifications.transport_url = **** {{(pid=123755) log_opt_values /usr/local/lib/python3.8/dist-packages/oslo_config/cfg.py:2609}}
Apr 14 21:46:58.596943 dv-cinder-838009-1-smb devstack@n-api.service[123755]: DEBUG nova.api.openstack.wsgi_app [-] oslo_reports.file_event_handler = None {{(pid=123755) log_opt_values /usr/local/lib/python3.8/dist-packages/oslo_config/cfg.py:2609}}
Apr 14 21:46:58.596943 dv-cinder-838009-1-smb devstack@n-api.service[123755]: DEBUG nova.api.openstack.wsgi_app [-] oslo_reports.file_event_handler_interval = 1 {{(pid=123755) log_opt_values /usr/local/lib/python3.8/dist-packages/oslo_config/cfg.py:2609}}
Apr 14 21:46:58.596943 dv-cinder-838009-1-smb devstack@n-api.service[123755]: DEBUG nova.api.openstack.wsgi_app [-] oslo_reports.log_dir = None {{(pid=123755) log_opt_values /usr/local/lib/python3.8/dist-packages/oslo_config/cfg.py:2609}}
Apr 14 21:46:58.596943 dv-cinder-838009-1-smb devstack@n-api.service[123755]: DEBUG nova.api.openstack.wsgi_app [-] ******************************************************************************** {{(pid=123755) log_opt_values /usr/local/lib/python3.8/dist-packages/oslo_config/cfg.py:2613}}
Apr 14 21:46:58.607905 dv-cinder-838009-1-smb devstack@n-api.service[123754]: DEBUG oslo_db.sqlalchemy.engines [None req-c1e68155-962e-42ce-9810-1f2c2c3a6f43 None None] MySQL server mode set to STRICT_TRANS_TABLES,STRICT_ALL_TABLES,NO_ZERO_IN_DATE,NO_ZERO_DATE,ERROR_FOR_DIVISION_BY_ZERO,TRADITIONAL,NO_ENGINE_SUBSTITUTION {{(pid=123754) _check_effective_sql_mode /usr/local/lib/python3.8/dist-packages/oslo_db/sqlalchemy/engines.py:314}}
Apr 14 21:46:58.617456 dv-cinder-838009-1-smb devstack@n-api.service[123755]: DEBUG oslo_db.sqlalchemy.engines [None req-f27b4640-aeae-4dfd-afe4-7b12a6ba6406 None None] MySQL server mode set to STRICT_TRANS_TABLES,STRICT_ALL_TABLES,NO_ZERO_IN_DATE,NO_ZERO_DATE,ERROR_FOR_DIVISION_BY_ZERO,TRADITIONAL,NO_ENGINE_SUBSTITUTION {{(pid=123755) _check_effective_sql_mode /usr/local/lib/python3.8/dist-packages/oslo_db/sqlalchemy/engines.py:314}}
Apr 14 21:46:58.676049 dv-cinder-838009-1-smb devstack@n-api.service[123754]: DEBUG nova.context [None req-c1e68155-962e-42ce-9810-1f2c2c3a6f43 None None] Found 2 cells: 00000000-0000-0000-0000-000000000000(cell0),6bf1e618-7836-429f-9bc7-913ab33f49c9(cell1) {{(pid=123754) load_cells /opt/stack/nova/nova/context.py:464}}
Apr 14 21:46:58.680621 dv-cinder-838009-1-smb devstack@n-api.service[123754]: DEBUG oslo_concurrency.lockutils [None req-c1e68155-962e-42ce-9810-1f2c2c3a6f43 None None] Lock "00000000-0000-0000-0000-000000000000" acquired by "nova.context.set_target_cell..get_or_set_cached_cell_and_set_connections" :: waited 0.000s {{(pid=123754) inner /usr/local/lib/python3.8/dist-packages/oslo_concurrency/lockutils.py:386}}
Apr 14 21:46:58.682248 dv-cinder-838009-1-smb devstack@n-api.service[123754]: DEBUG oslo_concurrency.lockutils [None req-c1e68155-962e-42ce-9810-1f2c2c3a6f43 None None] Lock "00000000-0000-0000-0000-000000000000" "released" by "nova.context.set_target_cell..get_or_set_cached_cell_and_set_connections" :: held 0.002s {{(pid=123754) inner /usr/local/lib/python3.8/dist-packages/oslo_concurrency/lockutils.py:400}}
Apr 14 21:46:58.683078 dv-cinder-838009-1-smb devstack@n-api.service[123754]: DEBUG oslo_concurrency.lockutils [None req-c1e68155-962e-42ce-9810-1f2c2c3a6f43 None None] Lock "6bf1e618-7836-429f-9bc7-913ab33f49c9" acquired by "nova.context.set_target_cell..get_or_set_cached_cell_and_set_connections" :: waited 0.000s {{(pid=123754) inner /usr/local/lib/python3.8/dist-packages/oslo_concurrency/lockutils.py:386}}
Apr 14 21:46:58.685103 dv-cinder-838009-1-smb devstack@n-api.service[123754]: DEBUG oslo_concurrency.lockutils [None req-c1e68155-962e-42ce-9810-1f2c2c3a6f43 None None] Lock "6bf1e618-7836-429f-9bc7-913ab33f49c9" "released" by "nova.context.set_target_cell..get_or_set_cached_cell_and_set_connections" :: held 0.002s {{(pid=123754) inner /usr/local/lib/python3.8/dist-packages/oslo_concurrency/lockutils.py:400}}
Apr 14 21:46:58.687442 dv-cinder-838009-1-smb devstack@n-api.service[123755]: DEBUG nova.context [None req-f27b4640-aeae-4dfd-afe4-7b12a6ba6406 None None] Found 2 cells: 00000000-0000-0000-0000-000000000000(cell0),6bf1e618-7836-429f-9bc7-913ab33f49c9(cell1) {{(pid=123755) load_cells /opt/stack/nova/nova/context.py:464}}
Apr 14 21:46:58.692851 dv-cinder-838009-1-smb devstack@n-api.service[123755]: DEBUG oslo_concurrency.lockutils [None req-f27b4640-aeae-4dfd-afe4-7b12a6ba6406 None None] Lock "00000000-0000-0000-0000-000000000000" acquired by "nova.context.set_target_cell..get_or_set_cached_cell_and_set_connections" :: waited 0.000s {{(pid=123755) inner /usr/local/lib/python3.8/dist-packages/oslo_concurrency/lockutils.py:386}}
Apr 14 21:46:58.694495 dv-cinder-838009-1-smb devstack@n-api.service[123755]: DEBUG oslo_concurrency.lockutils [None req-f27b4640-aeae-4dfd-afe4-7b12a6ba6406 None None] Lock "00000000-0000-0000-0000-000000000000" "released" by "nova.context.set_target_cell..get_or_set_cached_cell_and_set_connections" :: held 0.002s {{(pid=123755) inner /usr/local/lib/python3.8/dist-packages/oslo_concurrency/lockutils.py:400}}
Apr 14 21:46:58.695342 dv-cinder-838009-1-smb devstack@n-api.service[123755]: DEBUG oslo_concurrency.lockutils [None req-f27b4640-aeae-4dfd-afe4-7b12a6ba6406 None None] Lock "6bf1e618-7836-429f-9bc7-913ab33f49c9" acquired by "nova.context.set_target_cell..get_or_set_cached_cell_and_set_connections" :: waited 0.000s {{(pid=123755) inner /usr/local/lib/python3.8/dist-packages/oslo_concurrency/lockutils.py:386}}
Apr 14 21:46:58.696155 dv-cinder-838009-1-smb devstack@n-api.service[123754]: DEBUG oslo_db.sqlalchemy.engines [None req-c1e68155-962e-42ce-9810-1f2c2c3a6f43 None None] MySQL server mode set to STRICT_TRANS_TABLES,STRICT_ALL_TABLES,NO_ZERO_IN_DATE,NO_ZERO_DATE,ERROR_FOR_DIVISION_BY_ZERO,TRADITIONAL,NO_ENGINE_SUBSTITUTION {{(pid=123754) _check_effective_sql_mode /usr/local/lib/python3.8/dist-packages/oslo_db/sqlalchemy/engines.py:314}}
Apr 14 21:46:58.697010 dv-cinder-838009-1-smb devstack@n-api.service[123754]: DEBUG oslo_db.sqlalchemy.engines [None req-c1e68155-962e-42ce-9810-1f2c2c3a6f43 None None] MySQL server mode set to STRICT_TRANS_TABLES,STRICT_ALL_TABLES,NO_ZERO_IN_DATE,NO_ZERO_DATE,ERROR_FOR_DIVISION_BY_ZERO,TRADITIONAL,NO_ENGINE_SUBSTITUTION {{(pid=123754) _check_effective_sql_mode /usr/local/lib/python3.8/dist-packages/oslo_db/sqlalchemy/engines.py:314}}
Apr 14 21:46:58.697324 dv-cinder-838009-1-smb devstack@n-api.service[123755]: DEBUG oslo_concurrency.lockutils [None req-f27b4640-aeae-4dfd-afe4-7b12a6ba6406 None None] Lock "6bf1e618-7836-429f-9bc7-913ab33f49c9" "released" by "nova.context.set_target_cell..get_or_set_cached_cell_and_set_connections" :: held 0.002s {{(pid=123755) inner /usr/local/lib/python3.8/dist-packages/oslo_concurrency/lockutils.py:400}}
Apr 14 21:46:58.708733 dv-cinder-838009-1-smb devstack@n-api.service[123755]: DEBUG oslo_db.sqlalchemy.engines [None req-f27b4640-aeae-4dfd-afe4-7b12a6ba6406 None None] MySQL server mode set to STRICT_TRANS_TABLES,STRICT_ALL_TABLES,NO_ZERO_IN_DATE,NO_ZERO_DATE,ERROR_FOR_DIVISION_BY_ZERO,TRADITIONAL,NO_ENGINE_SUBSTITUTION {{(pid=123755) _check_effective_sql_mode /usr/local/lib/python3.8/dist-packages/oslo_db/sqlalchemy/engines.py:314}}
Apr 14 21:46:58.710423 dv-cinder-838009-1-smb devstack@n-api.service[123755]: DEBUG oslo_db.sqlalchemy.engines [None req-f27b4640-aeae-4dfd-afe4-7b12a6ba6406 None None] MySQL server mode set to STRICT_TRANS_TABLES,STRICT_ALL_TABLES,NO_ZERO_IN_DATE,NO_ZERO_DATE,ERROR_FOR_DIVISION_BY_ZERO,TRADITIONAL,NO_ENGINE_SUBSTITUTION {{(pid=123755) _check_effective_sql_mode /usr/local/lib/python3.8/dist-packages/oslo_db/sqlalchemy/engines.py:314}}
Apr 14 21:46:58.855084 dv-cinder-838009-1-smb devstack@n-api.service[123754]: DEBUG oslo_db.sqlalchemy.engines [None req-c1e68155-962e-42ce-9810-1f2c2c3a6f43 None None] MySQL server mode set to STRICT_TRANS_TABLES,STRICT_ALL_TABLES,NO_ZERO_IN_DATE,NO_ZERO_DATE,ERROR_FOR_DIVISION_BY_ZERO,TRADITIONAL,NO_ENGINE_SUBSTITUTION {{(pid=123754) _check_effective_sql_mode /usr/local/lib/python3.8/dist-packages/oslo_db/sqlalchemy/engines.py:314}}
Apr 14 21:46:58.875929 dv-cinder-838009-1-smb devstack@n-api.service[123755]: DEBUG oslo_db.sqlalchemy.engines [None req-f27b4640-aeae-4dfd-afe4-7b12a6ba6406 None None] MySQL server mode set to STRICT_TRANS_TABLES,STRICT_ALL_TABLES,NO_ZERO_IN_DATE,NO_ZERO_DATE,ERROR_FOR_DIVISION_BY_ZERO,TRADITIONAL,NO_ENGINE_SUBSTITUTION {{(pid=123755) _check_effective_sql_mode /usr/local/lib/python3.8/dist-packages/oslo_db/sqlalchemy/engines.py:314}}
Apr 14 21:46:59.291806 dv-cinder-838009-1-smb devstack@n-api.service[123754]: WARNING keystonemiddleware.auth_token [None req-c1e68155-962e-42ce-9810-1f2c2c3a6f43 None None] AuthToken middleware is set with keystone_authtoken.service_token_roles_required set to False. This is backwards compatible but deprecated behaviour. Please set this to True.
Apr 14 21:46:59.298601 dv-cinder-838009-1-smb devstack@n-api.service[123754]: WARNING keystonemiddleware.auth_token [None req-c1e68155-962e-42ce-9810-1f2c2c3a6f43 None None] Configuring www_authenticate_uri to point to the public identity endpoint is required; clients may not be able to authenticate against an admin endpoint
Apr 14 21:46:59.318165 dv-cinder-838009-1-smb devstack@n-api.service[123755]: WARNING keystonemiddleware.auth_token [None req-f27b4640-aeae-4dfd-afe4-7b12a6ba6406 None None] AuthToken middleware is set with keystone_authtoken.service_token_roles_required set to False. This is backwards compatible but deprecated behaviour. Please set this to True.
Apr 14 21:46:59.324801 dv-cinder-838009-1-smb devstack@n-api.service[123755]: WARNING keystonemiddleware.auth_token [None req-f27b4640-aeae-4dfd-afe4-7b12a6ba6406 None None] Configuring www_authenticate_uri to point to the public identity endpoint is required; clients may not be able to authenticate against an admin endpoint
Apr 14 21:46:59.525135 dv-cinder-838009-1-smb devstack@n-api.service[123754]: WARNING keystonemiddleware.auth_token [None req-c1e68155-962e-42ce-9810-1f2c2c3a6f43 None None] AuthToken middleware is set with keystone_authtoken.service_token_roles_required set to False. This is backwards compatible but deprecated behaviour. Please set this to True.
Apr 14 21:46:59.530356 dv-cinder-838009-1-smb devstack@n-api.service[123754]: WARNING keystonemiddleware.auth_token [None req-c1e68155-962e-42ce-9810-1f2c2c3a6f43 None None] Configuring www_authenticate_uri to point to the public identity endpoint is required; clients may not be able to authenticate against an admin endpoint
Apr 14 21:46:59.535907 dv-cinder-838009-1-smb devstack@n-api.service[123754]: WSGI app 0 (mountpoint='') ready in 6 seconds on interpreter 0x5562ceaf99c0 pid: 123754 (default app)
Apr 14 21:46:59.558340 dv-cinder-838009-1-smb devstack@n-api.service[123755]: WARNING keystonemiddleware.auth_token [None req-f27b4640-aeae-4dfd-afe4-7b12a6ba6406 None None] AuthToken middleware is set with keystone_authtoken.service_token_roles_required set to False. This is backwards compatible but deprecated behaviour. Please set this to True.
Apr 14 21:46:59.563563 dv-cinder-838009-1-smb devstack@n-api.service[123755]: WARNING keystonemiddleware.auth_token [None req-f27b4640-aeae-4dfd-afe4-7b12a6ba6406 None None] Configuring www_authenticate_uri to point to the public identity endpoint is required; clients may not be able to authenticate against an admin endpoint
Apr 14 21:46:59.569269 dv-cinder-838009-1-smb devstack@n-api.service[123755]: WSGI app 0 (mountpoint='') ready in 6 seconds on interpreter 0x5562ceaf99c0 pid: 123755 (default app)
Apr 14 21:47:41.765902 dv-cinder-838009-1-smb devstack@n-api.service[123754]: DEBUG nova.api.openstack.wsgi [None req-c00e891c-f31a-4282-b2a4-ded6d3daf153 tempest-VolumesSnapshotsTestJSON-1801126151 tempest-VolumesSnapshotsTestJSON-1801126151-project] Action: 'create', calling method: .version_select at 0x7fa2397a9820>, body: {"volume": {"size": 1, "display_name": "tempest-VolumesSnapshotsTestJSON-volume-1391102070"}} {{(pid=123754) _process_stack /opt/stack/nova/nova/api/openstack/wsgi.py:511}}
Apr 14 21:47:43.064313 dv-cinder-838009-1-smb devstack@n-api.service[123755]: DEBUG nova.api.openstack.wsgi [None req-68117a14-22c6-44cf-8e08-5873aedeebf8 tempest-VolumesNegativeTest-320343255 tempest-VolumesNegativeTest-320343255-project] Action: 'create', calling method: .version_select at 0x7fa2397a9820>, body: {"volume": {"size": "#$%", "display_name": "tempest-VolumesNegativeTest-Volume-2020833371", "metadata": {"Type": "work"}}} {{(pid=123755) _process_stack /opt/stack/nova/nova/api/openstack/wsgi.py:511}}
Apr 14 21:47:43.066141 dv-cinder-838009-1-smb devstack@n-api.service[123755]: DEBUG nova.api.openstack.wsgi [None req-68117a14-22c6-44cf-8e08-5873aedeebf8 tempest-VolumesNegativeTest-320343255 tempest-VolumesNegativeTest-320343255-project] Returning 400 to user: Invalid input for field/attribute size. Value: #$%. '#$%' does not match '^[0-9]+$' {{(pid=123755) __call__ /opt/stack/nova/nova/api/openstack/wsgi.py:936}}
Apr 14 21:47:43.067238 dv-cinder-838009-1-smb devstack@n-api.service[123755]: INFO nova.api.openstack.requestlog [None req-68117a14-22c6-44cf-8e08-5873aedeebf8 tempest-VolumesNegativeTest-320343255 tempest-VolumesNegativeTest-320343255-project] 10.222.0.75 "POST /compute/v2.1/os-volumes" status: 400 len: 127 microversion: 2.1 time: 1.176150
Apr 14 21:47:43.068259 dv-cinder-838009-1-smb devstack@n-api.service[123755]: [pid: 123755|app: 0|req: 1/1] 10.222.0.75 () {60 vars in 1155 bytes} [Thu Apr 14 21:47:41 2022] POST /compute/v2.1/os-volumes => generated 127 bytes in 1179 msecs (HTTP/1.1 400) 9 headers in 381 bytes (2 switches on core 0)
Apr 14 21:47:43.084658 dv-cinder-838009-1-smb devstack@n-api.service[123755]: DEBUG nova.api.openstack.wsgi [None req-cc22c574-cd5c-4824-9a97-ee5be757899a tempest-VolumesNegativeTest-320343255 tempest-VolumesNegativeTest-320343255-project] Action: 'create', calling method: .version_select at 0x7fa2396e6670>, body: {"volume": {"size": "0", "display_name": "tempest-VolumesNegativeTest-Volume-201139382", "metadata": {"Type": "work"}}} {{(pid=123755) _process_stack /opt/stack/nova/nova/api/openstack/wsgi.py:511}}
Apr 14 21:47:43.086938 dv-cinder-838009-1-smb devstack@n-api.service[123755]: DEBUG nova.api.openstack.wsgi [None req-cc22c574-cd5c-4824-9a97-ee5be757899a tempest-VolumesNegativeTest-320343255 tempest-VolumesNegativeTest-320343255-project] Returning 400 to user: Invalid input for field/attribute size. Value: 0. 0 is less than the minimum of 1 {{(pid=123755) __call__ /opt/stack/nova/nova/api/openstack/wsgi.py:936}}
Apr 14 21:47:43.087954 dv-cinder-838009-1-smb devstack@n-api.service[123755]: INFO nova.api.openstack.requestlog [None req-cc22c574-cd5c-4824-9a97-ee5be757899a tempest-VolumesNegativeTest-320343255 tempest-VolumesNegativeTest-320343255-project] 10.222.0.75 "POST /compute/v2.1/os-volumes" status: 400 len: 125 microversion: 2.1 time: 0.012862
Apr 14 21:47:43.088691 dv-cinder-838009-1-smb devstack@n-api.service[123755]: [pid: 123755|app: 0|req: 2/2] 10.222.0.75 () {60 vars in 1155 bytes} [Thu Apr 14 21:47:43 2022] POST /compute/v2.1/os-volumes => generated 125 bytes in 14 msecs (HTTP/1.1 400) 9 headers in 381 bytes (1 switches on core 0)
Apr 14 21:47:43.101266 dv-cinder-838009-1-smb devstack@n-api.service[123755]: DEBUG nova.api.openstack.wsgi [None req-daacfd28-4bed-456f-afb8-d281d93e751e tempest-VolumesNegativeTest-320343255 tempest-VolumesNegativeTest-320343255-project] Action: 'create', calling method: .version_select at 0x7fa2397a9d30>, body: {"volume": {"size": "", "display_name": "tempest-VolumesNegativeTest-Volume-452860959", "metadata": {"Type": "work"}}} {{(pid=123755) _process_stack /opt/stack/nova/nova/api/openstack/wsgi.py:511}}
Apr 14 21:47:43.103103 dv-cinder-838009-1-smb devstack@n-api.service[123755]: DEBUG nova.api.openstack.wsgi [None req-daacfd28-4bed-456f-afb8-d281d93e751e tempest-VolumesNegativeTest-320343255 tempest-VolumesNegativeTest-320343255-project] Returning 400 to user: Invalid input for field/attribute size. Value: . '' does not match '^[0-9]+$' {{(pid=123755) __call__ /opt/stack/nova/nova/api/openstack/wsgi.py:936}}
Apr 14 21:47:43.105274 dv-cinder-838009-1-smb devstack@n-api.service[123755]: INFO nova.api.openstack.requestlog [None req-daacfd28-4bed-456f-afb8-d281d93e751e tempest-VolumesNegativeTest-320343255 tempest-VolumesNegativeTest-320343255-project] 10.222.0.75 "POST /compute/v2.1/os-volumes" status: 400 len: 121 microversion: 2.1 time: 0.010617
Apr 14 21:47:43.117835 dv-cinder-838009-1-smb devstack@n-api.service[123755]: [pid: 123755|app: 0|req: 3/3] 10.222.0.75 () {60 vars in 1155 bytes} [Thu Apr 14 21:47:43 2022] POST /compute/v2.1/os-volumes => generated 121 bytes in 16 msecs (HTTP/1.1 400) 9 headers in 381 bytes (1 switches on core 0)
Apr 14 21:47:43.123626 dv-cinder-838009-1-smb devstack@n-api.service[123755]: DEBUG nova.api.openstack.wsgi [None req-547cd9c7-872a-485b-aacc-fc4d05e7b777 tempest-VolumesNegativeTest-320343255 tempest-VolumesNegativeTest-320343255-project] Calling method '.version_select at 0x7fa23975c3a0>' {{(pid=123755) _process_stack /opt/stack/nova/nova/api/openstack/wsgi.py:513}}
Apr 14 21:47:43.864723 dv-cinder-838009-1-smb devstack@n-api.service[123755]: INFO nova.api.openstack.wsgi [None req-547cd9c7-872a-485b-aacc-fc4d05e7b777 tempest-VolumesNegativeTest-320343255 tempest-VolumesNegativeTest-320343255-project] HTTP exception thrown: Volume tempest-invalid-1039819265 could not be found.
Apr 14 21:47:43.865472 dv-cinder-838009-1-smb devstack@n-api.service[123755]: DEBUG nova.api.openstack.wsgi [None req-547cd9c7-872a-485b-aacc-fc4d05e7b777 tempest-VolumesNegativeTest-320343255 tempest-VolumesNegativeTest-320343255-project] Returning 404 to user: Volume tempest-invalid-1039819265 could not be found. {{(pid=123755) __call__ /opt/stack/nova/nova/api/openstack/wsgi.py:936}}
Apr 14 21:47:43.872149 dv-cinder-838009-1-smb devstack@n-api.service[123755]: INFO nova.api.openstack.requestlog [None req-547cd9c7-872a-485b-aacc-fc4d05e7b777 tempest-VolumesNegativeTest-320343255 tempest-VolumesNegativeTest-320343255-project] 10.222.0.75 "DELETE /compute/v2.1/os-volumes/tempest-invalid-1039819265" status: 404 len: 99 microversion: 2.1 time: 0.752561
Apr 14 21:47:43.873012 dv-cinder-838009-1-smb devstack@n-api.service[123755]: [pid: 123755|app: 0|req: 4/4] 10.222.0.75 () {58 vars in 1217 bytes} [Thu Apr 14 21:47:43 2022] DELETE /compute/v2.1/os-volumes/tempest-invalid-1039819265 => generated 99 bytes in 754 msecs (HTTP/1.1 404) 9 headers in 378 bytes (1 switches on core 0)
Apr 14 21:47:43.997580 dv-cinder-838009-1-smb devstack@n-api.service[123754]: INFO nova.api.openstack.requestlog [None req-c00e891c-f31a-4282-b2a4-ded6d3daf153 tempest-VolumesSnapshotsTestJSON-1801126151 tempest-VolumesSnapshotsTestJSON-1801126151-project] 10.222.0.75 "POST /compute/v2.1/os-volumes" status: 200 len: 345 microversion: 2.1 time: 3.282326
Apr 14 21:47:44.005048 dv-cinder-838009-1-smb devstack@n-api.service[123754]: [pid: 123754|app: 0|req: 1/5] 10.222.0.75 () {60 vars in 1154 bytes} [Thu Apr 14 21:47:40 2022] POST /compute/v2.1/os-volumes => generated 345 bytes in 3288 msecs (HTTP/1.1 200) 10 headers in 448 bytes (1 switches on core 0)
Apr 14 21:47:44.010342 dv-cinder-838009-1-smb devstack@n-api.service[123754]: INFO nova.api.openstack.requestlog [None req-6201f6aa-0bba-4bad-b6d5-f0eb0c0ab844 tempest-VolumesNegativeTest-320343255 tempest-VolumesNegativeTest-320343255-project] 10.222.0.75 "DELETE /compute/v2.1/os-volumes/" status: 404 len: 112 microversion: - time: 0.009387
Apr 14 21:47:44.014831 dv-cinder-838009-1-smb devstack@n-api.service[123754]: [pid: 123754|app: 0|req: 2/6] 10.222.0.75 () {58 vars in 1139 bytes} [Thu Apr 14 21:47:43 2022] DELETE /compute/v2.1/os-volumes/ => generated 112 bytes in 13 msecs (HTTP/1.1 404) 5 headers in 228 bytes (1 switches on core 0)
Apr 14 21:47:44.027460 dv-cinder-838009-1-smb devstack@n-api.service[123754]: DEBUG nova.api.openstack.wsgi [None req-a4e7ee32-123f-4025-b514-0b9cf4343f4c tempest-VolumesSnapshotsTestJSON-1801126151 tempest-VolumesSnapshotsTestJSON-1801126151-project] Calling method '.version_select at 0x7fa23967ca60>' {{(pid=123754) _process_stack /opt/stack/nova/nova/api/openstack/wsgi.py:513}}
Apr 14 21:47:44.136405 dv-cinder-838009-1-smb devstack@n-api.service[123754]: INFO nova.api.openstack.requestlog [None req-a4e7ee32-123f-4025-b514-0b9cf4343f4c tempest-VolumesSnapshotsTestJSON-1801126151 tempest-VolumesSnapshotsTestJSON-1801126151-project] 10.222.0.75 "GET /compute/v2.1/os-volumes/f4a3c659-b552-426f-9be3-ed487ff097f6" status: 200 len: 345 microversion: 2.1 time: 0.123050
Apr 14 21:47:44.141686 dv-cinder-838009-1-smb devstack@n-api.service[123754]: [pid: 123754|app: 0|req: 3/7] 10.222.0.75 () {58 vars in 1244 bytes} [Thu Apr 14 21:47:44 2022] GET /compute/v2.1/os-volumes/f4a3c659-b552-426f-9be3-ed487ff097f6 => generated 345 bytes in 125 msecs (HTTP/1.1 200) 9 headers in 357 bytes (1 switches on core 0)
Apr 14 21:47:44.143718 dv-cinder-838009-1-smb devstack@n-api.service[123754]: INFO nova.api.openstack.requestlog [None req-44d27bb4-04f8-4100-9a6c-5f39a12d9745 tempest-VolumesNegativeTest-320343255 tempest-VolumesNegativeTest-320343255-project] 10.222.0.75 "GET /compute/v2.1/os-volumes/" status: 404 len: 112 microversion: - time: 0.005138
Apr 14 21:47:44.145173 dv-cinder-838009-1-smb devstack@n-api.service[123754]: [pid: 123754|app: 0|req: 4/8] 10.222.0.75 () {58 vars in 1136 bytes} [Thu Apr 14 21:47:44 2022] GET /compute/v2.1/os-volumes/ => generated 112 bytes in 7 msecs (HTTP/1.1 404) 5 headers in 228 bytes (1 switches on core 0)
Apr 14 21:47:44.163101 dv-cinder-838009-1-smb devstack@n-api.service[123754]: DEBUG nova.api.openstack.wsgi [None req-277ed87a-3d7d-4f7b-8de9-5d970693f4b3 tempest-VolumesNegativeTest-320343255 tempest-VolumesNegativeTest-320343255-project] Calling method '.version_select at 0x7fa23967c9d0>' {{(pid=123754) _process_stack /opt/stack/nova/nova/api/openstack/wsgi.py:513}}
Apr 14 21:47:44.236218 dv-cinder-838009-1-smb devstack@n-api.service[123755]: DEBUG nova.api.openstack.wsgi [None req-b0812c7e-31be-4653-aa8d-50be1df5000d tempest-DeleteServersTestJSON-1919233992 tempest-DeleteServersTestJSON-1919233992-project] Action: 'create', calling method: >, body: {"server": {"name": "tempest-DeleteServersTestJSON-server-870400650", "imageRef": "cb9e76f0-9004-40a7-ace4-234c1d2e9568", "flavorRef": "452", "networks": [{"uuid": "8502a0c2-1e2b-4cd9-8bf2-758b9505c8f4"}]}} {{(pid=123755) _process_stack /opt/stack/nova/nova/api/openstack/wsgi.py:511}}
Apr 14 21:47:44.406556 dv-cinder-838009-1-smb devstack@n-api.service[123754]: INFO nova.api.openstack.wsgi [None req-277ed87a-3d7d-4f7b-8de9-5d970693f4b3 tempest-VolumesNegativeTest-320343255 tempest-VolumesNegativeTest-320343255-project] HTTP exception thrown: Volume f8e5a834-22d8-4d4b-a1d7-3fb3d9d18877 could not be found.
Apr 14 21:47:44.407433 dv-cinder-838009-1-smb devstack@n-api.service[123754]: DEBUG nova.api.openstack.wsgi [None req-277ed87a-3d7d-4f7b-8de9-5d970693f4b3 tempest-VolumesNegativeTest-320343255 tempest-VolumesNegativeTest-320343255-project] Returning 404 to user: Volume f8e5a834-22d8-4d4b-a1d7-3fb3d9d18877 could not be found. {{(pid=123754) __call__ /opt/stack/nova/nova/api/openstack/wsgi.py:936}}
Apr 14 21:47:44.408716 dv-cinder-838009-1-smb devstack@n-api.service[123754]: INFO nova.api.openstack.requestlog [None req-277ed87a-3d7d-4f7b-8de9-5d970693f4b3 tempest-VolumesNegativeTest-320343255 tempest-VolumesNegativeTest-320343255-project] 10.222.0.75 "DELETE /compute/v2.1/os-volumes/f8e5a834-22d8-4d4b-a1d7-3fb3d9d18877" status: 404 len: 109 microversion: 2.1 time: 0.257721
Apr 14 21:47:44.409671 dv-cinder-838009-1-smb devstack@n-api.service[123754]: [pid: 123754|app: 0|req: 5/9] 10.222.0.75 () {58 vars in 1247 bytes} [Thu Apr 14 21:47:44 2022] DELETE /compute/v2.1/os-volumes/f8e5a834-22d8-4d4b-a1d7-3fb3d9d18877 => generated 109 bytes in 259 msecs (HTTP/1.1 404) 9 headers in 379 bytes (1 switches on core 0)
Apr 14 21:47:44.445068 dv-cinder-838009-1-smb devstack@n-api.service[123754]: DEBUG nova.api.openstack.wsgi [None req-af8b222e-3eb8-4752-be28-fd7144e7dfbf tempest-VolumesNegativeTest-320343255 tempest-VolumesNegativeTest-320343255-project] Calling method '.version_select at 0x7fa239fd8ee0>' {{(pid=123754) _process_stack /opt/stack/nova/nova/api/openstack/wsgi.py:513}}
Apr 14 21:47:44.507906 dv-cinder-838009-1-smb devstack@n-api.service[123755]: DEBUG nova.network.neutron [None req-b0812c7e-31be-4653-aa8d-50be1df5000d tempest-DeleteServersTestJSON-1919233992 tempest-DeleteServersTestJSON-1919233992-project] validate_networks() for [('8502a0c2-1e2b-4cd9-8bf2-758b9505c8f4', None, None, None, None, None)] {{(pid=123755) validate_networks /opt/stack/nova/nova/network/neutron.py:2632}}
Apr 14 21:47:44.549214 dv-cinder-838009-1-smb devstack@n-api.service[123754]: INFO nova.api.openstack.wsgi [None req-af8b222e-3eb8-4752-be28-fd7144e7dfbf tempest-VolumesNegativeTest-320343255 tempest-VolumesNegativeTest-320343255-project] HTTP exception thrown: Volume 75ee93cf-a41f-46dc-b675-16ca354e920b could not be found.
Apr 14 21:47:44.549991 dv-cinder-838009-1-smb devstack@n-api.service[123754]: DEBUG nova.api.openstack.wsgi [None req-af8b222e-3eb8-4752-be28-fd7144e7dfbf tempest-VolumesNegativeTest-320343255 tempest-VolumesNegativeTest-320343255-project] Returning 404 to user: Volume 75ee93cf-a41f-46dc-b675-16ca354e920b could not be found. {{(pid=123754) __call__ /opt/stack/nova/nova/api/openstack/wsgi.py:936}}
Apr 14 21:47:44.551114 dv-cinder-838009-1-smb devstack@n-api.service[123754]: INFO nova.api.openstack.requestlog [None req-af8b222e-3eb8-4752-be28-fd7144e7dfbf tempest-VolumesNegativeTest-320343255 tempest-VolumesNegativeTest-320343255-project] 10.222.0.75 "GET /compute/v2.1/os-volumes/75ee93cf-a41f-46dc-b675-16ca354e920b" status: 404 len: 109 microversion: 2.1 time: 0.130943
Apr 14 21:47:44.552053 dv-cinder-838009-1-smb devstack@n-api.service[123754]: [pid: 123754|app: 0|req: 6/10] 10.222.0.75 () {58 vars in 1244 bytes} [Thu Apr 14 21:47:44 2022] GET /compute/v2.1/os-volumes/75ee93cf-a41f-46dc-b675-16ca354e920b => generated 109 bytes in 134 msecs (HTTP/1.1 404) 9 headers in 379 bytes (1 switches on core 0)
Apr 14 21:47:45.149664 dv-cinder-838009-1-smb devstack@n-api.service[123754]: DEBUG nova.api.openstack.wsgi [None req-b6e80566-4b20-4819-b619-226ed2a839a3 tempest-VolumesSnapshotsTestJSON-1801126151 tempest-VolumesSnapshotsTestJSON-1801126151-project] Calling method '.version_select at 0x7fa239619670>' {{(pid=123754) _process_stack /opt/stack/nova/nova/api/openstack/wsgi.py:513}}
Apr 14 21:47:45.247233 dv-cinder-838009-1-smb devstack@n-api.service[123754]: INFO nova.api.openstack.requestlog [None req-b6e80566-4b20-4819-b619-226ed2a839a3 tempest-VolumesSnapshotsTestJSON-1801126151 tempest-VolumesSnapshotsTestJSON-1801126151-project] 10.222.0.75 "GET /compute/v2.1/os-volumes/f4a3c659-b552-426f-9be3-ed487ff097f6" status: 200 len: 346 microversion: 2.1 time: 0.101157
Apr 14 21:47:45.253780 dv-cinder-838009-1-smb devstack@n-api.service[123754]: [pid: 123754|app: 0|req: 7/11] 10.222.0.75 () {58 vars in 1244 bytes} [Thu Apr 14 21:47:45 2022] GET /compute/v2.1/os-volumes/f4a3c659-b552-426f-9be3-ed487ff097f6 => generated 346 bytes in 103 msecs (HTTP/1.1 200) 9 headers in 357 bytes (1 switches on core 0)
Apr 14 21:47:45.262702 dv-cinder-838009-1-smb devstack@n-api.service[123754]: DEBUG nova.api.openstack.wsgi [None req-09db8d08-c78f-40bc-bcf6-4d4ca14a645e tempest-VolumesSnapshotsTestJSON-1801126151 tempest-VolumesSnapshotsTestJSON-1801126151-project] Action: 'create', calling method: .version_select at 0x7fa239619ca0>, body: {"snapshot": {"volume_id": "f4a3c659-b552-426f-9be3-ed487ff097f6", "display_name": "tempest-VolumesSnapshotsTestJSON-Snapshot-1876113634"}} {{(pid=123754) _process_stack /opt/stack/nova/nova/api/openstack/wsgi.py:511}}
Apr 14 21:47:45.745532 dv-cinder-838009-1-smb devstack@n-api.service[123754]: INFO nova.api.openstack.requestlog [None req-09db8d08-c78f-40bc-bcf6-4d4ca14a645e tempest-VolumesSnapshotsTestJSON-1801126151 tempest-VolumesSnapshotsTestJSON-1801126151-project] 10.222.0.75 "POST /compute/v2.1/os-snapshots" status: 200 len: 287 microversion: 2.1 time: 0.490286
Apr 14 21:47:45.754138 dv-cinder-838009-1-smb devstack@n-api.service[123754]: [pid: 123754|app: 0|req: 8/12] 10.222.0.75 () {60 vars in 1161 bytes} [Thu Apr 14 21:47:45 2022] POST /compute/v2.1/os-snapshots => generated 287 bytes in 492 msecs (HTTP/1.1 200) 9 headers in 357 bytes (1 switches on core 0)
Apr 14 21:47:45.769263 dv-cinder-838009-1-smb devstack@n-api.service[123754]: DEBUG nova.api.openstack.wsgi [None req-34474613-828e-4ee8-b950-d90461e56acc tempest-VolumesSnapshotsTestJSON-1801126151 tempest-VolumesSnapshotsTestJSON-1801126151-project] Calling method '.version_select at 0x7fa239f960d0>' {{(pid=123754) _process_stack /opt/stack/nova/nova/api/openstack/wsgi.py:513}}
Apr 14 21:47:45.887673 dv-cinder-838009-1-smb devstack@n-api.service[123754]: INFO nova.api.openstack.requestlog [None req-34474613-828e-4ee8-b950-d90461e56acc tempest-VolumesSnapshotsTestJSON-1801126151 tempest-VolumesSnapshotsTestJSON-1801126151-project] 10.222.0.75 "GET /compute/v2.1/os-snapshots/48e87cd1-a56b-4a43-994d-24d97e0ea791" status: 200 len: 287 microversion: 2.1 time: 0.134994
Apr 14 21:47:45.894781 dv-cinder-838009-1-smb devstack@n-api.service[123754]: [pid: 123754|app: 0|req: 9/13] 10.222.0.75 () {58 vars in 1250 bytes} [Thu Apr 14 21:47:45 2022] GET /compute/v2.1/os-snapshots/48e87cd1-a56b-4a43-994d-24d97e0ea791 => generated 287 bytes in 143 msecs (HTTP/1.1 200) 9 headers in 357 bytes (1 switches on core 0)
Apr 14 21:47:45.902441 dv-cinder-838009-1-smb devstack@n-api.service[123754]: DEBUG nova.api.openstack.wsgi [None req-df2e037d-379b-4930-8efb-c8e86b181cd6 tempest-VolumesSnapshotsTestJSON-1801126151 tempest-VolumesSnapshotsTestJSON-1801126151-project] Calling method '.version_select at 0x7fa239619af0>' {{(pid=123754) _process_stack /opt/stack/nova/nova/api/openstack/wsgi.py:513}}
Apr 14 21:47:45.974689 dv-cinder-838009-1-smb devstack@n-api.service[123754]: INFO nova.api.openstack.requestlog [None req-df2e037d-379b-4930-8efb-c8e86b181cd6 tempest-VolumesSnapshotsTestJSON-1801126151 tempest-VolumesSnapshotsTestJSON-1801126151-project] 10.222.0.75 "GET /compute/v2.1/os-snapshots" status: 200 len: 290 microversion: 2.1 time: 0.078326
Apr 14 21:47:45.975246 dv-cinder-838009-1-smb devstack@n-api.service[123754]: [pid: 123754|app: 0|req: 10/14] 10.222.0.75 () {58 vars in 1139 bytes} [Thu Apr 14 21:47:45 2022] GET /compute/v2.1/os-snapshots => generated 290 bytes in 80 msecs (HTTP/1.1 200) 9 headers in 357 bytes (1 switches on core 0)
Apr 14 21:47:45.986318 dv-cinder-838009-1-smb devstack@n-api.service[123754]: DEBUG nova.api.openstack.wsgi [None req-093e50dd-1d9b-48ac-a22d-8686c2a09979 tempest-VolumesSnapshotsTestJSON-1801126151 tempest-VolumesSnapshotsTestJSON-1801126151-project] Calling method '.version_select at 0x7fa239626160>' {{(pid=123754) _process_stack /opt/stack/nova/nova/api/openstack/wsgi.py:513}}
Apr 14 21:47:46.019579 dv-cinder-838009-1-smb devstack@n-api.service[123754]: INFO nova.api.openstack.requestlog [None req-093e50dd-1d9b-48ac-a22d-8686c2a09979 tempest-VolumesSnapshotsTestJSON-1801126151 tempest-VolumesSnapshotsTestJSON-1801126151-project] 10.222.0.75 "GET /compute/v2.1/os-snapshots/48e87cd1-a56b-4a43-994d-24d97e0ea791" status: 200 len: 287 microversion: 2.1 time: 0.037028
Apr 14 21:47:46.020510 dv-cinder-838009-1-smb devstack@n-api.service[123754]: [pid: 123754|app: 0|req: 11/15] 10.222.0.75 () {58 vars in 1250 bytes} [Thu Apr 14 21:47:45 2022] GET /compute/v2.1/os-snapshots/48e87cd1-a56b-4a43-994d-24d97e0ea791 => generated 287 bytes in 39 msecs (HTTP/1.1 200) 9 headers in 357 bytes (1 switches on core 0)
Apr 14 21:47:47.033414 dv-cinder-838009-1-smb devstack@n-api.service[123754]: DEBUG nova.api.openstack.wsgi [None req-12d77924-136f-4a64-9f17-ded0308818fb tempest-VolumesSnapshotsTestJSON-1801126151 tempest-VolumesSnapshotsTestJSON-1801126151-project] Calling method '.version_select at 0x7fa239619670>' {{(pid=123754) _process_stack /opt/stack/nova/nova/api/openstack/wsgi.py:513}}
Apr 14 21:47:47.090054 dv-cinder-838009-1-smb devstack@n-api.service[123754]: INFO nova.api.openstack.requestlog [None req-12d77924-136f-4a64-9f17-ded0308818fb tempest-VolumesSnapshotsTestJSON-1801126151 tempest-VolumesSnapshotsTestJSON-1801126151-project] 10.222.0.75 "GET /compute/v2.1/os-snapshots/48e87cd1-a56b-4a43-994d-24d97e0ea791" status: 200 len: 288 microversion: 2.1 time: 0.061805
Apr 14 21:47:47.090909 dv-cinder-838009-1-smb devstack@n-api.service[123754]: [pid: 123754|app: 0|req: 12/16] 10.222.0.75 () {58 vars in 1250 bytes} [Thu Apr 14 21:47:47 2022] GET /compute/v2.1/os-snapshots/48e87cd1-a56b-4a43-994d-24d97e0ea791 => generated 288 bytes in 63 msecs (HTTP/1.1 200) 9 headers in 357 bytes (2 switches on core 0)
