May 16 17:49:08.741926 dv-cinder-837699-6-smb devstack@n-api.service[123668]: DEBUG nova.compute.api [None req-299d27a6-fe73-4f53-a170-4001145e2ae9 tempest-ServerRescueNegativeTestJSON-814595776 tempest-ServerRescueNegativeTestJSON-814595776-project] [instance: 2da9e2fc-fe9a-4e7b-84c8-d550fd0faa17] Fetching instance by UUID {{(pid=123668) get /opt/stack/nova/nova/compute/api.py:2920}}
May 16 17:49:08.755497 dv-cinder-837699-6-smb devstack@n-api.service[123668]: DEBUG oslo_concurrency.lockutils [None req-299d27a6-fe73-4f53-a170-4001145e2ae9 tempest-ServerRescueNegativeTestJSON-814595776 tempest-ServerRescueNegativeTestJSON-814595776-project] Lock "2fedfe9d-4587-4b5b-9509-593cdd3c538d" acquired by "nova.context.set_target_cell..get_or_set_cached_cell_and_set_connections" :: waited 0.000s {{(pid=123668) inner /usr/local/lib/python3.8/dist-packages/oslo_concurrency/lockutils.py:386}}
May 16 17:49:08.756043 dv-cinder-837699-6-smb devstack@n-api.service[123668]: DEBUG oslo_concurrency.lockutils [None req-299d27a6-fe73-4f53-a170-4001145e2ae9 tempest-ServerRescueNegativeTestJSON-814595776 tempest-ServerRescueNegativeTestJSON-814595776-project] Lock "2fedfe9d-4587-4b5b-9509-593cdd3c538d" "released" by "nova.context.set_target_cell..get_or_set_cached_cell_and_set_connections" :: held 0.001s {{(pid=123668) inner /usr/local/lib/python3.8/dist-packages/oslo_concurrency/lockutils.py:400}}
May 16 17:49:08.759163 dv-cinder-837699-6-smb devstack@n-api.service[123668]: DEBUG oslo_concurrency.lockutils [None req-299d27a6-fe73-4f53-a170-4001145e2ae9 tempest-ServerRescueNegativeTestJSON-814595776 tempest-ServerRescueNegativeTestJSON-814595776-project] Lock "2fedfe9d-4587-4b5b-9509-593cdd3c538d" acquired by "nova.context.set_target_cell..get_or_set_cached_cell_and_set_connections" :: waited 0.000s {{(pid=123668) inner /usr/local/lib/python3.8/dist-packages/oslo_concurrency/lockutils.py:386}}
May 16 17:49:08.760387 dv-cinder-837699-6-smb devstack@n-api.service[123668]: DEBUG oslo_concurrency.lockutils [None req-299d27a6-fe73-4f53-a170-4001145e2ae9 tempest-ServerRescueNegativeTestJSON-814595776 tempest-ServerRescueNegativeTestJSON-814595776-project] Lock "2fedfe9d-4587-4b5b-9509-593cdd3c538d" "released" by "nova.context.set_target_cell..get_or_set_cached_cell_and_set_connections" :: held 0.002s {{(pid=123668) inner /usr/local/lib/python3.8/dist-packages/oslo_concurrency/lockutils.py:400}}
May 16 17:49:08.938950 dv-cinder-837699-6-smb devstack@n-api.service[123669]: DEBUG nova.api.openstack.wsgi [None req-22e98d1d-1f51-4145-9716-ae1b5c2c3304 tempest-DeleteServersTestJSON-1068871862 tempest-DeleteServersTestJSON-1068871862-project] Calling method '>' {{(pid=123669) _process_stack /opt/stack/nova/nova/api/openstack/wsgi.py:513}}
May 16 17:49:08.939651 dv-cinder-837699-6-smb devstack@n-api.service[123669]: DEBUG nova.compute.api [None req-22e98d1d-1f51-4145-9716-ae1b5c2c3304 tempest-DeleteServersTestJSON-1068871862 tempest-DeleteServersTestJSON-1068871862-project] [instance: c818bc89-1c66-46e3-96ab-0b48efb38a3c] Fetching instance by UUID {{(pid=123669) get /opt/stack/nova/nova/compute/api.py:2920}}
May 16 17:49:08.955145 dv-cinder-837699-6-smb devstack@n-api.service[123669]: DEBUG oslo_concurrency.lockutils [None req-22e98d1d-1f51-4145-9716-ae1b5c2c3304 tempest-DeleteServersTestJSON-1068871862 tempest-DeleteServersTestJSON-1068871862-project] Lock "2fedfe9d-4587-4b5b-9509-593cdd3c538d" acquired by "nova.context.set_target_cell..get_or_set_cached_cell_and_set_connections" :: waited 0.000s {{(pid=123669) inner /usr/local/lib/python3.8/dist-packages/oslo_concurrency/lockutils.py:386}}
May 16 17:49:08.955844 dv-cinder-837699-6-smb devstack@n-api.service[123669]: DEBUG oslo_concurrency.lockutils [None req-22e98d1d-1f51-4145-9716-ae1b5c2c3304 tempest-DeleteServersTestJSON-1068871862 tempest-DeleteServersTestJSON-1068871862-project] Lock "2fedfe9d-4587-4b5b-9509-593cdd3c538d" "released" by "nova.context.set_target_cell..get_or_set_cached_cell_and_set_connections" :: held 0.001s {{(pid=123669) inner /usr/local/lib/python3.8/dist-packages/oslo_concurrency/lockutils.py:400}}
May 16 17:49:08.956817 dv-cinder-837699-6-smb devstack@n-api.service[123669]: DEBUG oslo_concurrency.lockutils [None req-22e98d1d-1f51-4145-9716-ae1b5c2c3304 tempest-DeleteServersTestJSON-1068871862 tempest-DeleteServersTestJSON-1068871862-project] Lock "2fedfe9d-4587-4b5b-9509-593cdd3c538d" acquired by "nova.context.set_target_cell..get_or_set_cached_cell_and_set_connections" :: waited 0.000s {{(pid=123669) inner /usr/local/lib/python3.8/dist-packages/oslo_concurrency/lockutils.py:386}}
May 16 17:49:08.957430 dv-cinder-837699-6-smb devstack@n-api.service[123669]: DEBUG oslo_concurrency.lockutils [None req-22e98d1d-1f51-4145-9716-ae1b5c2c3304 tempest-DeleteServersTestJSON-1068871862 tempest-DeleteServersTestJSON-1068871862-project] Lock "2fedfe9d-4587-4b5b-9509-593cdd3c538d" "released" by "nova.context.set_target_cell..get_or_set_cached_cell_and_set_connections" :: held 0.001s {{(pid=123669) inner /usr/local/lib/python3.8/dist-packages/oslo_concurrency/lockutils.py:400}}
May 16 17:49:09.109914 dv-cinder-837699-6-smb devstack@n-api.service[123668]: DEBUG nova.policy [None req-299d27a6-fe73-4f53-a170-4001145e2ae9 tempest-ServerRescueNegativeTestJSON-814595776 tempest-ServerRescueNegativeTestJSON-814595776-project] Policy check for os_compute_api:os-extended-server-attributes failed with credentials {'is_admin': False, 'user_id': '56afea21ba9d4131a4a4de83b65d6b62', 'user_domain_id': 'default', 'system_scope': None, 'domain_id': None, 'project_id': '5d5f3ed0842b42b8a5983c5449619893', 'project_domain_id': 'default', 'roles': ['reader', 'member'], 'is_admin_project': True, 'service_user_id': None, 'service_user_domain_id': None, 'service_project_id': None, 'service_project_domain_id': None, 'service_roles': []} {{(pid=123668) authorize /opt/stack/nova/nova/policy.py:199}}
May 16 17:49:09.122439 dv-cinder-837699-6-smb devstack@n-api.service[123668]: INFO nova.api.openstack.requestlog [None req-299d27a6-fe73-4f53-a170-4001145e2ae9 tempest-ServerRescueNegativeTestJSON-814595776 tempest-ServerRescueNegativeTestJSON-814595776-project] 10.222.0.65 "GET /compute/v2.1/servers/2da9e2fc-fe9a-4e7b-84c8-d550fd0faa17" status: 200 len: 1321 microversion: 2.1 time: 0.383355
May 16 17:49:09.132179 dv-cinder-837699-6-smb devstack@n-api.service[123668]: [pid: 123668|app: 0|req: 58/96] 10.222.0.65 () {58 vars in 1235 bytes} [Mon May 16 17:49:08 2022] GET /compute/v2.1/servers/2da9e2fc-fe9a-4e7b-84c8-d550fd0faa17 => generated 1321 bytes in 398 msecs (HTTP/1.1 200) 9 headers in 358 bytes (1 switches on core 0)
May 16 17:49:09.299273 dv-cinder-837699-6-smb devstack@n-api.service[123669]: DEBUG nova.policy [None req-22e98d1d-1f51-4145-9716-ae1b5c2c3304 tempest-DeleteServersTestJSON-1068871862 tempest-DeleteServersTestJSON-1068871862-project] Policy check for os_compute_api:os-extended-server-attributes failed with credentials {'is_admin': False, 'user_id': '1432046e08274ba5af5ad835f3be39ea', 'user_domain_id': 'default', 'system_scope': None, 'domain_id': None, 'project_id': 'fb2a01f608054afa96b8f18f897ceed5', 'project_domain_id': 'default', 'roles': ['reader', 'member'], 'is_admin_project': True, 'service_user_id': None, 'service_user_domain_id': None, 'service_project_id': None, 'service_project_domain_id': None, 'service_roles': []} {{(pid=123669) authorize /opt/stack/nova/nova/policy.py:199}}
May 16 17:49:09.314249 dv-cinder-837699-6-smb devstack@n-api.service[123669]: INFO nova.api.openstack.requestlog [None req-22e98d1d-1f51-4145-9716-ae1b5c2c3304 tempest-DeleteServersTestJSON-1068871862 tempest-DeleteServersTestJSON-1068871862-project] 10.222.0.65 "GET /compute/v2.1/servers/c818bc89-1c66-46e3-96ab-0b48efb38a3c" status: 200 len: 1554 microversion: 2.1 time: 0.373531
May 16 17:49:09.315093 dv-cinder-837699-6-smb devstack@n-api.service[123669]: [pid: 123669|app: 0|req: 39/97] 10.222.0.65 () {58 vars in 1235 bytes} [Mon May 16 17:49:08 2022] GET /compute/v2.1/servers/c818bc89-1c66-46e3-96ab-0b48efb38a3c => generated 1554 bytes in 381 msecs (HTTP/1.1 200) 9 headers in 358 bytes (2 switches on core 0)
May 16 17:49:10.140179 dv-cinder-837699-6-smb devstack@n-api.service[123668]: DEBUG nova.api.openstack.wsgi [None req-49570c91-6d86-4091-8eb1-c68a9babbdf7 tempest-ServerRescueNegativeTestJSON-814595776 tempest-ServerRescueNegativeTestJSON-814595776-project] Calling method '>' {{(pid=123668) _process_stack /opt/stack/nova/nova/api/openstack/wsgi.py:513}}
May 16 17:49:10.142066 dv-cinder-837699-6-smb devstack@n-api.service[123668]: DEBUG nova.compute.api [None req-49570c91-6d86-4091-8eb1-c68a9babbdf7 tempest-ServerRescueNegativeTestJSON-814595776 tempest-ServerRescueNegativeTestJSON-814595776-project] [instance: 2da9e2fc-fe9a-4e7b-84c8-d550fd0faa17] Fetching instance by UUID {{(pid=123668) get /opt/stack/nova/nova/compute/api.py:2920}}
May 16 17:49:10.149594 dv-cinder-837699-6-smb devstack@n-api.service[123668]: DEBUG oslo_concurrency.lockutils [None req-49570c91-6d86-4091-8eb1-c68a9babbdf7 tempest-ServerRescueNegativeTestJSON-814595776 tempest-ServerRescueNegativeTestJSON-814595776-project] Lock "2fedfe9d-4587-4b5b-9509-593cdd3c538d" acquired by "nova.context.set_target_cell..get_or_set_cached_cell_and_set_connections" :: waited 0.000s {{(pid=123668) inner /usr/local/lib/python3.8/dist-packages/oslo_concurrency/lockutils.py:386}}
May 16 17:49:10.150446 dv-cinder-837699-6-smb devstack@n-api.service[123668]: DEBUG oslo_concurrency.lockutils [None req-49570c91-6d86-4091-8eb1-c68a9babbdf7 tempest-ServerRescueNegativeTestJSON-814595776 tempest-ServerRescueNegativeTestJSON-814595776-project] Lock "2fedfe9d-4587-4b5b-9509-593cdd3c538d" "released" by "nova.context.set_target_cell..get_or_set_cached_cell_and_set_connections" :: held 0.001s {{(pid=123668) inner /usr/local/lib/python3.8/dist-packages/oslo_concurrency/lockutils.py:400}}
May 16 17:49:10.151906 dv-cinder-837699-6-smb devstack@n-api.service[123668]: DEBUG oslo_concurrency.lockutils [None req-49570c91-6d86-4091-8eb1-c68a9babbdf7 tempest-ServerRescueNegativeTestJSON-814595776 tempest-ServerRescueNegativeTestJSON-814595776-project] Lock "2fedfe9d-4587-4b5b-9509-593cdd3c538d" acquired by "nova.context.set_target_cell..get_or_set_cached_cell_and_set_connections" :: waited 0.000s {{(pid=123668) inner /usr/local/lib/python3.8/dist-packages/oslo_concurrency/lockutils.py:386}}
May 16 17:49:10.152577 dv-cinder-837699-6-smb devstack@n-api.service[123668]: DEBUG oslo_concurrency.lockutils [None req-49570c91-6d86-4091-8eb1-c68a9babbdf7 tempest-ServerRescueNegativeTestJSON-814595776 tempest-ServerRescueNegativeTestJSON-814595776-project] Lock "2fedfe9d-4587-4b5b-9509-593cdd3c538d" "released" by "nova.context.set_target_cell..get_or_set_cached_cell_and_set_connections" :: held 0.001s {{(pid=123668) inner /usr/local/lib/python3.8/dist-packages/oslo_concurrency/lockutils.py:400}}
May 16 17:49:10.334171 dv-cinder-837699-6-smb devstack@n-api.service[123669]: DEBUG nova.api.openstack.wsgi [None req-2ff9fc75-03a6-47b0-8b38-3aafdb0a6911 tempest-DeleteServersTestJSON-1068871862 tempest-DeleteServersTestJSON-1068871862-project] Calling method '>' {{(pid=123669) _process_stack /opt/stack/nova/nova/api/openstack/wsgi.py:513}}
May 16 17:49:10.336684 dv-cinder-837699-6-smb devstack@n-api.service[123669]: DEBUG nova.compute.api [None req-2ff9fc75-03a6-47b0-8b38-3aafdb0a6911 tempest-DeleteServersTestJSON-1068871862 tempest-DeleteServersTestJSON-1068871862-project] [instance: c818bc89-1c66-46e3-96ab-0b48efb38a3c] Fetching instance by UUID {{(pid=123669) get /opt/stack/nova/nova/compute/api.py:2920}}
May 16 17:49:10.346395 dv-cinder-837699-6-smb devstack@n-api.service[123669]: DEBUG oslo_concurrency.lockutils [None req-2ff9fc75-03a6-47b0-8b38-3aafdb0a6911 tempest-DeleteServersTestJSON-1068871862 tempest-DeleteServersTestJSON-1068871862-project] Lock "2fedfe9d-4587-4b5b-9509-593cdd3c538d" acquired by "nova.context.set_target_cell..get_or_set_cached_cell_and_set_connections" :: waited 0.000s {{(pid=123669) inner /usr/local/lib/python3.8/dist-packages/oslo_concurrency/lockutils.py:386}}
May 16 17:49:10.347257 dv-cinder-837699-6-smb devstack@n-api.service[123669]: DEBUG oslo_concurrency.lockutils [None req-2ff9fc75-03a6-47b0-8b38-3aafdb0a6911 tempest-DeleteServersTestJSON-1068871862 tempest-DeleteServersTestJSON-1068871862-project] Lock "2fedfe9d-4587-4b5b-9509-593cdd3c538d" "released" by "nova.context.set_target_cell..get_or_set_cached_cell_and_set_connections" :: held 0.001s {{(pid=123669) inner /usr/local/lib/python3.8/dist-packages/oslo_concurrency/lockutils.py:400}}
May 16 17:49:10.348392 dv-cinder-837699-6-smb devstack@n-api.service[123669]: DEBUG oslo_concurrency.lockutils [None req-2ff9fc75-03a6-47b0-8b38-3aafdb0a6911 tempest-DeleteServersTestJSON-1068871862 tempest-DeleteServersTestJSON-1068871862-project] Lock "2fedfe9d-4587-4b5b-9509-593cdd3c538d" acquired by "nova.context.set_target_cell..get_or_set_cached_cell_and_set_connections" :: waited 0.000s {{(pid=123669) inner /usr/local/lib/python3.8/dist-packages/oslo_concurrency/lockutils.py:386}}
May 16 17:49:10.349055 dv-cinder-837699-6-smb devstack@n-api.service[123669]: DEBUG oslo_concurrency.lockutils [None req-2ff9fc75-03a6-47b0-8b38-3aafdb0a6911 tempest-DeleteServersTestJSON-1068871862 tempest-DeleteServersTestJSON-1068871862-project] Lock "2fedfe9d-4587-4b5b-9509-593cdd3c538d" "released" by "nova.context.set_target_cell..get_or_set_cached_cell_and_set_connections" :: held 0.001s {{(pid=123669) inner /usr/local/lib/python3.8/dist-packages/oslo_concurrency/lockutils.py:400}}
May 16 17:49:10.494379 dv-cinder-837699-6-smb devstack@n-api.service[123668]: DEBUG nova.policy [None req-49570c91-6d86-4091-8eb1-c68a9babbdf7 tempest-ServerRescueNegativeTestJSON-814595776 tempest-ServerRescueNegativeTestJSON-814595776-project] Policy check for os_compute_api:os-extended-server-attributes failed with credentials {'is_admin': False, 'user_id': '56afea21ba9d4131a4a4de83b65d6b62', 'user_domain_id': 'default', 'system_scope': None, 'domain_id': None, 'project_id': '5d5f3ed0842b42b8a5983c5449619893', 'project_domain_id': 'default', 'roles': ['reader', 'member'], 'is_admin_project': True, 'service_user_id': None, 'service_user_domain_id': None, 'service_project_id': None, 'service_project_domain_id': None, 'service_roles': []} {{(pid=123668) authorize /opt/stack/nova/nova/policy.py:199}}
May 16 17:49:10.525599 dv-cinder-837699-6-smb devstack@n-api.service[123668]: INFO nova.api.openstack.requestlog [None req-49570c91-6d86-4091-8eb1-c68a9babbdf7 tempest-ServerRescueNegativeTestJSON-814595776 tempest-ServerRescueNegativeTestJSON-814595776-project] 10.222.0.65 "GET /compute/v2.1/servers/2da9e2fc-fe9a-4e7b-84c8-d550fd0faa17" status: 200 len: 1516 microversion: 2.1 time: 0.390077
May 16 17:49:10.542632 dv-cinder-837699-6-smb devstack@n-api.service[123668]: [pid: 123668|app: 0|req: 59/98] 10.222.0.65 () {58 vars in 1235 bytes} [Mon May 16 17:49:10 2022] GET /compute/v2.1/servers/2da9e2fc-fe9a-4e7b-84c8-d550fd0faa17 => generated 1516 bytes in 408 msecs (HTTP/1.1 200) 9 headers in 358 bytes (1 switches on core 0)
May 16 17:49:10.548208 dv-cinder-837699-6-smb devstack@n-api.service[123668]: DEBUG nova.api.openstack.wsgi [None req-69dd8215-70a2-4503-8c18-8858079f1575 tempest-ServerRescueNegativeTestJSON-814595776 tempest-ServerRescueNegativeTestJSON-814595776-project] Action: 'action', calling method: >, body: {"rescue": {"adminPass": "***"}} {{(pid=123668) _process_stack /opt/stack/nova/nova/api/openstack/wsgi.py:511}}
May 16 17:49:10.549236 dv-cinder-837699-6-smb devstack@n-api.service[123668]: DEBUG nova.compute.api [None req-69dd8215-70a2-4503-8c18-8858079f1575 tempest-ServerRescueNegativeTestJSON-814595776 tempest-ServerRescueNegativeTestJSON-814595776-project] [instance: 2da9e2fc-fe9a-4e7b-84c8-d550fd0faa17] Fetching instance by UUID {{(pid=123668) get /opt/stack/nova/nova/compute/api.py:2920}}
May 16 17:49:10.569763 dv-cinder-837699-6-smb devstack@n-api.service[123668]: DEBUG oslo_concurrency.lockutils [None req-69dd8215-70a2-4503-8c18-8858079f1575 tempest-ServerRescueNegativeTestJSON-814595776 tempest-ServerRescueNegativeTestJSON-814595776-project] Lock "2fedfe9d-4587-4b5b-9509-593cdd3c538d" acquired by "nova.context.set_target_cell..get_or_set_cached_cell_and_set_connections" :: waited 0.000s {{(pid=123668) inner /usr/local/lib/python3.8/dist-packages/oslo_concurrency/lockutils.py:386}}
May 16 17:49:10.576133 dv-cinder-837699-6-smb devstack@n-api.service[123668]: DEBUG oslo_concurrency.lockutils [None req-69dd8215-70a2-4503-8c18-8858079f1575 tempest-ServerRescueNegativeTestJSON-814595776 tempest-ServerRescueNegativeTestJSON-814595776-project] Lock "2fedfe9d-4587-4b5b-9509-593cdd3c538d" "released" by "nova.context.set_target_cell..get_or_set_cached_cell_and_set_connections" :: held 0.001s {{(pid=123668) inner /usr/local/lib/python3.8/dist-packages/oslo_concurrency/lockutils.py:400}}
May 16 17:49:10.577018 dv-cinder-837699-6-smb devstack@n-api.service[123668]: DEBUG oslo_concurrency.lockutils [None req-69dd8215-70a2-4503-8c18-8858079f1575 tempest-ServerRescueNegativeTestJSON-814595776 tempest-ServerRescueNegativeTestJSON-814595776-project] Lock "2fedfe9d-4587-4b5b-9509-593cdd3c538d" acquired by "nova.context.set_target_cell..get_or_set_cached_cell_and_set_connections" :: waited 0.000s {{(pid=123668) inner /usr/local/lib/python3.8/dist-packages/oslo_concurrency/lockutils.py:386}}
May 16 17:49:10.577469 dv-cinder-837699-6-smb devstack@n-api.service[123668]: DEBUG oslo_concurrency.lockutils [None req-69dd8215-70a2-4503-8c18-8858079f1575 tempest-ServerRescueNegativeTestJSON-814595776 tempest-ServerRescueNegativeTestJSON-814595776-project] Lock "2fedfe9d-4587-4b5b-9509-593cdd3c538d" "released" by "nova.context.set_target_cell..get_or_set_cached_cell_and_set_connections" :: held 0.000s {{(pid=123668) inner /usr/local/lib/python3.8/dist-packages/oslo_concurrency/lockutils.py:400}}
May 16 17:49:10.611248 dv-cinder-837699-6-smb devstack@n-api.service[123669]: DEBUG nova.policy [None req-2ff9fc75-03a6-47b0-8b38-3aafdb0a6911 tempest-DeleteServersTestJSON-1068871862 tempest-DeleteServersTestJSON-1068871862-project] Policy check for os_compute_api:os-extended-server-attributes failed with credentials {'is_admin': False, 'user_id': '1432046e08274ba5af5ad835f3be39ea', 'user_domain_id': 'default', 'system_scope': None, 'domain_id': None, 'project_id': 'fb2a01f608054afa96b8f18f897ceed5', 'project_domain_id': 'default', 'roles': ['reader', 'member'], 'is_admin_project': True, 'service_user_id': None, 'service_user_domain_id': None, 'service_project_id': None, 'service_project_domain_id': None, 'service_roles': []} {{(pid=123669) authorize /opt/stack/nova/nova/policy.py:199}}
May 16 17:49:10.628948 dv-cinder-837699-6-smb devstack@n-api.service[123669]: INFO nova.api.openstack.requestlog [None req-2ff9fc75-03a6-47b0-8b38-3aafdb0a6911 tempest-DeleteServersTestJSON-1068871862 tempest-DeleteServersTestJSON-1068871862-project] 10.222.0.65 "GET /compute/v2.1/servers/c818bc89-1c66-46e3-96ab-0b48efb38a3c" status: 200 len: 1554 microversion: 2.1 time: 0.299656
May 16 17:49:10.661448 dv-cinder-837699-6-smb devstack@n-api.service[123669]: [pid: 123669|app: 0|req: 40/99] 10.222.0.65 () {58 vars in 1235 bytes} [Mon May 16 17:49:10 2022] GET /compute/v2.1/servers/c818bc89-1c66-46e3-96ab-0b48efb38a3c => generated 1554 bytes in 334 msecs (HTTP/1.1 200) 9 headers in 358 bytes (1 switches on core 0)
May 16 17:49:10.735462 dv-cinder-837699-6-smb devstack@n-api.service[123668]: DEBUG nova.objects.instance [None req-69dd8215-70a2-4503-8c18-8858079f1575 tempest-ServerRescueNegativeTestJSON-814595776 tempest-ServerRescueNegativeTestJSON-814595776-project] Lazy-loading 'flavor' on Instance uuid 2da9e2fc-fe9a-4e7b-84c8-d550fd0faa17 {{(pid=123668) obj_load_attr /opt/stack/nova/nova/objects/instance.py:1099}}
May 16 17:49:11.028809 dv-cinder-837699-6-smb devstack@n-api.service[123668]: INFO nova.api.openstack.requestlog [None req-69dd8215-70a2-4503-8c18-8858079f1575 tempest-ServerRescueNegativeTestJSON-814595776 tempest-ServerRescueNegativeTestJSON-814595776-project] 10.222.0.65 "POST /compute/v2.1/servers/2da9e2fc-fe9a-4e7b-84c8-d550fd0faa17/action" status: 200 len: 32 microversion: 2.1 time: 0.484681
May 16 17:49:11.033448 dv-cinder-837699-6-smb devstack@n-api.service[123668]: [pid: 123668|app: 0|req: 60/100] 10.222.0.65 () {60 vars in 1277 bytes} [Mon May 16 17:49:10 2022] POST /compute/v2.1/servers/2da9e2fc-fe9a-4e7b-84c8-d550fd0faa17/action => generated 32 bytes in 487 msecs (HTTP/1.1 200) 9 headers in 356 bytes (1 switches on core 0)
May 16 17:49:11.044998 dv-cinder-837699-6-smb devstack@n-api.service[123669]: DEBUG nova.api.openstack.wsgi [None req-9f7385ba-12ed-4557-b1bf-db6f22307211 tempest-ServerRescueNegativeTestJSON-814595776 tempest-ServerRescueNegativeTestJSON-814595776-project] Calling method '>' {{(pid=123669) _process_stack /opt/stack/nova/nova/api/openstack/wsgi.py:513}}
May 16 17:49:11.056110 dv-cinder-837699-6-smb devstack@n-api.service[123669]: DEBUG nova.compute.api [None req-9f7385ba-12ed-4557-b1bf-db6f22307211 tempest-ServerRescueNegativeTestJSON-814595776 tempest-ServerRescueNegativeTestJSON-814595776-project] [instance: 2da9e2fc-fe9a-4e7b-84c8-d550fd0faa17] Fetching instance by UUID {{(pid=123669) get /opt/stack/nova/nova/compute/api.py:2920}}
May 16 17:49:11.082638 dv-cinder-837699-6-smb devstack@n-api.service[123669]: DEBUG oslo_concurrency.lockutils [None req-9f7385ba-12ed-4557-b1bf-db6f22307211 tempest-ServerRescueNegativeTestJSON-814595776 tempest-ServerRescueNegativeTestJSON-814595776-project] Lock "2fedfe9d-4587-4b5b-9509-593cdd3c538d" acquired by "nova.context.set_target_cell..get_or_set_cached_cell_and_set_connections" :: waited 0.000s {{(pid=123669) inner /usr/local/lib/python3.8/dist-packages/oslo_concurrency/lockutils.py:386}}
May 16 17:49:11.083393 dv-cinder-837699-6-smb devstack@n-api.service[123669]: DEBUG oslo_concurrency.lockutils [None req-9f7385ba-12ed-4557-b1bf-db6f22307211 tempest-ServerRescueNegativeTestJSON-814595776 tempest-ServerRescueNegativeTestJSON-814595776-project] Lock "2fedfe9d-4587-4b5b-9509-593cdd3c538d" "released" by "nova.context.set_target_cell..get_or_set_cached_cell_and_set_connections" :: held 0.001s {{(pid=123669) inner /usr/local/lib/python3.8/dist-packages/oslo_concurrency/lockutils.py:400}}
May 16 17:49:11.084937 dv-cinder-837699-6-smb devstack@n-api.service[123669]: DEBUG oslo_concurrency.lockutils [None req-9f7385ba-12ed-4557-b1bf-db6f22307211 tempest-ServerRescueNegativeTestJSON-814595776 tempest-ServerRescueNegativeTestJSON-814595776-project] Lock "2fedfe9d-4587-4b5b-9509-593cdd3c538d" acquired by "nova.context.set_target_cell..get_or_set_cached_cell_and_set_connections" :: waited 0.000s {{(pid=123669) inner /usr/local/lib/python3.8/dist-packages/oslo_concurrency/lockutils.py:386}}
May 16 17:49:11.085731 dv-cinder-837699-6-smb devstack@n-api.service[123669]: DEBUG oslo_concurrency.lockutils [None req-9f7385ba-12ed-4557-b1bf-db6f22307211 tempest-ServerRescueNegativeTestJSON-814595776 tempest-ServerRescueNegativeTestJSON-814595776-project] Lock "2fedfe9d-4587-4b5b-9509-593cdd3c538d" "released" by "nova.context.set_target_cell..get_or_set_cached_cell_and_set_connections" :: held 0.001s {{(pid=123669) inner /usr/local/lib/python3.8/dist-packages/oslo_concurrency/lockutils.py:400}}
May 16 17:49:11.669365 dv-cinder-837699-6-smb devstack@n-api.service[123668]: DEBUG nova.api.openstack.wsgi [None req-e731da8a-66d2-4ff5-8f37-3d2e5518dc93 tempest-DeleteServersTestJSON-1068871862 tempest-DeleteServersTestJSON-1068871862-project] Calling method '>' {{(pid=123668) _process_stack /opt/stack/nova/nova/api/openstack/wsgi.py:513}}
May 16 17:49:11.670453 dv-cinder-837699-6-smb devstack@n-api.service[123668]: DEBUG nova.compute.api [None req-e731da8a-66d2-4ff5-8f37-3d2e5518dc93 tempest-DeleteServersTestJSON-1068871862 tempest-DeleteServersTestJSON-1068871862-project] [instance: c818bc89-1c66-46e3-96ab-0b48efb38a3c] Fetching instance by UUID {{(pid=123668) get /opt/stack/nova/nova/compute/api.py:2920}}
May 16 17:49:11.682929 dv-cinder-837699-6-smb devstack@n-api.service[123668]: DEBUG oslo_concurrency.lockutils [None req-e731da8a-66d2-4ff5-8f37-3d2e5518dc93 tempest-DeleteServersTestJSON-1068871862 tempest-DeleteServersTestJSON-1068871862-project] Lock "2fedfe9d-4587-4b5b-9509-593cdd3c538d" acquired by "nova.context.set_target_cell..get_or_set_cached_cell_and_set_connections" :: waited 0.000s {{(pid=123668) inner /usr/local/lib/python3.8/dist-packages/oslo_concurrency/lockutils.py:386}}
May 16 17:49:11.683378 dv-cinder-837699-6-smb devstack@n-api.service[123668]: DEBUG oslo_concurrency.lockutils [None req-e731da8a-66d2-4ff5-8f37-3d2e5518dc93 tempest-DeleteServersTestJSON-1068871862 tempest-DeleteServersTestJSON-1068871862-project] Lock "2fedfe9d-4587-4b5b-9509-593cdd3c538d" "released" by "nova.context.set_target_cell..get_or_set_cached_cell_and_set_connections" :: held 0.001s {{(pid=123668) inner /usr/local/lib/python3.8/dist-packages/oslo_concurrency/lockutils.py:400}}
May 16 17:49:11.684279 dv-cinder-837699-6-smb devstack@n-api.service[123668]: DEBUG oslo_concurrency.lockutils [None req-e731da8a-66d2-4ff5-8f37-3d2e5518dc93 tempest-DeleteServersTestJSON-1068871862 tempest-DeleteServersTestJSON-1068871862-project] Lock "2fedfe9d-4587-4b5b-9509-593cdd3c538d" acquired by "nova.context.set_target_cell..get_or_set_cached_cell_and_set_connections" :: waited 0.000s {{(pid=123668) inner /usr/local/lib/python3.8/dist-packages/oslo_concurrency/lockutils.py:386}}
May 16 17:49:11.684657 dv-cinder-837699-6-smb devstack@n-api.service[123668]: DEBUG oslo_concurrency.lockutils [None req-e731da8a-66d2-4ff5-8f37-3d2e5518dc93 tempest-DeleteServersTestJSON-1068871862 tempest-DeleteServersTestJSON-1068871862-project] Lock "2fedfe9d-4587-4b5b-9509-593cdd3c538d" "released" by "nova.context.set_target_cell..get_or_set_cached_cell_and_set_connections" :: held 0.000s {{(pid=123668) inner /usr/local/lib/python3.8/dist-packages/oslo_concurrency/lockutils.py:400}}
May 16 17:49:11.963353 dv-cinder-837699-6-smb devstack@n-api.service[123669]: DEBUG nova.policy [None req-9f7385ba-12ed-4557-b1bf-db6f22307211 tempest-ServerRescueNegativeTestJSON-814595776 tempest-ServerRescueNegativeTestJSON-814595776-project] Policy check for os_compute_api:os-extended-server-attributes failed with credentials {'is_admin': False, 'user_id': '56afea21ba9d4131a4a4de83b65d6b62', 'user_domain_id': 'default', 'system_scope': None, 'domain_id': None, 'project_id': '5d5f3ed0842b42b8a5983c5449619893', 'project_domain_id': 'default', 'roles': ['reader', 'member'], 'is_admin_project': True, 'service_user_id': None, 'service_user_domain_id': None, 'service_project_id': None, 'service_project_domain_id': None, 'service_roles': []} {{(pid=123669) authorize /opt/stack/nova/nova/policy.py:199}}
May 16 17:49:11.979415 dv-cinder-837699-6-smb devstack@n-api.service[123669]: INFO nova.api.openstack.requestlog [None req-9f7385ba-12ed-4557-b1bf-db6f22307211 tempest-ServerRescueNegativeTestJSON-814595776 tempest-ServerRescueNegativeTestJSON-814595776-project] 10.222.0.65 "GET /compute/v2.1/servers/2da9e2fc-fe9a-4e7b-84c8-d550fd0faa17" status: 200 len: 1522 microversion: 2.1 time: 0.943245
May 16 17:49:11.983628 dv-cinder-837699-6-smb devstack@n-api.service[123669]: [pid: 123669|app: 0|req: 41/101] 10.222.0.65 () {58 vars in 1235 bytes} [Mon May 16 17:49:11 2022] GET /compute/v2.1/servers/2da9e2fc-fe9a-4e7b-84c8-d550fd0faa17 => generated 1522 bytes in 949 msecs (HTTP/1.1 200) 9 headers in 358 bytes (1 switches on core 0)
May 16 17:49:12.167564 dv-cinder-837699-6-smb devstack@n-api.service[123668]: DEBUG nova.policy [None req-e731da8a-66d2-4ff5-8f37-3d2e5518dc93 tempest-DeleteServersTestJSON-1068871862 tempest-DeleteServersTestJSON-1068871862-project] Policy check for os_compute_api:os-extended-server-attributes failed with credentials {'is_admin': False, 'user_id': '1432046e08274ba5af5ad835f3be39ea', 'user_domain_id': 'default', 'system_scope': None, 'domain_id': None, 'project_id': 'fb2a01f608054afa96b8f18f897ceed5', 'project_domain_id': 'default', 'roles': ['reader', 'member'], 'is_admin_project': True, 'service_user_id': None, 'service_user_domain_id': None, 'service_project_id': None, 'service_project_domain_id': None, 'service_roles': []} {{(pid=123668) authorize /opt/stack/nova/nova/policy.py:199}}
May 16 17:49:12.176350 dv-cinder-837699-6-smb devstack@n-api.service[123668]: INFO nova.api.openstack.requestlog [None req-e731da8a-66d2-4ff5-8f37-3d2e5518dc93 tempest-DeleteServersTestJSON-1068871862 tempest-DeleteServersTestJSON-1068871862-project] 10.222.0.65 "GET /compute/v2.1/servers/c818bc89-1c66-46e3-96ab-0b48efb38a3c" status: 200 len: 1554 microversion: 2.1 time: 0.511318
May 16 17:49:12.180662 dv-cinder-837699-6-smb devstack@n-api.service[123668]: [pid: 123668|app: 0|req: 61/102] 10.222.0.65 () {58 vars in 1235 bytes} [Mon May 16 17:49:11 2022] GET /compute/v2.1/servers/c818bc89-1c66-46e3-96ab-0b48efb38a3c => generated 1554 bytes in 516 msecs (HTTP/1.1 200) 9 headers in 358 bytes (2 switches on core 0)
May 16 17:49:12.719774 dv-cinder-837699-6-smb devstack@n-api.service[123669]: DEBUG nova.api.openstack.wsgi [None req-0b2b5678-776f-41b7-8c78-2aea8e0367ae tempest-VolumesActionsTest-506457703 tempest-VolumesActionsTest-506457703-project] Action: 'create', calling method: >, body: {"server": {"name": "tempest-VolumesActionsTest-instance-2025239019", "imageRef": "0a70f320-4057-4265-b623-daf224d23473", "flavorRef": "452", "networks": [{"uuid": "de2bc494-403a-48f9-b0f3-90d315cdb6cb"}]}} {{(pid=123669) _process_stack /opt/stack/nova/nova/api/openstack/wsgi.py:511}}
May 16 17:49:12.780578 dv-cinder-837699-6-smb devstack@n-api.service[123668]: DEBUG nova.api.openstack.wsgi [req-fe97f15d-312d-4217-8f9f-a6d29f7ebf56 req-44a8c08b-98ce-435b-8a10-f831833b49ce service nova] Action: 'create', calling method: >, body: {"events": [{"server_uuid": "c818bc89-1c66-46e3-96ab-0b48efb38a3c", "name": "network-vif-deleted", "tag": "e72c1572-40bc-44f3-80ae-fe6ef5db04a1"}]} {{(pid=123668) _process_stack /opt/stack/nova/nova/api/openstack/wsgi.py:511}}
May 16 17:49:12.800316 dv-cinder-837699-6-smb devstack@n-api.service[123668]: DEBUG oslo_concurrency.lockutils [req-fe97f15d-312d-4217-8f9f-a6d29f7ebf56 req-44a8c08b-98ce-435b-8a10-f831833b49ce service nova] Lock "2fedfe9d-4587-4b5b-9509-593cdd3c538d" acquired by "nova.context.set_target_cell..get_or_set_cached_cell_and_set_connections" :: waited 0.000s {{(pid=123668) inner /usr/local/lib/python3.8/dist-packages/oslo_concurrency/lockutils.py:386}}
May 16 17:49:12.800777 dv-cinder-837699-6-smb devstack@n-api.service[123668]: DEBUG oslo_concurrency.lockutils [req-fe97f15d-312d-4217-8f9f-a6d29f7ebf56 req-44a8c08b-98ce-435b-8a10-f831833b49ce service nova] Lock "2fedfe9d-4587-4b5b-9509-593cdd3c538d" "released" by "nova.context.set_target_cell..get_or_set_cached_cell_and_set_connections" :: held 0.001s {{(pid=123668) inner /usr/local/lib/python3.8/dist-packages/oslo_concurrency/lockutils.py:400}}
May 16 17:49:12.809821 dv-cinder-837699-6-smb devstack@n-api.service[123669]: DEBUG nova.network.neutron [None req-0b2b5678-776f-41b7-8c78-2aea8e0367ae tempest-VolumesActionsTest-506457703 tempest-VolumesActionsTest-506457703-project] validate_networks() for [('de2bc494-403a-48f9-b0f3-90d315cdb6cb', None, None, None, None, None)] {{(pid=123669) validate_networks /opt/stack/nova/nova/network/neutron.py:2608}}
May 16 17:49:12.838652 dv-cinder-837699-6-smb devstack@n-api.service[123668]: INFO nova.api.openstack.compute.server_external_events [req-fe97f15d-312d-4217-8f9f-a6d29f7ebf56 req-44a8c08b-98ce-435b-8a10-f831833b49ce service nova] Creating event network-vif-deleted:e72c1572-40bc-44f3-80ae-fe6ef5db04a1 for instance c818bc89-1c66-46e3-96ab-0b48efb38a3c on hv-cinder-83769
May 16 17:49:12.843814 dv-cinder-837699-6-smb devstack@n-api.service[123668]: INFO nova.api.openstack.requestlog [req-fe97f15d-312d-4217-8f9f-a6d29f7ebf56 req-44a8c08b-98ce-435b-8a10-f831833b49ce service nova] 10.222.0.65 "POST /compute/v2.1/os-server-external-events" status: 200 len: 183 microversion: 2.1 time: 0.068116
May 16 17:49:12.845128 dv-cinder-837699-6-smb devstack@n-api.service[123668]: [pid: 123668|app: 0|req: 62/103] 10.222.0.65 () {64 vars in 1317 bytes} [Mon May 16 17:49:12 2022] POST /compute/v2.1/os-server-external-events => generated 183 bytes in 70 msecs (HTTP/1.1 200) 9 headers in 357 bytes (1 switches on core 0)
May 16 17:49:12.999880 dv-cinder-837699-6-smb devstack@n-api.service[123668]: DEBUG nova.api.openstack.wsgi [None req-58917ed2-13a0-451e-b42b-6f6d12c107ef tempest-ServerRescueNegativeTestJSON-814595776 tempest-ServerRescueNegativeTestJSON-814595776-project] Calling method '>' {{(pid=123668) _process_stack /opt/stack/nova/nova/api/openstack/wsgi.py:513}}
May 16 17:49:13.000750 dv-cinder-837699-6-smb devstack@n-api.service[123668]: DEBUG nova.compute.api [None req-58917ed2-13a0-451e-b42b-6f6d12c107ef tempest-ServerRescueNegativeTestJSON-814595776 tempest-ServerRescueNegativeTestJSON-814595776-project] [instance: 2da9e2fc-fe9a-4e7b-84c8-d550fd0faa17] Fetching instance by UUID {{(pid=123668) get /opt/stack/nova/nova/compute/api.py:2920}}
May 16 17:49:13.008633 dv-cinder-837699-6-smb devstack@n-api.service[123668]: DEBUG oslo_concurrency.lockutils [None req-58917ed2-13a0-451e-b42b-6f6d12c107ef tempest-ServerRescueNegativeTestJSON-814595776 tempest-ServerRescueNegativeTestJSON-814595776-project] Lock "2fedfe9d-4587-4b5b-9509-593cdd3c538d" acquired by "nova.context.set_target_cell..get_or_set_cached_cell_and_set_connections" :: waited 0.000s {{(pid=123668) inner /usr/local/lib/python3.8/dist-packages/oslo_concurrency/lockutils.py:386}}
May 16 17:49:13.009441 dv-cinder-837699-6-smb devstack@n-api.service[123668]: DEBUG oslo_concurrency.lockutils [None req-58917ed2-13a0-451e-b42b-6f6d12c107ef tempest-ServerRescueNegativeTestJSON-814595776 tempest-ServerRescueNegativeTestJSON-814595776-project] Lock "2fedfe9d-4587-4b5b-9509-593cdd3c538d" "released" by "nova.context.set_target_cell..get_or_set_cached_cell_and_set_connections" :: held 0.001s {{(pid=123668) inner /usr/local/lib/python3.8/dist-packages/oslo_concurrency/lockutils.py:400}}
May 16 17:49:13.010911 dv-cinder-837699-6-smb devstack@n-api.service[123668]: DEBUG oslo_concurrency.lockutils [None req-58917ed2-13a0-451e-b42b-6f6d12c107ef tempest-ServerRescueNegativeTestJSON-814595776 tempest-ServerRescueNegativeTestJSON-814595776-project] Lock "2fedfe9d-4587-4b5b-9509-593cdd3c538d" acquired by "nova.context.set_target_cell..get_or_set_cached_cell_and_set_connections" :: waited 0.000s {{(pid=123668) inner /usr/local/lib/python3.8/dist-packages/oslo_concurrency/lockutils.py:386}}
May 16 17:49:13.011591 dv-cinder-837699-6-smb devstack@n-api.service[123668]: DEBUG oslo_concurrency.lockutils [None req-58917ed2-13a0-451e-b42b-6f6d12c107ef tempest-ServerRescueNegativeTestJSON-814595776 tempest-ServerRescueNegativeTestJSON-814595776-project] Lock "2fedfe9d-4587-4b5b-9509-593cdd3c538d" "released" by "nova.context.set_target_cell..get_or_set_cached_cell_and_set_connections" :: held 0.001s {{(pid=123668) inner /usr/local/lib/python3.8/dist-packages/oslo_concurrency/lockutils.py:400}}
May 16 17:49:13.357701 dv-cinder-837699-6-smb devstack@n-api.service[123668]: DEBUG nova.policy [None req-58917ed2-13a0-451e-b42b-6f6d12c107ef tempest-ServerRescueNegativeTestJSON-814595776 tempest-ServerRescueNegativeTestJSON-814595776-project] Policy check for os_compute_api:os-extended-server-attributes failed with credentials {'is_admin': False, 'user_id': '56afea21ba9d4131a4a4de83b65d6b62', 'user_domain_id': 'default', 'system_scope': None, 'domain_id': None, 'project_id': '5d5f3ed0842b42b8a5983c5449619893', 'project_domain_id': 'default', 'roles': ['reader', 'member'], 'is_admin_project': True, 'service_user_id': None, 'service_user_domain_id': None, 'service_project_id': None, 'service_project_domain_id': None, 'service_roles': []} {{(pid=123668) authorize /opt/stack/nova/nova/policy.py:199}}
May 16 17:49:13.366317 dv-cinder-837699-6-smb devstack@n-api.service[123668]: INFO nova.api.openstack.requestlog [None req-58917ed2-13a0-451e-b42b-6f6d12c107ef tempest-ServerRescueNegativeTestJSON-814595776 tempest-ServerRescueNegativeTestJSON-814595776-project] 10.222.0.65 "GET /compute/v2.1/servers/2da9e2fc-fe9a-4e7b-84c8-d550fd0faa17" status: 200 len: 1522 microversion: 2.1 time: 0.370398
May 16 17:49:13.366698 dv-cinder-837699-6-smb devstack@n-api.service[123668]: [pid: 123668|app: 0|req: 63/104] 10.222.0.65 () {58 vars in 1235 bytes} [Mon May 16 17:49:12 2022] GET /compute/v2.1/servers/2da9e2fc-fe9a-4e7b-84c8-d550fd0faa17 => generated 1522 bytes in 373 msecs (HTTP/1.1 200) 9 headers in 358 bytes (1 switches on core 0)
May 16 17:49:13.381310 dv-cinder-837699-6-smb devstack@n-api.service[123668]: DEBUG nova.api.openstack.wsgi [None req-095d9e08-ddd9-4a2d-b202-af0bd11e472c tempest-DeleteServersTestJSON-1068871862 tempest-DeleteServersTestJSON-1068871862-project] Calling method '>' {{(pid=123668) _process_stack /opt/stack/nova/nova/api/openstack/wsgi.py:513}}
May 16 17:49:13.382090 dv-cinder-837699-6-smb devstack@n-api.service[123668]: DEBUG nova.compute.api [None req-095d9e08-ddd9-4a2d-b202-af0bd11e472c tempest-DeleteServersTestJSON-1068871862 tempest-DeleteServersTestJSON-1068871862-project] [instance: c818bc89-1c66-46e3-96ab-0b48efb38a3c] Fetching instance by UUID {{(pid=123668) get /opt/stack/nova/nova/compute/api.py:2920}}
May 16 17:49:13.389004 dv-cinder-837699-6-smb devstack@n-api.service[123668]: DEBUG oslo_concurrency.lockutils [None req-095d9e08-ddd9-4a2d-b202-af0bd11e472c tempest-DeleteServersTestJSON-1068871862 tempest-DeleteServersTestJSON-1068871862-project] Lock "2fedfe9d-4587-4b5b-9509-593cdd3c538d" acquired by "nova.context.set_target_cell..get_or_set_cached_cell_and_set_connections" :: waited 0.000s {{(pid=123668) inner /usr/local/lib/python3.8/dist-packages/oslo_concurrency/lockutils.py:386}}
May 16 17:49:13.389714 dv-cinder-837699-6-smb devstack@n-api.service[123668]: DEBUG oslo_concurrency.lockutils [None req-095d9e08-ddd9-4a2d-b202-af0bd11e472c tempest-DeleteServersTestJSON-1068871862 tempest-DeleteServersTestJSON-1068871862-project] Lock "2fedfe9d-4587-4b5b-9509-593cdd3c538d" "released" by "nova.context.set_target_cell..get_or_set_cached_cell_and_set_connections" :: held 0.001s {{(pid=123668) inner /usr/local/lib/python3.8/dist-packages/oslo_concurrency/lockutils.py:400}}
May 16 17:49:13.390648 dv-cinder-837699-6-smb devstack@n-api.service[123668]: DEBUG oslo_concurrency.lockutils [None req-095d9e08-ddd9-4a2d-b202-af0bd11e472c tempest-DeleteServersTestJSON-1068871862 tempest-DeleteServersTestJSON-1068871862-project] Lock "2fedfe9d-4587-4b5b-9509-593cdd3c538d" acquired by "nova.context.set_target_cell..get_or_set_cached_cell_and_set_connections" :: waited 0.000s {{(pid=123668) inner /usr/local/lib/python3.8/dist-packages/oslo_concurrency/lockutils.py:386}}
May 16 17:49:13.391137 dv-cinder-837699-6-smb devstack@n-api.service[123668]: DEBUG oslo_concurrency.lockutils [None req-095d9e08-ddd9-4a2d-b202-af0bd11e472c tempest-DeleteServersTestJSON-1068871862 tempest-DeleteServersTestJSON-1068871862-project] Lock "2fedfe9d-4587-4b5b-9509-593cdd3c538d" "released" by "nova.context.set_target_cell..get_or_set_cached_cell_and_set_connections" :: held 0.000s {{(pid=123668) inner /usr/local/lib/python3.8/dist-packages/oslo_concurrency/lockutils.py:400}}
May 16 17:49:13.431956 dv-cinder-837699-6-smb devstack@n-api.service[123669]: DEBUG nova.virt.hardware [None req-0b2b5678-776f-41b7-8c78-2aea8e0367ae tempest-VolumesActionsTest-506457703 tempest-VolumesActionsTest-506457703-project] Flavor limits 0:0:0 {{(pid=123669) get_cpu_topology_constraints /opt/stack/nova/nova/virt/hardware.py:343}}
May 16 17:49:13.433182 dv-cinder-837699-6-smb devstack@n-api.service[123669]: DEBUG nova.virt.hardware [None req-0b2b5678-776f-41b7-8c78-2aea8e0367ae tempest-VolumesActionsTest-506457703 tempest-VolumesActionsTest-506457703-project] Image limits 0:0:0 {{(pid=123669) get_cpu_topology_constraints /opt/stack/nova/nova/virt/hardware.py:347}}
May 16 17:49:13.433321 dv-cinder-837699-6-smb devstack@n-api.service[123668]: DEBUG oslo_concurrency.lockutils [None req-095d9e08-ddd9-4a2d-b202-af0bd11e472c tempest-DeleteServersTestJSON-1068871862 tempest-DeleteServersTestJSON-1068871862-project] Lock "2fedfe9d-4587-4b5b-9509-593cdd3c538d" acquired by "nova.context.set_target_cell..get_or_set_cached_cell_and_set_connections" :: waited 0.000s {{(pid=123668) inner /usr/local/lib/python3.8/dist-packages/oslo_concurrency/lockutils.py:386}}
May 16 17:49:13.433699 dv-cinder-837699-6-smb devstack@n-api.service[123668]: DEBUG oslo_concurrency.lockutils [None req-095d9e08-ddd9-4a2d-b202-af0bd11e472c tempest-DeleteServersTestJSON-1068871862 tempest-DeleteServersTestJSON-1068871862-project] Lock "2fedfe9d-4587-4b5b-9509-593cdd3c538d" "released" by "nova.context.set_target_cell..get_or_set_cached_cell_and_set_connections" :: held 0.001s {{(pid=123668) inner /usr/local/lib/python3.8/dist-packages/oslo_concurrency/lockutils.py:400}}
May 16 17:49:13.434172 dv-cinder-837699-6-smb devstack@n-api.service[123668]: DEBUG nova.objects.instance [None req-095d9e08-ddd9-4a2d-b202-af0bd11e472c tempest-DeleteServersTestJSON-1068871862 tempest-DeleteServersTestJSON-1068871862-project] Lazy-loading 'fault' on Instance uuid c818bc89-1c66-46e3-96ab-0b48efb38a3c {{(pid=123668) obj_load_attr /opt/stack/nova/nova/objects/instance.py:1099}}
May 16 17:49:13.434536 dv-cinder-837699-6-smb devstack@n-api.service[123669]: DEBUG nova.virt.hardware [None req-0b2b5678-776f-41b7-8c78-2aea8e0367ae tempest-VolumesActionsTest-506457703 tempest-VolumesActionsTest-506457703-project] Flavor pref 0:0:0 {{(pid=123669) get_cpu_topology_constraints /opt/stack/nova/nova/virt/hardware.py:383}}
May 16 17:49:13.435400 dv-cinder-837699-6-smb devstack@n-api.service[123669]: DEBUG nova.virt.hardware [None req-0b2b5678-776f-41b7-8c78-2aea8e0367ae tempest-VolumesActionsTest-506457703 tempest-VolumesActionsTest-506457703-project] Image pref 0:0:0 {{(pid=123669) get_cpu_topology_constraints /opt/stack/nova/nova/virt/hardware.py:387}}
May 16 17:49:13.436446 dv-cinder-837699-6-smb devstack@n-api.service[123669]: DEBUG nova.virt.hardware [None req-0b2b5678-776f-41b7-8c78-2aea8e0367ae tempest-VolumesActionsTest-506457703 tempest-VolumesActionsTest-506457703-project] Chose sockets=0, cores=0, threads=0; limits were sockets=65536, cores=65536, threads=65536 {{(pid=123669) get_cpu_topology_constraints /opt/stack/nova/nova/virt/hardware.py:425}}
May 16 17:49:13.447951 dv-cinder-837699-6-smb devstack@n-api.service[123669]: DEBUG oslo_concurrency.lockutils [None req-0b2b5678-776f-41b7-8c78-2aea8e0367ae tempest-VolumesActionsTest-506457703 tempest-VolumesActionsTest-506457703-project] Lock "00000000-0000-0000-0000-000000000000" acquired by "nova.context.set_target_cell..get_or_set_cached_cell_and_set_connections" :: waited 0.000s {{(pid=123669) inner /usr/local/lib/python3.8/dist-packages/oslo_concurrency/lockutils.py:386}}
May 16 17:49:13.448387 dv-cinder-837699-6-smb devstack@n-api.service[123669]: DEBUG oslo_concurrency.lockutils [None req-0b2b5678-776f-41b7-8c78-2aea8e0367ae tempest-VolumesActionsTest-506457703 tempest-VolumesActionsTest-506457703-project] Lock "00000000-0000-0000-0000-000000000000" "released" by "nova.context.set_target_cell..get_or_set_cached_cell_and_set_connections" :: held 0.001s {{(pid=123669) inner /usr/local/lib/python3.8/dist-packages/oslo_concurrency/lockutils.py:400}}
May 16 17:49:13.449376 dv-cinder-837699-6-smb devstack@n-api.service[123669]: DEBUG oslo_concurrency.lockutils [None req-0b2b5678-776f-41b7-8c78-2aea8e0367ae tempest-VolumesActionsTest-506457703 tempest-VolumesActionsTest-506457703-project] Lock "2fedfe9d-4587-4b5b-9509-593cdd3c538d" acquired by "nova.context.set_target_cell..get_or_set_cached_cell_and_set_connections" :: waited 0.000s {{(pid=123669) inner /usr/local/lib/python3.8/dist-packages/oslo_concurrency/lockutils.py:386}}
May 16 17:49:13.449810 dv-cinder-837699-6-smb devstack@n-api.service[123669]: DEBUG oslo_concurrency.lockutils [None req-0b2b5678-776f-41b7-8c78-2aea8e0367ae tempest-VolumesActionsTest-506457703 tempest-VolumesActionsTest-506457703-project] Lock "2fedfe9d-4587-4b5b-9509-593cdd3c538d" "released" by "nova.context.set_target_cell..get_or_set_cached_cell_and_set_connections" :: held 0.001s {{(pid=123669) inner /usr/local/lib/python3.8/dist-packages/oslo_concurrency/lockutils.py:400}}
May 16 17:49:13.470318 dv-cinder-837699-6-smb devstack@n-api.service[123669]: DEBUG nova.quota [None req-0b2b5678-776f-41b7-8c78-2aea8e0367ae tempest-VolumesActionsTest-506457703 tempest-VolumesActionsTest-506457703-project] Getting quotas for project 32ea52c4110f4ff6aa59abbd5784c2c1. Resources: {'ram', 'instances', 'cores'} {{(pid=123669) _get_quotas /opt/stack/nova/nova/quota.py:393}}
May 16 17:49:13.475445 dv-cinder-837699-6-smb devstack@n-api.service[123669]: DEBUG nova.quota [None req-0b2b5678-776f-41b7-8c78-2aea8e0367ae tempest-VolumesActionsTest-506457703 tempest-VolumesActionsTest-506457703-project] Getting quotas for user eb61906a838c4d5c82516f3c760f70cb and project 32ea52c4110f4ff6aa59abbd5784c2c1. Resources: {'ram', 'instances', 'cores'} {{(pid=123669) _get_quotas /opt/stack/nova/nova/quota.py:383}}
May 16 17:49:13.488640 dv-cinder-837699-6-smb devstack@n-api.service[123669]: DEBUG nova.compute.api [None req-0b2b5678-776f-41b7-8c78-2aea8e0367ae tempest-VolumesActionsTest-506457703 tempest-VolumesActionsTest-506457703-project] Going to run 1 instances... {{(pid=123669) _provision_instances /opt/stack/nova/nova/compute/api.py:1389}}
May 16 17:49:13.491246 dv-cinder-837699-6-smb devstack@n-api.service[123669]: DEBUG nova.compute.api [None req-0b2b5678-776f-41b7-8c78-2aea8e0367ae tempest-VolumesActionsTest-506457703 tempest-VolumesActionsTest-506457703-project] [instance: bc0f66ee-9193-4c30-924d-5d6eec592ce2] block_device_mapping [BlockDeviceMapping(attachment_id=,boot_index=0,connection_info=None,created_at=,delete_on_termination=True,deleted=,deleted_at=,destination_type='local',device_name=None,device_type='disk',disk_bus=None,guest_format=None,id=,image_id='0a70f320-4057-4265-b623-daf224d23473',instance=,instance_uuid=,no_device=False,snapshot_id=None,source_type='image',tag=None,updated_at=,uuid=,volume_id=None,volume_size=None,volume_type=None)] {{(pid=123669) _bdm_validate_set_size_and_instance /opt/stack/nova/nova/compute/api.py:1807}}
May 16 17:49:13.497998 dv-cinder-837699-6-smb devstack@n-api.service[123668]: DEBUG nova.policy [None req-095d9e08-ddd9-4a2d-b202-af0bd11e472c tempest-DeleteServersTestJSON-1068871862 tempest-DeleteServersTestJSON-1068871862-project] Policy check for os_compute_api:os-extended-server-attributes failed with credentials {'is_admin': False, 'user_id': '1432046e08274ba5af5ad835f3be39ea', 'user_domain_id': 'default', 'system_scope': None, 'domain_id': None, 'project_id': 'fb2a01f608054afa96b8f18f897ceed5', 'project_domain_id': 'default', 'roles': ['reader', 'member'], 'is_admin_project': True, 'service_user_id': None, 'service_user_domain_id': None, 'service_project_id': None, 'service_project_domain_id': None, 'service_roles': []} {{(pid=123668) authorize /opt/stack/nova/nova/policy.py:199}}
May 16 17:49:13.507178 dv-cinder-837699-6-smb devstack@n-api.service[123668]: INFO nova.api.openstack.requestlog [None req-095d9e08-ddd9-4a2d-b202-af0bd11e472c tempest-DeleteServersTestJSON-1068871862 tempest-DeleteServersTestJSON-1068871862-project] 10.222.0.65 "GET /compute/v2.1/servers/c818bc89-1c66-46e3-96ab-0b48efb38a3c" status: 200 len: 1351 microversion: 2.1 time: 0.130075
May 16 17:49:13.507795 dv-cinder-837699-6-smb devstack@n-api.service[123668]: [pid: 123668|app: 0|req: 64/105] 10.222.0.65 () {58 vars in 1235 bytes} [Mon May 16 17:49:13 2022] GET /compute/v2.1/servers/c818bc89-1c66-46e3-96ab-0b48efb38a3c => generated 1351 bytes in 132 msecs (HTTP/1.1 200) 9 headers in 358 bytes (1 switches on core 0)
May 16 17:49:13.545900 dv-cinder-837699-6-smb devstack@n-api.service[123669]: INFO nova.api.openstack.requestlog [None req-0b2b5678-776f-41b7-8c78-2aea8e0367ae tempest-VolumesActionsTest-506457703 tempest-VolumesActionsTest-506457703-project] 10.222.0.65 "POST /compute/v2.1/servers" status: 202 len: 380 microversion: 2.1 time: 1.097747
May 16 17:49:13.546724 dv-cinder-837699-6-smb devstack@n-api.service[123669]: [pid: 123669|app: 0|req: 42/106] 10.222.0.65 () {60 vars in 1146 bytes} [Mon May 16 17:49:12 2022] POST /compute/v2.1/servers => generated 380 bytes in 1100 msecs (HTTP/1.1 202) 10 headers in 451 bytes (1 switches on core 0)
May 16 17:49:13.557462 dv-cinder-837699-6-smb devstack@n-api.service[123668]: DEBUG nova.api.openstack.wsgi [None req-a9798a65-b685-426f-aab7-f5b9bb1be0fb tempest-VolumesActionsTest-506457703 tempest-VolumesActionsTest-506457703-project] Calling method '>' {{(pid=123668) _process_stack /opt/stack/nova/nova/api/openstack/wsgi.py:513}}
May 16 17:49:13.557993 dv-cinder-837699-6-smb devstack@n-api.service[123668]: DEBUG nova.compute.api [None req-a9798a65-b685-426f-aab7-f5b9bb1be0fb tempest-VolumesActionsTest-506457703 tempest-VolumesActionsTest-506457703-project] [instance: bc0f66ee-9193-4c30-924d-5d6eec592ce2] Fetching instance by UUID {{(pid=123668) get /opt/stack/nova/nova/compute/api.py:2920}}
