Jul 18 10:42:36.988842 dv-cinder-837546-3-smb devstack@c-api.service[117884]: INFO cinder.api.openstack.wsgi [None req-ba7a6a8b-def5-4a16-b659-812f125d2c03 tempest-GroupTypeSpecsTest-1925897919 tempest-GroupTypeSpecsTest-1925897919-project-admin] PUT http://10.222.0.39/volume/v3/79ffb1481fc347baa241129f0c25be00/group_types/8544ea70-a658-4d2b-a502-e10e1d9e05ce/group_specs/key3
Jul 18 10:42:36.990015 dv-cinder-837546-3-smb devstack@c-api.service[117884]: DEBUG cinder.api.openstack.wsgi [None req-ba7a6a8b-def5-4a16-b659-812f125d2c03 tempest-GroupTypeSpecsTest-1925897919 tempest-GroupTypeSpecsTest-1925897919-project-admin] Action: 'update', calling method: version_select, body: {"key3": "value3-updated"} {{(pid=117884) _process_stack /opt/stack/cinder/cinder/api/openstack/wsgi.py:866}}
Jul 18 10:42:37.086543 dv-cinder-837546-3-smb devstack@c-api.service[117884]: INFO cinder.api.openstack.wsgi [None req-ba7a6a8b-def5-4a16-b659-812f125d2c03 tempest-GroupTypeSpecsTest-1925897919 tempest-GroupTypeSpecsTest-1925897919-project-admin] http://10.222.0.39/volume/v3/79ffb1481fc347baa241129f0c25be00/group_types/8544ea70-a658-4d2b-a502-e10e1d9e05ce/group_specs/key3 returned with HTTP 200
Jul 18 10:42:37.091734 dv-cinder-837546-3-smb devstack@c-api.service[117884]: [pid: 117884|app: 0|req: 121/224] 10.222.0.39 () {62 vars in 1448 bytes} [Mon Jul 18 10:42:36 2022] PUT /volume/v3/79ffb1481fc347baa241129f0c25be00/group_types/8544ea70-a658-4d2b-a502-e10e1d9e05ce/group_specs/key3 => generated 26 bytes in 112 msecs (HTTP/1.1 200) 7 headers in 285 bytes (1 switches on core 0)
Jul 18 10:42:37.093893 dv-cinder-837546-3-smb devstack@c-api.service[117884]: DEBUG cinder.api.middleware.request_id [None req-746f2197-c8dc-483f-b7ab-279b69703e46 None None] RequestId filter calling following filter/app {{(pid=117884) _context_setter /opt/stack/cinder/cinder/api/middleware/request_id.py:62}}
Jul 18 10:42:37.099836 dv-cinder-837546-3-smb devstack@c-api.service[117884]: INFO cinder.api.openstack.wsgi [None req-746f2197-c8dc-483f-b7ab-279b69703e46 tempest-GroupTypeSpecsTest-1925897919 tempest-GroupTypeSpecsTest-1925897919-project-admin] GET http://10.222.0.39/volume/v3/79ffb1481fc347baa241129f0c25be00/group_types/8544ea70-a658-4d2b-a502-e10e1d9e05ce/group_specs
Jul 18 10:42:37.100347 dv-cinder-837546-3-smb devstack@c-api.service[117884]: DEBUG cinder.api.openstack.wsgi [None req-746f2197-c8dc-483f-b7ab-279b69703e46 tempest-GroupTypeSpecsTest-1925897919 tempest-GroupTypeSpecsTest-1925897919-project-admin] Empty body provided in request {{(pid=117884) get_body /opt/stack/cinder/cinder/api/openstack/wsgi.py:715}}
Jul 18 10:42:37.101159 dv-cinder-837546-3-smb devstack@c-api.service[117884]: DEBUG cinder.api.openstack.wsgi [None req-746f2197-c8dc-483f-b7ab-279b69703e46 tempest-GroupTypeSpecsTest-1925897919 tempest-GroupTypeSpecsTest-1925897919-project-admin] Calling method 'version_select' {{(pid=117884) _process_stack /opt/stack/cinder/cinder/api/openstack/wsgi.py:868}}
Jul 18 10:42:37.131172 dv-cinder-837546-3-smb devstack@c-api.service[117884]: INFO cinder.api.openstack.wsgi [None req-746f2197-c8dc-483f-b7ab-279b69703e46 tempest-GroupTypeSpecsTest-1925897919 tempest-GroupTypeSpecsTest-1925897919-project-admin] http://10.222.0.39/volume/v3/79ffb1481fc347baa241129f0c25be00/group_types/8544ea70-a658-4d2b-a502-e10e1d9e05ce/group_specs returned with HTTP 200
Jul 18 10:42:37.131418 dv-cinder-837546-3-smb devstack@c-api.service[117883]: INFO cinder.api.openstack.wsgi [None req-2d511348-2ef1-4fa2-91fe-612a78f53ca4 tempest-VolumeQuotasAdminTestJSON-913905909 tempest-VolumeQuotasAdminTestJSON-913905909-project-admin] http://10.222.0.39/volume/v3/9cc5a36866d44f579c8903936cadca70/os-quota-sets/9739e3d6689240a097a130e0458fb7a6 returned with HTTP 200
Jul 18 10:42:37.132073 dv-cinder-837546-3-smb devstack@c-api.service[117883]: [pid: 117883|app: 0|req: 104/225] 10.222.0.39 () {60 vars in 1351 bytes} [Mon Jul 18 10:42:36 2022] PUT /volume/v3/9cc5a36866d44f579c8903936cadca70/os-quota-sets/9739e3d6689240a097a130e0458fb7a6 => generated 319 bytes in 667 msecs (HTTP/1.1 200) 7 headers in 285 bytes (1 switches on core 0)
Jul 18 10:42:37.137994 dv-cinder-837546-3-smb devstack@c-api.service[117884]: [pid: 117884|app: 0|req: 122/226] 10.222.0.39 () {60 vars in 1413 bytes} [Mon Jul 18 10:42:37 2022] GET /volume/v3/79ffb1481fc347baa241129f0c25be00/group_types/8544ea70-a658-4d2b-a502-e10e1d9e05ce/group_specs => generated 87 bytes in 45 msecs (HTTP/1.1 200) 7 headers in 285 bytes (1 switches on core 0)
Jul 18 10:42:37.142365 dv-cinder-837546-3-smb devstack@c-api.service[117884]: DEBUG cinder.api.middleware.request_id [None req-a050f776-1f50-4a06-a699-21f4cca3e727 None None] RequestId filter calling following filter/app {{(pid=117884) _context_setter /opt/stack/cinder/cinder/api/middleware/request_id.py:62}}
Jul 18 10:42:37.142487 dv-cinder-837546-3-smb devstack@c-api.service[117883]: DEBUG cinder.api.middleware.request_id [None req-97758091-0178-414e-a6f0-42b1d88de937 None None] RequestId filter calling following filter/app {{(pid=117883) _context_setter /opt/stack/cinder/cinder/api/middleware/request_id.py:62}}
Jul 18 10:42:37.148143 dv-cinder-837546-3-smb devstack@c-api.service[117883]: INFO cinder.api.openstack.wsgi [None req-97758091-0178-414e-a6f0-42b1d88de937 tempest-VolumeQuotasAdminTestJSON-1862783099 tempest-VolumeQuotasAdminTestJSON-1862783099-project] DELETE http://10.222.0.39/volume/v3/9739e3d6689240a097a130e0458fb7a6/volumes/cdfd4ecb-e7fe-4b2b-88bd-af6d8737d160
Jul 18 10:42:37.148962 dv-cinder-837546-3-smb devstack@c-api.service[117883]: DEBUG cinder.api.openstack.wsgi [None req-97758091-0178-414e-a6f0-42b1d88de937 tempest-VolumeQuotasAdminTestJSON-1862783099 tempest-VolumeQuotasAdminTestJSON-1862783099-project] Empty body provided in request {{(pid=117883) get_body /opt/stack/cinder/cinder/api/openstack/wsgi.py:715}}
Jul 18 10:42:37.149549 dv-cinder-837546-3-smb devstack@c-api.service[117883]: DEBUG cinder.api.openstack.wsgi [None req-97758091-0178-414e-a6f0-42b1d88de937 tempest-VolumeQuotasAdminTestJSON-1862783099 tempest-VolumeQuotasAdminTestJSON-1862783099-project] Calling method 'delete' {{(pid=117883) _process_stack /opt/stack/cinder/cinder/api/openstack/wsgi.py:868}}
Jul 18 10:42:37.150096 dv-cinder-837546-3-smb devstack@c-api.service[117883]: INFO cinder.api.v3.volumes [None req-97758091-0178-414e-a6f0-42b1d88de937 tempest-VolumeQuotasAdminTestJSON-1862783099 tempest-VolumeQuotasAdminTestJSON-1862783099-project] Delete volume with id: cdfd4ecb-e7fe-4b2b-88bd-af6d8737d160
Jul 18 10:42:37.155924 dv-cinder-837546-3-smb devstack@c-api.service[117884]: INFO cinder.api.openstack.wsgi [None req-a050f776-1f50-4a06-a699-21f4cca3e727 tempest-GroupTypeSpecsTest-1925897919 tempest-GroupTypeSpecsTest-1925897919-project-admin] DELETE http://10.222.0.39/volume/v3/79ffb1481fc347baa241129f0c25be00/group_types/8544ea70-a658-4d2b-a502-e10e1d9e05ce/group_specs/key1
Jul 18 10:42:37.156489 dv-cinder-837546-3-smb devstack@c-api.service[117884]: DEBUG cinder.api.openstack.wsgi [None req-a050f776-1f50-4a06-a699-21f4cca3e727 tempest-GroupTypeSpecsTest-1925897919 tempest-GroupTypeSpecsTest-1925897919-project-admin] Empty body provided in request {{(pid=117884) get_body /opt/stack/cinder/cinder/api/openstack/wsgi.py:715}}
Jul 18 10:42:37.156946 dv-cinder-837546-3-smb devstack@c-api.service[117884]: DEBUG cinder.api.openstack.wsgi [None req-a050f776-1f50-4a06-a699-21f4cca3e727 tempest-GroupTypeSpecsTest-1925897919 tempest-GroupTypeSpecsTest-1925897919-project-admin] Calling method 'version_select' {{(pid=117884) _process_stack /opt/stack/cinder/cinder/api/openstack/wsgi.py:868}}
Jul 18 10:42:37.166699 dv-cinder-837546-3-smb devstack@c-api.service[117883]: INFO cinder.api.openstack.wsgi [None req-97758091-0178-414e-a6f0-42b1d88de937 tempest-VolumeQuotasAdminTestJSON-1862783099 tempest-VolumeQuotasAdminTestJSON-1862783099-project] http://10.222.0.39/volume/v3/9739e3d6689240a097a130e0458fb7a6/volumes/cdfd4ecb-e7fe-4b2b-88bd-af6d8737d160 returned with HTTP 404
Jul 18 10:42:37.167897 dv-cinder-837546-3-smb devstack@c-api.service[117883]: [pid: 117883|app: 0|req: 105/227] 10.222.0.39 () {58 vars in 1327 bytes} [Mon Jul 18 10:42:37 2022] DELETE /volume/v3/9739e3d6689240a097a130e0458fb7a6/volumes/cdfd4ecb-e7fe-4b2b-88bd-af6d8737d160 => generated 109 bytes in 29 msecs (HTTP/1.1 404) 7 headers in 292 bytes (1 switches on core 0)
Jul 18 10:42:37.173164 dv-cinder-837546-3-smb devstack@c-api.service[117883]: DEBUG cinder.api.middleware.request_id [None req-62df7316-e55e-478e-861f-8c528d05de02 None None] RequestId filter calling following filter/app {{(pid=117883) _context_setter /opt/stack/cinder/cinder/api/middleware/request_id.py:62}}
Jul 18 10:42:37.177482 dv-cinder-837546-3-smb devstack@c-api.service[117883]: INFO cinder.api.openstack.wsgi [None req-62df7316-e55e-478e-861f-8c528d05de02 tempest-VolumeQuotasAdminTestJSON-1862783099 tempest-VolumeQuotasAdminTestJSON-1862783099-project] DELETE http://10.222.0.39/volume/v3/9739e3d6689240a097a130e0458fb7a6/volumes/392ecedc-76d2-42b6-9b08-5a073ede64d1
Jul 18 10:42:37.178255 dv-cinder-837546-3-smb devstack@c-api.service[117883]: DEBUG cinder.api.openstack.wsgi [None req-62df7316-e55e-478e-861f-8c528d05de02 tempest-VolumeQuotasAdminTestJSON-1862783099 tempest-VolumeQuotasAdminTestJSON-1862783099-project] Empty body provided in request {{(pid=117883) get_body /opt/stack/cinder/cinder/api/openstack/wsgi.py:715}}
Jul 18 10:42:37.178392 dv-cinder-837546-3-smb devstack@c-api.service[117883]: DEBUG cinder.api.openstack.wsgi [None req-62df7316-e55e-478e-861f-8c528d05de02 tempest-VolumeQuotasAdminTestJSON-1862783099 tempest-VolumeQuotasAdminTestJSON-1862783099-project] Calling method 'delete' {{(pid=117883) _process_stack /opt/stack/cinder/cinder/api/openstack/wsgi.py:868}}
Jul 18 10:42:37.178749 dv-cinder-837546-3-smb devstack@c-api.service[117883]: INFO cinder.api.v3.volumes [None req-62df7316-e55e-478e-861f-8c528d05de02 tempest-VolumeQuotasAdminTestJSON-1862783099 tempest-VolumeQuotasAdminTestJSON-1862783099-project] Delete volume with id: 392ecedc-76d2-42b6-9b08-5a073ede64d1
Jul 18 10:42:37.197110 dv-cinder-837546-3-smb devstack@c-api.service[117883]: INFO cinder.api.openstack.wsgi [None req-62df7316-e55e-478e-861f-8c528d05de02 tempest-VolumeQuotasAdminTestJSON-1862783099 tempest-VolumeQuotasAdminTestJSON-1862783099-project] http://10.222.0.39/volume/v3/9739e3d6689240a097a130e0458fb7a6/volumes/392ecedc-76d2-42b6-9b08-5a073ede64d1 returned with HTTP 404
Jul 18 10:42:37.203626 dv-cinder-837546-3-smb devstack@c-api.service[117883]: [pid: 117883|app: 0|req: 106/228] 10.222.0.39 () {58 vars in 1327 bytes} [Mon Jul 18 10:42:37 2022] DELETE /volume/v3/9739e3d6689240a097a130e0458fb7a6/volumes/392ecedc-76d2-42b6-9b08-5a073ede64d1 => generated 109 bytes in 27 msecs (HTTP/1.1 404) 7 headers in 292 bytes (1 switches on core 0)
Jul 18 10:42:37.292136 dv-cinder-837546-3-smb devstack@c-api.service[117884]: INFO cinder.api.openstack.wsgi [None req-a050f776-1f50-4a06-a699-21f4cca3e727 tempest-GroupTypeSpecsTest-1925897919 tempest-GroupTypeSpecsTest-1925897919-project-admin] http://10.222.0.39/volume/v3/79ffb1481fc347baa241129f0c25be00/group_types/8544ea70-a658-4d2b-a502-e10e1d9e05ce/group_specs/key1 returned with HTTP 202
Jul 18 10:42:37.298651 dv-cinder-837546-3-smb devstack@c-api.service[117883]: DEBUG cinder.api.middleware.request_id [None req-91c74551-720e-4966-af8c-021720316530 None None] RequestId filter calling following filter/app {{(pid=117883) _context_setter /opt/stack/cinder/cinder/api/middleware/request_id.py:62}}
Jul 18 10:42:37.299653 dv-cinder-837546-3-smb devstack@c-api.service[117884]: [pid: 117884|app: 0|req: 123/229] 10.222.0.39 () {60 vars in 1431 bytes} [Mon Jul 18 10:42:37 2022] DELETE /volume/v3/79ffb1481fc347baa241129f0c25be00/group_types/8544ea70-a658-4d2b-a502-e10e1d9e05ce/group_specs/key1 => generated 0 bytes in 161 msecs (HTTP/1.1 202) 6 headers in 234 bytes (1 switches on core 0)
Jul 18 10:42:37.304873 dv-cinder-837546-3-smb devstack@c-api.service[117883]: INFO cinder.api.openstack.wsgi [None req-91c74551-720e-4966-af8c-021720316530 tempest-GroupTypeSpecsTest-1925897919 tempest-GroupTypeSpecsTest-1925897919-project-admin] GET http://10.222.0.39/volume/v3/79ffb1481fc347baa241129f0c25be00/group_types/8544ea70-a658-4d2b-a502-e10e1d9e05ce/group_specs/key1
Jul 18 10:42:37.305712 dv-cinder-837546-3-smb devstack@c-api.service[117883]: DEBUG cinder.api.openstack.wsgi [None req-91c74551-720e-4966-af8c-021720316530 tempest-GroupTypeSpecsTest-1925897919 tempest-GroupTypeSpecsTest-1925897919-project-admin] Empty body provided in request {{(pid=117883) get_body /opt/stack/cinder/cinder/api/openstack/wsgi.py:715}}
Jul 18 10:42:37.306345 dv-cinder-837546-3-smb devstack@c-api.service[117883]: DEBUG cinder.api.openstack.wsgi [None req-91c74551-720e-4966-af8c-021720316530 tempest-GroupTypeSpecsTest-1925897919 tempest-GroupTypeSpecsTest-1925897919-project-admin] Calling method 'version_select' {{(pid=117883) _process_stack /opt/stack/cinder/cinder/api/openstack/wsgi.py:868}}
Jul 18 10:42:37.328625 dv-cinder-837546-3-smb devstack@c-api.service[117883]: INFO cinder.api.openstack.wsgi [None req-91c74551-720e-4966-af8c-021720316530 tempest-GroupTypeSpecsTest-1925897919 tempest-GroupTypeSpecsTest-1925897919-project-admin] HTTP exception thrown: Group Type 8544ea70-a658-4d2b-a502-e10e1d9e05ce has no extra spec with key key1.
Jul 18 10:42:37.329346 dv-cinder-837546-3-smb devstack@c-api.service[117883]: INFO cinder.api.openstack.wsgi [None req-91c74551-720e-4966-af8c-021720316530 tempest-GroupTypeSpecsTest-1925897919 tempest-GroupTypeSpecsTest-1925897919-project-admin] http://10.222.0.39/volume/v3/79ffb1481fc347baa241129f0c25be00/group_types/8544ea70-a658-4d2b-a502-e10e1d9e05ce/group_specs/key1 returned with HTTP 404
Jul 18 10:42:37.337216 dv-cinder-837546-3-smb devstack@c-api.service[117884]: DEBUG cinder.api.middleware.request_id [None req-57b98f6a-cebf-4413-8530-e0c5fc75ef2c None None] RequestId filter calling following filter/app {{(pid=117884) _context_setter /opt/stack/cinder/cinder/api/middleware/request_id.py:62}}
Jul 18 10:42:37.338297 dv-cinder-837546-3-smb devstack@c-api.service[117883]: [pid: 117883|app: 0|req: 107/230] 10.222.0.39 () {60 vars in 1428 bytes} [Mon Jul 18 10:42:37 2022] GET /volume/v3/79ffb1481fc347baa241129f0c25be00/group_types/8544ea70-a658-4d2b-a502-e10e1d9e05ce/group_specs/key1 => generated 126 bytes in 41 msecs (HTTP/1.1 404) 7 headers in 293 bytes (2 switches on core 0)
Jul 18 10:42:37.341534 dv-cinder-837546-3-smb devstack@c-api.service[117884]: INFO cinder.api.openstack.wsgi [None req-57b98f6a-cebf-4413-8530-e0c5fc75ef2c tempest-GroupTypeSpecsTest-1925897919 tempest-GroupTypeSpecsTest-1925897919-project-admin] DELETE http://10.222.0.39/volume/v3/79ffb1481fc347baa241129f0c25be00/group_types/8544ea70-a658-4d2b-a502-e10e1d9e05ce/group_specs/key2
Jul 18 10:42:37.342057 dv-cinder-837546-3-smb devstack@c-api.service[117884]: DEBUG cinder.api.openstack.wsgi [None req-57b98f6a-cebf-4413-8530-e0c5fc75ef2c tempest-GroupTypeSpecsTest-1925897919 tempest-GroupTypeSpecsTest-1925897919-project-admin] Empty body provided in request {{(pid=117884) get_body /opt/stack/cinder/cinder/api/openstack/wsgi.py:715}}
Jul 18 10:42:37.342498 dv-cinder-837546-3-smb devstack@c-api.service[117884]: DEBUG cinder.api.openstack.wsgi [None req-57b98f6a-cebf-4413-8530-e0c5fc75ef2c tempest-GroupTypeSpecsTest-1925897919 tempest-GroupTypeSpecsTest-1925897919-project-admin] Calling method 'version_select' {{(pid=117884) _process_stack /opt/stack/cinder/cinder/api/openstack/wsgi.py:868}}
Jul 18 10:42:37.532541 dv-cinder-837546-3-smb devstack@c-api.service[117884]: INFO cinder.api.openstack.wsgi [None req-57b98f6a-cebf-4413-8530-e0c5fc75ef2c tempest-GroupTypeSpecsTest-1925897919 tempest-GroupTypeSpecsTest-1925897919-project-admin] http://10.222.0.39/volume/v3/79ffb1481fc347baa241129f0c25be00/group_types/8544ea70-a658-4d2b-a502-e10e1d9e05ce/group_specs/key2 returned with HTTP 202
Jul 18 10:42:37.538110 dv-cinder-837546-3-smb devstack@c-api.service[117884]: [pid: 117884|app: 0|req: 124/231] 10.222.0.39 () {60 vars in 1431 bytes} [Mon Jul 18 10:42:37 2022] DELETE /volume/v3/79ffb1481fc347baa241129f0c25be00/group_types/8544ea70-a658-4d2b-a502-e10e1d9e05ce/group_specs/key2 => generated 0 bytes in 200 msecs (HTTP/1.1 202) 6 headers in 234 bytes (1 switches on core 0)
Jul 18 10:42:37.540169 dv-cinder-837546-3-smb devstack@c-api.service[117883]: DEBUG cinder.api.middleware.request_id [None req-a10b747c-a602-48f3-95cb-f1071a1d4013 None None] RequestId filter calling following filter/app {{(pid=117883) _context_setter /opt/stack/cinder/cinder/api/middleware/request_id.py:62}}
Jul 18 10:42:37.544295 dv-cinder-837546-3-smb devstack@c-api.service[117883]: INFO cinder.api.openstack.wsgi [None req-a10b747c-a602-48f3-95cb-f1071a1d4013 tempest-GroupTypeSpecsTest-1925897919 tempest-GroupTypeSpecsTest-1925897919-project-admin] GET http://10.222.0.39/volume/v3/79ffb1481fc347baa241129f0c25be00/group_types/8544ea70-a658-4d2b-a502-e10e1d9e05ce/group_specs/key2
Jul 18 10:42:37.544851 dv-cinder-837546-3-smb devstack@c-api.service[117883]: DEBUG cinder.api.openstack.wsgi [None req-a10b747c-a602-48f3-95cb-f1071a1d4013 tempest-GroupTypeSpecsTest-1925897919 tempest-GroupTypeSpecsTest-1925897919-project-admin] Empty body provided in request {{(pid=117883) get_body /opt/stack/cinder/cinder/api/openstack/wsgi.py:715}}
Jul 18 10:42:37.545417 dv-cinder-837546-3-smb devstack@c-api.service[117883]: DEBUG cinder.api.openstack.wsgi [None req-a10b747c-a602-48f3-95cb-f1071a1d4013 tempest-GroupTypeSpecsTest-1925897919 tempest-GroupTypeSpecsTest-1925897919-project-admin] Calling method 'version_select' {{(pid=117883) _process_stack /opt/stack/cinder/cinder/api/openstack/wsgi.py:868}}
Jul 18 10:42:37.582769 dv-cinder-837546-3-smb devstack@c-api.service[117883]: INFO cinder.api.openstack.wsgi [None req-a10b747c-a602-48f3-95cb-f1071a1d4013 tempest-GroupTypeSpecsTest-1925897919 tempest-GroupTypeSpecsTest-1925897919-project-admin] HTTP exception thrown: Group Type 8544ea70-a658-4d2b-a502-e10e1d9e05ce has no extra spec with key key2.
Jul 18 10:42:37.584180 dv-cinder-837546-3-smb devstack@c-api.service[117883]: INFO cinder.api.openstack.wsgi [None req-a10b747c-a602-48f3-95cb-f1071a1d4013 tempest-GroupTypeSpecsTest-1925897919 tempest-GroupTypeSpecsTest-1925897919-project-admin] http://10.222.0.39/volume/v3/79ffb1481fc347baa241129f0c25be00/group_types/8544ea70-a658-4d2b-a502-e10e1d9e05ce/group_specs/key2 returned with HTTP 404
Jul 18 10:42:37.586803 dv-cinder-837546-3-smb devstack@c-api.service[117883]: [pid: 117883|app: 0|req: 108/232] 10.222.0.39 () {60 vars in 1428 bytes} [Mon Jul 18 10:42:37 2022] GET /volume/v3/79ffb1481fc347baa241129f0c25be00/group_types/8544ea70-a658-4d2b-a502-e10e1d9e05ce/group_specs/key2 => generated 126 bytes in 48 msecs (HTTP/1.1 404) 7 headers in 293 bytes (1 switches on core 0)
Jul 18 10:42:37.591109 dv-cinder-837546-3-smb devstack@c-api.service[117884]: DEBUG cinder.api.middleware.request_id [None req-827e364f-7922-4853-9c90-9da54a258bb9 None None] RequestId filter calling following filter/app {{(pid=117884) _context_setter /opt/stack/cinder/cinder/api/middleware/request_id.py:62}}
Jul 18 10:42:37.597855 dv-cinder-837546-3-smb devstack@c-api.service[117884]: INFO cinder.api.openstack.wsgi [None req-827e364f-7922-4853-9c90-9da54a258bb9 tempest-GroupTypeSpecsTest-1925897919 tempest-GroupTypeSpecsTest-1925897919-project-admin] DELETE http://10.222.0.39/volume/v3/79ffb1481fc347baa241129f0c25be00/group_types/8544ea70-a658-4d2b-a502-e10e1d9e05ce/group_specs/key3
Jul 18 10:42:37.598855 dv-cinder-837546-3-smb devstack@c-api.service[117884]: DEBUG cinder.api.openstack.wsgi [None req-827e364f-7922-4853-9c90-9da54a258bb9 tempest-GroupTypeSpecsTest-1925897919 tempest-GroupTypeSpecsTest-1925897919-project-admin] Empty body provided in request {{(pid=117884) get_body /opt/stack/cinder/cinder/api/openstack/wsgi.py:715}}
Jul 18 10:42:37.599866 dv-cinder-837546-3-smb devstack@c-api.service[117884]: DEBUG cinder.api.openstack.wsgi [None req-827e364f-7922-4853-9c90-9da54a258bb9 tempest-GroupTypeSpecsTest-1925897919 tempest-GroupTypeSpecsTest-1925897919-project-admin] Calling method 'version_select' {{(pid=117884) _process_stack /opt/stack/cinder/cinder/api/openstack/wsgi.py:868}}
Jul 18 10:42:37.699925 dv-cinder-837546-3-smb devstack@c-api.service[117883]: DEBUG cinder.api.middleware.request_id [None req-ad71da22-f1da-4711-b47d-90a439c9a977 None None] RequestId filter calling following filter/app {{(pid=117883) _context_setter /opt/stack/cinder/cinder/api/middleware/request_id.py:62}}
Jul 18 10:42:37.705780 dv-cinder-837546-3-smb devstack@c-api.service[117884]: INFO cinder.api.openstack.wsgi [None req-827e364f-7922-4853-9c90-9da54a258bb9 tempest-GroupTypeSpecsTest-1925897919 tempest-GroupTypeSpecsTest-1925897919-project-admin] http://10.222.0.39/volume/v3/79ffb1481fc347baa241129f0c25be00/group_types/8544ea70-a658-4d2b-a502-e10e1d9e05ce/group_specs/key3 returned with HTTP 202
Jul 18 10:42:37.708028 dv-cinder-837546-3-smb devstack@c-api.service[117884]: [pid: 117884|app: 0|req: 125/233] 10.222.0.39 () {60 vars in 1431 bytes} [Mon Jul 18 10:42:37 2022] DELETE /volume/v3/79ffb1481fc347baa241129f0c25be00/group_types/8544ea70-a658-4d2b-a502-e10e1d9e05ce/group_specs/key3 => generated 0 bytes in 118 msecs (HTTP/1.1 202) 6 headers in 234 bytes (1 switches on core 0)
Jul 18 10:42:37.712415 dv-cinder-837546-3-smb devstack@c-api.service[117883]: INFO cinder.api.openstack.wsgi [None req-ad71da22-f1da-4711-b47d-90a439c9a977 tempest-SnapshotsActionsTest-614786423 tempest-SnapshotsActionsTest-614786423-project] GET http://10.222.0.39/volume/v3/e0b03242dfed4080a0cde44bc4ebbd95/volumes/11a10c1c-5134-4db8-927f-4633416a18fe
Jul 18 10:42:37.715110 dv-cinder-837546-3-smb devstack@c-api.service[117883]: DEBUG cinder.api.openstack.wsgi [None req-ad71da22-f1da-4711-b47d-90a439c9a977 tempest-SnapshotsActionsTest-614786423 tempest-SnapshotsActionsTest-614786423-project] Empty body provided in request {{(pid=117883) get_body /opt/stack/cinder/cinder/api/openstack/wsgi.py:715}}
Jul 18 10:42:37.716601 dv-cinder-837546-3-smb devstack@c-api.service[117884]: DEBUG cinder.api.middleware.request_id [None req-a94e33f2-62b8-4ca4-b897-7a43e7a86a01 None None] RequestId filter calling following filter/app {{(pid=117884) _context_setter /opt/stack/cinder/cinder/api/middleware/request_id.py:62}}
Jul 18 10:42:37.719087 dv-cinder-837546-3-smb devstack@c-api.service[117883]: DEBUG cinder.api.openstack.wsgi [None req-ad71da22-f1da-4711-b47d-90a439c9a977 tempest-SnapshotsActionsTest-614786423 tempest-SnapshotsActionsTest-614786423-project] Calling method 'show' {{(pid=117883) _process_stack /opt/stack/cinder/cinder/api/openstack/wsgi.py:868}}
Jul 18 10:42:37.733471 dv-cinder-837546-3-smb devstack@c-api.service[117884]: INFO cinder.api.openstack.wsgi [None req-a94e33f2-62b8-4ca4-b897-7a43e7a86a01 tempest-GroupTypeSpecsTest-1925897919 tempest-GroupTypeSpecsTest-1925897919-project-admin] GET http://10.222.0.39/volume/v3/79ffb1481fc347baa241129f0c25be00/group_types/8544ea70-a658-4d2b-a502-e10e1d9e05ce/group_specs/key3
Jul 18 10:42:37.741054 dv-cinder-837546-3-smb devstack@c-api.service[117884]: DEBUG cinder.api.openstack.wsgi [None req-a94e33f2-62b8-4ca4-b897-7a43e7a86a01 tempest-GroupTypeSpecsTest-1925897919 tempest-GroupTypeSpecsTest-1925897919-project-admin] Empty body provided in request {{(pid=117884) get_body /opt/stack/cinder/cinder/api/openstack/wsgi.py:715}}
Jul 18 10:42:37.741054 dv-cinder-837546-3-smb devstack@c-api.service[117884]: DEBUG cinder.api.openstack.wsgi [None req-a94e33f2-62b8-4ca4-b897-7a43e7a86a01 tempest-GroupTypeSpecsTest-1925897919 tempest-GroupTypeSpecsTest-1925897919-project-admin] Calling method 'version_select' {{(pid=117884) _process_stack /opt/stack/cinder/cinder/api/openstack/wsgi.py:868}}
Jul 18 10:42:37.755972 dv-cinder-837546-3-smb devstack@c-api.service[117883]: INFO cinder.api.openstack.wsgi [None req-ad71da22-f1da-4711-b47d-90a439c9a977 tempest-SnapshotsActionsTest-614786423 tempest-SnapshotsActionsTest-614786423-project] http://10.222.0.39/volume/v3/e0b03242dfed4080a0cde44bc4ebbd95/volumes/11a10c1c-5134-4db8-927f-4633416a18fe returned with HTTP 404
Jul 18 10:42:37.758230 dv-cinder-837546-3-smb devstack@c-api.service[117883]: [pid: 117883|app: 0|req: 109/234] 10.222.0.39 () {58 vars in 1324 bytes} [Mon Jul 18 10:42:37 2022] GET /volume/v3/e0b03242dfed4080a0cde44bc4ebbd95/volumes/11a10c1c-5134-4db8-927f-4633416a18fe => generated 109 bytes in 59 msecs (HTTP/1.1 404) 7 headers in 292 bytes (2 switches on core 0)
Jul 18 10:42:37.770417 dv-cinder-837546-3-smb devstack@c-api.service[117884]: INFO cinder.api.openstack.wsgi [None req-a94e33f2-62b8-4ca4-b897-7a43e7a86a01 tempest-GroupTypeSpecsTest-1925897919 tempest-GroupTypeSpecsTest-1925897919-project-admin] HTTP exception thrown: Group Type 8544ea70-a658-4d2b-a502-e10e1d9e05ce has no extra spec with key key3.
Jul 18 10:42:37.770417 dv-cinder-837546-3-smb devstack@c-api.service[117884]: INFO cinder.api.openstack.wsgi [None req-a94e33f2-62b8-4ca4-b897-7a43e7a86a01 tempest-GroupTypeSpecsTest-1925897919 tempest-GroupTypeSpecsTest-1925897919-project-admin] http://10.222.0.39/volume/v3/79ffb1481fc347baa241129f0c25be00/group_types/8544ea70-a658-4d2b-a502-e10e1d9e05ce/group_specs/key3 returned with HTTP 404
Jul 18 10:42:37.775162 dv-cinder-837546-3-smb devstack@c-api.service[117884]: [pid: 117884|app: 0|req: 126/235] 10.222.0.39 () {60 vars in 1428 bytes} [Mon Jul 18 10:42:37 2022] GET /volume/v3/79ffb1481fc347baa241129f0c25be00/group_types/8544ea70-a658-4d2b-a502-e10e1d9e05ce/group_specs/key3 => generated 126 bytes in 58 msecs (HTTP/1.1 404) 7 headers in 293 bytes (1 switches on core 0)
Jul 18 10:42:37.777222 dv-cinder-837546-3-smb devstack@c-api.service[117883]: DEBUG cinder.api.middleware.request_id [None req-2939999a-2254-4843-92f3-53e726616382 None None] RequestId filter calling following filter/app {{(pid=117883) _context_setter /opt/stack/cinder/cinder/api/middleware/request_id.py:62}}
Jul 18 10:42:37.785544 dv-cinder-837546-3-smb devstack@c-api.service[117883]: INFO cinder.api.openstack.wsgi [None req-2939999a-2254-4843-92f3-53e726616382 tempest-GroupTypeSpecsTest-1925897919 tempest-GroupTypeSpecsTest-1925897919-project-admin] DELETE http://10.222.0.39/volume/v3/79ffb1481fc347baa241129f0c25be00/group_types/8544ea70-a658-4d2b-a502-e10e1d9e05ce
Jul 18 10:42:37.791783 dv-cinder-837546-3-smb devstack@c-api.service[117883]: DEBUG cinder.api.openstack.wsgi [None req-2939999a-2254-4843-92f3-53e726616382 tempest-GroupTypeSpecsTest-1925897919 tempest-GroupTypeSpecsTest-1925897919-project-admin] Empty body provided in request {{(pid=117883) get_body /opt/stack/cinder/cinder/api/openstack/wsgi.py:715}}
Jul 18 10:42:37.792328 dv-cinder-837546-3-smb devstack@c-api.service[117883]: DEBUG cinder.api.openstack.wsgi [None req-2939999a-2254-4843-92f3-53e726616382 tempest-GroupTypeSpecsTest-1925897919 tempest-GroupTypeSpecsTest-1925897919-project-admin] Calling method 'version_select' {{(pid=117883) _process_stack /opt/stack/cinder/cinder/api/openstack/wsgi.py:868}}
Jul 18 10:42:37.920953 dv-cinder-837546-3-smb devstack@c-api.service[117883]: INFO cinder.api.openstack.wsgi [None req-2939999a-2254-4843-92f3-53e726616382 tempest-GroupTypeSpecsTest-1925897919 tempest-GroupTypeSpecsTest-1925897919-project-admin] http://10.222.0.39/volume/v3/79ffb1481fc347baa241129f0c25be00/group_types/8544ea70-a658-4d2b-a502-e10e1d9e05ce returned with HTTP 202
Jul 18 10:42:37.921905 dv-cinder-837546-3-smb devstack@c-api.service[117883]: [pid: 117883|app: 0|req: 110/236] 10.222.0.39 () {60 vars in 1380 bytes} [Mon Jul 18 10:42:37 2022] DELETE /volume/v3/79ffb1481fc347baa241129f0c25be00/group_types/8544ea70-a658-4d2b-a502-e10e1d9e05ce => generated 0 bytes in 147 msecs (HTTP/1.1 202) 6 headers in 234 bytes (1 switches on core 0)
Jul 18 10:42:38.064928 dv-cinder-837546-3-smb devstack@c-api.service[117883]: DEBUG dbcounter [-] [117883] Writing DB stats cinder:UPDATE=14,cinder:SELECT=85,cinder:INSERT=1 {{(pid=117883) stat_writer /usr/local/lib/python3.8/dist-packages/dbcounter.py:114}}
Jul 18 10:42:38.421256 dv-cinder-837546-3-smb devstack@c-api.service[117884]: DEBUG dbcounter [-] [117884] Writing DB stats cinder:SELECT=87,cinder:UPDATE=9,cinder:DELETE=1,cinder:INSERT=3 {{(pid=117884) stat_writer /usr/local/lib/python3.8/dist-packages/dbcounter.py:114}}
Jul 18 10:42:44.602466 dv-cinder-837546-3-smb devstack@c-api.service[117884]: DEBUG cinder.api.middleware.request_id [None req-a04a7bef-960c-4e90-a844-745410e54e17 None None] RequestId filter calling following filter/app {{(pid=117884) _context_setter /opt/stack/cinder/cinder/api/middleware/request_id.py:62}}
Jul 18 10:42:44.608928 dv-cinder-837546-3-smb devstack@c-api.service[117884]: INFO cinder.api.openstack.wsgi [None req-a04a7bef-960c-4e90-a844-745410e54e17 tempest-DeleteServersTestJSON-67930711 tempest-DeleteServersTestJSON-67930711-project] POST http://10.222.0.39/volume/v3/816e1fd7377f4931951eccc5fc378571/volumes
Jul 18 10:42:44.609667 dv-cinder-837546-3-smb devstack@c-api.service[117884]: DEBUG cinder.api.openstack.wsgi [None req-a04a7bef-960c-4e90-a844-745410e54e17 tempest-DeleteServersTestJSON-67930711 tempest-DeleteServersTestJSON-67930711-project] Action: 'create', calling method: create, body: {"volume": {"size": 1, "display_name": "tempest-DeleteServersTestJSON-volume-944982874"}} {{(pid=117884) _process_stack /opt/stack/cinder/cinder/api/openstack/wsgi.py:866}}
Jul 18 10:42:44.610834 dv-cinder-837546-3-smb devstack@c-api.service[117884]: DEBUG cinder.api.v3.volumes [None req-a04a7bef-960c-4e90-a844-745410e54e17 tempest-DeleteServersTestJSON-67930711 tempest-DeleteServersTestJSON-67930711-project] Create volume request body: {'volume': {'size': 1, 'display_name': 'tempest-DeleteServersTestJSON-volume-944982874'}} {{(pid=117884) create /opt/stack/cinder/cinder/api/v3/volumes.py:298}}
Jul 18 10:42:44.611138 dv-cinder-837546-3-smb devstack@c-api.service[117884]: INFO cinder.api.v3.volumes [None req-a04a7bef-960c-4e90-a844-745410e54e17 tempest-DeleteServersTestJSON-67930711 tempest-DeleteServersTestJSON-67930711-project] Create volume of 1 GB
Jul 18 10:42:44.626294 dv-cinder-837546-3-smb devstack@c-api.service[117884]: INFO cinder.volume.api [None req-a04a7bef-960c-4e90-a844-745410e54e17 tempest-DeleteServersTestJSON-67930711 tempest-DeleteServersTestJSON-67930711-project] Availability Zones retrieved successfully.
Jul 18 10:42:44.650732 dv-cinder-837546-3-smb devstack@c-api.service[117884]: DEBUG cinder.volume.api [None req-a04a7bef-960c-4e90-a844-745410e54e17 tempest-DeleteServersTestJSON-67930711 tempest-DeleteServersTestJSON-67930711-project] Flow 'volume_create_api' (9e598124-f2bb-4378-8403-b6db607898d3) transitioned into state 'RUNNING' from state 'PENDING' {{(pid=117884) _flow_receiver /usr/local/lib/python3.8/dist-packages/taskflow/listeners/logging.py:141}}
Jul 18 10:42:44.654012 dv-cinder-837546-3-smb devstack@c-api.service[117884]: DEBUG cinder.volume.api [None req-a04a7bef-960c-4e90-a844-745410e54e17 tempest-DeleteServersTestJSON-67930711 tempest-DeleteServersTestJSON-67930711-project] Task 'cinder.volume.flows.api.create_volume.ExtractVolumeRequestTask;volume:create' (3941d096-118e-49fc-9b76-09678a6c8364) transitioned into state 'RUNNING' from state 'PENDING' {{(pid=117884) _task_receiver /usr/local/lib/python3.8/dist-packages/taskflow/listeners/logging.py:190}}
Jul 18 10:42:44.657441 dv-cinder-837546-3-smb devstack@c-api.service[117884]: DEBUG cinder.volume.flows.api.create_volume [None req-a04a7bef-960c-4e90-a844-745410e54e17 tempest-DeleteServersTestJSON-67930711 tempest-DeleteServersTestJSON-67930711-project] Validating volume size '1' using validate_int {{(pid=117884) _extract_size /opt/stack/cinder/cinder/volume/flows/api/create_volume.py:228}}
Jul 18 10:42:44.729545 dv-cinder-837546-3-smb devstack@c-api.service[117884]: DEBUG cinder.volume.api [None req-a04a7bef-960c-4e90-a844-745410e54e17 tempest-DeleteServersTestJSON-67930711 tempest-DeleteServersTestJSON-67930711-project] Task 'cinder.volume.flows.api.create_volume.ExtractVolumeRequestTask;volume:create' (3941d096-118e-49fc-9b76-09678a6c8364) transitioned into state 'SUCCESS' from state 'RUNNING' with result '{'size': 1, 'snapshot_id': None, 'source_volid': None, 'volume_type': VolumeType(created_at=2022-07-18T10:26:48Z,deleted=False,deleted_at=None,description='Default Volume Type',extra_specs={},id=6ee5dfda-c2d1-4a35-a1e2-f24cf1857f8a,is_public=True,name='__DEFAULT__',projects=[],qos_specs=,qos_specs_id=None,updated_at=2022-07-18T10:26:48Z), 'volume_type_id': '6ee5dfda-c2d1-4a35-a1e2-f24cf1857f8a', 'encryption_key_id': None, 'qos_specs': None, 'consistencygroup_id': None, 'cgsnapshot_id': None, 'group_id': None, 'replication_status': 'disabled', 'refresh_az': False, 'backup_id': None, 'multiattach': False, 'availability_zones': ['nova']}' {{(pid=117884) _task_receiver /usr/local/lib/python3.8/dist-packages/taskflow/listeners/logging.py:178}}
Jul 18 10:42:44.731835 dv-cinder-837546-3-smb devstack@c-api.service[117884]: DEBUG cinder.volume.api [None req-a04a7bef-960c-4e90-a844-745410e54e17 tempest-DeleteServersTestJSON-67930711 tempest-DeleteServersTestJSON-67930711-project] Task 'cinder.volume.flows.api.create_volume.QuotaReserveTask;volume:create' (572b3ff7-bacb-48f2-b8d3-f7be9024d1ab) transitioned into state 'RUNNING' from state 'PENDING' {{(pid=117884) _task_receiver /usr/local/lib/python3.8/dist-packages/taskflow/listeners/logging.py:190}}
Jul 18 10:42:45.074684 dv-cinder-837546-3-smb devstack@c-api.service[117884]: DEBUG cinder.quota [None req-a04a7bef-960c-4e90-a844-745410e54e17 tempest-DeleteServersTestJSON-67930711 tempest-DeleteServersTestJSON-67930711-project] Created reservations ['5b94b395-deee-432c-a729-2a7cf86f2ff3', '0f70a23c-b2b9-4a90-ba74-11be3591008b', '4ef28b3e-96a4-4aef-a167-5fd9f1602509', 'a4c4739c-319c-4006-b39d-89e8d00ed310'] {{(pid=117884) reserve /opt/stack/cinder/cinder/quota.py:755}}
Jul 18 10:42:45.077224 dv-cinder-837546-3-smb devstack@c-api.service[117884]: DEBUG cinder.volume.api [None req-a04a7bef-960c-4e90-a844-745410e54e17 tempest-DeleteServersTestJSON-67930711 tempest-DeleteServersTestJSON-67930711-project] Task 'cinder.volume.flows.api.create_volume.QuotaReserveTask;volume:create' (572b3ff7-bacb-48f2-b8d3-f7be9024d1ab) transitioned into state 'SUCCESS' from state 'RUNNING' with result '{'reservations': ['5b94b395-deee-432c-a729-2a7cf86f2ff3', '0f70a23c-b2b9-4a90-ba74-11be3591008b', '4ef28b3e-96a4-4aef-a167-5fd9f1602509', 'a4c4739c-319c-4006-b39d-89e8d00ed310']}' {{(pid=117884) _task_receiver /usr/local/lib/python3.8/dist-packages/taskflow/listeners/logging.py:178}}
Jul 18 10:42:45.079525 dv-cinder-837546-3-smb devstack@c-api.service[117884]: DEBUG cinder.volume.api [None req-a04a7bef-960c-4e90-a844-745410e54e17 tempest-DeleteServersTestJSON-67930711 tempest-DeleteServersTestJSON-67930711-project] Task 'cinder.volume.flows.api.create_volume.EntryCreateTask;volume:create' (c7df912c-c5ce-474f-93de-42d3f7961363) transitioned into state 'RUNNING' from state 'PENDING' {{(pid=117884) _task_receiver /usr/local/lib/python3.8/dist-packages/taskflow/listeners/logging.py:190}}
Jul 18 10:42:45.161802 dv-cinder-837546-3-smb devstack@c-api.service[117884]: DEBUG cinder.volume.api [None req-a04a7bef-960c-4e90-a844-745410e54e17 tempest-DeleteServersTestJSON-67930711 tempest-DeleteServersTestJSON-67930711-project] Task 'cinder.volume.flows.api.create_volume.EntryCreateTask;volume:create' (c7df912c-c5ce-474f-93de-42d3f7961363) transitioned into state 'SUCCESS' from state 'RUNNING' with result '{'volume_id': 'a85ebf51-fead-42b6-adc2-5f2d451ca95f', 'volume_properties': VolumeProperties(attach_status='detached',availability_zone='nova',cgsnapshot_id=None,consistencygroup_id=None,display_description=None,display_name='tempest-DeleteServersTestJSON-volume-944982874',encryption_key_id=None,group_id=None,group_type_id=,metadata={},multiattach=False,project_id='816e1fd7377f4931951eccc5fc378571',qos_specs=None,replication_status=,reservations=['5b94b395-deee-432c-a729-2a7cf86f2ff3','0f70a23c-b2b9-4a90-ba74-11be3591008b','4ef28b3e-96a4-4aef-a167-5fd9f1602509','a4c4739c-319c-4006-b39d-89e8d00ed310'],size=1,snapshot_id=None,source_replicaid=,source_volid=None,status='creating',user_id='8f6a43da18834f22b4422623ce0799ac',volume_type_id=6ee5dfda-c2d1-4a35-a1e2-f24cf1857f8a), 'volume': Volume(_name_id=None,admin_metadata=,attach_status='detached',availability_zone='nova',bootable=False,cluster=,cluster_name=None,consistencygroup=,consistencygroup_id=None,created_at=2022-07-18T10:42:45Z,deleted=False,deleted_at=None,display_description=None,display_name='tempest-DeleteServersTestJSON-volume-944982874',ec2_id=None,encryption_key_id=None,glance_metadata=,group=,group_id=None,host=None,id=a85ebf51-fead-42b6-adc2-5f2d451ca95f,launched_at=None,metadata={},migration_status=None,multiattach=False,previous_status=None,project_id='816e1fd7377f4931951eccc5fc378571',provider_auth=None,provider_geometry=None,provider_id=None,provider_location=None,replication_driver_data=None,replication_extended_status=None,replication_status=None,scheduled_at=None,service_uuid=None,shared_targets=True,size=1,snapshot_id=None,snapshots=,source_volid=None,status='creating',terminated_at=None,updated_at=None,use_quota=True,user_id='8f6a43da18834f22b4422623ce0799ac',volume_attachment=VolumeAttachmentList,volume_type=VolumeType(6ee5dfda-c2d1-4a35-a1e2-f24cf1857f8a),volume_type_id=6ee5dfda-c2d1-4a35-a1e2-f24cf1857f8a)}' {{(pid=117884) _task_receiver /usr/local/lib/python3.8/dist-packages/taskflow/listeners/logging.py:178}}
Jul 18 10:42:45.165570 dv-cinder-837546-3-smb devstack@c-api.service[117884]: DEBUG cinder.volume.api [None req-a04a7bef-960c-4e90-a844-745410e54e17 tempest-DeleteServersTestJSON-67930711 tempest-DeleteServersTestJSON-67930711-project] Task 'cinder.volume.flows.api.create_volume.QuotaCommitTask;volume:create' (0b270f37-66c9-46a7-ba4a-64d87f14584b) transitioned into state 'RUNNING' from state 'PENDING' {{(pid=117884) _task_receiver /usr/local/lib/python3.8/dist-packages/taskflow/listeners/logging.py:190}}
Jul 18 10:42:45.177127 dv-cinder-837546-3-smb devstack@c-api.service[117884]: DEBUG dbcounter [-] [117884] Writing DB stats cinder:SELECT=81,cinder:UPDATE=9,cinder:INSERT=10 {{(pid=117884) stat_writer /usr/local/lib/python3.8/dist-packages/dbcounter.py:114}}
Jul 18 10:42:45.288227 dv-cinder-837546-3-smb devstack@c-api.service[117884]: DEBUG cinder.volume.api [None req-a04a7bef-960c-4e90-a844-745410e54e17 tempest-DeleteServersTestJSON-67930711 tempest-DeleteServersTestJSON-67930711-project] Task 'cinder.volume.flows.api.create_volume.QuotaCommitTask;volume:create' (0b270f37-66c9-46a7-ba4a-64d87f14584b) transitioned into state 'SUCCESS' from state 'RUNNING' with result '{'volume_properties': VolumeProperties(attach_status='detached',availability_zone='nova',cgsnapshot_id=None,consistencygroup_id=None,display_description=None,display_name='tempest-DeleteServersTestJSON-volume-944982874',encryption_key_id=None,group_id=None,group_type_id=,metadata={},multiattach=False,project_id='816e1fd7377f4931951eccc5fc378571',qos_specs=None,replication_status=,reservations=['5b94b395-deee-432c-a729-2a7cf86f2ff3','0f70a23c-b2b9-4a90-ba74-11be3591008b','4ef28b3e-96a4-4aef-a167-5fd9f1602509','a4c4739c-319c-4006-b39d-89e8d00ed310'],size=1,snapshot_id=None,source_replicaid=,source_volid=None,status='creating',user_id='8f6a43da18834f22b4422623ce0799ac',volume_type_id=6ee5dfda-c2d1-4a35-a1e2-f24cf1857f8a)}' {{(pid=117884) _task_receiver /usr/local/lib/python3.8/dist-packages/taskflow/listeners/logging.py:178}}
Jul 18 10:42:45.289799 dv-cinder-837546-3-smb devstack@c-api.service[117884]: DEBUG cinder.volume.api [None req-a04a7bef-960c-4e90-a844-745410e54e17 tempest-DeleteServersTestJSON-67930711 tempest-DeleteServersTestJSON-67930711-project] Task 'cinder.volume.flows.api.create_volume.VolumeCastTask;volume:create' (5b97ce89-3232-441e-973e-c1da62816d21) transitioned into state 'RUNNING' from state 'PENDING' {{(pid=117884) _task_receiver /usr/local/lib/python3.8/dist-packages/taskflow/listeners/logging.py:190}}
Jul 18 10:42:45.449656 dv-cinder-837546-3-smb devstack@c-api.service[117884]: DEBUG cinder.volume.api [None req-a04a7bef-960c-4e90-a844-745410e54e17 tempest-DeleteServersTestJSON-67930711 tempest-DeleteServersTestJSON-67930711-project] Task 'cinder.volume.flows.api.create_volume.VolumeCastTask;volume:create' (5b97ce89-3232-441e-973e-c1da62816d21) transitioned into state 'SUCCESS' from state 'RUNNING' with result 'None' {{(pid=117884) _task_receiver /usr/local/lib/python3.8/dist-packages/taskflow/listeners/logging.py:178}}
Jul 18 10:42:45.451546 dv-cinder-837546-3-smb devstack@c-api.service[117884]: DEBUG cinder.volume.api [None req-a04a7bef-960c-4e90-a844-745410e54e17 tempest-DeleteServersTestJSON-67930711 tempest-DeleteServersTestJSON-67930711-project] Flow 'volume_create_api' (9e598124-f2bb-4378-8403-b6db607898d3) transitioned into state 'SUCCESS' from state 'RUNNING' {{(pid=117884) _flow_receiver /usr/local/lib/python3.8/dist-packages/taskflow/listeners/logging.py:141}}
Jul 18 10:42:45.452246 dv-cinder-837546-3-smb devstack@c-api.service[117884]: INFO cinder.volume.api [None req-a04a7bef-960c-4e90-a844-745410e54e17 tempest-DeleteServersTestJSON-67930711 tempest-DeleteServersTestJSON-67930711-project] Create volume request issued successfully.
Jul 18 10:42:45.453524 dv-cinder-837546-3-smb devstack@c-api.service[117884]: INFO cinder.api.openstack.wsgi [None req-a04a7bef-960c-4e90-a844-745410e54e17 tempest-DeleteServersTestJSON-67930711 tempest-DeleteServersTestJSON-67930711-project] http://10.222.0.39/volume/v3/816e1fd7377f4931951eccc5fc378571/volumes returned with HTTP 202
Jul 18 10:42:45.454326 dv-cinder-837546-3-smb devstack@c-api.service[117884]: [pid: 117884|app: 0|req: 127/237] 10.222.0.39 () {60 vars in 1234 bytes} [Mon Jul 18 10:42:44 2022] POST /volume/v3/816e1fd7377f4931951eccc5fc378571/volumes => generated 820 bytes in 854 msecs (HTTP/1.1 202) 7 headers in 291 bytes (1 switches on core 0)
Jul 18 10:42:45.472804 dv-cinder-837546-3-smb devstack@c-api.service[117883]: DEBUG cinder.api.middleware.request_id [None req-17ef45e9-c346-433e-becd-137e24f24bf8 None None] RequestId filter calling following filter/app {{(pid=117883) _context_setter /opt/stack/cinder/cinder/api/middleware/request_id.py:62}}
Jul 18 10:42:45.477167 dv-cinder-837546-3-smb devstack@c-api.service[117883]: INFO cinder.api.openstack.wsgi [None req-17ef45e9-c346-433e-becd-137e24f24bf8 tempest-DeleteServersTestJSON-67930711 tempest-DeleteServersTestJSON-67930711-project] GET http://10.222.0.39/volume/v3/816e1fd7377f4931951eccc5fc378571/volumes/a85ebf51-fead-42b6-adc2-5f2d451ca95f
Jul 18 10:42:45.477612 dv-cinder-837546-3-smb devstack@c-api.service[117883]: DEBUG cinder.api.openstack.wsgi [None req-17ef45e9-c346-433e-becd-137e24f24bf8 tempest-DeleteServersTestJSON-67930711 tempest-DeleteServersTestJSON-67930711-project] Empty body provided in request {{(pid=117883) get_body /opt/stack/cinder/cinder/api/openstack/wsgi.py:715}}
Jul 18 10:42:45.478062 dv-cinder-837546-3-smb devstack@c-api.service[117883]: DEBUG cinder.api.openstack.wsgi [None req-17ef45e9-c346-433e-becd-137e24f24bf8 tempest-DeleteServersTestJSON-67930711 tempest-DeleteServersTestJSON-67930711-project] Calling method 'show' {{(pid=117883) _process_stack /opt/stack/cinder/cinder/api/openstack/wsgi.py:868}}
Jul 18 10:42:45.497097 dv-cinder-837546-3-smb devstack@c-api.service[117883]: /usr/local/lib/python3.8/dist-packages/oslo_context/context.py:100: DeprecationWarning: Policy enforcement is depending on the value of is_admin. This key is deprecated. Please update your policy file to use the standard policy values.
Jul 18 10:42:45.497097 dv-cinder-837546-3-smb devstack@c-api.service[117883]: warnings.warn('Policy enforcement is depending on the value of '
Jul 18 10:42:45.507833 dv-cinder-837546-3-smb devstack@c-api.service[117883]: INFO cinder.volume.api [None req-17ef45e9-c346-433e-becd-137e24f24bf8 tempest-DeleteServersTestJSON-67930711 tempest-DeleteServersTestJSON-67930711-project] Volume info retrieved successfully.
Jul 18 10:42:45.521351 dv-cinder-837546-3-smb devstack@c-api.service[117883]: INFO cinder.api.openstack.wsgi [None req-17ef45e9-c346-433e-becd-137e24f24bf8 tempest-DeleteServersTestJSON-67930711 tempest-DeleteServersTestJSON-67930711-project] http://10.222.0.39/volume/v3/816e1fd7377f4931951eccc5fc378571/volumes/a85ebf51-fead-42b6-adc2-5f2d451ca95f returned with HTTP 200
Jul 18 10:42:45.523239 dv-cinder-837546-3-smb devstack@c-api.service[117883]: [pid: 117883|app: 0|req: 111/238] 10.222.0.39 () {58 vars in 1324 bytes} [Mon Jul 18 10:42:45 2022] GET /volume/v3/816e1fd7377f4931951eccc5fc378571/volumes/a85ebf51-fead-42b6-adc2-5f2d451ca95f => generated 888 bytes in 51 msecs (HTTP/1.1 200) 7 headers in 285 bytes (1 switches on core 0)
Jul 18 10:42:45.784772 dv-cinder-837546-3-smb devstack@c-api.service[117884]: DEBUG cinder.api.middleware.request_id [None req-b016b1f8-9161-4070-84c3-18b1ab5afb37 None None] RequestId filter calling following filter/app {{(pid=117884) _context_setter /opt/stack/cinder/cinder/api/middleware/request_id.py:62}}
Jul 18 10:42:45.992664 dv-cinder-837546-3-smb devstack@c-api.service[117884]: INFO cinder.api.openstack.wsgi [None req-b016b1f8-9161-4070-84c3-18b1ab5afb37 tempest-VolumeTypesTest-1671844443 tempest-VolumeTypesTest-1671844443-project-admin] POST http://10.222.0.39/volume/v3/a4a16e49230244cdb233edf63c3ebf85/types
Jul 18 10:42:45.995691 dv-cinder-837546-3-smb devstack@c-api.service[117884]: DEBUG cinder.api.openstack.wsgi [None req-b016b1f8-9161-4070-84c3-18b1ab5afb37 tempest-VolumeTypesTest-1671844443 tempest-VolumeTypesTest-1671844443-project-admin] Action: 'create', calling method: _create, body: {"volume_type": {"name": "tempest-VolumeTypesTest-volume-type-1988017342", "extra_specs": {"storage_protocol": "smbfs", "vendor_name": "Open Source"}}} {{(pid=117884) _process_stack /opt/stack/cinder/cinder/api/openstack/wsgi.py:866}}
Jul 18 10:42:45.997825 dv-cinder-837546-3-smb devstack@c-api.service[117884]: /usr/local/lib/python3.8/dist-packages/oslo_context/context.py:100: DeprecationWarning: Policy enforcement is depending on the value of is_admin. This key is deprecated. Please update your policy file to use the standard policy values.
Jul 18 10:42:45.997825 dv-cinder-837546-3-smb devstack@c-api.service[117884]: warnings.warn('Policy enforcement is depending on the value of '
Jul 18 10:42:46.113478 dv-cinder-837546-3-smb devstack@c-api.service[117884]: INFO cinder.api.openstack.wsgi [None req-b016b1f8-9161-4070-84c3-18b1ab5afb37 tempest-VolumeTypesTest-1671844443 tempest-VolumeTypesTest-1671844443-project-admin] http://10.222.0.39/volume/v3/a4a16e49230244cdb233edf63c3ebf85/types returned with HTTP 200
Jul 18 10:42:46.114397 dv-cinder-837546-3-smb devstack@c-api.service[117884]: [pid: 117884|app: 0|req: 128/239] 10.222.0.39 () {60 vars in 1229 bytes} [Mon Jul 18 10:42:45 2022] POST /volume/v3/a4a16e49230244cdb233edf63c3ebf85/types => generated 278 bytes in 331 msecs (HTTP/1.1 200) 7 headers in 285 bytes (1 switches on core 0)
Jul 18 10:42:46.126057 dv-cinder-837546-3-smb devstack@c-api.service[117883]: DEBUG cinder.api.middleware.request_id [None req-ed8ac4ec-0455-44ca-aa3e-dbd6dde419e6 None None] RequestId filter calling following filter/app {{(pid=117883) _context_setter /opt/stack/cinder/cinder/api/middleware/request_id.py:62}}
Jul 18 10:42:46.135722 dv-cinder-837546-3-smb devstack@c-api.service[117883]: INFO cinder.api.openstack.wsgi [None req-ed8ac4ec-0455-44ca-aa3e-dbd6dde419e6 tempest-VolumeTypesTest-1671844443 tempest-VolumeTypesTest-1671844443-project-admin] POST http://10.222.0.39/volume/v3/a4a16e49230244cdb233edf63c3ebf85/types
Jul 18 10:42:46.137511 dv-cinder-837546-3-smb devstack@c-api.service[117883]: DEBUG cinder.api.openstack.wsgi [None req-ed8ac4ec-0455-44ca-aa3e-dbd6dde419e6 tempest-VolumeTypesTest-1671844443 tempest-VolumeTypesTest-1671844443-project-admin] Action: 'create', calling method: _create, body: {"volume_type": {"name": "tempest-VolumeTypesTest-volume-type-220491367", "extra_specs": {"storage_protocol": "smbfs", "vendor_name": "Open Source"}}} {{(pid=117883) _process_stack /opt/stack/cinder/cinder/api/openstack/wsgi.py:866}}
Jul 18 10:42:46.199970 dv-cinder-837546-3-smb devstack@c-api.service[117884]: DEBUG cinder.api.middleware.request_id [None req-09108b2c-4519-4247-8c3a-a329e14545f0 None None] RequestId filter calling following filter/app {{(pid=117884) _context_setter /opt/stack/cinder/cinder/api/middleware/request_id.py:62}}
Jul 18 10:42:46.226991 dv-cinder-837546-3-smb devstack@c-api.service[117883]: INFO cinder.api.openstack.wsgi [None req-ed8ac4ec-0455-44ca-aa3e-dbd6dde419e6 tempest-VolumeTypesTest-1671844443 tempest-VolumeTypesTest-1671844443-project-admin] http://10.222.0.39/volume/v3/a4a16e49230244cdb233edf63c3ebf85/types returned with HTTP 200
Jul 18 10:42:46.228160 dv-cinder-837546-3-smb devstack@c-api.service[117883]: [pid: 117883|app: 0|req: 112/240] 10.222.0.39 () {60 vars in 1229 bytes} [Mon Jul 18 10:42:46 2022] POST /volume/v3/a4a16e49230244cdb233edf63c3ebf85/types => generated 277 bytes in 108 msecs (HTTP/1.1 200) 7 headers in 285 bytes (1 switches on core 0)
Jul 18 10:42:46.234951 dv-cinder-837546-3-smb devstack@c-api.service[117883]: DEBUG cinder.api.middleware.request_id [None req-9ac947fa-db20-44d0-9992-5f6155dc2391 None None] RequestId filter calling following filter/app {{(pid=117883) _context_setter /opt/stack/cinder/cinder/api/middleware/request_id.py:62}}
