Aug 31 09:48:15.913766 dv-cinder-837543-8-smb neutron-server[118537]: INFO neutron.wsgi [req-3d1c71ad-9b4c-45e8-809c-e11a28b3bb52 req-fd585190-0647-44d5-bb9c-3ab7934c96e9 tempest-AttachVolumeNegativeTest-69555958 tempest-AttachVolumeNegativeTest-69555958-project] 10.222.0.73 "GET /networking/v2.0/networks?id=32f09483-e740-4704-a710-6268e2671ad9 HTTP/1.1" status: 200 len: 814 time: 0.2216840
Aug 31 09:48:16.111583 dv-cinder-837543-8-smb neutron-server[118536]: DEBUG neutron.pecan_wsgi.hooks.policy_enforcement [req-6b50367b-42e3-43f1-a8c9-1236f139fa50 req-3386c985-65ad-4a8f-a472-242690920088 service neutron] Attributes excluded by policy engine: ['standard_attr_id'] {{(pid=118536) _exclude_attributes_by_policy /opt/stack/neutron/neutron/pecan_wsgi/hooks/policy_enforcement.py:259}}
Aug 31 09:48:16.113303 dv-cinder-837543-8-smb neutron-server[118536]: INFO neutron.wsgi [req-6b50367b-42e3-43f1-a8c9-1236f139fa50 req-3386c985-65ad-4a8f-a472-242690920088 service neutron] 10.222.0.73 "GET /networking/v2.0/ports?tenant_id=7c2a3b37505b454183ad69f2bda957b6&device_id=d46b074a-5a0b-46d0-a180-ed82a9589f6c HTTP/1.1" status: 200 len: 1128 time: 0.2419608
Aug 31 09:48:16.129837 dv-cinder-837543-8-smb neutron-server[118536]: DEBUG neutron.pecan_wsgi.hooks.policy_enforcement [req-62901b87-611c-44d3-a7b3-87fd4bc3d0f7 req-91f8b0ac-da9e-4c6d-a7a7-4c1bf1010cfb service neutron] Attributes excluded by policy engine: ['standard_attr_id'] {{(pid=118536) _exclude_attributes_by_policy /opt/stack/neutron/neutron/pecan_wsgi/hooks/policy_enforcement.py:259}}
Aug 31 09:48:16.135641 dv-cinder-837543-8-smb neutron-server[118536]: INFO neutron.wsgi [req-62901b87-611c-44d3-a7b3-87fd4bc3d0f7 req-91f8b0ac-da9e-4c6d-a7a7-4c1bf1010cfb service neutron] 10.222.0.73 "GET /networking/v2.0/ports?network_id=271cc8f0-121f-4d67-9274-34054f249aa3&device_owner=network%3Adhcp HTTP/1.1" status: 200 len: 1210 time: 0.1537893
Aug 31 09:48:16.169966 dv-cinder-837543-8-smb neutron-server[118538]: DEBUG neutron.plugins.ml2.plugin [None req-1f1d5c2a-0299-4368-99d9-ac88aa63a0bb None None] Current status of the port d511297f-3f6a-48bf-981c-55fcec020f2b is: ACTIVE; New status is: ACTIVE {{(pid=118538) _update_individual_port_db_status /opt/stack/neutron/neutron/plugins/ml2/plugin.py:2302}}
Aug 31 09:48:16.171113 dv-cinder-837543-8-smb neutron-server[118538]: DEBUG neutron.plugins.ml2.rpc [None req-1f1d5c2a-0299-4368-99d9-ac88aa63a0bb None None] Device fc2069a0-5ed4-45e6-a05d-8ebb09137145 up at agent ovs-agent-dv-cinder-837543-8-smb {{(pid=118538) update_device_up /opt/stack/neutron/neutron/plugins/ml2/rpc.py:296}}
Aug 31 09:48:16.202941 dv-cinder-837543-8-smb neutron-server[118537]: INFO neutron.wsgi [req-f4ec1ca0-97b0-455f-8589-9e5b50dec022 req-3bceccf7-a25b-466c-952b-12b2ea7f9840 tempest-ServerRescueNegativeTestJSON-153394265 tempest-ServerRescueNegativeTestJSON-153394265-project] 10.222.0.46 "GET /networking/v2.0/ports?device_id=66ab531c-e8fb-4e43-a3c3-60653bc3ad95 HTTP/1.1" status: 200 len: 210 time: 0.8206155
Aug 31 09:48:16.358078 dv-cinder-837543-8-smb neutron-server[118538]: DEBUG neutron.db.provisioning_blocks [None req-1f1d5c2a-0299-4368-99d9-ac88aa63a0bb None None] Provisioning complete for port fc2069a0-5ed4-45e6-a05d-8ebb09137145 triggered by entity L2. {{(pid=118538) provisioning_complete /opt/stack/neutron/neutron/db/provisioning_blocks.py:144}}
Aug 31 09:48:16.360785 dv-cinder-837543-8-smb neutron-server[118538]: DEBUG neutron_lib.callbacks.manager [None req-1f1d5c2a-0299-4368-99d9-ac88aa63a0bb None None] Publish callbacks ['neutron.plugins.ml2.plugin.Ml2Plugin._port_provisioned-841322'] for port (fc2069a0-5ed4-45e6-a05d-8ebb09137145), provisioning_complete {{(pid=118538) _notify_loop /usr/local/lib/python3.8/dist-packages/neutron_lib/callbacks/manager.py:176}}
Aug 31 09:48:16.382678 dv-cinder-837543-8-smb neutron-server[118537]: DEBUG neutron.db.db_base_plugin_common [req-4c4e44d3-4d30-4775-9195-ffc983abce85 req-3abaf70a-ff10-455e-9c50-4eee5b432901 tempest-AttachVolumeTestJSON-428367299 tempest-AttachVolumeTestJSON-428367299-project] Allocated IP 172.20.0.3 (02081b23-838e-47cc-a678-bc7566d20854/485c869c-5cc2-4a80-b366-2daa1f570ab6/02d80e7d-30bc-44d1-8b7c-6cb24cd63f3a) {{(pid=118537) _store_ip_allocation /opt/stack/neutron/neutron/db/db_base_plugin_common.py:131}}
Aug 31 09:48:16.405099 dv-cinder-837543-8-smb neutron-server[118537]: DEBUG neutron.pecan_wsgi.hooks.policy_enforcement [req-d49378b4-8573-4f7a-91e4-cf8c778061ce req-c0741853-dbcf-415d-b918-ac45513f7f64 tempest-DeleteServersTestJSON-2034136425 tempest-DeleteServersTestJSON-2034136425-project] Attributes excluded by policy engine: ['standard_attr_id', 'binding:profile', 'binding:host_id', 'binding:vif_type', 'binding:vif_details'] {{(pid=118537) _exclude_attributes_by_policy /opt/stack/neutron/neutron/pecan_wsgi/hooks/policy_enforcement.py:259}}
Aug 31 09:48:16.406985 dv-cinder-837543-8-smb neutron-server[118537]: INFO neutron.wsgi [req-d49378b4-8573-4f7a-91e4-cf8c778061ce req-c0741853-dbcf-415d-b918-ac45513f7f64 tempest-DeleteServersTestJSON-2034136425 tempest-DeleteServersTestJSON-2034136425-project] 10.222.0.46 "GET /networking/v2.0/ports?device_id=d46b074a-5a0b-46d0-a180-ed82a9589f6c HTTP/1.1" status: 200 len: 944 time: 0.7162933
Aug 31 09:48:16.496375 dv-cinder-837543-8-smb neutron-server[118537]: DEBUG neutron.pecan_wsgi.hooks.quota_enforcement [req-0e8219b7-489d-4fed-bc71-afa34a8752f5 req-611d4c3c-7bff-4db0-bef6-fffaa9560173 tempest-ServerRescueNegativeTestJSON-153394265 tempest-ServerRescueNegativeTestJSON-153394265-project] Made reservation on behalf of 06af771be5a242f1a311637df88cbd48 for: {'port': 1} {{(pid=118537) before /opt/stack/neutron/neutron/pecan_wsgi/hooks/quota_enforcement.py:53}}
Aug 31 09:48:16.501083 dv-cinder-837543-8-smb neutron-server[118537]: DEBUG neutron_lib.callbacks.manager [req-0e8219b7-489d-4fed-bc71-afa34a8752f5 req-611d4c3c-7bff-4db0-bef6-fffaa9560173 tempest-ServerRescueNegativeTestJSON-153394265 tempest-ServerRescueNegativeTestJSON-153394265-project] Publish callbacks ['neutron.plugins.ml2.plugin.SecurityGroupDbMixin._ensure_default_security_group_handler-1030971'] for port (None), before_create {{(pid=118537) _notify_loop /usr/local/lib/python3.8/dist-packages/neutron_lib/callbacks/manager.py:176}}
Aug 31 09:48:16.633019 dv-cinder-837543-8-smb neutron-server[118538]: DEBUG neutron.plugins.ml2.plugin [None req-1f1d5c2a-0299-4368-99d9-ac88aa63a0bb None None] Current status of the port fc2069a0-5ed4-45e6-a05d-8ebb09137145 is: DOWN; New status is: ACTIVE {{(pid=118538) _update_individual_port_db_status /opt/stack/neutron/neutron/plugins/ml2/plugin.py:2302}}
Aug 31 09:48:16.633445 dv-cinder-837543-8-smb neutron-server[118538]: DEBUG neutron_lib.callbacks.manager [None req-1f1d5c2a-0299-4368-99d9-ac88aa63a0bb None None] Publish callbacks ['neutron.plugins.ml2.plugin.SecurityGroupDbMixin._ensure_default_security_group_handler-1030971'] for port (fc2069a0-5ed4-45e6-a05d-8ebb09137145), before_update {{(pid=118538) _notify_loop /usr/local/lib/python3.8/dist-packages/neutron_lib/callbacks/manager.py:176}}
Aug 31 09:48:16.704203 dv-cinder-837543-8-smb neutron-server[118537]: INFO neutron.wsgi [req-d49378b4-8573-4f7a-91e4-cf8c778061ce req-df300964-9bf1-4f62-99ae-e94b2f28fdfd tempest-DeleteServersTestJSON-2034136425 tempest-DeleteServersTestJSON-2034136425-project] 10.222.0.46 "GET /networking/v2.0/security-groups?id=80efdca5-a2c8-42c7-aa6e-41f2ae1debe4&fields=id&fields=name HTTP/1.1" status: 200 len: 286 time: 0.2675469
Aug 31 09:48:16.714882 dv-cinder-837543-8-smb neutron-server[118537]: INFO neutron.wsgi [req-dc7e332c-c505-4bb5-9cbc-e7706074a852 req-9042ad4a-4054-4527-b10b-7058f42d01f6 tempest-AttachVolumeTestJSON-428367299 tempest-AttachVolumeTestJSON-428367299-project] 10.222.0.46 "GET /networking/v2.0/ports?device_id=53c09cb5-0ff2-4c9c-be1f-ffa777b3e187 HTTP/1.1" status: 200 len: 210 time: 0.2814467
Aug 31 09:48:16.828665 dv-cinder-837543-8-smb neutron-server[118536]: INFO neutron.wsgi [req-6b50367b-42e3-43f1-a8c9-1236f139fa50 req-9778d7df-b58e-43a4-b02a-869e0643ff83 service neutron] 10.222.0.73 "GET /networking/v2.0/floatingips?fixed_ip_address=172.20.0.14&port_id=a757d6d9-1117-4807-8bed-2ccfa8c85c3c HTTP/1.1" status: 200 len: 217 time: 0.2451439
Aug 31 09:48:16.852631 dv-cinder-837543-8-smb neutron-server[118538]: DEBUG neutron.plugins.ml2.db [None req-1f1d5c2a-0299-4368-99d9-ac88aa63a0bb None None] For port fc2069a0-5ed4-45e6-a05d-8ebb09137145, host dv-cinder-837543-8-smb, got binding levels [PortBindingLevel(driver='openvswitch',host='dv-cinder-837543-8-smb',level=0,port_id=fc2069a0-5ed4-45e6-a05d-8ebb09137145,segment=NetworkSegment(da107f6c-1e8f-4649-bf4f-31d98be5a138),segment_id=da107f6c-1e8f-4649-bf4f-31d98be5a138)] {{(pid=118538) get_binding_level_objs /opt/stack/neutron/neutron/plugins/ml2/db.py:74}}
Aug 31 09:48:16.864863 dv-cinder-837543-8-smb neutron-server[118538]: DEBUG neutron_lib.callbacks.manager [None req-1f1d5c2a-0299-4368-99d9-ac88aa63a0bb None None] Publish callbacks ['neutron.plugins.ml2.plugin.SecurityGroupServerNotifierRpcMixin._notify_sg_on_port_change-1031032', 'neutron.plugins.ml2.ovo_rpc._ObjectChangeHandler.handle_event-140108', 'neutron.api.rpc.agentnotifiers.dhcp_rpc_agent_api.DhcpAgentNotifyAPI._native_event_send_dhcp_notification-3675478', 'neutron.db.l3_db.L3RpcNotifierMixin._notify_gateway_port_ip_changed-8766575690370', 'neutron.db.l3_dvrscheduler_db._notify_l3_agent_port_update-8766575308575', 'neutron.db.l3_hascheduler_db._notify_l3_agent_ha_port_update-8766575308593'] for port (fc2069a0-5ed4-45e6-a05d-8ebb09137145), after_update {{(pid=118538) _notify_loop /usr/local/lib/python3.8/dist-packages/neutron_lib/callbacks/manager.py:176}}
Aug 31 09:48:16.866359 dv-cinder-837543-8-smb neutron-server[118538]: DEBUG neutron.plugins.ml2.rpc [None req-1f1d5c2a-0299-4368-99d9-ac88aa63a0bb None None] Device be4485f9-85d0-4458-a44c-f63448bd744d up at agent ovs-agent-dv-cinder-837543-8-smb {{(pid=118538) update_device_up /opt/stack/neutron/neutron/plugins/ml2/rpc.py:296}}
Aug 31 09:48:17.038573 dv-cinder-837543-8-smb neutron-server[118538]: DEBUG dbcounter [-] [118538] Writing DB stats neutron:SELECT=96,neutron:UPDATE=4 {{(pid=118538) stat_writer /usr/local/lib/python3.8/dist-packages/dbcounter.py:114}}
Aug 31 09:48:17.189241 dv-cinder-837543-8-smb neutron-server[118538]: DEBUG neutron.db.provisioning_blocks [None req-1f1d5c2a-0299-4368-99d9-ac88aa63a0bb None None] Provisioning complete for port be4485f9-85d0-4458-a44c-f63448bd744d triggered by entity L2. {{(pid=118538) provisioning_complete /opt/stack/neutron/neutron/db/provisioning_blocks.py:144}}
Aug 31 09:48:17.190616 dv-cinder-837543-8-smb neutron-server[118538]: DEBUG neutron_lib.callbacks.manager [None req-1f1d5c2a-0299-4368-99d9-ac88aa63a0bb None None] Publish callbacks ['neutron.plugins.ml2.plugin.Ml2Plugin._port_provisioned-841322'] for port (be4485f9-85d0-4458-a44c-f63448bd744d), provisioning_complete {{(pid=118538) _notify_loop /usr/local/lib/python3.8/dist-packages/neutron_lib/callbacks/manager.py:176}}
Aug 31 09:48:17.267176 dv-cinder-837543-8-smb neutron-server[118537]: DEBUG dbcounter [-] [118537] Writing DB stats neutron:SELECT=87,neutron:UPDATE=6,neutron:INSERT=7 {{(pid=118537) stat_writer /usr/local/lib/python3.8/dist-packages/dbcounter.py:114}}
Aug 31 09:48:17.302081 dv-cinder-837543-8-smb neutron-server[118537]: INFO neutron.wsgi [req-3d1c71ad-9b4c-45e8-809c-e11a28b3bb52 req-c4d066d3-9e5d-4a3c-885b-fa8973e93a6c tempest-AttachVolumeNegativeTest-69555958 tempest-AttachVolumeNegativeTest-69555958-project] 10.222.0.73 "GET /networking/v2.0/security-groups?fields=id&fields=name&tenant_id=68c0c0c93d8147c6a1a99120608124f8 HTTP/1.1" status: 200 len: 380 time: 0.9831793
Aug 31 09:48:17.327635 dv-cinder-837543-8-smb neutron-server[118538]: DEBUG neutron.api.rpc.handlers.resources_rpc [None req-1f1d5c2a-0299-4368-99d9-ac88aa63a0bb None None] Pushing event updated for resources: {'Port': ['ID=fc2069a0-5ed4-45e6-a05d-8ebb09137145,revision_number=5']} {{(pid=118538) push /opt/stack/neutron/neutron/api/rpc/handlers/resources_rpc.py:237}}
Aug 31 09:48:17.410510 dv-cinder-837543-8-smb neutron-server[118538]: DEBUG neutron.plugins.ml2.plugin [None req-1f1d5c2a-0299-4368-99d9-ac88aa63a0bb None None] Current status of the port be4485f9-85d0-4458-a44c-f63448bd744d is: ACTIVE; New status is: ACTIVE {{(pid=118538) _update_individual_port_db_status /opt/stack/neutron/neutron/plugins/ml2/plugin.py:2302}}
Aug 31 09:48:17.412185 dv-cinder-837543-8-smb neutron-server[118538]: DEBUG neutron.plugins.ml2.rpc [None req-1f1d5c2a-0299-4368-99d9-ac88aa63a0bb None None] Device 3fddd274-1263-4563-8c9a-9a2cb8063889 up at agent ovs-agent-dv-cinder-837543-8-smb {{(pid=118538) update_device_up /opt/stack/neutron/neutron/plugins/ml2/rpc.py:296}}
Aug 31 09:48:17.447693 dv-cinder-837543-8-smb neutron-server[118539]: DEBUG neutron.db.agents_db [None req-15bf7d4e-13c8-4871-aaec-38ab9c353965 None None] Agent healthcheck: found 6 active agents {{(pid=118539) agent_health_check /opt/stack/neutron/neutron/db/agents_db.py:317}}
Aug 31 09:48:17.498863 dv-cinder-837543-8-smb neutron-server[118537]: INFO neutron.wsgi [req-31537711-8812-4fb3-b77e-ad2803d8b3c3 req-491db56f-81d4-4924-a6ec-199a035f5542 tempest-AttachVolumeNegativeTest-69555958 tempest-AttachVolumeNegativeTest-69555958-project] 10.222.0.46 "GET /networking/v2.0/ports?device_id=1b4191dd-0fba-45d8-ad3f-f2fcbc3155a7 HTTP/1.1" status: 200 len: 210 time: 0.3785329
Aug 31 09:48:17.543906 dv-cinder-837543-8-smb neutron-server[118537]: DEBUG neutron.api.v2.base [req-3d1c71ad-9b4c-45e8-809c-e11a28b3bb52 req-b1167dbe-dc8d-4294-8d80-4ae6aea0fe35 tempest-AttachVolumeNegativeTest-69555958 tempest-AttachVolumeNegativeTest-69555958-project] Request body: {'port': {'device_id': '1b4191dd-0fba-45d8-ad3f-f2fcbc3155a7', 'network_id': '32f09483-e740-4704-a710-6268e2671ad9', 'admin_state_up': True, 'tenant_id': '68c0c0c93d8147c6a1a99120608124f8', 'security_groups': ['b6823f6d-ee54-44c4-a7c7-c54eb46931b3']}} {{(pid=118537) prepare_request_body /opt/stack/neutron/neutron/api/v2/base.py:730}}
Aug 31 09:48:17.589805 dv-cinder-837543-8-smb neutron-server[118538]: DEBUG neutron.db.provisioning_blocks [None req-1f1d5c2a-0299-4368-99d9-ac88aa63a0bb None None] Provisioning complete for port 3fddd274-1263-4563-8c9a-9a2cb8063889 triggered by entity L2. {{(pid=118538) provisioning_complete /opt/stack/neutron/neutron/db/provisioning_blocks.py:144}}
Aug 31 09:48:17.590173 dv-cinder-837543-8-smb neutron-server[118538]: DEBUG neutron_lib.callbacks.manager [None req-1f1d5c2a-0299-4368-99d9-ac88aa63a0bb None None] Publish callbacks ['neutron.plugins.ml2.plugin.Ml2Plugin._port_provisioned-841322'] for port (3fddd274-1263-4563-8c9a-9a2cb8063889), provisioning_complete {{(pid=118538) _notify_loop /usr/local/lib/python3.8/dist-packages/neutron_lib/callbacks/manager.py:176}}
Aug 31 09:48:17.707995 dv-cinder-837543-8-smb neutron-server[118536]: DEBUG neutron.pecan_wsgi.hooks.policy_enforcement [req-6b50367b-42e3-43f1-a8c9-1236f139fa50 req-6dac0b42-9a28-481a-b870-1fff6207f63f service neutron] Attributes excluded by policy engine: ['standard_attr_id', 'shared'] {{(pid=118536) _exclude_attributes_by_policy /opt/stack/neutron/neutron/pecan_wsgi/hooks/policy_enforcement.py:259}}
Aug 31 09:48:17.713425 dv-cinder-837543-8-smb neutron-server[118536]: INFO neutron.wsgi [req-6b50367b-42e3-43f1-a8c9-1236f139fa50 req-6dac0b42-9a28-481a-b870-1fff6207f63f service neutron] 10.222.0.73 "GET /networking/v2.0/subnets?id=a7d5c8a2-9e8b-4ebd-867c-719a738ce501 HTTP/1.1" status: 200 len: 850 time: 0.8804247
Aug 31 09:48:17.718943 dv-cinder-837543-8-smb neutron-server[118536]: DEBUG novaclient.v2.client [-] RESP: [200] Connection: close Content-Length: 179 Content-Type: application/json Date: Wed, 31 Aug 2022 09:48:15 GMT OpenStack-API-Version: compute 2.1 Server: Apache/2.4.41 (Ubuntu) Vary: OpenStack-API-Version,X-OpenStack-Nova-API-Version X-OpenStack-Nova-API-Version: 2.1 x-compute-request-id: req-1a28d198-8710-4edc-8091-1d7b544d3337 x-openstack-request-id: req-1a28d198-8710-4edc-8091-1d7b544d3337 {{(pid=118536) _http_log_response /usr/local/lib/python3.8/dist-packages/keystoneauth1/session.py:550}}
Aug 31 09:48:17.720559 dv-cinder-837543-8-smb neutron-server[118536]: DEBUG novaclient.v2.client [-] RESP BODY: {"events": [{"name": "network-changed", "server_uuid": "85d833a6-3dc8-48ce-b68d-50785a341c76", "tag": "c9d6acbb-d37c-4ac0-978c-157a7fc8e24f", "status": "completed", "code": 200}]} {{(pid=118536) _http_log_response /usr/local/lib/python3.8/dist-packages/keystoneauth1/session.py:582}}
Aug 31 09:48:17.720885 dv-cinder-837543-8-smb neutron-server[118536]: DEBUG novaclient.v2.client [-] POST call to compute for http://10.222.0.46/compute/v2.1/os-server-external-events used request id req-1a28d198-8710-4edc-8091-1d7b544d3337 {{(pid=118536) request /usr/local/lib/python3.8/dist-packages/keystoneauth1/session.py:954}}
Aug 31 09:48:17.721393 dv-cinder-837543-8-smb neutron-server[118536]: INFO neutron.notifiers.nova [-] Nova event matching ['req-1a28d198-8710-4edc-8091-1d7b544d3337'] response: {'name': 'network-changed', 'server_uuid': '85d833a6-3dc8-48ce-b68d-50785a341c76', 'tag': 'c9d6acbb-d37c-4ac0-978c-157a7fc8e24f', 'status': 'completed', 'code': 200}
Aug 31 09:48:17.726847 dv-cinder-837543-8-smb neutron-server[118536]: INFO neutron.wsgi [req-62901b87-611c-44d3-a7b3-87fd4bc3d0f7 req-e99b3c0e-4806-4b4c-83d9-ac867c5a5034 service neutron] 10.222.0.73 "GET /networking/v2.0/networks/271cc8f0-121f-4d67-9274-34054f249aa3?fields=segments HTTP/1.1" status: 200 len: 212 time: 1.1408753
Aug 31 09:48:17.748905 dv-cinder-837543-8-smb neutron-server[118538]: DEBUG dbcounter [-] [118538] Writing DB stats neutron:SELECT=98,neutron:UPDATE=2 {{(pid=118538) stat_writer /usr/local/lib/python3.8/dist-packages/dbcounter.py:114}}
Aug 31 09:48:17.889311 dv-cinder-837543-8-smb neutron-server[118538]: DEBUG neutron.plugins.ml2.plugin [None req-1f1d5c2a-0299-4368-99d9-ac88aa63a0bb None None] Current status of the port 3fddd274-1263-4563-8c9a-9a2cb8063889 is: ACTIVE; New status is: ACTIVE {{(pid=118538) _update_individual_port_db_status /opt/stack/neutron/neutron/plugins/ml2/plugin.py:2302}}
Aug 31 09:48:17.892789 dv-cinder-837543-8-smb neutron-server[118538]: DEBUG neutron.plugins.ml2.rpc [None req-1f1d5c2a-0299-4368-99d9-ac88aa63a0bb None None] Device 0e3cefa7-7890-4fbf-9de1-641515f80912 up at agent ovs-agent-dv-cinder-837543-8-smb {{(pid=118538) update_device_up /opt/stack/neutron/neutron/plugins/ml2/rpc.py:296}}
Aug 31 09:48:18.024884 dv-cinder-837543-8-smb neutron-server[118536]: INFO neutron.wsgi [req-62901b87-611c-44d3-a7b3-87fd4bc3d0f7 req-c4c4f282-643f-4b5c-b04e-654a151016e7 service neutron] 10.222.0.73 "GET /networking/v2.0/networks/271cc8f0-121f-4d67-9274-34054f249aa3?fields=provider%3Aphysical_network&fields=provider%3Anetwork_type HTTP/1.1" status: 200 len: 281 time: 0.2671263
Aug 31 09:48:18.093455 dv-cinder-837543-8-smb neutron-server[118536]: DEBUG neutron.pecan_wsgi.hooks.policy_enforcement [req-6b50367b-42e3-43f1-a8c9-1236f139fa50 req-a54e446b-2fa8-426d-bac2-1c190aebe48e service neutron] Attributes excluded by policy engine: ['standard_attr_id'] {{(pid=118536) _exclude_attributes_by_policy /opt/stack/neutron/neutron/pecan_wsgi/hooks/policy_enforcement.py:259}}
Aug 31 09:48:18.095488 dv-cinder-837543-8-smb neutron-server[118536]: INFO neutron.wsgi [req-6b50367b-42e3-43f1-a8c9-1236f139fa50 req-a54e446b-2fa8-426d-bac2-1c190aebe48e service neutron] 10.222.0.73 "GET /networking/v2.0/ports?network_id=96081b43-1978-402a-b9e9-35b5ebd6f000&device_owner=network%3Adhcp HTTP/1.1" status: 200 len: 1210 time: 0.3366432
Aug 31 09:48:18.104749 dv-cinder-837543-8-smb neutron-server[118538]: DEBUG neutron.db.provisioning_blocks [None req-1f1d5c2a-0299-4368-99d9-ac88aa63a0bb None None] Provisioning complete for port 0e3cefa7-7890-4fbf-9de1-641515f80912 triggered by entity L2. {{(pid=118538) provisioning_complete /opt/stack/neutron/neutron/db/provisioning_blocks.py:144}}
Aug 31 09:48:18.107096 dv-cinder-837543-8-smb neutron-server[118538]: DEBUG neutron_lib.callbacks.manager [None req-1f1d5c2a-0299-4368-99d9-ac88aa63a0bb None None] Publish callbacks ['neutron.plugins.ml2.plugin.Ml2Plugin._port_provisioned-841322'] for port (0e3cefa7-7890-4fbf-9de1-641515f80912), provisioning_complete {{(pid=118538) _notify_loop /usr/local/lib/python3.8/dist-packages/neutron_lib/callbacks/manager.py:176}}
Aug 31 09:48:18.217962 dv-cinder-837543-8-smb neutron-server[118537]: INFO neutron.wsgi [req-df08e708-1c84-4c6e-bf3d-289cb755c978 req-9fa68bae-aa66-4a48-bfdb-c37fdda098f2 tempest-ServerRescueNegativeTestJSON-153394265 tempest-ServerRescueNegativeTestJSON-153394265-project] 10.222.0.46 "GET /networking/v2.0/ports?device_id=66ab531c-e8fb-4e43-a3c3-60653bc3ad95 HTTP/1.1" status: 200 len: 210 time: 0.2742474
Aug 31 09:48:18.324348 dv-cinder-837543-8-smb neutron-server[118538]: DEBUG neutron.plugins.ml2.plugin [None req-1f1d5c2a-0299-4368-99d9-ac88aa63a0bb None None] Current status of the port 0e3cefa7-7890-4fbf-9de1-641515f80912 is: ACTIVE; New status is: ACTIVE {{(pid=118538) _update_individual_port_db_status /opt/stack/neutron/neutron/plugins/ml2/plugin.py:2302}}
Aug 31 09:48:18.451734 dv-cinder-837543-8-smb neutron-server[118536]: DEBUG neutron.pecan_wsgi.hooks.policy_enforcement [req-3e33c0f5-a17e-4c3c-806f-32a84df921e0 req-3c028869-3575-4d26-b34d-e997f742515e service neutron] Attributes excluded by policy engine: ['standard_attr_id'] {{(pid=118536) _exclude_attributes_by_policy /opt/stack/neutron/neutron/pecan_wsgi/hooks/policy_enforcement.py:259}}
Aug 31 09:48:18.453266 dv-cinder-837543-8-smb neutron-server[118536]: INFO neutron.wsgi [req-3e33c0f5-a17e-4c3c-806f-32a84df921e0 req-3c028869-3575-4d26-b34d-e997f742515e service neutron] 10.222.0.73 "GET /networking/v2.0/ports?tenant_id=06af771be5a242f1a311637df88cbd48&device_id=85d833a6-3dc8-48ce-b68d-50785a341c76 HTTP/1.1" status: 200 len: 1128 time: 0.0753064
Aug 31 09:48:18.458146 dv-cinder-837543-8-smb neutron-server[118537]: DEBUG neutron.pecan_wsgi.hooks.policy_enforcement [req-bbc1172e-e4fb-495d-b6b7-d08453cc3c12 req-368d60ab-cd5b-4b51-aff5-a1750648091f tempest-DeleteServersTestJSON-2034136425 tempest-DeleteServersTestJSON-2034136425-project] Attributes excluded by policy engine: ['standard_attr_id', 'binding:profile', 'binding:host_id', 'binding:vif_type', 'binding:vif_details'] {{(pid=118537) _exclude_attributes_by_policy /opt/stack/neutron/neutron/pecan_wsgi/hooks/policy_enforcement.py:259}}
Aug 31 09:48:18.460308 dv-cinder-837543-8-smb neutron-server[118537]: INFO neutron.wsgi [req-bbc1172e-e4fb-495d-b6b7-d08453cc3c12 req-368d60ab-cd5b-4b51-aff5-a1750648091f tempest-DeleteServersTestJSON-2034136425 tempest-DeleteServersTestJSON-2034136425-project] 10.222.0.46 "GET /networking/v2.0/ports?device_id=d46b074a-5a0b-46d0-a180-ed82a9589f6c HTTP/1.1" status: 200 len: 944 time: 0.4724038
Aug 31 09:48:18.526174 dv-cinder-837543-8-smb neutron-server[118536]: INFO neutron.wsgi [req-6b50367b-42e3-43f1-a8c9-1236f139fa50 req-1b4c908b-8eb3-475f-bcde-6539d75fd229 service neutron] 10.222.0.73 "GET /networking/v2.0/networks/96081b43-1978-402a-b9e9-35b5ebd6f000?fields=segments HTTP/1.1" status: 200 len: 212 time: 0.4199257
Aug 31 09:48:18.532229 dv-cinder-837543-8-smb neutron-server[118537]: DEBUG neutron.db.db_base_plugin_common [req-0e8219b7-489d-4fed-bc71-afa34a8752f5 req-611d4c3c-7bff-4db0-bef6-fffaa9560173 tempest-ServerRescueNegativeTestJSON-153394265 tempest-ServerRescueNegativeTestJSON-153394265-project] Allocated IP 172.20.0.4 (271cc8f0-121f-4d67-9274-34054f249aa3/ab1e87a6-ceba-406d-abbc-f1771836dcec/7929953b-0ee4-4105-9fe9-2ca53899526a) {{(pid=118537) _store_ip_allocation /opt/stack/neutron/neutron/db/db_base_plugin_common.py:131}}
Aug 31 09:48:18.542038 dv-cinder-837543-8-smb neutron-server[118538]: DEBUG neutron.plugins.ml2.rpc [None req-1f1d5c2a-0299-4368-99d9-ac88aa63a0bb None None] Device fc2069a0-5ed4-45e6-a05d-8ebb09137145 up at agent ovs-agent-dv-cinder-837543-8-smb {{(pid=118538) update_device_up /opt/stack/neutron/neutron/plugins/ml2/rpc.py:296}}
Aug 31 09:48:18.567618 dv-cinder-837543-8-smb neutron-server[118537]: DEBUG neutron.pecan_wsgi.hooks.quota_enforcement [req-3d1c71ad-9b4c-45e8-809c-e11a28b3bb52 req-b1167dbe-dc8d-4294-8d80-4ae6aea0fe35 tempest-AttachVolumeNegativeTest-69555958 tempest-AttachVolumeNegativeTest-69555958-project] Made reservation on behalf of 68c0c0c93d8147c6a1a99120608124f8 for: {'port': 1} {{(pid=118537) before /opt/stack/neutron/neutron/pecan_wsgi/hooks/quota_enforcement.py:53}}
Aug 31 09:48:18.572162 dv-cinder-837543-8-smb neutron-server[118537]: DEBUG neutron_lib.callbacks.manager [req-3d1c71ad-9b4c-45e8-809c-e11a28b3bb52 req-b1167dbe-dc8d-4294-8d80-4ae6aea0fe35 tempest-AttachVolumeNegativeTest-69555958 tempest-AttachVolumeNegativeTest-69555958-project] Publish callbacks ['neutron.plugins.ml2.plugin.SecurityGroupDbMixin._ensure_default_security_group_handler-1030971'] for port (None), before_create {{(pid=118537) _notify_loop /usr/local/lib/python3.8/dist-packages/neutron_lib/callbacks/manager.py:176}}
Aug 31 09:48:18.603887 dv-cinder-837543-8-smb neutron-server[118537]: INFO neutron.wsgi [req-0073df06-6235-45fb-aacd-025e996d69c5 req-f4324c26-eca2-4be6-99fa-efb926ef37c9 tempest-AttachVolumeTestJSON-428367299 tempest-AttachVolumeTestJSON-428367299-project] 10.222.0.46 "GET /networking/v2.0/ports?device_id=53c09cb5-0ff2-4c9c-be1f-ffa777b3e187 HTTP/1.1" status: 200 len: 210 time: 0.1601102
Aug 31 09:48:18.662844 dv-cinder-837543-8-smb neutron-server[118537]: DEBUG neutron_lib.callbacks.manager [None req-ec176629-8ac0-4fc6-aeb5-49599532fdba tempest-AttachVolumeShelveTestJSON-1020571458 tempest-AttachVolumeShelveTestJSON-1020571458-project] Publish callbacks [] for port (80d46601-35e9-4aeb-b39d-d83621ccbfa9), precommit_update {{(pid=118537) _notify_loop /usr/local/lib/python3.8/dist-packages/neutron_lib/callbacks/manager.py:176}}
Aug 31 09:48:18.666674 dv-cinder-837543-8-smb neutron-server[118537]: DEBUG dbcounter [-] [118537] Writing DB stats neutron:SELECT=97,neutron:UPDATE=1,neutron:INSERT=2 {{(pid=118537) stat_writer /usr/local/lib/python3.8/dist-packages/dbcounter.py:114}}
Aug 31 09:48:18.700864 dv-cinder-837543-8-smb neutron-server[118538]: DEBUG neutron.db.provisioning_blocks [None req-1f1d5c2a-0299-4368-99d9-ac88aa63a0bb None None] Provisioning complete for port fc2069a0-5ed4-45e6-a05d-8ebb09137145 triggered by entity L2. {{(pid=118538) provisioning_complete /opt/stack/neutron/neutron/db/provisioning_blocks.py:144}}
Aug 31 09:48:18.701609 dv-cinder-837543-8-smb neutron-server[118538]: DEBUG neutron_lib.callbacks.manager [None req-1f1d5c2a-0299-4368-99d9-ac88aa63a0bb None None] Publish callbacks ['neutron.plugins.ml2.plugin.Ml2Plugin._port_provisioned-841322'] for port (fc2069a0-5ed4-45e6-a05d-8ebb09137145), provisioning_complete {{(pid=118538) _notify_loop /usr/local/lib/python3.8/dist-packages/neutron_lib/callbacks/manager.py:176}}
Aug 31 09:48:18.747670 dv-cinder-837543-8-smb neutron-server[118537]: DEBUG neutron_lib.callbacks.manager [None req-ec176629-8ac0-4fc6-aeb5-49599532fdba tempest-AttachVolumeShelveTestJSON-1020571458 tempest-AttachVolumeShelveTestJSON-1020571458-project] Publish callbacks ['neutron.plugins.ml2.plugin.SecurityGroupServerNotifierRpcMixin._notify_sg_on_port_change-1031032', 'neutron.plugins.ml2.ovo_rpc._ObjectChangeHandler.handle_event-140108', 'neutron.api.rpc.agentnotifiers.dhcp_rpc_agent_api.DhcpAgentNotifyAPI._native_event_send_dhcp_notification-3675478', 'neutron.db.l3_db.L3RpcNotifierMixin._notify_gateway_port_ip_changed-8766575690370', 'neutron.db.l3_dvrscheduler_db._notify_l3_agent_port_update-8766575308575', 'neutron.db.l3_hascheduler_db._notify_l3_agent_ha_port_update-8766575308593'] for port (80d46601-35e9-4aeb-b39d-d83621ccbfa9), after_update {{(pid=118537) _notify_loop /usr/local/lib/python3.8/dist-packages/neutron_lib/callbacks/manager.py:176}}
Aug 31 09:48:18.748437 dv-cinder-837543-8-smb neutron-server[118537]: DEBUG neutron_lib.callbacks.manager [None req-ec176629-8ac0-4fc6-aeb5-49599532fdba tempest-AttachVolumeShelveTestJSON-1020571458 tempest-AttachVolumeShelveTestJSON-1020571458-project] Publish callbacks ['neutron.services.l3_router.l3_router_plugin.DVRResourceOperationHandler._create_dvr_floating_gw_port-4149157'] for floatingip (2f1b9616-e510-407a-9922-1037b0736cd7), after_create {{(pid=118537) _notify_loop /usr/local/lib/python3.8/dist-packages/neutron_lib/callbacks/manager.py:176}}
Aug 31 09:48:18.789076 dv-cinder-837543-8-smb neutron-server[118536]: INFO neutron.wsgi [req-6b50367b-42e3-43f1-a8c9-1236f139fa50 req-72d40ec9-3e5a-4d70-a2ad-fd2520e7c0ce service neutron] 10.222.0.73 "GET /networking/v2.0/networks/96081b43-1978-402a-b9e9-35b5ebd6f000?fields=provider%3Aphysical_network&fields=provider%3Anetwork_type HTTP/1.1" status: 200 len: 281 time: 0.1913157
Aug 31 09:48:18.895191 dv-cinder-837543-8-smb neutron-server[118538]: DEBUG neutron.plugins.ml2.plugin [None req-1f1d5c2a-0299-4368-99d9-ac88aa63a0bb None None] Current status of the port fc2069a0-5ed4-45e6-a05d-8ebb09137145 is: ACTIVE; New status is: ACTIVE {{(pid=118538) _update_individual_port_db_status /opt/stack/neutron/neutron/plugins/ml2/plugin.py:2302}}
Aug 31 09:48:18.899244 dv-cinder-837543-8-smb neutron-server[118538]: DEBUG neutron.plugins.ml2.rpc [None req-1f1d5c2a-0299-4368-99d9-ac88aa63a0bb None None] Device 4e8ce035-3922-420f-9f0c-9fc04f9eaaa4 up at agent ovs-agent-dv-cinder-837543-8-smb {{(pid=118538) update_device_up /opt/stack/neutron/neutron/plugins/ml2/rpc.py:296}}
Aug 31 09:48:18.969177 dv-cinder-837543-8-smb neutron-server[118537]: INFO neutron.wsgi [req-bbc1172e-e4fb-495d-b6b7-d08453cc3c12 req-374b048e-08fa-4195-a5ef-5f146a4e1a4e tempest-DeleteServersTestJSON-2034136425 tempest-DeleteServersTestJSON-2034136425-project] 10.222.0.46 "GET /networking/v2.0/security-groups?id=80efdca5-a2c8-42c7-aa6e-41f2ae1debe4&fields=id&fields=name HTTP/1.1" status: 200 len: 286 time: 0.4766741
Aug 31 09:48:19.007695 dv-cinder-837543-8-smb neutron-server[118538]: DEBUG neutron.db.provisioning_blocks [None req-1f1d5c2a-0299-4368-99d9-ac88aa63a0bb None None] Provisioning complete for port 4e8ce035-3922-420f-9f0c-9fc04f9eaaa4 triggered by entity L2. {{(pid=118538) provisioning_complete /opt/stack/neutron/neutron/db/provisioning_blocks.py:144}}
Aug 31 09:48:19.008175 dv-cinder-837543-8-smb neutron-server[118538]: DEBUG neutron_lib.callbacks.manager [None req-1f1d5c2a-0299-4368-99d9-ac88aa63a0bb None None] Publish callbacks ['neutron.plugins.ml2.plugin.Ml2Plugin._port_provisioned-841322'] for port (4e8ce035-3922-420f-9f0c-9fc04f9eaaa4), provisioning_complete {{(pid=118538) _notify_loop /usr/local/lib/python3.8/dist-packages/neutron_lib/callbacks/manager.py:176}}
Aug 31 09:48:19.081999 dv-cinder-837543-8-smb neutron-server[118537]: DEBUG neutron_lib.callbacks.manager [req-4c4e44d3-4d30-4775-9195-ffc983abce85 req-3abaf70a-ff10-455e-9c50-4eee5b432901 tempest-AttachVolumeTestJSON-428367299 tempest-AttachVolumeTestJSON-428367299-project] Publish callbacks [] for port (02d80e7d-30bc-44d1-8b7c-6cb24cd63f3a), precommit_create {{(pid=118537) _notify_loop /usr/local/lib/python3.8/dist-packages/neutron_lib/callbacks/manager.py:176}}
Aug 31 09:48:19.096287 dv-cinder-837543-8-smb neutron-server[118537]: DEBUG neutron_lib.callbacks.manager [None req-ec176629-8ac0-4fc6-aeb5-49599532fdba tempest-AttachVolumeShelveTestJSON-1020571458 tempest-AttachVolumeShelveTestJSON-1020571458-project] Publish callbacks ['neutron.notifiers.nova.Notifier._send_nova_notification-182257'] for floatingip (None), before_response {{(pid=118537) _notify_loop /usr/local/lib/python3.8/dist-packages/neutron_lib/callbacks/manager.py:176}}
Aug 31 09:48:19.097518 dv-cinder-837543-8-smb neutron-server[118537]: INFO neutron.wsgi [None req-ec176629-8ac0-4fc6-aeb5-49599532fdba tempest-AttachVolumeShelveTestJSON-1020571458 tempest-AttachVolumeShelveTestJSON-1020571458-project] 10.222.0.46 "POST /networking/v2.0/floatingips HTTP/1.1" status: 201 len: 693 time: 8.7419953
Aug 31 09:48:19.099386 dv-cinder-837543-8-smb neutron-server[118537]: INFO neutron.wsgi [req-b8d8f39a-f0d5-4188-b3e1-9d6e543155e9 req-d4fa039e-7ebf-4c61-8edb-eef908a6b7c5 tempest-AttachVolumeNegativeTest-69555958 tempest-AttachVolumeNegativeTest-69555958-project] 10.222.0.46 "GET /networking/v2.0/ports?device_id=1b4191dd-0fba-45d8-ad3f-f2fcbc3155a7 HTTP/1.1" status: 200 len: 210 time: 0.2968166
Aug 31 09:48:19.103229 dv-cinder-837543-8-smb neutron-server[118536]: DEBUG neutron.pecan_wsgi.hooks.policy_enforcement [req-3e33c0f5-a17e-4c3c-806f-32a84df921e0 req-6c6be669-2e47-475e-99ac-5769236523df service neutron] Attributes excluded by policy engine: ['standard_attr_id', 'vlan_transparent'] {{(pid=118536) _exclude_attributes_by_policy /opt/stack/neutron/neutron/pecan_wsgi/hooks/policy_enforcement.py:259}}
Aug 31 09:48:19.104853 dv-cinder-837543-8-smb neutron-server[118536]: INFO neutron.wsgi [req-3e33c0f5-a17e-4c3c-806f-32a84df921e0 req-6c6be669-2e47-475e-99ac-5769236523df service neutron] 10.222.0.73 "GET /networking/v2.0/networks?id=271cc8f0-121f-4d67-9274-34054f249aa3 HTTP/1.1" status: 200 len: 920 time: 0.5778117
Aug 31 09:48:19.149763 dv-cinder-837543-8-smb neutron-server[118537]: DEBUG neutron.api.rpc.handlers.resources_rpc [None req-ec176629-8ac0-4fc6-aeb5-49599532fdba tempest-AttachVolumeShelveTestJSON-1020571458 tempest-AttachVolumeShelveTestJSON-1020571458-project] Pushing event updated for resources: {'Port': ['ID=80d46601-35e9-4aeb-b39d-d83621ccbfa9,revision_number=2']} {{(pid=118537) push /opt/stack/neutron/neutron/api/rpc/handlers/resources_rpc.py:237}}
Aug 31 09:48:19.165867 dv-cinder-837543-8-smb neutron-server[118538]: DEBUG neutron.plugins.ml2.plugin [None req-1f1d5c2a-0299-4368-99d9-ac88aa63a0bb None None] Current status of the port 4e8ce035-3922-420f-9f0c-9fc04f9eaaa4 is: ACTIVE; New status is: ACTIVE {{(pid=118538) _update_individual_port_db_status /opt/stack/neutron/neutron/plugins/ml2/plugin.py:2302}}
Aug 31 09:48:19.180982 dv-cinder-837543-8-smb neutron-server[118536]: INFO neutron.wsgi [req-3e33c0f5-a17e-4c3c-806f-32a84df921e0 req-a1df0065-41c1-44a6-9563-2650baf5e00a service neutron] 10.222.0.73 "GET /networking/v2.0/floatingips?fixed_ip_address=172.20.0.14&port_id=c9d6acbb-d37c-4ac0-978c-157a7fc8e24f HTTP/1.1" status: 200 len: 217 time: 0.0658116
Aug 31 09:48:19.380990 dv-cinder-837543-8-smb neutron-server[118537]: DEBUG neutron.db.db_base_plugin_common [req-3d1c71ad-9b4c-45e8-809c-e11a28b3bb52 req-b1167dbe-dc8d-4294-8d80-4ae6aea0fe35 tempest-AttachVolumeNegativeTest-69555958 tempest-AttachVolumeNegativeTest-69555958-project] Allocated IP 172.20.0.13 (32f09483-e740-4704-a710-6268e2671ad9/5610f3e0-a390-46ed-a2a4-85a845bb9fd9/c935c19c-70b6-48a8-9734-b769b5f07da7) {{(pid=118537) _store_ip_allocation /opt/stack/neutron/neutron/db/db_base_plugin_common.py:131}}
Aug 31 09:48:19.407254 dv-cinder-837543-8-smb neutron-server[118536]: DEBUG neutron.pecan_wsgi.hooks.policy_enforcement [req-3e33c0f5-a17e-4c3c-806f-32a84df921e0 req-553eee3c-2b6f-40db-b778-59d039f0146a service neutron] Attributes excluded by policy engine: ['standard_attr_id', 'shared'] {{(pid=118536) _exclude_attributes_by_policy /opt/stack/neutron/neutron/pecan_wsgi/hooks/policy_enforcement.py:259}}
Aug 31 09:48:19.414204 dv-cinder-837543-8-smb neutron-server[118536]: INFO neutron.wsgi [req-3e33c0f5-a17e-4c3c-806f-32a84df921e0 req-553eee3c-2b6f-40db-b778-59d039f0146a service neutron] 10.222.0.73 "GET /networking/v2.0/subnets?id=ab1e87a6-ceba-406d-abbc-f1771836dcec HTTP/1.1" status: 200 len: 858 time: 0.2080128
Aug 31 09:48:19.464145 dv-cinder-837543-8-smb neutron-server[118537]: DEBUG neutron_lib.callbacks.manager [req-4c4e44d3-4d30-4775-9195-ffc983abce85 req-3abaf70a-ff10-455e-9c50-4eee5b432901 tempest-AttachVolumeTestJSON-428367299 tempest-AttachVolumeTestJSON-428367299-project] Publish callbacks ['neutron.plugins.ml2.plugin.SecurityGroupServerNotifierRpcMixin._notify_sg_on_port_change-1031032', 'neutron.plugins.ml2.ovo_rpc._ObjectChangeHandler.handle_event-140108', 'neutron.api.rpc.agentnotifiers.dhcp_rpc_agent_api.DhcpAgentNotifyAPI._native_event_send_dhcp_notification-3675478', 'neutron.db.l3_dvrscheduler_db._notify_l3_agent_new_port-8766575308557'] for port (02d80e7d-30bc-44d1-8b7c-6cb24cd63f3a), after_create {{(pid=118537) _notify_loop /usr/local/lib/python3.8/dist-packages/neutron_lib/callbacks/manager.py:176}}
Aug 31 09:48:19.483043 dv-cinder-837543-8-smb neutron-server[118536]: DEBUG neutron.pecan_wsgi.hooks.policy_enforcement [req-3e33c0f5-a17e-4c3c-806f-32a84df921e0 req-04ca2bcd-6d7d-477a-b9c7-62f6b2a138cc service neutron] Attributes excluded by policy engine: ['standard_attr_id'] {{(pid=118536) _exclude_attributes_by_policy /opt/stack/neutron/neutron/pecan_wsgi/hooks/policy_enforcement.py:259}}
Aug 31 09:48:19.484579 dv-cinder-837543-8-smb neutron-server[118536]: INFO neutron.wsgi [req-3e33c0f5-a17e-4c3c-806f-32a84df921e0 req-04ca2bcd-6d7d-477a-b9c7-62f6b2a138cc service neutron] 10.222.0.73 "GET /networking/v2.0/ports?network_id=271cc8f0-121f-4d67-9274-34054f249aa3&device_owner=network%3Adhcp HTTP/1.1" status: 200 len: 1210 time: 0.0657806
Aug 31 09:48:19.719001 dv-cinder-837543-8-smb neutron-server[118537]: INFO neutron.wsgi [req-7068beb1-bcde-402a-ae82-f8fc0a552799 req-4877b141-953a-4a87-ae8f-f1a73e3cf395 tempest-ServerRescueNegativeTestJSON-153394265 tempest-ServerRescueNegativeTestJSON-153394265-project] 10.222.0.46 "GET /networking/v2.0/ports?device_id=66ab531c-e8fb-4e43-a3c3-60653bc3ad95 HTTP/1.1" status: 200 len: 210 time: 0.2918463
Aug 31 09:48:19.728123 dv-cinder-837543-8-smb neutron-server[118536]: DEBUG neutron.notifiers.nova [-] Sending events: [{'name': 'network-changed', 'server_uuid': 'd46b074a-5a0b-46d0-a180-ed82a9589f6c', 'tag': 'a757d6d9-1117-4807-8bed-2ccfa8c85c3c'}] {{(pid=118536) send_events /opt/stack/neutron/neutron/notifiers/nova.py:271}}
Aug 31 09:48:19.730790 dv-cinder-837543-8-smb neutron-server[118536]: DEBUG novaclient.v2.client [-] REQ: curl -g -i --cacert "/opt/stack/data/ca-bundle.pem" -X POST http://10.222.0.46/compute/v2.1/os-server-external-events -H "Accept: application/json" -H "Content-Type: application/json" -H "User-Agent: python-novaclient" -H "X-Auth-Token: {SHA256}0367a35e49719c86ceabb16a431ade15af4d30a3179dc4e82448775a1e7c60c0" -H "X-OpenStack-Nova-API-Version: 2.1" -H "X-OpenStack-Request-ID: req-759f615e-e5f1-458c-b0d4-efd363f96b7e" -d '{"events": [{"name": "network-changed", "server_uuid": "d46b074a-5a0b-46d0-a180-ed82a9589f6c", "tag": "a757d6d9-1117-4807-8bed-2ccfa8c85c3c"}]}' {{(pid=118536) _http_log_request /usr/local/lib/python3.8/dist-packages/keystoneauth1/session.py:519}}
Aug 31 09:48:19.733109 dv-cinder-837543-8-smb neutron-server[118536]: DEBUG dbcounter [-] [118536] Writing DB stats neutron:SELECT=100 {{(pid=118536) stat_writer /usr/local/lib/python3.8/dist-packages/dbcounter.py:114}}
Aug 31 09:48:19.755316 dv-cinder-837543-8-smb neutron-server[118536]: INFO neutron.wsgi [req-3e33c0f5-a17e-4c3c-806f-32a84df921e0 req-94b19c19-99b1-44c3-994e-cd0809c30532 service neutron] 10.222.0.73 "GET /networking/v2.0/networks/271cc8f0-121f-4d67-9274-34054f249aa3?fields=segments HTTP/1.1" status: 200 len: 212 time: 0.2591326
Aug 31 09:48:19.782363 dv-cinder-837543-8-smb neutron-server[118537]: DEBUG dbcounter [-] [118537] Writing DB stats neutron:SELECT=86,neutron:INSERT=8,neutron:UPDATE=5,neutron:DELETE=1 {{(pid=118537) stat_writer /usr/local/lib/python3.8/dist-packages/dbcounter.py:114}}
Aug 31 09:48:19.822589 dv-cinder-837543-8-smb neutron-server[118537]: DEBUG neutron.scheduler.dhcp_agent_scheduler [req-4c4e44d3-4d30-4775-9195-ffc983abce85 req-3abaf70a-ff10-455e-9c50-4eee5b432901 tempest-AttachVolumeTestJSON-428367299 tempest-AttachVolumeTestJSON-428367299-project] Network 02081b23-838e-47cc-a678-bc7566d20854 is already hosted by enough agents. {{(pid=118537) _get_dhcp_agents_hosting_network /opt/stack/neutron/neutron/scheduler/dhcp_agent_scheduler.py:275}}
Aug 31 09:48:19.887452 dv-cinder-837543-8-smb neutron-server[118537]: DEBUG neutron_lib.callbacks.manager [req-0e8219b7-489d-4fed-bc71-afa34a8752f5 req-611d4c3c-7bff-4db0-bef6-fffaa9560173 tempest-ServerRescueNegativeTestJSON-153394265 tempest-ServerRescueNegativeTestJSON-153394265-project] Publish callbacks [] for port (7929953b-0ee4-4105-9fe9-2ca53899526a), precommit_create {{(pid=118537) _notify_loop /usr/local/lib/python3.8/dist-packages/neutron_lib/callbacks/manager.py:176}}
Aug 31 09:48:19.893551 dv-cinder-837543-8-smb neutron-server[118537]: DEBUG neutron.scheduler.base_scheduler [req-4c4e44d3-4d30-4775-9195-ffc983abce85 req-3abaf70a-ff10-455e-9c50-4eee5b432901 tempest-AttachVolumeTestJSON-428367299 tempest-AttachVolumeTestJSON-428367299-project] Resources bound (agent type, host, resource id): {{(pid=118537) schedule /opt/stack/neutron/neutron/scheduler/base_scheduler.py:57}}
Aug 31 09:48:19.913419 dv-cinder-837543-8-smb neutron-server[118537]: DEBUG neutron.db.l3_dvrscheduler_db [req-4c4e44d3-4d30-4775-9195-ffc983abce85 req-3abaf70a-ff10-455e-9c50-4eee5b432901 tempest-AttachVolumeTestJSON-428367299 tempest-AttachVolumeTestJSON-428367299-project] Received port after_create {{(pid=118537) _notify_l3_agent_new_port /opt/stack/neutron/neutron/db/l3_dvrscheduler_db.py:538}}
Aug 31 09:48:19.919968 dv-cinder-837543-8-smb neutron-server[118537]: DEBUG neutron.pecan_wsgi.hooks.policy_enforcement [req-4c4e44d3-4d30-4775-9195-ffc983abce85 req-3abaf70a-ff10-455e-9c50-4eee5b432901 tempest-AttachVolumeTestJSON-428367299 tempest-AttachVolumeTestJSON-428367299-project] Attributes excluded by policy engine: ['standard_attr_id', 'binding:profile', 'binding:host_id', 'binding:vif_type', 'binding:vif_details', 'network'] {{(pid=118537) _exclude_attributes_by_policy /opt/stack/neutron/neutron/pecan_wsgi/hooks/policy_enforcement.py:259}}
Aug 31 09:48:19.921198 dv-cinder-837543-8-smb neutron-server[118537]: DEBUG neutron_lib.callbacks.manager [req-4c4e44d3-4d30-4775-9195-ffc983abce85 req-3abaf70a-ff10-455e-9c50-4eee5b432901 tempest-AttachVolumeTestJSON-428367299 tempest-AttachVolumeTestJSON-428367299-project] Publish callbacks ['neutron.notifiers.nova.Notifier._send_nova_notification-182257', 'neutron.api.rpc.agentnotifiers.dhcp_rpc_agent_api.DhcpAgentNotifyAPI._send_dhcp_notification-3675460'] for port (None), before_response {{(pid=118537) _notify_loop /usr/local/lib/python3.8/dist-packages/neutron_lib/callbacks/manager.py:176}}
Aug 31 09:48:19.996346 dv-cinder-837543-8-smb neutron-server[118537]: INFO neutron.wsgi [req-5d8eac6c-02df-4e62-9b26-3db21b20e47c req-37012183-f1f0-4f59-8034-0c092d824439 tempest-AttachVolumeShelveTestJSON-1020571458 tempest-AttachVolumeShelveTestJSON-1020571458-project] 10.222.0.46 "GET /networking/v2.0/security-groups?name=tempest-securitygroup--574572115&fields=id&tenant_id=d82e3da343224fc0b65211add7c0a3a9 HTTP/1.1" status: 200 len: 267 time: 0.6168413
Aug 31 09:48:20.035936 dv-cinder-837543-8-smb neutron-server[118536]: INFO neutron.wsgi [req-3e33c0f5-a17e-4c3c-806f-32a84df921e0 req-fc22532a-ac00-49ab-8b33-38df556449dd service neutron] 10.222.0.73 "GET /networking/v2.0/networks/271cc8f0-121f-4d67-9274-34054f249aa3?fields=provider%3Aphysical_network&fields=provider%3Anetwork_type HTTP/1.1" status: 200 len: 281 time: 0.2732923
Aug 31 09:48:20.151223 dv-cinder-837543-8-smb neutron-server[118537]: INFO neutron.wsgi [req-4c4e44d3-4d30-4775-9195-ffc983abce85 req-3abaf70a-ff10-455e-9c50-4eee5b432901 tempest-AttachVolumeTestJSON-428367299 tempest-AttachVolumeTestJSON-428367299-project] 10.222.0.73 "POST /networking/v2.0/ports HTTP/1.1" status: 201 len: 933 time: 8.2128308
Aug 31 09:48:20.171036 dv-cinder-837543-8-smb neutron-server[118537]: DEBUG dbcounter [-] [118537] Writing DB stats neutron:SELECT=92,neutron:DELETE=1,neutron:INSERT=5,neutron:UPDATE=2 {{(pid=118537) stat_writer /usr/local/lib/python3.8/dist-packages/dbcounter.py:114}}
Aug 31 09:48:20.172983 dv-cinder-837543-8-smb neutron-server[118537]: DEBUG neutron.api.rpc.handlers.resources_rpc [None req-3abaf70a-ff10-455e-9c50-4eee5b432901 tempest-AttachVolumeTestJSON-428367299 tempest-AttachVolumeTestJSON-428367299-project] Pushing event updated for resources: {'Port': ['ID=02d80e7d-30bc-44d1-8b7c-6cb24cd63f3a,revision_number=1']} {{(pid=118537) push /opt/stack/neutron/neutron/api/rpc/handlers/resources_rpc.py:237}}
Aug 31 09:48:20.396362 dv-cinder-837543-8-smb neutron-server[118538]: DEBUG neutron.db.provisioning_blocks [None req-f8ed49eb-a38e-4837-a7c0-03fa46028430 None None] Provisioning complete for port 02d80e7d-30bc-44d1-8b7c-6cb24cd63f3a triggered by entity DHCP. {{(pid=118538) provisioning_complete /opt/stack/neutron/neutron/db/provisioning_blocks.py:144}}
Aug 31 09:48:20.396972 dv-cinder-837543-8-smb neutron-server[118538]: DEBUG neutron_lib.callbacks.manager [None req-f8ed49eb-a38e-4837-a7c0-03fa46028430 None None] Publish callbacks ['neutron.plugins.ml2.plugin.Ml2Plugin._port_provisioned-841322'] for port (02d80e7d-30bc-44d1-8b7c-6cb24cd63f3a), provisioning_complete {{(pid=118538) _notify_loop /usr/local/lib/python3.8/dist-packages/neutron_lib/callbacks/manager.py:176}}
Aug 31 09:48:20.507766 dv-cinder-837543-8-smb neutron-server[118537]: DEBUG neutron.pecan_wsgi.hooks.policy_enforcement [req-1cb42eeb-7edf-41c4-95f4-7951a1760d91 req-759051b2-4be5-4b66-b7df-094163970083 tempest-AttachVolumeTestJSON-428367299 tempest-AttachVolumeTestJSON-428367299-project] Attributes excluded by policy engine: ['standard_attr_id', 'binding:profile', 'binding:host_id', 'binding:vif_type', 'binding:vif_details'] {{(pid=118537) _exclude_attributes_by_policy /opt/stack/neutron/neutron/pecan_wsgi/hooks/policy_enforcement.py:259}}
Aug 31 09:48:20.512976 dv-cinder-837543-8-smb neutron-server[118538]: DEBUG neutron.plugins.ml2.plugin [None req-f8ed49eb-a38e-4837-a7c0-03fa46028430 None None] Port 02d80e7d-30bc-44d1-8b7c-6cb24cd63f3a cannot update to ACTIVE because it is not bound. {{(pid=118538) _port_provisioned /opt/stack/neutron/neutron/plugins/ml2/plugin.py:348}}
Aug 31 09:48:20.515361 dv-cinder-837543-8-smb neutron-server[118537]: INFO neutron.wsgi [req-1cb42eeb-7edf-41c4-95f4-7951a1760d91 req-759051b2-4be5-4b66-b7df-094163970083 tempest-AttachVolumeTestJSON-428367299 tempest-AttachVolumeTestJSON-428367299-project] 10.222.0.46 "GET /networking/v2.0/ports?device_id=53c09cb5-0ff2-4c9c-be1f-ffa777b3e187 HTTP/1.1" status: 200 len: 931 time: 0.3605871
Aug 31 09:48:20.543602 dv-cinder-837543-8-smb neutron-server[118537]: DEBUG neutron.api.v2.base [req-4c4e44d3-4d30-4775-9195-ffc983abce85 req-f84e454a-9d85-4da0-884e-1aef95cf5f37 service neutron] Request body: {'port': {'device_id': '53c09cb5-0ff2-4c9c-be1f-ffa777b3e187', 'device_owner': 'compute:nova', 'binding:host_id': 'hv-cinder-83754'}} {{(pid=118537) prepare_request_body /opt/stack/neutron/neutron/api/v2/base.py:730}}
Aug 31 09:48:20.749354 dv-cinder-837543-8-smb neutron-server[118537]: DEBUG neutron_lib.callbacks.manager [req-3d1c71ad-9b4c-45e8-809c-e11a28b3bb52 req-b1167dbe-dc8d-4294-8d80-4ae6aea0fe35 tempest-AttachVolumeNegativeTest-69555958 tempest-AttachVolumeNegativeTest-69555958-project] Publish callbacks [] for port (c935c19c-70b6-48a8-9734-b769b5f07da7), precommit_create {{(pid=118537) _notify_loop /usr/local/lib/python3.8/dist-packages/neutron_lib/callbacks/manager.py:176}}
Aug 31 09:48:20.772536 dv-cinder-837543-8-smb neutron-server[118537]: DEBUG neutron.pecan_wsgi.hooks.policy_enforcement [req-5d8eac6c-02df-4e62-9b26-3db21b20e47c req-d5c408e5-afcb-4c5f-90ea-806d1b73bde7 tempest-AttachVolumeShelveTestJSON-1020571458 tempest-AttachVolumeShelveTestJSON-1020571458-project] Attributes excluded by policy engine: ['standard_attr_id', 'vlan_transparent', 'provider:network_type', 'provider:physical_network', 'provider:segmentation_id'] {{(pid=118537) _exclude_attributes_by_policy /opt/stack/neutron/neutron/pecan_wsgi/hooks/policy_enforcement.py:259}}
Aug 31 09:48:20.785848 dv-cinder-837543-8-smb neutron-server[118537]: INFO neutron.wsgi [req-5d8eac6c-02df-4e62-9b26-3db21b20e47c req-d5c408e5-afcb-4c5f-90ea-806d1b73bde7 tempest-AttachVolumeShelveTestJSON-1020571458 tempest-AttachVolumeShelveTestJSON-1020571458-project] 10.222.0.46 "GET /networking/v2.0/networks?id=38f9ea9e-7a18-4d26-b5d6-ef5864606daf HTTP/1.1" status: 200 len: 816 time: 0.7881117
Aug 31 09:48:20.873734 dv-cinder-837543-8-smb neutron-server[118537]: INFO neutron.wsgi [req-5d8eac6c-02df-4e62-9b26-3db21b20e47c req-49c78f32-2856-47a6-94ee-476432706467 tempest-AttachVolumeShelveTestJSON-1020571458 tempest-AttachVolumeShelveTestJSON-1020571458-project] 10.222.0.46 "GET /networking/v2.0/quotas/d82e3da343224fc0b65211add7c0a3a9 HTTP/1.1" status: 200 len: 375 time: 0.0861430
Aug 31 09:48:20.927119 dv-cinder-837543-8-smb neutron-server[118537]: DEBUG neutron_lib.callbacks.manager [req-0e8219b7-489d-4fed-bc71-afa34a8752f5 req-611d4c3c-7bff-4db0-bef6-fffaa9560173 tempest-ServerRescueNegativeTestJSON-153394265 tempest-ServerRescueNegativeTestJSON-153394265-project] Publish callbacks ['neutron.plugins.ml2.plugin.SecurityGroupServerNotifierRpcMixin._notify_sg_on_port_change-1031032', 'neutron.plugins.ml2.ovo_rpc._ObjectChangeHandler.handle_event-140108', 'neutron.api.rpc.agentnotifiers.dhcp_rpc_agent_api.DhcpAgentNotifyAPI._native_event_send_dhcp_notification-3675478', 'neutron.db.l3_dvrscheduler_db._notify_l3_agent_new_port-8766575308557'] for port (7929953b-0ee4-4105-9fe9-2ca53899526a), after_create {{(pid=118537) _notify_loop /usr/local/lib/python3.8/dist-packages/neutron_lib/callbacks/manager.py:176}}
Aug 31 09:48:20.962581 dv-cinder-837543-8-smb neutron-server[118537]: INFO neutron.wsgi [req-1cb42eeb-7edf-41c4-95f4-7951a1760d91 req-62f2ed20-f789-4f66-8427-ec888198debf tempest-AttachVolumeTestJSON-428367299 tempest-AttachVolumeTestJSON-428367299-project] 10.222.0.46 "GET /networking/v2.0/security-groups?id=ca963cf5-a2ed-4630-bf03-8468d5a00daa&fields=id&fields=name HTTP/1.1" status: 200 len: 310 time: 0.4461942
