Jul 28 18:01:05.289268 dv-cinder-837543-7-iscsi devstack@n-api.service[130401]: DEBUG nova.api.openstack.wsgi_app [-] oslo_messaging_rabbit.rabbit_ha_queues = False {{(pid=130401) log_opt_values /usr/local/lib/python3.8/dist-packages/oslo_config/cfg.py:2609}}
Jul 28 18:01:05.289595 dv-cinder-837543-7-iscsi devstack@n-api.service[130401]: DEBUG nova.api.openstack.wsgi_app [-] oslo_messaging_rabbit.rabbit_interval_max = 30 {{(pid=130401) log_opt_values /usr/local/lib/python3.8/dist-packages/oslo_config/cfg.py:2609}}
Jul 28 18:01:05.289939 dv-cinder-837543-7-iscsi devstack@n-api.service[130401]: DEBUG nova.api.openstack.wsgi_app [-] oslo_messaging_rabbit.rabbit_login_method = AMQPLAIN {{(pid=130401) log_opt_values /usr/local/lib/python3.8/dist-packages/oslo_config/cfg.py:2609}}
Jul 28 18:01:05.290262 dv-cinder-837543-7-iscsi devstack@n-api.service[130401]: DEBUG nova.api.openstack.wsgi_app [-] oslo_messaging_rabbit.rabbit_qos_prefetch_count = 0 {{(pid=130401) log_opt_values /usr/local/lib/python3.8/dist-packages/oslo_config/cfg.py:2609}}
Jul 28 18:01:05.290624 dv-cinder-837543-7-iscsi devstack@n-api.service[130401]: DEBUG nova.api.openstack.wsgi_app [-] oslo_messaging_rabbit.rabbit_quorum_delivery_limit = 0 {{(pid=130401) log_opt_values /usr/local/lib/python3.8/dist-packages/oslo_config/cfg.py:2609}}
Jul 28 18:01:05.290947 dv-cinder-837543-7-iscsi devstack@n-api.service[130401]: DEBUG nova.api.openstack.wsgi_app [-] oslo_messaging_rabbit.rabbit_quorum_queue = False {{(pid=130401) log_opt_values /usr/local/lib/python3.8/dist-packages/oslo_config/cfg.py:2609}}
Jul 28 18:01:05.291268 dv-cinder-837543-7-iscsi devstack@n-api.service[130401]: DEBUG nova.api.openstack.wsgi_app [-] oslo_messaging_rabbit.rabbit_quroum_max_memory_bytes = 0 {{(pid=130401) log_opt_values /usr/local/lib/python3.8/dist-packages/oslo_config/cfg.py:2609}}
Jul 28 18:01:05.291588 dv-cinder-837543-7-iscsi devstack@n-api.service[130401]: DEBUG nova.api.openstack.wsgi_app [-] oslo_messaging_rabbit.rabbit_quroum_max_memory_length = 0 {{(pid=130401) log_opt_values /usr/local/lib/python3.8/dist-packages/oslo_config/cfg.py:2609}}
Jul 28 18:01:05.291920 dv-cinder-837543-7-iscsi devstack@n-api.service[130401]: DEBUG nova.api.openstack.wsgi_app [-] oslo_messaging_rabbit.rabbit_retry_backoff = 2 {{(pid=130401) log_opt_values /usr/local/lib/python3.8/dist-packages/oslo_config/cfg.py:2609}}
Jul 28 18:01:05.292241 dv-cinder-837543-7-iscsi devstack@n-api.service[130401]: DEBUG nova.api.openstack.wsgi_app [-] oslo_messaging_rabbit.rabbit_retry_interval = 1 {{(pid=130401) log_opt_values /usr/local/lib/python3.8/dist-packages/oslo_config/cfg.py:2609}}
Jul 28 18:01:05.292561 dv-cinder-837543-7-iscsi devstack@n-api.service[130401]: DEBUG nova.api.openstack.wsgi_app [-] oslo_messaging_rabbit.rabbit_transient_queues_ttl = 1800 {{(pid=130401) log_opt_values /usr/local/lib/python3.8/dist-packages/oslo_config/cfg.py:2609}}
Jul 28 18:01:05.292888 dv-cinder-837543-7-iscsi devstack@n-api.service[130401]: DEBUG nova.api.openstack.wsgi_app [-] oslo_messaging_rabbit.rpc_conn_pool_size = 30 {{(pid=130401) log_opt_values /usr/local/lib/python3.8/dist-packages/oslo_config/cfg.py:2609}}
Jul 28 18:01:05.293214 dv-cinder-837543-7-iscsi devstack@n-api.service[130401]: DEBUG nova.api.openstack.wsgi_app [-] oslo_messaging_rabbit.ssl = False {{(pid=130401) log_opt_values /usr/local/lib/python3.8/dist-packages/oslo_config/cfg.py:2609}}
Jul 28 18:01:05.293550 dv-cinder-837543-7-iscsi devstack@n-api.service[130401]: DEBUG nova.api.openstack.wsgi_app [-] oslo_messaging_rabbit.ssl_ca_file = {{(pid=130401) log_opt_values /usr/local/lib/python3.8/dist-packages/oslo_config/cfg.py:2609}}
Jul 28 18:01:05.293884 dv-cinder-837543-7-iscsi devstack@n-api.service[130401]: DEBUG nova.api.openstack.wsgi_app [-] oslo_messaging_rabbit.ssl_cert_file = {{(pid=130401) log_opt_values /usr/local/lib/python3.8/dist-packages/oslo_config/cfg.py:2609}}
Jul 28 18:01:05.294204 dv-cinder-837543-7-iscsi devstack@n-api.service[130401]: DEBUG nova.api.openstack.wsgi_app [-] oslo_messaging_rabbit.ssl_enforce_fips_mode = False {{(pid=130401) log_opt_values /usr/local/lib/python3.8/dist-packages/oslo_config/cfg.py:2609}}
Jul 28 18:01:05.295114 dv-cinder-837543-7-iscsi devstack@n-api.service[130401]: DEBUG nova.api.openstack.wsgi_app [-] oslo_messaging_rabbit.ssl_key_file = {{(pid=130401) log_opt_values /usr/local/lib/python3.8/dist-packages/oslo_config/cfg.py:2609}}
Jul 28 18:01:05.295461 dv-cinder-837543-7-iscsi devstack@n-api.service[130401]: DEBUG nova.api.openstack.wsgi_app [-] oslo_messaging_rabbit.ssl_version = {{(pid=130401) log_opt_values /usr/local/lib/python3.8/dist-packages/oslo_config/cfg.py:2609}}
Jul 28 18:01:05.295814 dv-cinder-837543-7-iscsi devstack@n-api.service[130401]: DEBUG nova.api.openstack.wsgi_app [-] oslo_messaging_notifications.driver = ['messagingv2'] {{(pid=130401) log_opt_values /usr/local/lib/python3.8/dist-packages/oslo_config/cfg.py:2609}}
Jul 28 18:01:05.296135 dv-cinder-837543-7-iscsi devstack@n-api.service[130401]: DEBUG nova.api.openstack.wsgi_app [-] oslo_messaging_notifications.retry = -1 {{(pid=130401) log_opt_values /usr/local/lib/python3.8/dist-packages/oslo_config/cfg.py:2609}}
Jul 28 18:01:05.296491 dv-cinder-837543-7-iscsi devstack@n-api.service[130401]: DEBUG nova.api.openstack.wsgi_app [-] oslo_messaging_notifications.topics = ['notifications'] {{(pid=130401) log_opt_values /usr/local/lib/python3.8/dist-packages/oslo_config/cfg.py:2609}}
Jul 28 18:01:05.296828 dv-cinder-837543-7-iscsi devstack@n-api.service[130401]: DEBUG nova.api.openstack.wsgi_app [-] oslo_messaging_notifications.transport_url = **** {{(pid=130401) log_opt_values /usr/local/lib/python3.8/dist-packages/oslo_config/cfg.py:2609}}
Jul 28 18:01:05.297150 dv-cinder-837543-7-iscsi devstack@n-api.service[130401]: DEBUG nova.api.openstack.wsgi_app [-] oslo_reports.file_event_handler = None {{(pid=130401) log_opt_values /usr/local/lib/python3.8/dist-packages/oslo_config/cfg.py:2609}}
Jul 28 18:01:05.297472 dv-cinder-837543-7-iscsi devstack@n-api.service[130401]: DEBUG nova.api.openstack.wsgi_app [-] oslo_reports.file_event_handler_interval = 1 {{(pid=130401) log_opt_values /usr/local/lib/python3.8/dist-packages/oslo_config/cfg.py:2609}}
Jul 28 18:01:05.297786 dv-cinder-837543-7-iscsi devstack@n-api.service[130401]: DEBUG nova.api.openstack.wsgi_app [-] oslo_reports.log_dir = None {{(pid=130401) log_opt_values /usr/local/lib/python3.8/dist-packages/oslo_config/cfg.py:2609}}
Jul 28 18:01:05.298038 dv-cinder-837543-7-iscsi devstack@n-api.service[130401]: DEBUG nova.api.openstack.wsgi_app [-] ******************************************************************************** {{(pid=130401) log_opt_values /usr/local/lib/python3.8/dist-packages/oslo_config/cfg.py:2613}}
Jul 28 18:01:05.339053 dv-cinder-837543-7-iscsi devstack@n-api.service[130400]: INFO dbcounter [None req-7550ca54-a8d4-4f16-990c-71a736e1555b None None] Registered counter for database nova_api
Jul 28 18:01:05.361008 dv-cinder-837543-7-iscsi devstack@n-api.service[130401]: INFO dbcounter [None req-5583488b-98e8-4aef-a920-c770db318760 None None] Registered counter for database nova_api
Jul 28 18:01:05.361196 dv-cinder-837543-7-iscsi devstack@n-api.service[130400]: DEBUG oslo_db.sqlalchemy.engines [None req-7550ca54-a8d4-4f16-990c-71a736e1555b None None] MySQL server mode set to STRICT_TRANS_TABLES,STRICT_ALL_TABLES,NO_ZERO_IN_DATE,NO_ZERO_DATE,ERROR_FOR_DIVISION_BY_ZERO,TRADITIONAL,NO_ENGINE_SUBSTITUTION {{(pid=130400) _check_effective_sql_mode /usr/local/lib/python3.8/dist-packages/oslo_db/sqlalchemy/engines.py:314}}
Jul 28 18:01:05.368422 dv-cinder-837543-7-iscsi devstack@n-api.service[130400]: DEBUG dbcounter [-] [130400] Writer thread running {{(pid=130400) stat_writer /usr/local/lib/python3.8/dist-packages/dbcounter.py:99}}
Jul 28 18:01:05.381939 dv-cinder-837543-7-iscsi devstack@n-api.service[130401]: DEBUG oslo_db.sqlalchemy.engines [None req-5583488b-98e8-4aef-a920-c770db318760 None None] MySQL server mode set to STRICT_TRANS_TABLES,STRICT_ALL_TABLES,NO_ZERO_IN_DATE,NO_ZERO_DATE,ERROR_FOR_DIVISION_BY_ZERO,TRADITIONAL,NO_ENGINE_SUBSTITUTION {{(pid=130401) _check_effective_sql_mode /usr/local/lib/python3.8/dist-packages/oslo_db/sqlalchemy/engines.py:314}}
Jul 28 18:01:05.388994 dv-cinder-837543-7-iscsi devstack@n-api.service[130401]: DEBUG dbcounter [-] [130401] Writer thread running {{(pid=130401) stat_writer /usr/local/lib/python3.8/dist-packages/dbcounter.py:99}}
Jul 28 18:01:05.426881 dv-cinder-837543-7-iscsi devstack@n-api.service[130400]: DEBUG nova.context [None req-7550ca54-a8d4-4f16-990c-71a736e1555b None None] Found 2 cells: 00000000-0000-0000-0000-000000000000(cell0),34fd1832-dad1-4ec6-9afc-d537dee5a553(cell1) {{(pid=130400) load_cells /opt/stack/nova/nova/context.py:464}}
Jul 28 18:01:05.431210 dv-cinder-837543-7-iscsi devstack@n-api.service[130400]: DEBUG oslo_concurrency.lockutils [None req-7550ca54-a8d4-4f16-990c-71a736e1555b None None] Lock "00000000-0000-0000-0000-000000000000" acquired by "nova.context.set_target_cell..get_or_set_cached_cell_and_set_connections" :: waited 0.000s {{(pid=130400) inner /usr/local/lib/python3.8/dist-packages/oslo_concurrency/lockutils.py:386}}
Jul 28 18:01:05.432818 dv-cinder-837543-7-iscsi devstack@n-api.service[130400]: DEBUG oslo_concurrency.lockutils [None req-7550ca54-a8d4-4f16-990c-71a736e1555b None None] Lock "00000000-0000-0000-0000-000000000000" "released" by "nova.context.set_target_cell..get_or_set_cached_cell_and_set_connections" :: held 0.002s {{(pid=130400) inner /usr/local/lib/python3.8/dist-packages/oslo_concurrency/lockutils.py:400}}
Jul 28 18:01:05.433641 dv-cinder-837543-7-iscsi devstack@n-api.service[130400]: DEBUG oslo_concurrency.lockutils [None req-7550ca54-a8d4-4f16-990c-71a736e1555b None None] Lock "34fd1832-dad1-4ec6-9afc-d537dee5a553" acquired by "nova.context.set_target_cell..get_or_set_cached_cell_and_set_connections" :: waited 0.000s {{(pid=130400) inner /usr/local/lib/python3.8/dist-packages/oslo_concurrency/lockutils.py:386}}
Jul 28 18:01:05.435790 dv-cinder-837543-7-iscsi devstack@n-api.service[130400]: DEBUG oslo_concurrency.lockutils [None req-7550ca54-a8d4-4f16-990c-71a736e1555b None None] Lock "34fd1832-dad1-4ec6-9afc-d537dee5a553" "released" by "nova.context.set_target_cell..get_or_set_cached_cell_and_set_connections" :: held 0.002s {{(pid=130400) inner /usr/local/lib/python3.8/dist-packages/oslo_concurrency/lockutils.py:400}}
Jul 28 18:01:05.437978 dv-cinder-837543-7-iscsi devstack@n-api.service[130400]: INFO dbcounter [None req-7550ca54-a8d4-4f16-990c-71a736e1555b None None] Registered counter for database nova_cell0
Jul 28 18:01:05.442314 dv-cinder-837543-7-iscsi devstack@n-api.service[130400]: INFO dbcounter [None req-7550ca54-a8d4-4f16-990c-71a736e1555b None None] Registered counter for database nova_cell1
Jul 28 18:01:05.449013 dv-cinder-837543-7-iscsi devstack@n-api.service[130401]: DEBUG nova.context [None req-5583488b-98e8-4aef-a920-c770db318760 None None] Found 2 cells: 00000000-0000-0000-0000-000000000000(cell0),34fd1832-dad1-4ec6-9afc-d537dee5a553(cell1) {{(pid=130401) load_cells /opt/stack/nova/nova/context.py:464}}
Jul 28 18:01:05.451330 dv-cinder-837543-7-iscsi devstack@n-api.service[130400]: DEBUG oslo_db.sqlalchemy.engines [None req-7550ca54-a8d4-4f16-990c-71a736e1555b None None] MySQL server mode set to STRICT_TRANS_TABLES,STRICT_ALL_TABLES,NO_ZERO_IN_DATE,NO_ZERO_DATE,ERROR_FOR_DIVISION_BY_ZERO,TRADITIONAL,NO_ENGINE_SUBSTITUTION {{(pid=130400) _check_effective_sql_mode /usr/local/lib/python3.8/dist-packages/oslo_db/sqlalchemy/engines.py:314}}
Jul 28 18:01:05.452342 dv-cinder-837543-7-iscsi devstack@n-api.service[130400]: DEBUG oslo_db.sqlalchemy.engines [None req-7550ca54-a8d4-4f16-990c-71a736e1555b None None] MySQL server mode set to STRICT_TRANS_TABLES,STRICT_ALL_TABLES,NO_ZERO_IN_DATE,NO_ZERO_DATE,ERROR_FOR_DIVISION_BY_ZERO,TRADITIONAL,NO_ENGINE_SUBSTITUTION {{(pid=130400) _check_effective_sql_mode /usr/local/lib/python3.8/dist-packages/oslo_db/sqlalchemy/engines.py:314}}
Jul 28 18:01:05.454325 dv-cinder-837543-7-iscsi devstack@n-api.service[130401]: DEBUG oslo_concurrency.lockutils [None req-5583488b-98e8-4aef-a920-c770db318760 None None] Lock "00000000-0000-0000-0000-000000000000" acquired by "nova.context.set_target_cell..get_or_set_cached_cell_and_set_connections" :: waited 0.000s {{(pid=130401) inner /usr/local/lib/python3.8/dist-packages/oslo_concurrency/lockutils.py:386}}
Jul 28 18:01:05.455951 dv-cinder-837543-7-iscsi devstack@n-api.service[130401]: DEBUG oslo_concurrency.lockutils [None req-5583488b-98e8-4aef-a920-c770db318760 None None] Lock "00000000-0000-0000-0000-000000000000" "released" by "nova.context.set_target_cell..get_or_set_cached_cell_and_set_connections" :: held 0.002s {{(pid=130401) inner /usr/local/lib/python3.8/dist-packages/oslo_concurrency/lockutils.py:400}}
Jul 28 18:01:05.456921 dv-cinder-837543-7-iscsi devstack@n-api.service[130401]: DEBUG oslo_concurrency.lockutils [None req-5583488b-98e8-4aef-a920-c770db318760 None None] Lock "34fd1832-dad1-4ec6-9afc-d537dee5a553" acquired by "nova.context.set_target_cell..get_or_set_cached_cell_and_set_connections" :: waited 0.000s {{(pid=130401) inner /usr/local/lib/python3.8/dist-packages/oslo_concurrency/lockutils.py:386}}
Jul 28 18:01:05.458976 dv-cinder-837543-7-iscsi devstack@n-api.service[130401]: DEBUG oslo_concurrency.lockutils [None req-5583488b-98e8-4aef-a920-c770db318760 None None] Lock "34fd1832-dad1-4ec6-9afc-d537dee5a553" "released" by "nova.context.set_target_cell..get_or_set_cached_cell_and_set_connections" :: held 0.002s {{(pid=130401) inner /usr/local/lib/python3.8/dist-packages/oslo_concurrency/lockutils.py:400}}
Jul 28 18:01:05.460595 dv-cinder-837543-7-iscsi devstack@n-api.service[130400]: DEBUG dbcounter [-] [130400] Writer thread running {{(pid=130400) stat_writer /usr/local/lib/python3.8/dist-packages/dbcounter.py:99}}
Jul 28 18:01:05.460950 dv-cinder-837543-7-iscsi devstack@n-api.service[130400]: DEBUG dbcounter [-] [130400] Writer thread running {{(pid=130400) stat_writer /usr/local/lib/python3.8/dist-packages/dbcounter.py:99}}
Jul 28 18:01:05.461061 dv-cinder-837543-7-iscsi devstack@n-api.service[130401]: INFO dbcounter [None req-5583488b-98e8-4aef-a920-c770db318760 None None] Registered counter for database nova_cell0
Jul 28 18:01:05.466046 dv-cinder-837543-7-iscsi devstack@n-api.service[130401]: INFO dbcounter [None req-5583488b-98e8-4aef-a920-c770db318760 None None] Registered counter for database nova_cell1
Jul 28 18:01:05.475121 dv-cinder-837543-7-iscsi devstack@n-api.service[130401]: DEBUG oslo_db.sqlalchemy.engines [None req-5583488b-98e8-4aef-a920-c770db318760 None None] MySQL server mode set to STRICT_TRANS_TABLES,STRICT_ALL_TABLES,NO_ZERO_IN_DATE,NO_ZERO_DATE,ERROR_FOR_DIVISION_BY_ZERO,TRADITIONAL,NO_ENGINE_SUBSTITUTION {{(pid=130401) _check_effective_sql_mode /usr/local/lib/python3.8/dist-packages/oslo_db/sqlalchemy/engines.py:314}}
Jul 28 18:01:05.478571 dv-cinder-837543-7-iscsi devstack@n-api.service[130401]: DEBUG oslo_db.sqlalchemy.engines [None req-5583488b-98e8-4aef-a920-c770db318760 None None] MySQL server mode set to STRICT_TRANS_TABLES,STRICT_ALL_TABLES,NO_ZERO_IN_DATE,NO_ZERO_DATE,ERROR_FOR_DIVISION_BY_ZERO,TRADITIONAL,NO_ENGINE_SUBSTITUTION {{(pid=130401) _check_effective_sql_mode /usr/local/lib/python3.8/dist-packages/oslo_db/sqlalchemy/engines.py:314}}
Jul 28 18:01:05.484847 dv-cinder-837543-7-iscsi devstack@n-api.service[130401]: DEBUG dbcounter [-] [130401] Writer thread running {{(pid=130401) stat_writer /usr/local/lib/python3.8/dist-packages/dbcounter.py:99}}
Jul 28 18:01:05.617342 dv-cinder-837543-7-iscsi devstack@n-api.service[130400]: INFO dbcounter [None req-7550ca54-a8d4-4f16-990c-71a736e1555b None None] Registered counter for database nova_cell0
Jul 28 18:01:05.624375 dv-cinder-837543-7-iscsi devstack@n-api.service[130400]: DEBUG oslo_db.sqlalchemy.engines [None req-7550ca54-a8d4-4f16-990c-71a736e1555b None None] MySQL server mode set to STRICT_TRANS_TABLES,STRICT_ALL_TABLES,NO_ZERO_IN_DATE,NO_ZERO_DATE,ERROR_FOR_DIVISION_BY_ZERO,TRADITIONAL,NO_ENGINE_SUBSTITUTION {{(pid=130400) _check_effective_sql_mode /usr/local/lib/python3.8/dist-packages/oslo_db/sqlalchemy/engines.py:314}}
Jul 28 18:01:05.625389 dv-cinder-837543-7-iscsi devstack@n-api.service[130401]: DEBUG dbcounter [-] [130401] Writer thread running {{(pid=130401) stat_writer /usr/local/lib/python3.8/dist-packages/dbcounter.py:99}}
Jul 28 18:01:05.629053 dv-cinder-837543-7-iscsi devstack@n-api.service[130400]: DEBUG dbcounter [-] [130400] Writer thread running {{(pid=130400) stat_writer /usr/local/lib/python3.8/dist-packages/dbcounter.py:99}}
Jul 28 18:01:05.635589 dv-cinder-837543-7-iscsi devstack@n-api.service[130401]: INFO dbcounter [None req-5583488b-98e8-4aef-a920-c770db318760 None None] Registered counter for database nova_cell0
Jul 28 18:01:05.642865 dv-cinder-837543-7-iscsi devstack@n-api.service[130401]: DEBUG oslo_db.sqlalchemy.engines [None req-5583488b-98e8-4aef-a920-c770db318760 None None] MySQL server mode set to STRICT_TRANS_TABLES,STRICT_ALL_TABLES,NO_ZERO_IN_DATE,NO_ZERO_DATE,ERROR_FOR_DIVISION_BY_ZERO,TRADITIONAL,NO_ENGINE_SUBSTITUTION {{(pid=130401) _check_effective_sql_mode /usr/local/lib/python3.8/dist-packages/oslo_db/sqlalchemy/engines.py:314}}
Jul 28 18:01:05.647330 dv-cinder-837543-7-iscsi devstack@n-api.service[130401]: DEBUG dbcounter [-] [130401] Writer thread running {{(pid=130401) stat_writer /usr/local/lib/python3.8/dist-packages/dbcounter.py:99}}
Jul 28 18:01:05.947496 dv-cinder-837543-7-iscsi devstack@n-api.service[130400]: WARNING keystonemiddleware.auth_token [None req-7550ca54-a8d4-4f16-990c-71a736e1555b None None] AuthToken middleware is set with keystone_authtoken.service_token_roles_required set to False. This is backwards compatible but deprecated behaviour. Please set this to True.
Jul 28 18:01:05.955376 dv-cinder-837543-7-iscsi devstack@n-api.service[130400]: WARNING keystonemiddleware.auth_token [None req-7550ca54-a8d4-4f16-990c-71a736e1555b None None] Configuring www_authenticate_uri to point to the public identity endpoint is required; clients may not be able to authenticate against an admin endpoint
Jul 28 18:01:05.964870 dv-cinder-837543-7-iscsi devstack@n-api.service[130401]: WARNING keystonemiddleware.auth_token [None req-5583488b-98e8-4aef-a920-c770db318760 None None] AuthToken middleware is set with keystone_authtoken.service_token_roles_required set to False. This is backwards compatible but deprecated behaviour. Please set this to True.
Jul 28 18:01:05.972449 dv-cinder-837543-7-iscsi devstack@n-api.service[130401]: WARNING keystonemiddleware.auth_token [None req-5583488b-98e8-4aef-a920-c770db318760 None None] Configuring www_authenticate_uri to point to the public identity endpoint is required; clients may not be able to authenticate against an admin endpoint
Jul 28 18:01:06.300131 dv-cinder-837543-7-iscsi devstack@n-api.service[130400]: WARNING keystonemiddleware.auth_token [None req-7550ca54-a8d4-4f16-990c-71a736e1555b None None] AuthToken middleware is set with keystone_authtoken.service_token_roles_required set to False. This is backwards compatible but deprecated behaviour. Please set this to True.
Jul 28 18:01:06.306153 dv-cinder-837543-7-iscsi devstack@n-api.service[130400]: WARNING keystonemiddleware.auth_token [None req-7550ca54-a8d4-4f16-990c-71a736e1555b None None] Configuring www_authenticate_uri to point to the public identity endpoint is required; clients may not be able to authenticate against an admin endpoint
Jul 28 18:01:06.312297 dv-cinder-837543-7-iscsi devstack@n-api.service[130400]: WSGI app 0 (mountpoint='') ready in 6 seconds on interpreter 0x55a7ab1fb9c0 pid: 130400 (default app)
Jul 28 18:01:06.317817 dv-cinder-837543-7-iscsi devstack@n-api.service[130401]: WARNING keystonemiddleware.auth_token [None req-5583488b-98e8-4aef-a920-c770db318760 None None] AuthToken middleware is set with keystone_authtoken.service_token_roles_required set to False. This is backwards compatible but deprecated behaviour. Please set this to True.
Jul 28 18:01:06.323883 dv-cinder-837543-7-iscsi devstack@n-api.service[130401]: WARNING keystonemiddleware.auth_token [None req-5583488b-98e8-4aef-a920-c770db318760 None None] Configuring www_authenticate_uri to point to the public identity endpoint is required; clients may not be able to authenticate against an admin endpoint
Jul 28 18:01:06.329308 dv-cinder-837543-7-iscsi devstack@n-api.service[130401]: WSGI app 0 (mountpoint='') ready in 6 seconds on interpreter 0x55a7ab1fb9c0 pid: 130401 (default app)
Jul 28 18:01:48.455824 dv-cinder-837543-7-iscsi devstack@n-api.service[130400]: DEBUG dbcounter [-] [130400] Writing DB stats nova_api:SELECT=3 {{(pid=130400) stat_writer /usr/local/lib/python3.8/dist-packages/dbcounter.py:114}}
Jul 28 18:01:48.457550 dv-cinder-837543-7-iscsi devstack@n-api.service[130400]: DEBUG dbcounter [-] [130400] Writing DB stats nova_cell1:SELECT=3 {{(pid=130400) stat_writer /usr/local/lib/python3.8/dist-packages/dbcounter.py:114}}
Jul 28 18:01:48.458327 dv-cinder-837543-7-iscsi devstack@n-api.service[130400]: DEBUG dbcounter [-] [130400] Writing DB stats nova_cell0:SELECT=3 {{(pid=130400) stat_writer /usr/local/lib/python3.8/dist-packages/dbcounter.py:114}}
Jul 28 18:01:48.459273 dv-cinder-837543-7-iscsi devstack@n-api.service[130400]: DEBUG dbcounter [-] [130400] Writing DB stats nova_cell0:SELECT=3 {{(pid=130400) stat_writer /usr/local/lib/python3.8/dist-packages/dbcounter.py:114}}
Jul 28 18:01:49.850389 dv-cinder-837543-7-iscsi devstack@n-api.service[130400]: DEBUG nova.api.openstack.wsgi [None req-2c1bdafc-5ed6-4b76-aa2e-8a27dc94d051 tempest-VolumesSnapshotsTestJSON-1818464365 tempest-VolumesSnapshotsTestJSON-1818464365-project] Action: 'create', calling method: .version_select at 0x7fdae1ae7d30>, body: {"volume": {"size": 1, "display_name": "tempest-VolumesSnapshotsTestJSON-volume-1224740821"}} {{(pid=130400) _process_stack /opt/stack/nova/nova/api/openstack/wsgi.py:511}}
Jul 28 18:01:50.000323 dv-cinder-837543-7-iscsi devstack@n-api.service[130401]: DEBUG dbcounter [-] [130401] Writing DB stats nova_api:SELECT=3 {{(pid=130401) stat_writer /usr/local/lib/python3.8/dist-packages/dbcounter.py:114}}
Jul 28 18:01:50.005505 dv-cinder-837543-7-iscsi devstack@n-api.service[130401]: DEBUG dbcounter [-] [130401] Writing DB stats nova_cell1:SELECT=3 {{(pid=130401) stat_writer /usr/local/lib/python3.8/dist-packages/dbcounter.py:114}}
Jul 28 18:01:50.007054 dv-cinder-837543-7-iscsi devstack@n-api.service[130401]: DEBUG dbcounter [-] [130401] Writing DB stats nova_cell0:SELECT=3 {{(pid=130401) stat_writer /usr/local/lib/python3.8/dist-packages/dbcounter.py:114}}
Jul 28 18:01:50.007874 dv-cinder-837543-7-iscsi devstack@n-api.service[130401]: DEBUG dbcounter [-] [130401] Writing DB stats nova_cell0:SELECT=3 {{(pid=130401) stat_writer /usr/local/lib/python3.8/dist-packages/dbcounter.py:114}}
Jul 28 18:01:50.609671 dv-cinder-837543-7-iscsi devstack@n-api.service[130401]: DEBUG nova.api.openstack.wsgi [None req-2f6a61d5-b8e7-49f3-afcf-5df45016770f tempest-VolumesGetTestJSON-1505330073 tempest-VolumesGetTestJSON-1505330073-project] Action: 'create', calling method: .version_select at 0x7fdae1afbd30>, body: {"volume": {"size": 1, "display_name": "tempest-VolumesGetTestJSON-Volume-1664022481", "metadata": {"Type": "work"}}} {{(pid=130401) _process_stack /opt/stack/nova/nova/api/openstack/wsgi.py:511}}
Jul 28 18:01:52.270009 dv-cinder-837543-7-iscsi devstack@n-api.service[130400]: INFO nova.api.openstack.requestlog [None req-2c1bdafc-5ed6-4b76-aa2e-8a27dc94d051 tempest-VolumesSnapshotsTestJSON-1818464365 tempest-VolumesSnapshotsTestJSON-1818464365-project] 10.222.0.85 "POST /compute/v2.1/os-volumes" status: 200 len: 345 microversion: 2.1 time: 3.823668
Jul 28 18:01:52.271364 dv-cinder-837543-7-iscsi devstack@n-api.service[130400]: [pid: 130400|app: 0|req: 1/1] 10.222.0.85 () {60 vars in 1155 bytes} [Thu Jul 28 18:01:48 2022] POST /compute/v2.1/os-volumes => generated 345 bytes in 3827 msecs (HTTP/1.1 200) 10 headers in 448 bytes (1 switches on core 0)
Jul 28 18:01:52.289826 dv-cinder-837543-7-iscsi devstack@n-api.service[130400]: DEBUG nova.api.openstack.wsgi [None req-4a17051b-207b-47c2-bdba-f1226d141ee0 tempest-VolumesSnapshotsTestJSON-1818464365 tempest-VolumesSnapshotsTestJSON-1818464365-project] Calling method '.version_select at 0x7fdae1952b80>' {{(pid=130400) _process_stack /opt/stack/nova/nova/api/openstack/wsgi.py:513}}
Jul 28 18:01:52.518753 dv-cinder-837543-7-iscsi devstack@n-api.service[130400]: INFO nova.api.openstack.requestlog [None req-4a17051b-207b-47c2-bdba-f1226d141ee0 tempest-VolumesSnapshotsTestJSON-1818464365 tempest-VolumesSnapshotsTestJSON-1818464365-project] 10.222.0.85 "GET /compute/v2.1/os-volumes/577e0751-d114-4573-a4ba-4814d623c52f" status: 200 len: 345 microversion: 2.1 time: 0.236403
Jul 28 18:01:52.519343 dv-cinder-837543-7-iscsi devstack@n-api.service[130400]: [pid: 130400|app: 0|req: 2/2] 10.222.0.85 () {58 vars in 1245 bytes} [Thu Jul 28 18:01:52 2022] GET /compute/v2.1/os-volumes/577e0751-d114-4573-a4ba-4814d623c52f => generated 345 bytes in 238 msecs (HTTP/1.1 200) 9 headers in 357 bytes (2 switches on core 0)
Jul 28 18:01:52.550671 dv-cinder-837543-7-iscsi devstack@n-api.service[130401]: INFO nova.api.openstack.requestlog [None req-2f6a61d5-b8e7-49f3-afcf-5df45016770f tempest-VolumesGetTestJSON-1505330073 tempest-VolumesGetTestJSON-1505330073-project] 10.222.0.85 "POST /compute/v2.1/os-volumes" status: 200 len: 353 microversion: 2.1 time: 2.553906
Jul 28 18:01:52.551480 dv-cinder-837543-7-iscsi devstack@n-api.service[130401]: [pid: 130401|app: 0|req: 1/3] 10.222.0.85 () {60 vars in 1156 bytes} [Thu Jul 28 18:01:49 2022] POST /compute/v2.1/os-volumes => generated 353 bytes in 2559 msecs (HTTP/1.1 200) 10 headers in 448 bytes (2 switches on core 0)
Jul 28 18:01:52.574766 dv-cinder-837543-7-iscsi devstack@n-api.service[130400]: DEBUG nova.api.openstack.wsgi [None req-cce785ef-f521-42f4-813f-cab4b0a33dff tempest-VolumesGetTestJSON-1505330073 tempest-VolumesGetTestJSON-1505330073-project] Calling method '.version_select at 0x7fdae1964280>' {{(pid=130400) _process_stack /opt/stack/nova/nova/api/openstack/wsgi.py:513}}
Jul 28 18:01:52.698761 dv-cinder-837543-7-iscsi devstack@n-api.service[130400]: INFO nova.api.openstack.requestlog [None req-cce785ef-f521-42f4-813f-cab4b0a33dff tempest-VolumesGetTestJSON-1505330073 tempest-VolumesGetTestJSON-1505330073-project] 10.222.0.85 "GET /compute/v2.1/os-volumes/32e02691-aac7-4623-83b4-1fef388ff4e4" status: 200 len: 353 microversion: 2.1 time: 0.136229
Jul 28 18:01:52.705578 dv-cinder-837543-7-iscsi devstack@n-api.service[130400]: [pid: 130400|app: 0|req: 3/4] 10.222.0.85 () {58 vars in 1245 bytes} [Thu Jul 28 18:01:52 2022] GET /compute/v2.1/os-volumes/32e02691-aac7-4623-83b4-1fef388ff4e4 => generated 353 bytes in 144 msecs (HTTP/1.1 200) 9 headers in 357 bytes (1 switches on core 0)
Jul 28 18:01:52.977046 dv-cinder-837543-7-iscsi devstack@n-api.service[130401]: DEBUG nova.api.openstack.wsgi [None req-0ec39829-094a-40da-9543-d256fa717c1a tempest-VolumesTestJSON-545357234 tempest-VolumesTestJSON-545357234-project] Calling method '.version_select at 0x7fdae194aaf0>' {{(pid=130401) _process_stack /opt/stack/nova/nova/api/openstack/wsgi.py:513}}
Jul 28 18:01:53.111807 dv-cinder-837543-7-iscsi devstack@n-api.service[130401]: INFO nova.api.openstack.requestlog [None req-0ec39829-094a-40da-9543-d256fa717c1a tempest-VolumesTestJSON-545357234 tempest-VolumesTestJSON-545357234-project] 10.222.0.85 "GET /compute/v2.1/os-volumes/e0bd0bf6-7109-495a-873e-2c010fba8e16" status: 200 len: 350 microversion: 2.1 time: 0.140814
Jul 28 18:01:53.112692 dv-cinder-837543-7-iscsi devstack@n-api.service[130401]: [pid: 130401|app: 0|req: 2/5] 10.222.0.85 () {58 vars in 1245 bytes} [Thu Jul 28 18:01:52 2022] GET /compute/v2.1/os-volumes/e0bd0bf6-7109-495a-873e-2c010fba8e16 => generated 350 bytes in 143 msecs (HTTP/1.1 200) 9 headers in 357 bytes (1 switches on core 0)
Jul 28 18:01:53.534557 dv-cinder-837543-7-iscsi devstack@n-api.service[130400]: DEBUG nova.api.openstack.wsgi [None req-2da96467-36b1-482e-a26b-8d0ac35b351a tempest-VolumesSnapshotsTestJSON-1818464365 tempest-VolumesSnapshotsTestJSON-1818464365-project] Calling method '.version_select at 0x7fdae19649d0>' {{(pid=130400) _process_stack /opt/stack/nova/nova/api/openstack/wsgi.py:513}}
Jul 28 18:01:53.632440 dv-cinder-837543-7-iscsi devstack@n-api.service[130400]: INFO nova.api.openstack.requestlog [None req-2da96467-36b1-482e-a26b-8d0ac35b351a tempest-VolumesSnapshotsTestJSON-1818464365 tempest-VolumesSnapshotsTestJSON-1818464365-project] 10.222.0.85 "GET /compute/v2.1/os-volumes/577e0751-d114-4573-a4ba-4814d623c52f" status: 200 len: 346 microversion: 2.1 time: 0.102314
Jul 28 18:01:53.633457 dv-cinder-837543-7-iscsi devstack@n-api.service[130400]: [pid: 130400|app: 0|req: 4/6] 10.222.0.85 () {58 vars in 1245 bytes} [Thu Jul 28 18:01:53 2022] GET /compute/v2.1/os-volumes/577e0751-d114-4573-a4ba-4814d623c52f => generated 346 bytes in 104 msecs (HTTP/1.1 200) 9 headers in 357 bytes (1 switches on core 0)
Jul 28 18:01:53.650498 dv-cinder-837543-7-iscsi devstack@n-api.service[130401]: DEBUG nova.api.openstack.wsgi [None req-ad7e7c58-8b70-4f12-9a21-8acace4d6648 tempest-VolumesSnapshotsTestJSON-1818464365 tempest-VolumesSnapshotsTestJSON-1818464365-project] Action: 'create', calling method: .version_select at 0x7fdae19671f0>, body: {"snapshot": {"volume_id": "577e0751-d114-4573-a4ba-4814d623c52f", "display_name": "tempest-VolumesSnapshotsTestJSON-Snapshot-211833016"}} {{(pid=130401) _process_stack /opt/stack/nova/nova/api/openstack/wsgi.py:511}}
Jul 28 18:01:53.716478 dv-cinder-837543-7-iscsi devstack@n-api.service[130400]: DEBUG nova.api.openstack.wsgi [None req-d0391a34-2884-4df6-a231-d083ea9a9497 tempest-VolumesGetTestJSON-1505330073 tempest-VolumesGetTestJSON-1505330073-project] Calling method '.version_select at 0x7fdae1952dc0>' {{(pid=130400) _process_stack /opt/stack/nova/nova/api/openstack/wsgi.py:513}}
Jul 28 18:01:54.467100 dv-cinder-837543-7-iscsi devstack@n-api.service[130400]: INFO nova.api.openstack.requestlog [None req-d0391a34-2884-4df6-a231-d083ea9a9497 tempest-VolumesGetTestJSON-1505330073 tempest-VolumesGetTestJSON-1505330073-project] 10.222.0.85 "GET /compute/v2.1/os-volumes/32e02691-aac7-4623-83b4-1fef388ff4e4" status: 200 len: 354 microversion: 2.1 time: 0.756442
Jul 28 18:01:54.467753 dv-cinder-837543-7-iscsi devstack@n-api.service[130400]: [pid: 130400|app: 0|req: 5/7] 10.222.0.85 () {58 vars in 1245 bytes} [Thu Jul 28 18:01:53 2022] GET /compute/v2.1/os-volumes/32e02691-aac7-4623-83b4-1fef388ff4e4 => generated 354 bytes in 758 msecs (HTTP/1.1 200) 9 headers in 357 bytes (1 switches on core 0)
Jul 28 18:01:54.481904 dv-cinder-837543-7-iscsi devstack@n-api.service[130400]: DEBUG nova.api.openstack.wsgi [None req-892df60a-9513-473a-a7e0-d21dc9a2444b tempest-VolumesGetTestJSON-1505330073 tempest-VolumesGetTestJSON-1505330073-project] Calling method '.version_select at 0x7fdae1964c10>' {{(pid=130400) _process_stack /opt/stack/nova/nova/api/openstack/wsgi.py:513}}
Jul 28 18:01:54.633826 dv-cinder-837543-7-iscsi devstack@n-api.service[130400]: INFO nova.api.openstack.requestlog [None req-892df60a-9513-473a-a7e0-d21dc9a2444b tempest-VolumesGetTestJSON-1505330073 tempest-VolumesGetTestJSON-1505330073-project] 10.222.0.85 "GET /compute/v2.1/os-volumes/32e02691-aac7-4623-83b4-1fef388ff4e4" status: 200 len: 354 microversion: 2.1 time: 0.156238
Jul 28 18:01:54.636073 dv-cinder-837543-7-iscsi devstack@n-api.service[130400]: [pid: 130400|app: 0|req: 6/8] 10.222.0.85 () {58 vars in 1245 bytes} [Thu Jul 28 18:01:54 2022] GET /compute/v2.1/os-volumes/32e02691-aac7-4623-83b4-1fef388ff4e4 => generated 354 bytes in 158 msecs (HTTP/1.1 200) 9 headers in 357 bytes (1 switches on core 0)
Jul 28 18:01:54.649109 dv-cinder-837543-7-iscsi devstack@n-api.service[130400]: DEBUG nova.api.openstack.wsgi [None req-6339c9f5-7d2d-48f3-a9d1-1e7e432662a6 tempest-VolumesGetTestJSON-1505330073 tempest-VolumesGetTestJSON-1505330073-project] Calling method '.version_select at 0x7fdae1964430>' {{(pid=130400) _process_stack /opt/stack/nova/nova/api/openstack/wsgi.py:513}}
Jul 28 18:01:55.271894 dv-cinder-837543-7-iscsi devstack@n-api.service[130401]: INFO nova.api.openstack.requestlog [None req-ad7e7c58-8b70-4f12-9a21-8acace4d6648 tempest-VolumesSnapshotsTestJSON-1818464365 tempest-VolumesSnapshotsTestJSON-1818464365-project] 10.222.0.85 "POST /compute/v2.1/os-snapshots" status: 200 len: 286 microversion: 2.1 time: 1.625601
Jul 28 18:01:55.275091 dv-cinder-837543-7-iscsi devstack@n-api.service[130401]: [pid: 130401|app: 0|req: 3/9] 10.222.0.85 () {60 vars in 1162 bytes} [Thu Jul 28 18:01:53 2022] POST /compute/v2.1/os-snapshots => generated 286 bytes in 1631 msecs (HTTP/1.1 200) 9 headers in 357 bytes (1 switches on core 0)
Jul 28 18:01:55.295402 dv-cinder-837543-7-iscsi devstack@n-api.service[130401]: DEBUG nova.api.openstack.wsgi [None req-f7c28b00-e763-4f0e-9a47-2593d861166c tempest-VolumesSnapshotsTestJSON-1818464365 tempest-VolumesSnapshotsTestJSON-1818464365-project] Calling method '.version_select at 0x7fdae1966310>' {{(pid=130401) _process_stack /opt/stack/nova/nova/api/openstack/wsgi.py:513}}
Jul 28 18:01:55.539326 dv-cinder-837543-7-iscsi devstack@n-api.service[130400]: INFO nova.api.openstack.requestlog [None req-6339c9f5-7d2d-48f3-a9d1-1e7e432662a6 tempest-VolumesGetTestJSON-1505330073 tempest-VolumesGetTestJSON-1505330073-project] 10.222.0.85 "DELETE /compute/v2.1/os-volumes/32e02691-aac7-4623-83b4-1fef388ff4e4" status: 202 len: 0 microversion: 2.1 time: 0.893659
Jul 28 18:01:55.539538 dv-cinder-837543-7-iscsi devstack@n-api.service[130400]: [pid: 130400|app: 0|req: 7/10] 10.222.0.85 () {58 vars in 1248 bytes} [Thu Jul 28 18:01:54 2022] DELETE /compute/v2.1/os-volumes/32e02691-aac7-4623-83b4-1fef388ff4e4 => generated 0 bytes in 895 msecs (HTTP/1.1 202) 9 headers in 361 bytes (1 switches on core 0)
Jul 28 18:01:55.549015 dv-cinder-837543-7-iscsi devstack@n-api.service[130400]: DEBUG nova.api.openstack.wsgi [None req-53211ba5-53dc-4ec8-a0a4-01ef6abdacc3 tempest-VolumesGetTestJSON-1505330073 tempest-VolumesGetTestJSON-1505330073-project] Calling method '.version_select at 0x7fdae1952d30>' {{(pid=130400) _process_stack /opt/stack/nova/nova/api/openstack/wsgi.py:513}}
Jul 28 18:01:55.585210 dv-cinder-837543-7-iscsi devstack@n-api.service[130401]: INFO nova.api.openstack.requestlog [None req-f7c28b00-e763-4f0e-9a47-2593d861166c tempest-VolumesSnapshotsTestJSON-1818464365 tempest-VolumesSnapshotsTestJSON-1818464365-project] 10.222.0.85 "GET /compute/v2.1/os-snapshots/30e1d815-50a6-4f64-a1d6-daa5cb879afa" status: 200 len: 286 microversion: 2.1 time: 0.303256
Jul 28 18:01:55.586792 dv-cinder-837543-7-iscsi devstack@n-api.service[130401]: [pid: 130401|app: 0|req: 4/11] 10.222.0.85 () {58 vars in 1251 bytes} [Thu Jul 28 18:01:55 2022] GET /compute/v2.1/os-snapshots/30e1d815-50a6-4f64-a1d6-daa5cb879afa => generated 286 bytes in 306 msecs (HTTP/1.1 200) 9 headers in 357 bytes (1 switches on core 0)
Jul 28 18:01:55.597958 dv-cinder-837543-7-iscsi devstack@n-api.service[130401]: DEBUG nova.api.openstack.wsgi [None req-d01a0920-d930-4563-89be-02c11729a02f tempest-VolumesSnapshotsTestJSON-1818464365 tempest-VolumesSnapshotsTestJSON-1818464365-project] Calling method '.version_select at 0x7fdae1967d30>' {{(pid=130401) _process_stack /opt/stack/nova/nova/api/openstack/wsgi.py:513}}
Jul 28 18:01:55.690409 dv-cinder-837543-7-iscsi devstack@n-api.service[130400]: INFO nova.api.openstack.requestlog [None req-53211ba5-53dc-4ec8-a0a4-01ef6abdacc3 tempest-VolumesGetTestJSON-1505330073 tempest-VolumesGetTestJSON-1505330073-project] 10.222.0.85 "GET /compute/v2.1/os-volumes/32e02691-aac7-4623-83b4-1fef388ff4e4" status: 200 len: 353 microversion: 2.1 time: 0.145432
Jul 28 18:01:55.691709 dv-cinder-837543-7-iscsi devstack@n-api.service[130400]: [pid: 130400|app: 0|req: 8/12] 10.222.0.85 () {58 vars in 1245 bytes} [Thu Jul 28 18:01:55 2022] GET /compute/v2.1/os-volumes/32e02691-aac7-4623-83b4-1fef388ff4e4 => generated 353 bytes in 147 msecs (HTTP/1.1 200) 9 headers in 357 bytes (2 switches on core 0)
Jul 28 18:01:55.779715 dv-cinder-837543-7-iscsi devstack@n-api.service[130401]: INFO nova.api.openstack.requestlog [None req-d01a0920-d930-4563-89be-02c11729a02f tempest-VolumesSnapshotsTestJSON-1818464365 tempest-VolumesSnapshotsTestJSON-1818464365-project] 10.222.0.85 "GET /compute/v2.1/os-snapshots" status: 200 len: 289 microversion: 2.1 time: 0.186285
Jul 28 18:01:55.780165 dv-cinder-837543-7-iscsi devstack@n-api.service[130401]: [pid: 130401|app: 0|req: 5/13] 10.222.0.85 () {58 vars in 1140 bytes} [Thu Jul 28 18:01:55 2022] GET /compute/v2.1/os-snapshots => generated 289 bytes in 188 msecs (HTTP/1.1 200) 9 headers in 357 bytes (2 switches on core 0)
Jul 28 18:01:55.793529 dv-cinder-837543-7-iscsi devstack@n-api.service[130400]: DEBUG nova.api.openstack.wsgi [None req-ff829c9c-836f-4ac3-b912-ba6acc9e5bab tempest-VolumesSnapshotsTestJSON-1818464365 tempest-VolumesSnapshotsTestJSON-1818464365-project] Calling method '.version_select at 0x7fdae1964160>' {{(pid=130400) _process_stack /opt/stack/nova/nova/api/openstack/wsgi.py:513}}
Jul 28 18:01:55.880187 dv-cinder-837543-7-iscsi devstack@n-api.service[130400]: INFO nova.api.openstack.requestlog [None req-ff829c9c-836f-4ac3-b912-ba6acc9e5bab tempest-VolumesSnapshotsTestJSON-1818464365 tempest-VolumesSnapshotsTestJSON-1818464365-project] 10.222.0.85 "GET /compute/v2.1/os-snapshots/30e1d815-50a6-4f64-a1d6-daa5cb879afa" status: 200 len: 286 microversion: 2.1 time: 0.092470
Jul 28 18:01:55.881129 dv-cinder-837543-7-iscsi devstack@n-api.service[130400]: [pid: 130400|app: 0|req: 9/14] 10.222.0.85 () {58 vars in 1251 bytes} [Thu Jul 28 18:01:55 2022] GET /compute/v2.1/os-snapshots/30e1d815-50a6-4f64-a1d6-daa5cb879afa => generated 286 bytes in 94 msecs (HTTP/1.1 200) 9 headers in 357 bytes (1 switches on core 0)
Jul 28 18:01:56.715073 dv-cinder-837543-7-iscsi devstack@n-api.service[130401]: DEBUG nova.api.openstack.wsgi [None req-41906ec1-d8e9-4b03-81a6-9d1a9f8b0230 tempest-VolumesGetTestJSON-1505330073 tempest-VolumesGetTestJSON-1505330073-project] Calling method '.version_select at 0x7fdae194ab80>' {{(pid=130401) _process_stack /opt/stack/nova/nova/api/openstack/wsgi.py:513}}
Jul 28 18:01:56.813491 dv-cinder-837543-7-iscsi devstack@n-api.service[130400]: DEBUG nova.api.openstack.wsgi [None req-e1495f3d-d63f-41ee-9d8a-c4e10b92e934 tempest-VolumesTestJSON-545357234 tempest-VolumesTestJSON-545357234-project] Calling method '.version_select at 0x7fdae1964b80>' {{(pid=130400) _process_stack /opt/stack/nova/nova/api/openstack/wsgi.py:513}}
Jul 28 18:01:56.840997 dv-cinder-837543-7-iscsi devstack@n-api.service[130401]: INFO nova.api.openstack.requestlog [None req-41906ec1-d8e9-4b03-81a6-9d1a9f8b0230 tempest-VolumesGetTestJSON-1505330073 tempest-VolumesGetTestJSON-1505330073-project] 10.222.0.85 "GET /compute/v2.1/os-volumes/32e02691-aac7-4623-83b4-1fef388ff4e4" status: 200 len: 353 microversion: 2.1 time: 0.131527
Jul 28 18:01:56.845751 dv-cinder-837543-7-iscsi devstack@n-api.service[130401]: [pid: 130401|app: 0|req: 6/15] 10.222.0.85 () {58 vars in 1245 bytes} [Thu Jul 28 18:01:56 2022] GET /compute/v2.1/os-volumes/32e02691-aac7-4623-83b4-1fef388ff4e4 => generated 353 bytes in 142 msecs (HTTP/1.1 200) 9 headers in 357 bytes (1 switches on core 0)
Jul 28 18:01:56.895415 dv-cinder-837543-7-iscsi devstack@n-api.service[130401]: DEBUG nova.api.openstack.wsgi [None req-df9a6b46-9fae-49a9-a56c-d97af9f890e0 tempest-VolumesSnapshotsTestJSON-1818464365 tempest-VolumesSnapshotsTestJSON-1818464365-project] Calling method '.version_select at 0x7fdae19660d0>' {{(pid=130401) _process_stack /opt/stack/nova/nova/api/openstack/wsgi.py:513}}
Jul 28 18:01:56.928606 dv-cinder-837543-7-iscsi devstack@n-api.service[130400]: INFO nova.api.openstack.requestlog [None req-e1495f3d-d63f-41ee-9d8a-c4e10b92e934 tempest-VolumesTestJSON-545357234 tempest-VolumesTestJSON-545357234-project] 10.222.0.85 "GET /compute/v2.1/os-volumes/cdbca3d7-4c39-4a28-a63f-4a3d25996c3e" status: 200 len: 351 microversion: 2.1 time: 0.118967
Jul 28 18:01:56.938306 dv-cinder-837543-7-iscsi devstack@n-api.service[130400]: [pid: 130400|app: 0|req: 10/16] 10.222.0.85 () {58 vars in 1245 bytes} [Thu Jul 28 18:01:56 2022] GET /compute/v2.1/os-volumes/cdbca3d7-4c39-4a28-a63f-4a3d25996c3e => generated 351 bytes in 130 msecs (HTTP/1.1 200) 9 headers in 357 bytes (1 switches on core 0)
Jul 28 18:01:56.976392 dv-cinder-837543-7-iscsi devstack@n-api.service[130401]: INFO nova.api.openstack.requestlog [None req-df9a6b46-9fae-49a9-a56c-d97af9f890e0 tempest-VolumesSnapshotsTestJSON-1818464365 tempest-VolumesSnapshotsTestJSON-1818464365-project] 10.222.0.85 "GET /compute/v2.1/os-snapshots/30e1d815-50a6-4f64-a1d6-daa5cb879afa" status: 200 len: 286 microversion: 2.1 time: 0.086306
Jul 28 18:01:56.978782 dv-cinder-837543-7-iscsi devstack@n-api.service[130401]: [pid: 130401|app: 0|req: 7/17] 10.222.0.85 () {58 vars in 1251 bytes} [Thu Jul 28 18:01:56 2022] GET /compute/v2.1/os-snapshots/30e1d815-50a6-4f64-a1d6-daa5cb879afa => generated 286 bytes in 90 msecs (HTTP/1.1 200) 9 headers in 357 bytes (1 switches on core 0)
Jul 28 18:01:57.853329 dv-cinder-837543-7-iscsi devstack@n-api.service[130400]: DEBUG nova.api.openstack.wsgi [None req-158d0840-cfdd-4a7b-9754-0f4dc72a4d6f tempest-VolumesGetTestJSON-1505330073 tempest-VolumesGetTestJSON-1505330073-project] Calling method '.version_select at 0x7fdae1964ca0>' {{(pid=130400) _process_stack /opt/stack/nova/nova/api/openstack/wsgi.py:513}}
Jul 28 18:01:57.960624 dv-cinder-837543-7-iscsi devstack@n-api.service[130400]: INFO nova.api.openstack.requestlog [None req-158d0840-cfdd-4a7b-9754-0f4dc72a4d6f tempest-VolumesGetTestJSON-1505330073 tempest-VolumesGetTestJSON-1505330073-project] 10.222.0.85 "GET /compute/v2.1/os-volumes/32e02691-aac7-4623-83b4-1fef388ff4e4" status: 200 len: 353 microversion: 2.1 time: 0.111702
Jul 28 18:01:57.975307 dv-cinder-837543-7-iscsi devstack@n-api.service[130400]: [pid: 130400|app: 0|req: 11/18] 10.222.0.85 () {58 vars in 1245 bytes} [Thu Jul 28 18:01:57 2022] GET /compute/v2.1/os-volumes/32e02691-aac7-4623-83b4-1fef388ff4e4 => generated 353 bytes in 122 msecs (HTTP/1.1 200) 9 headers in 357 bytes (1 switches on core 0)
Jul 28 18:01:57.998098 dv-cinder-837543-7-iscsi devstack@n-api.service[130401]: DEBUG nova.api.openstack.wsgi [None req-6f1a43c7-dbb9-4ad8-bdc8-336881c00886 tempest-VolumesSnapshotsTestJSON-1818464365 tempest-VolumesSnapshotsTestJSON-1818464365-project] Calling method '.version_select at 0x7fdae194aca0>' {{(pid=130401) _process_stack /opt/stack/nova/nova/api/openstack/wsgi.py:513}}
Jul 28 18:01:58.056492 dv-cinder-837543-7-iscsi devstack@n-api.service[130401]: INFO nova.api.openstack.requestlog [None req-6f1a43c7-dbb9-4ad8-bdc8-336881c00886 tempest-VolumesSnapshotsTestJSON-1818464365 tempest-VolumesSnapshotsTestJSON-1818464365-project] 10.222.0.85 "GET /compute/v2.1/os-snapshots/30e1d815-50a6-4f64-a1d6-daa5cb879afa" status: 200 len: 286 microversion: 2.1 time: 0.063415
Jul 28 18:01:58.057931 dv-cinder-837543-7-iscsi devstack@n-api.service[130401]: [pid: 130401|app: 0|req: 8/19] 10.222.0.85 () {58 vars in 1251 bytes} [Thu Jul 28 18:01:57 2022] GET /compute/v2.1/os-snapshots/30e1d815-50a6-4f64-a1d6-daa5cb879afa => generated 286 bytes in 65 msecs (HTTP/1.1 200) 9 headers in 357 bytes (1 switches on core 0)
Jul 28 18:01:58.979741 dv-cinder-837543-7-iscsi devstack@n-api.service[130400]: DEBUG nova.api.openstack.wsgi [None req-27bea81c-d90a-46a9-a0f3-353016fc541f tempest-VolumesGetTestJSON-1505330073 tempest-VolumesGetTestJSON-1505330073-project] Calling method '.version_select at 0x7fdae19641f0>' {{(pid=130400) _process_stack /opt/stack/nova/nova/api/openstack/wsgi.py:513}}
Jul 28 18:01:59.071424 dv-cinder-837543-7-iscsi devstack@n-api.service[130401]: DEBUG nova.api.openstack.wsgi [None req-4659d140-000c-4b28-8518-b08aa954aafa tempest-VolumesSnapshotsTestJSON-1818464365 tempest-VolumesSnapshotsTestJSON-1818464365-project] Calling method '.version_select at 0x7fdae19674c0>' {{(pid=130401) _process_stack /opt/stack/nova/nova/api/openstack/wsgi.py:513}}
Jul 28 18:01:59.147835 dv-cinder-837543-7-iscsi devstack@n-api.service[130400]: INFO nova.api.openstack.requestlog [None req-27bea81c-d90a-46a9-a0f3-353016fc541f tempest-VolumesGetTestJSON-1505330073 tempest-VolumesGetTestJSON-1505330073-project] 10.222.0.85 "GET /compute/v2.1/os-volumes/32e02691-aac7-4623-83b4-1fef388ff4e4" status: 200 len: 353 microversion: 2.1 time: 0.174647
Jul 28 18:01:59.149136 dv-cinder-837543-7-iscsi devstack@n-api.service[130400]: [pid: 130400|app: 0|req: 12/20] 10.222.0.85 () {58 vars in 1245 bytes} [Thu Jul 28 18:01:58 2022] GET /compute/v2.1/os-volumes/32e02691-aac7-4623-83b4-1fef388ff4e4 => generated 353 bytes in 177 msecs (HTTP/1.1 200) 9 headers in 357 bytes (1 switches on core 0)
Jul 28 18:01:59.181158 dv-cinder-837543-7-iscsi devstack@n-api.service[130401]: INFO nova.api.openstack.requestlog [None req-4659d140-000c-4b28-8518-b08aa954aafa tempest-VolumesSnapshotsTestJSON-1818464365 tempest-VolumesSnapshotsTestJSON-1818464365-project] 10.222.0.85 "GET /compute/v2.1/os-snapshots/30e1d815-50a6-4f64-a1d6-daa5cb879afa" status: 200 len: 287 microversion: 2.1 time: 0.113170
Jul 28 18:01:59.181158 dv-cinder-837543-7-iscsi devstack@n-api.service[130401]: [pid: 130401|app: 0|req: 9/21] 10.222.0.85 () {58 vars in 1251 bytes} [Thu Jul 28 18:01:59 2022] GET /compute/v2.1/os-snapshots/30e1d815-50a6-4f64-a1d6-daa5cb879afa => generated 287 bytes in 115 msecs (HTTP/1.1 200) 9 headers in 357 bytes (1 switches on core 0)
Jul 28 18:01:59.196090 dv-cinder-837543-7-iscsi devstack@n-api.service[130400]: DEBUG nova.api.openstack.wsgi [None req-196896f8-ee41-4035-b7ab-e82783668bb5 tempest-VolumesSnapshotsTestJSON-1818464365 tempest-VolumesSnapshotsTestJSON-1818464365-project] Calling method '.version_select at 0x7fdae1952f70>' {{(pid=130400) _process_stack /opt/stack/nova/nova/api/openstack/wsgi.py:513}}
Jul 28 18:01:59.403257 dv-cinder-837543-7-iscsi devstack@n-api.service[130400]: INFO nova.api.openstack.requestlog [None req-196896f8-ee41-4035-b7ab-e82783668bb5 tempest-VolumesSnapshotsTestJSON-1818464365 tempest-VolumesSnapshotsTestJSON-1818464365-project] 10.222.0.85 "DELETE /compute/v2.1/os-snapshots/30e1d815-50a6-4f64-a1d6-daa5cb879afa" status: 202 len: 0 microversion: 2.1 time: 0.213264
Jul 28 18:01:59.404000 dv-cinder-837543-7-iscsi devstack@n-api.service[130400]: [pid: 130400|app: 0|req: 13/22] 10.222.0.85 () {58 vars in 1254 bytes} [Thu Jul 28 18:01:59 2022] DELETE /compute/v2.1/os-snapshots/30e1d815-50a6-4f64-a1d6-daa5cb879afa => generated 0 bytes in 215 msecs (HTTP/1.1 202) 9 headers in 361 bytes (1 switches on core 0)
Jul 28 18:01:59.415588 dv-cinder-837543-7-iscsi devstack@n-api.service[130401]: DEBUG nova.api.openstack.wsgi [None req-f2949a58-663e-475d-ba97-d537d045b4cf tempest-VolumesSnapshotsTestJSON-1818464365 tempest-VolumesSnapshotsTestJSON-1818464365-project] Calling method '.version_select at 0x7fdae1967ca0>' {{(pid=130401) _process_stack /opt/stack/nova/nova/api/openstack/wsgi.py:513}}
Jul 28 18:01:59.483948 dv-cinder-837543-7-iscsi devstack@n-api.service[130401]: INFO nova.api.openstack.requestlog [None req-f2949a58-663e-475d-ba97-d537d045b4cf tempest-VolumesSnapshotsTestJSON-1818464365 tempest-VolumesSnapshotsTestJSON-1818464365-project] 10.222.0.85 "GET /compute/v2.1/os-snapshots/30e1d815-50a6-4f64-a1d6-daa5cb879afa" status: 200 len: 286 microversion: 2.1 time: 0.072920
Jul 28 18:01:59.483948 dv-cinder-837543-7-iscsi devstack@n-api.service[130401]: [pid: 130401|app: 0|req: 10/23] 10.222.0.85 () {58 vars in 1251 bytes} [Thu Jul 28 18:01:59 2022] GET /compute/v2.1/os-snapshots/30e1d815-50a6-4f64-a1d6-daa5cb879afa => generated 286 bytes in 75 msecs (HTTP/1.1 200) 9 headers in 357 bytes (1 switches on core 0)
Jul 28 18:02:00.036730 dv-cinder-837543-7-iscsi devstack@n-api.service[130400]: DEBUG nova.api.openstack.wsgi [None req-9537d42f-c2b9-445d-9fc0-906108b4b9ac tempest-VolumesTestJSON-545357234 tempest-VolumesTestJSON-545357234-project] Calling method '.version_select at 0x7fdae19731f0>' {{(pid=130400) _process_stack /opt/stack/nova/nova/api/openstack/wsgi.py:513}}
Jul 28 18:02:00.144736 dv-cinder-837543-7-iscsi devstack@n-api.service[130400]: INFO nova.api.openstack.requestlog [None req-9537d42f-c2b9-445d-9fc0-906108b4b9ac tempest-VolumesTestJSON-545357234 tempest-VolumesTestJSON-545357234-project] 10.222.0.85 "GET /compute/v2.1/os-volumes/4d8bf442-277a-4768-b6ea-dc43754964a3" status: 200 len: 351 microversion: 2.1 time: 0.109065
Jul 28 18:02:00.159989 dv-cinder-837543-7-iscsi devstack@n-api.service[130400]: [pid: 130400|app: 0|req: 14/24] 10.222.0.85 () {58 vars in 1245 bytes} [Thu Jul 28 18:02:00 2022] GET /compute/v2.1/os-volumes/4d8bf442-277a-4768-b6ea-dc43754964a3 => generated 351 bytes in 128 msecs (HTTP/1.1 200) 9 headers in 357 bytes (1 switches on core 0)
Jul 28 18:02:00.162749 dv-cinder-837543-7-iscsi devstack@n-api.service[130401]: DEBUG nova.api.openstack.wsgi [None req-a1fe0438-69d4-44ab-b771-3af80c84cb9c tempest-VolumesTestJSON-545357234 tempest-VolumesTestJSON-545357234-project] Calling method '.version_select at 0x7fdae1afbe50>' {{(pid=130401) _process_stack /opt/stack/nova/nova/api/openstack/wsgi.py:513}}
Jul 28 18:02:00.171328 dv-cinder-837543-7-iscsi devstack@n-api.service[130400]: DEBUG nova.api.openstack.wsgi [None req-02494b4b-99f0-4aee-8141-d8f70ab09167 tempest-VolumesGetTestJSON-1505330073 tempest-VolumesGetTestJSON-1505330073-project] Calling method '.version_select at 0x7fdae1952d30>' {{(pid=130400) _process_stack /opt/stack/nova/nova/api/openstack/wsgi.py:513}}
