Jul 18 16:37:53.664122 dv-cinder-837543-6-smb neutron-server[104142]: DEBUG neutron_lib.callbacks.manager [None req-04d8287f-fd49-4787-958c-48d5e6fe83c3 admin admin] Publish callbacks [] for port (78cea2a0-4a46-40d6-b3c4-56c019d29ef9), precommit_create {{(pid=104142) _notify_loop /usr/local/lib/python3.8/dist-packages/neutron_lib/callbacks/manager.py:176}}
Jul 18 16:37:53.698701 dv-cinder-837543-6-smb neutron-server[104143]: DEBUG neutron.plugins.ml2.managers [None req-aaac530e-0580-4ae2-b8ee-797d110e3e19 None None] Attempting to bind port 26d08902-548b-404d-8d6e-ca38d6a21d09 on host dv-cinder-837543-6-smb for vnic_type normal with profile {{(pid=104143) bind_port /opt/stack/neutron/neutron/plugins/ml2/managers.py:810}}
Jul 18 16:37:53.699300 dv-cinder-837543-6-smb neutron-server[104143]: DEBUG neutron.plugins.ml2.managers [None req-aaac530e-0580-4ae2-b8ee-797d110e3e19 None None] Attempting to bind port 26d08902-548b-404d-8d6e-ca38d6a21d09 by drivers openvswitch,hyperv on host dv-cinder-837543-6-smb at level 0 using segments [{'id': '68715aed-14fc-4675-8e44-9b4f9767c5e1', 'network_type': 'vlan', 'physical_network': 'physnet1', 'segmentation_id': 877, 'network_id': 'f18124bc-dec2-454d-b87a-32b8e95dbce1'}] {{(pid=104143) _bind_port_level /opt/stack/neutron/neutron/plugins/ml2/managers.py:835}}
Jul 18 16:37:53.699815 dv-cinder-837543-6-smb neutron-server[104143]: DEBUG neutron.plugins.ml2.drivers.mech_agent [None req-aaac530e-0580-4ae2-b8ee-797d110e3e19 None None] Attempting to bind port 26d08902-548b-404d-8d6e-ca38d6a21d09 on network f18124bc-dec2-454d-b87a-32b8e95dbce1 {{(pid=104143) bind_port /opt/stack/neutron/neutron/plugins/ml2/drivers/mech_agent.py:91}}
Jul 18 16:37:53.702877 dv-cinder-837543-6-smb neutron-server[104143]: DEBUG dbcounter [-] [104143] Writing DB stats neutron:INSERT=5,neutron:SELECT=90,neutron:UPDATE=5 {{(pid=104143) stat_writer /usr/local/lib/python3.8/dist-packages/dbcounter.py:114}}
Jul 18 16:37:53.763854 dv-cinder-837543-6-smb neutron-server[104143]: DEBUG neutron.plugins.ml2.drivers.mech_agent [None req-aaac530e-0580-4ae2-b8ee-797d110e3e19 None None] Checking agent: {'id': 'b2bdfbfa-97c8-4e19-b82c-3532c7ef8a65', 'agent_type': 'Open vSwitch agent', 'binary': 'neutron-openvswitch-agent', 'topic': 'N/A', 'host': 'dv-cinder-837543-6-smb', 'admin_state_up': True, 'created_at': datetime.datetime(2022, 7, 18, 16, 29, 17), 'started_at': datetime.datetime(2022, 7, 18, 16, 29, 47), 'heartbeat_timestamp': datetime.datetime(2022, 7, 18, 16, 37, 47), 'description': None, 'resources_synced': None, 'availability_zone': None, 'alive': True, 'configurations': {'arp_responder_enabled': False, 'baremetal_smartnic': False, 'bridge_mappings': {'physnet1': 'br-data'}, 'datapath_type': 'system', 'devices': 0, 'enable_distributed_routing': False, 'extensions': [], 'in_distributed_mode': False, 'integration_bridge': 'br-int', 'l2_population': False, 'log_agent_heartbeats': False, 'ovs_capabilities': {'datapath_types': ['netdev', 'system'], 'iface_types': ['erspan', 'geneve', 'gre', 'internal', 'ip6erspan', 'ip6gre', 'lisp', 'patch', 'stt', 'system', 'tap', 'vxlan']}, 'ovs_hybrid_plug': False, 'resource_provider_bandwidths': {}, 'resource_provider_hypervisors': {'br-data': 'dv-cinder-837543-6-smb'}, 'resource_provider_inventory_defaults': {'allocation_ratio': 1.0, 'min_unit': 1, 'step_size': 1, 'reserved': 0}, 'resource_provider_packet_processing_inventory_defaults': {'allocation_ratio': 1.0, 'min_unit': 1, 'step_size': 1, 'reserved': 0}, 'resource_provider_packet_processing_with_direction': {}, 'resource_provider_packet_processing_without_direction': {}, 'tunnel_types': [], 'tunneling_ip': None, 'vhostuser_socket_dir': '/var/run/openvswitch'}, 'resource_versions': {'AddressGroup': '1.2', 'Agent': '1.1', 'ConntrackHelper': '1.0', 'LocalIPAssociation': '1.0', 'Log': '1.0', 'NDPProxy': '1.0', 'Network': '1.1', 'Port': '1.7', 'PortForwarding': '1.3', 'QosPolicy': '1.10', 'SecurityGroup': '1.5', 'SecurityGroupRule': '1.2', 'SubPort': '1.0', 'Subnet': '1.1', 'Trunk': '1.1'}} {{(pid=104143) bind_port /opt/stack/neutron/neutron/plugins/ml2/drivers/mech_agent.py:110}}
Jul 18 16:37:53.764762 dv-cinder-837543-6-smb neutron-server[104143]: DEBUG neutron.plugins.ml2.drivers.mech_agent [None req-aaac530e-0580-4ae2-b8ee-797d110e3e19 None None] Checking segment: {'id': '68715aed-14fc-4675-8e44-9b4f9767c5e1', 'network_type': 'vlan', 'physical_network': 'physnet1', 'segmentation_id': 877, 'network_id': 'f18124bc-dec2-454d-b87a-32b8e95dbce1'} for mappings: {'physnet1': 'br-data'} with network types: ['local', 'flat', 'vlan'] {{(pid=104143) check_segment_for_agent /opt/stack/neutron/neutron/plugins/ml2/drivers/mech_agent.py:373}}
Jul 18 16:37:53.765111 dv-cinder-837543-6-smb neutron-server[104143]: DEBUG neutron_lib.callbacks.manager [None req-aaac530e-0580-4ae2-b8ee-797d110e3e19 None None] Publish callbacks [] for ovs_bridge_name (None), before_read {{(pid=104143) _notify_loop /usr/local/lib/python3.8/dist-packages/neutron_lib/callbacks/manager.py:176}}
Jul 18 16:37:53.765831 dv-cinder-837543-6-smb neutron-server[104143]: DEBUG neutron.plugins.ml2.drivers.mech_agent [None req-aaac530e-0580-4ae2-b8ee-797d110e3e19 None None] Bound using segment: {'id': '68715aed-14fc-4675-8e44-9b4f9767c5e1', 'network_type': 'vlan', 'physical_network': 'physnet1', 'segmentation_id': 877, 'network_id': 'f18124bc-dec2-454d-b87a-32b8e95dbce1'} {{(pid=104143) bind_port /opt/stack/neutron/neutron/plugins/ml2/drivers/mech_agent.py:120}}
Jul 18 16:37:53.766644 dv-cinder-837543-6-smb neutron-server[104143]: DEBUG neutron.plugins.ml2.managers [None req-aaac530e-0580-4ae2-b8ee-797d110e3e19 None None] Bound port: 26d08902-548b-404d-8d6e-ca38d6a21d09, host: dv-cinder-837543-6-smb, vif_type: ovs, vif_details: {"connectivity": "l2", "port_filter": true, "ovs_hybrid_plug": false, "datapath_type": "system", "bridge_name": "br-int"}, binding_levels: [{'bound_driver': 'openvswitch', 'bound_segment': {'id': '68715aed-14fc-4675-8e44-9b4f9767c5e1', 'network_type': 'vlan', 'physical_network': 'physnet1', 'segmentation_id': 877, 'network_id': 'f18124bc-dec2-454d-b87a-32b8e95dbce1'}}] {{(pid=104143) _bind_port_level /opt/stack/neutron/neutron/plugins/ml2/managers.py:947}}
Jul 18 16:37:53.767892 dv-cinder-837543-6-smb neutron-server[104143]: DEBUG neutron_lib.callbacks.manager [None req-aaac530e-0580-4ae2-b8ee-797d110e3e19 None None] Publish callbacks ['neutron.plugins.ml2.plugin.SecurityGroupDbMixin._ensure_default_security_group_handler-703528'] for port (26d08902-548b-404d-8d6e-ca38d6a21d09), before_update {{(pid=104143) _notify_loop /usr/local/lib/python3.8/dist-packages/neutron_lib/callbacks/manager.py:176}}
Jul 18 16:37:53.834605 dv-cinder-837543-6-smb neutron-server[104143]: DEBUG neutron.api.rpc.handlers.dhcp_rpc [None req-b11024fe-5fd3-4db9-86cc-4cd3dc29e83a None None] Network 59a73433-dd5e-47f4-8d1a-923794ee039d requested from dv-cinder-837543-6-smb {{(pid=104143) get_network_info /opt/stack/neutron/neutron/api/rpc/handlers/dhcp_rpc.py:191}}
Jul 18 16:37:53.958316 dv-cinder-837543-6-smb neutron-server[104144]: DEBUG neutron.db.agents_db [None req-e92d4d0e-f6ba-4642-bb23-79e129b10e11 None None] Agent healthcheck: found 6 active agents {{(pid=104144) agent_health_check /opt/stack/neutron/neutron/db/agents_db.py:317}}
Jul 18 16:37:54.004509 dv-cinder-837543-6-smb neutron-server[104143]: DEBUG dbcounter [-] [104143] Writing DB stats neutron:SELECT=91,neutron:UPDATE=4,neutron:INSERT=5 {{(pid=104143) stat_writer /usr/local/lib/python3.8/dist-packages/dbcounter.py:114}}
Jul 18 16:37:54.051672 dv-cinder-837543-6-smb neutron-server[104142]: DEBUG neutron.wsgi [-] (104142) accepted ('10.222.0.83', 55384) {{(pid=104142) server /usr/local/lib/python3.8/dist-packages/eventlet/wsgi.py:1004}}
Jul 18 16:37:54.052171 dv-cinder-837543-6-smb neutron-server[104142]: DEBUG neutron.wsgi [-] (104142) accepted ('10.222.0.83', 55388) {{(pid=104142) server /usr/local/lib/python3.8/dist-packages/eventlet/wsgi.py:1004}}
Jul 18 16:37:54.082744 dv-cinder-837543-6-smb neutron-server[104142]: DEBUG neutron_lib.callbacks.manager [None req-04d8287f-fd49-4787-958c-48d5e6fe83c3 admin admin] Publish callbacks ['neutron.plugins.ml2.plugin.SecurityGroupServerNotifierRpcMixin._notify_sg_on_port_change-703211', 'neutron.plugins.ml2.ovo_rpc._ObjectChangeHandler.handle_event-254470', 'neutron.api.rpc.agentnotifiers.dhcp_rpc_agent_api.DhcpAgentNotifyAPI._native_event_send_dhcp_notification-2147039185', 'neutron.db.l3_dvrscheduler_db._notify_l3_agent_new_port-8737036908548'] for port (78cea2a0-4a46-40d6-b3c4-56c019d29ef9), after_create {{(pid=104142) _notify_loop /usr/local/lib/python3.8/dist-packages/neutron_lib/callbacks/manager.py:176}}
Jul 18 16:37:54.164523 dv-cinder-837543-6-smb neutron-server[104141]: DEBUG neutron.db.db_base_plugin_common [None req-98627bc0-dd0a-4397-ab08-9b7dbd0d4ee9 admin admin] Allocated IP 172.28.2.161 (5035c9dc-0559-4c3c-889e-149fb113ebb4/b91fc359-6f82-4ca8-aba4-269c91584393/d1f6ffe5-f9e4-4a08-9fee-8b0e08fc7a37) {{(pid=104141) _store_ip_allocation /opt/stack/neutron/neutron/db/db_base_plugin_common.py:131}}
Jul 18 16:37:54.181485 dv-cinder-837543-6-smb neutron-server[104143]: DEBUG neutron.plugins.ml2.db [None req-aaac530e-0580-4ae2-b8ee-797d110e3e19 None None] For port 26d08902-548b-404d-8d6e-ca38d6a21d09, host dv-cinder-837543-6-smb, cleared binding levels {{(pid=104143) clear_binding_levels /opt/stack/neutron/neutron/plugins/ml2/db.py:87}}
Jul 18 16:37:54.189785 dv-cinder-837543-6-smb neutron-server[104143]: DEBUG neutron.plugins.ml2.db [None req-aaac530e-0580-4ae2-b8ee-797d110e3e19 None None] For port 26d08902-548b-404d-8d6e-ca38d6a21d09, host dv-cinder-837543-6-smb, set binding levels [PortBindingLevel(driver='openvswitch',host='dv-cinder-837543-6-smb',level=0,port_id=26d08902-548b-404d-8d6e-ca38d6a21d09,segment=NetworkSegment(68715aed-14fc-4675-8e44-9b4f9767c5e1),segment_id=68715aed-14fc-4675-8e44-9b4f9767c5e1)] {{(pid=104143) set_binding_levels /opt/stack/neutron/neutron/plugins/ml2/db.py:59}}
Jul 18 16:37:54.237444 dv-cinder-837543-6-smb neutron-server[104143]: DEBUG neutron_lib.callbacks.manager [None req-71b7c50a-0a8a-464c-a679-3457921075ad None None] Publish callbacks [] for port (bed27d3b-d303-43d4-b81f-26d2a03669ea), precommit_create {{(pid=104143) _notify_loop /usr/local/lib/python3.8/dist-packages/neutron_lib/callbacks/manager.py:176}}
Jul 18 16:37:54.265000 dv-cinder-837543-6-smb neutron-server[104142]: DEBUG neutron_lib.callbacks.manager [None req-3aaaa91f-496c-4271-8740-e062d09a3105 admin admin] Publish callbacks [] for router_gateway (95352ffc-dc41-400e-9c6a-0e5466abf521), after_create {{(pid=104142) _notify_loop /usr/local/lib/python3.8/dist-packages/neutron_lib/callbacks/manager.py:176}}
Jul 18 16:37:54.271971 dv-cinder-837543-6-smb neutron-server[104142]: DEBUG neutron.scheduler.dhcp_agent_scheduler [None req-04d8287f-fd49-4787-958c-48d5e6fe83c3 admin admin] Network 5035c9dc-0559-4c3c-889e-149fb113ebb4 is already hosted by enough agents. {{(pid=104142) _get_dhcp_agents_hosting_network /opt/stack/neutron/neutron/scheduler/dhcp_agent_scheduler.py:275}}
Jul 18 16:37:54.283354 dv-cinder-837543-6-smb neutron-server[104143]: DEBUG neutron_lib.callbacks.manager [None req-71b7c50a-0a8a-464c-a679-3457921075ad None None] Publish callbacks ['neutron.plugins.ml2.plugin.SecurityGroupServerNotifierRpcMixin._notify_sg_on_port_change-703211', 'neutron.plugins.ml2.ovo_rpc._ObjectChangeHandler.handle_event-254470', 'neutron.api.rpc.agentnotifiers.dhcp_rpc_agent_api.DhcpAgentNotifyAPI._native_event_send_dhcp_notification-2147039185', 'neutron.db.l3_dvrscheduler_db._notify_l3_agent_new_port-8737036908548'] for port (bed27d3b-d303-43d4-b81f-26d2a03669ea), after_create {{(pid=104143) _notify_loop /usr/local/lib/python3.8/dist-packages/neutron_lib/callbacks/manager.py:176}}
Jul 18 16:37:54.302752 dv-cinder-837543-6-smb neutron-server[104143]: DEBUG neutron_lib.callbacks.manager [None req-aaac530e-0580-4ae2-b8ee-797d110e3e19 None None] Publish callbacks ['neutron.plugins.ml2.plugin.SecurityGroupServerNotifierRpcMixin._notify_sg_on_port_change-703211', 'neutron.plugins.ml2.ovo_rpc._ObjectChangeHandler.handle_event-254470', 'neutron.api.rpc.agentnotifiers.dhcp_rpc_agent_api.DhcpAgentNotifyAPI._native_event_send_dhcp_notification-2147039185', 'neutron.db.l3_db.L3RpcNotifierMixin._notify_gateway_port_ip_changed-8737037271260', 'neutron.db.l3_dvrscheduler_db._notify_l3_agent_port_update-8737036908566', 'neutron.db.l3_hascheduler_db._notify_l3_agent_ha_port_update-8737036908584'] for port (26d08902-548b-404d-8d6e-ca38d6a21d09), after_update {{(pid=104143) _notify_loop /usr/local/lib/python3.8/dist-packages/neutron_lib/callbacks/manager.py:176}}
Jul 18 16:37:54.338704 dv-cinder-837543-6-smb neutron-server[104142]: DEBUG neutron.scheduler.base_scheduler [None req-04d8287f-fd49-4787-958c-48d5e6fe83c3 admin admin] Resources bound (agent type, host, resource id): {{(pid=104142) schedule /opt/stack/neutron/neutron/scheduler/base_scheduler.py:57}}
Jul 18 16:37:54.359160 dv-cinder-837543-6-smb neutron-server[104142]: DEBUG neutron.db.l3_dvrscheduler_db [None req-04d8287f-fd49-4787-958c-48d5e6fe83c3 admin admin] Received port after_create {{(pid=104142) _notify_l3_agent_new_port /opt/stack/neutron/neutron/db/l3_dvrscheduler_db.py:542}}
Jul 18 16:37:54.361171 dv-cinder-837543-6-smb neutron-server[104142]: DEBUG neutron.api.rpc.handlers.resources_rpc [None req-04d8287f-fd49-4787-958c-48d5e6fe83c3 admin admin] Pushing event updated for resources: {'Port': ['ID=78cea2a0-4a46-40d6-b3c4-56c019d29ef9,revision_number=1']} {{(pid=104142) push /opt/stack/neutron/neutron/api/rpc/handlers/resources_rpc.py:237}}
Jul 18 16:37:54.373484 dv-cinder-837543-6-smb neutron-server[104142]: DEBUG neutron.db.db_base_plugin_v2 [None req-035447f7-8bfd-45a9-af01-11927e969fb8 admin admin] Deleting subnet d8d54921-b23b-46ce-8081-1b0e84b42ea5 {{(pid=104142) delete_subnet /opt/stack/neutron/neutron/db/db_base_plugin_v2.py:1067}}
Jul 18 16:37:54.429476 dv-cinder-837543-6-smb neutron-server[104142]: DEBUG neutron_lib.callbacks.manager [None req-035447f7-8bfd-45a9-af01-11927e969fb8 admin admin] Publish callbacks [] for subnet (d8d54921-b23b-46ce-8081-1b0e84b42ea5), before_delete {{(pid=104142) _notify_loop /usr/local/lib/python3.8/dist-packages/neutron_lib/callbacks/manager.py:176}}
Jul 18 16:37:54.458344 dv-cinder-837543-6-smb neutron-server[104141]: DEBUG neutron_lib.callbacks.manager [None req-98627bc0-dd0a-4397-ab08-9b7dbd0d4ee9 admin admin] Publish callbacks [] for port (d1f6ffe5-f9e4-4a08-9fee-8b0e08fc7a37), precommit_create {{(pid=104141) _notify_loop /usr/local/lib/python3.8/dist-packages/neutron_lib/callbacks/manager.py:176}}
Jul 18 16:37:54.503663 dv-cinder-837543-6-smb neutron-server[104143]: DEBUG neutron_lib.callbacks.manager [None req-82d1dd3f-f7cf-4367-bb99-fd819a206f18 None None] Publish callbacks [] for port (81970382-2f55-4287-99da-b73512957e63), precommit_create {{(pid=104143) _notify_loop /usr/local/lib/python3.8/dist-packages/neutron_lib/callbacks/manager.py:176}}
Jul 18 16:37:54.510873 dv-cinder-837543-6-smb neutron-server[104141]: DEBUG neutron_lib.callbacks.manager [None req-98627bc0-dd0a-4397-ab08-9b7dbd0d4ee9 admin admin] Publish callbacks ['neutron.plugins.ml2.plugin.SecurityGroupServerNotifierRpcMixin._notify_sg_on_port_change-703211', 'neutron.plugins.ml2.ovo_rpc._ObjectChangeHandler.handle_event-254470', 'neutron.api.rpc.agentnotifiers.dhcp_rpc_agent_api.DhcpAgentNotifyAPI._native_event_send_dhcp_notification-2147039185', 'neutron.db.l3_dvrscheduler_db._notify_l3_agent_new_port-8737036908548'] for port (d1f6ffe5-f9e4-4a08-9fee-8b0e08fc7a37), after_create {{(pid=104141) _notify_loop /usr/local/lib/python3.8/dist-packages/neutron_lib/callbacks/manager.py:176}}
Jul 18 16:37:54.539191 dv-cinder-837543-6-smb neutron-server[104142]: DEBUG dbcounter [-] [104142] Writing DB stats neutron:SELECT=93,neutron:INSERT=4,neutron:UPDATE=3 {{(pid=104142) stat_writer /usr/local/lib/python3.8/dist-packages/dbcounter.py:114}}
Jul 18 16:37:54.579387 dv-cinder-837543-6-smb neutron-server[104142]: DEBUG neutron_lib.callbacks.manager [None req-035447f7-8bfd-45a9-af01-11927e969fb8 admin admin] Publish callbacks [] for subnet (d8d54921-b23b-46ce-8081-1b0e84b42ea5), precommit_delete_associations {{(pid=104142) _notify_loop /usr/local/lib/python3.8/dist-packages/neutron_lib/callbacks/manager.py:176}}
Jul 18 16:37:54.581363 dv-cinder-837543-6-smb neutron-server[104141]: DEBUG neutron.scheduler.dhcp_agent_scheduler [None req-98627bc0-dd0a-4397-ab08-9b7dbd0d4ee9 admin admin] Network 5035c9dc-0559-4c3c-889e-149fb113ebb4 is already hosted by enough agents. {{(pid=104141) _get_dhcp_agents_hosting_network /opt/stack/neutron/neutron/scheduler/dhcp_agent_scheduler.py:275}}
Jul 18 16:37:54.589673 dv-cinder-837543-6-smb neutron-server[104141]: DEBUG neutron.scheduler.base_scheduler [None req-98627bc0-dd0a-4397-ab08-9b7dbd0d4ee9 admin admin] Resources bound (agent type, host, resource id): {{(pid=104141) schedule /opt/stack/neutron/neutron/scheduler/base_scheduler.py:57}}
Jul 18 16:37:54.593693 dv-cinder-837543-6-smb neutron-server[104142]: DEBUG neutron_lib.callbacks.manager [None req-35a884c3-dbd1-4a45-9b92-ad29b5d483c0 admin admin] Publish callbacks [] for security_group (None), before_create {{(pid=104142) _notify_loop /usr/local/lib/python3.8/dist-packages/neutron_lib/callbacks/manager.py:176}}
Jul 18 16:37:54.595856 dv-cinder-837543-6-smb neutron-server[104143]: DEBUG neutron.scheduler.dhcp_agent_scheduler [None req-71b7c50a-0a8a-464c-a679-3457921075ad None None] Network 35d66e52-ae07-47a1-bbd1-a69ddaaf7aa0 is already hosted by enough agents. {{(pid=104143) _get_dhcp_agents_hosting_network /opt/stack/neutron/neutron/scheduler/dhcp_agent_scheduler.py:275}}
Jul 18 16:37:54.600491 dv-cinder-837543-6-smb neutron-server[104143]: DEBUG neutron.api.rpc.handlers.resources_rpc [None req-71b7c50a-0a8a-464c-a679-3457921075ad None None] Pushing event updated for resources: {'Port': ['ID=bed27d3b-d303-43d4-b81f-26d2a03669ea,revision_number=1']} {{(pid=104143) push /opt/stack/neutron/neutron/api/rpc/handlers/resources_rpc.py:237}}
Jul 18 16:37:54.601075 dv-cinder-837543-6-smb neutron-server[104141]: DEBUG neutron.db.l3_dvrscheduler_db [None req-98627bc0-dd0a-4397-ab08-9b7dbd0d4ee9 admin admin] Received port after_create {{(pid=104141) _notify_l3_agent_new_port /opt/stack/neutron/neutron/db/l3_dvrscheduler_db.py:542}}
Jul 18 16:37:54.609465 dv-cinder-837543-6-smb neutron-server[104142]: DEBUG neutron_lib.callbacks.manager [None req-035447f7-8bfd-45a9-af01-11927e969fb8 admin admin] Publish callbacks ['neutron.plugins.ml2.plugin.Ml2Plugin._subnet_delete_precommit_handler-777804'] for subnet (d8d54921-b23b-46ce-8081-1b0e84b42ea5), precommit_delete {{(pid=104142) _notify_loop /usr/local/lib/python3.8/dist-packages/neutron_lib/callbacks/manager.py:176}}
Jul 18 16:37:54.671274 dv-cinder-837543-6-smb neutron-server[104143]: DEBUG neutron.scheduler.base_scheduler [None req-71b7c50a-0a8a-464c-a679-3457921075ad None None] Resources bound (agent type, host, resource id): {{(pid=104143) schedule /opt/stack/neutron/neutron/scheduler/base_scheduler.py:57}}
Jul 18 16:37:54.674953 dv-cinder-837543-6-smb neutron-server[104143]: DEBUG neutron.db.l3_dvrscheduler_db [None req-71b7c50a-0a8a-464c-a679-3457921075ad None None] Received port after_create {{(pid=104143) _notify_l3_agent_new_port /opt/stack/neutron/neutron/db/l3_dvrscheduler_db.py:542}}
Jul 18 16:37:54.682096 dv-cinder-837543-6-smb neutron-server[104143]: DEBUG neutron.api.rpc.handlers.resources_rpc [None req-aaac530e-0580-4ae2-b8ee-797d110e3e19 None None] Pushing event updated for resources: {'Port': ['ID=26d08902-548b-404d-8d6e-ca38d6a21d09,revision_number=2']} {{(pid=104143) push /opt/stack/neutron/neutron/api/rpc/handlers/resources_rpc.py:237}}
Jul 18 16:37:54.718137 dv-cinder-837543-6-smb neutron-server[104141]: DEBUG neutron.api.rpc.handlers.resources_rpc [None req-98627bc0-dd0a-4397-ab08-9b7dbd0d4ee9 admin admin] Pushing event updated for resources: {'Port': ['ID=d1f6ffe5-f9e4-4a08-9fee-8b0e08fc7a37,revision_number=1']} {{(pid=104141) push /opt/stack/neutron/neutron/api/rpc/handlers/resources_rpc.py:237}}
Jul 18 16:37:54.728730 dv-cinder-837543-6-smb neutron-server[104141]: DEBUG neutron.db.db_base_plugin_common [None req-e83d5d56-2bdb-4056-b54c-0950bd66bde7 admin admin] Allocated IP 172.28.2.247 (5035c9dc-0559-4c3c-889e-149fb113ebb4/b91fc359-6f82-4ca8-aba4-269c91584393/c1c3b01c-d38a-4754-937f-88e8c7ea7e34) {{(pid=104141) _store_ip_allocation /opt/stack/neutron/neutron/db/db_base_plugin_common.py:131}}
Jul 18 16:37:54.744634 dv-cinder-837543-6-smb neutron-server[104142]: DEBUG dbcounter [-] [104142] Writing DB stats neutron:SELECT=92,neutron:INSERT=4,neutron:UPDATE=4 {{(pid=104142) stat_writer /usr/local/lib/python3.8/dist-packages/dbcounter.py:114}}
Jul 18 16:37:54.757153 dv-cinder-837543-6-smb neutron-server[104143]: DEBUG neutron_lib.callbacks.manager [None req-82d1dd3f-f7cf-4367-bb99-fd819a206f18 None None] Publish callbacks ['neutron.plugins.ml2.plugin.SecurityGroupServerNotifierRpcMixin._notify_sg_on_port_change-703211', 'neutron.plugins.ml2.ovo_rpc._ObjectChangeHandler.handle_event-254470', 'neutron.api.rpc.agentnotifiers.dhcp_rpc_agent_api.DhcpAgentNotifyAPI._native_event_send_dhcp_notification-2147039185', 'neutron.db.l3_dvrscheduler_db._notify_l3_agent_new_port-8737036908548'] for port (81970382-2f55-4287-99da-b73512957e63), after_create {{(pid=104143) _notify_loop /usr/local/lib/python3.8/dist-packages/neutron_lib/callbacks/manager.py:176}}
Jul 18 16:37:54.854830 dv-cinder-837543-6-smb neutron-server[104143]: DEBUG neutron.scheduler.dhcp_agent_scheduler [None req-82d1dd3f-f7cf-4367-bb99-fd819a206f18 None None] Network 14e7d0ba-32e9-41de-8a08-cdfdb4dfe0ac is already hosted by enough agents. {{(pid=104143) _get_dhcp_agents_hosting_network /opt/stack/neutron/neutron/scheduler/dhcp_agent_scheduler.py:275}}
Jul 18 16:37:54.857048 dv-cinder-837543-6-smb neutron-server[104143]: DEBUG neutron.api.rpc.handlers.dhcp_rpc [None req-f7ee9c1b-9821-4cc9-a020-008973066106 None None] Network f5f3b6f1-ac7f-443d-a499-b7af8bbbb8b8 requested from dv-cinder-837543-6-smb {{(pid=104143) get_network_info /opt/stack/neutron/neutron/api/rpc/handlers/dhcp_rpc.py:191}}
Jul 18 16:37:54.865174 dv-cinder-837543-6-smb neutron-server[104143]: DEBUG neutron.plugins.ml2.managers [None req-71b7c50a-0a8a-464c-a679-3457921075ad None None] Attempting to bind port bed27d3b-d303-43d4-b81f-26d2a03669ea on host dv-cinder-837543-6-smb for vnic_type normal with profile {{(pid=104143) bind_port /opt/stack/neutron/neutron/plugins/ml2/managers.py:810}}
Jul 18 16:37:54.865732 dv-cinder-837543-6-smb neutron-server[104143]: DEBUG neutron.plugins.ml2.managers [None req-71b7c50a-0a8a-464c-a679-3457921075ad None None] Attempting to bind port bed27d3b-d303-43d4-b81f-26d2a03669ea by drivers openvswitch,hyperv on host dv-cinder-837543-6-smb at level 0 using segments [{'id': '23425d34-6b6a-4493-819d-f09b4a4a0d38', 'network_type': 'vlan', 'physical_network': 'physnet1', 'segmentation_id': 883, 'network_id': '35d66e52-ae07-47a1-bbd1-a69ddaaf7aa0'}] {{(pid=104143) _bind_port_level /opt/stack/neutron/neutron/plugins/ml2/managers.py:835}}
Jul 18 16:37:54.866833 dv-cinder-837543-6-smb neutron-server[104143]: DEBUG neutron.plugins.ml2.drivers.mech_agent [None req-71b7c50a-0a8a-464c-a679-3457921075ad None None] Attempting to bind port bed27d3b-d303-43d4-b81f-26d2a03669ea on network 35d66e52-ae07-47a1-bbd1-a69ddaaf7aa0 {{(pid=104143) bind_port /opt/stack/neutron/neutron/plugins/ml2/drivers/mech_agent.py:91}}
Jul 18 16:37:54.873415 dv-cinder-837543-6-smb neutron-server[104143]: DEBUG neutron.api.rpc.handlers.resources_rpc [None req-82d1dd3f-f7cf-4367-bb99-fd819a206f18 None None] Pushing event updated for resources: {'Port': ['ID=81970382-2f55-4287-99da-b73512957e63,revision_number=1']} {{(pid=104143) push /opt/stack/neutron/neutron/api/rpc/handlers/resources_rpc.py:237}}
Jul 18 16:37:54.879171 dv-cinder-837543-6-smb neutron-server[104143]: DEBUG neutron.scheduler.base_scheduler [None req-82d1dd3f-f7cf-4367-bb99-fd819a206f18 None None] Resources bound (agent type, host, resource id): {{(pid=104143) schedule /opt/stack/neutron/neutron/scheduler/base_scheduler.py:57}}
Jul 18 16:37:54.881514 dv-cinder-837543-6-smb neutron-server[104143]: DEBUG neutron.db.l3_dvrscheduler_db [None req-82d1dd3f-f7cf-4367-bb99-fd819a206f18 None None] Received port after_create {{(pid=104143) _notify_l3_agent_new_port /opt/stack/neutron/neutron/db/l3_dvrscheduler_db.py:542}}
Jul 18 16:37:54.921770 dv-cinder-837543-6-smb neutron-server[104143]: DEBUG neutron.plugins.ml2.drivers.mech_agent [None req-71b7c50a-0a8a-464c-a679-3457921075ad None None] Checking agent: {'id': 'b2bdfbfa-97c8-4e19-b82c-3532c7ef8a65', 'agent_type': 'Open vSwitch agent', 'binary': 'neutron-openvswitch-agent', 'topic': 'N/A', 'host': 'dv-cinder-837543-6-smb', 'admin_state_up': True, 'created_at': datetime.datetime(2022, 7, 18, 16, 29, 17), 'started_at': datetime.datetime(2022, 7, 18, 16, 29, 47), 'heartbeat_timestamp': datetime.datetime(2022, 7, 18, 16, 37, 47), 'description': None, 'resources_synced': None, 'availability_zone': None, 'alive': True, 'configurations': {'arp_responder_enabled': False, 'baremetal_smartnic': False, 'bridge_mappings': {'physnet1': 'br-data'}, 'datapath_type': 'system', 'devices': 0, 'enable_distributed_routing': False, 'extensions': [], 'in_distributed_mode': False, 'integration_bridge': 'br-int', 'l2_population': False, 'log_agent_heartbeats': False, 'ovs_capabilities': {'datapath_types': ['netdev', 'system'], 'iface_types': ['erspan', 'geneve', 'gre', 'internal', 'ip6erspan', 'ip6gre', 'lisp', 'patch', 'stt', 'system', 'tap', 'vxlan']}, 'ovs_hybrid_plug': False, 'resource_provider_bandwidths': {}, 'resource_provider_hypervisors': {'br-data': 'dv-cinder-837543-6-smb'}, 'resource_provider_inventory_defaults': {'allocation_ratio': 1.0, 'min_unit': 1, 'step_size': 1, 'reserved': 0}, 'resource_provider_packet_processing_inventory_defaults': {'allocation_ratio': 1.0, 'min_unit': 1, 'step_size': 1, 'reserved': 0}, 'resource_provider_packet_processing_with_direction': {}, 'resource_provider_packet_processing_without_direction': {}, 'tunnel_types': [], 'tunneling_ip': None, 'vhostuser_socket_dir': '/var/run/openvswitch'}, 'resource_versions': {'AddressGroup': '1.2', 'Agent': '1.1', 'ConntrackHelper': '1.0', 'LocalIPAssociation': '1.0', 'Log': '1.0', 'NDPProxy': '1.0', 'Network': '1.1', 'Port': '1.7', 'PortForwarding': '1.3', 'QosPolicy': '1.10', 'SecurityGroup': '1.5', 'SecurityGroupRule': '1.2', 'SubPort': '1.0', 'Subnet': '1.1', 'Trunk': '1.1'}} {{(pid=104143) bind_port /opt/stack/neutron/neutron/plugins/ml2/drivers/mech_agent.py:110}}
Jul 18 16:37:54.922321 dv-cinder-837543-6-smb neutron-server[104143]: DEBUG neutron.plugins.ml2.drivers.mech_agent [None req-71b7c50a-0a8a-464c-a679-3457921075ad None None] Checking segment: {'id': '23425d34-6b6a-4493-819d-f09b4a4a0d38', 'network_type': 'vlan', 'physical_network': 'physnet1', 'segmentation_id': 883, 'network_id': '35d66e52-ae07-47a1-bbd1-a69ddaaf7aa0'} for mappings: {'physnet1': 'br-data'} with network types: ['local', 'flat', 'vlan'] {{(pid=104143) check_segment_for_agent /opt/stack/neutron/neutron/plugins/ml2/drivers/mech_agent.py:373}}
Jul 18 16:37:54.923057 dv-cinder-837543-6-smb neutron-server[104143]: DEBUG neutron_lib.callbacks.manager [None req-71b7c50a-0a8a-464c-a679-3457921075ad None None] Publish callbacks [] for ovs_bridge_name (None), before_read {{(pid=104143) _notify_loop /usr/local/lib/python3.8/dist-packages/neutron_lib/callbacks/manager.py:176}}
Jul 18 16:37:54.923672 dv-cinder-837543-6-smb neutron-server[104143]: DEBUG neutron.plugins.ml2.drivers.mech_agent [None req-71b7c50a-0a8a-464c-a679-3457921075ad None None] Bound using segment: {'id': '23425d34-6b6a-4493-819d-f09b4a4a0d38', 'network_type': 'vlan', 'physical_network': 'physnet1', 'segmentation_id': 883, 'network_id': '35d66e52-ae07-47a1-bbd1-a69ddaaf7aa0'} {{(pid=104143) bind_port /opt/stack/neutron/neutron/plugins/ml2/drivers/mech_agent.py:120}}
Jul 18 16:37:54.926417 dv-cinder-837543-6-smb neutron-server[104143]: DEBUG neutron.plugins.ml2.managers [None req-71b7c50a-0a8a-464c-a679-3457921075ad None None] Bound port: bed27d3b-d303-43d4-b81f-26d2a03669ea, host: dv-cinder-837543-6-smb, vif_type: ovs, vif_details: {"connectivity": "l2", "port_filter": true, "ovs_hybrid_plug": false, "datapath_type": "system", "bridge_name": "br-int"}, binding_levels: [{'bound_driver': 'openvswitch', 'bound_segment': {'id': '23425d34-6b6a-4493-819d-f09b4a4a0d38', 'network_type': 'vlan', 'physical_network': 'physnet1', 'segmentation_id': 883, 'network_id': '35d66e52-ae07-47a1-bbd1-a69ddaaf7aa0'}}] {{(pid=104143) _bind_port_level /opt/stack/neutron/neutron/plugins/ml2/managers.py:947}}
Jul 18 16:37:54.927031 dv-cinder-837543-6-smb neutron-server[104143]: DEBUG neutron_lib.callbacks.manager [None req-71b7c50a-0a8a-464c-a679-3457921075ad None None] Publish callbacks ['neutron.plugins.ml2.plugin.SecurityGroupDbMixin._ensure_default_security_group_handler-703528'] for port (bed27d3b-d303-43d4-b81f-26d2a03669ea), before_update {{(pid=104143) _notify_loop /usr/local/lib/python3.8/dist-packages/neutron_lib/callbacks/manager.py:176}}
Jul 18 16:37:54.969560 dv-cinder-837543-6-smb neutron-server[104143]: DEBUG neutron.db.provisioning_blocks [None req-816b2b3a-30dc-4937-8ac1-cff2d81bd756 None None] Provisioning complete for port 16baeab8-87d0-48a9-94ae-66e3a0f4f96c triggered by entity DHCP. {{(pid=104143) provisioning_complete /opt/stack/neutron/neutron/db/provisioning_blocks.py:145}}
Jul 18 16:37:54.970622 dv-cinder-837543-6-smb neutron-server[104143]: DEBUG neutron_lib.callbacks.manager [None req-816b2b3a-30dc-4937-8ac1-cff2d81bd756 None None] Publish callbacks ['neutron.plugins.ml2.plugin.Ml2Plugin._port_provisioned-775208'] for port (16baeab8-87d0-48a9-94ae-66e3a0f4f96c), provisioning_complete {{(pid=104143) _notify_loop /usr/local/lib/python3.8/dist-packages/neutron_lib/callbacks/manager.py:176}}
Jul 18 16:37:54.970735 dv-cinder-837543-6-smb neutron-server[104141]: DEBUG dbcounter [-] [104141] Writing DB stats neutron:SELECT=91,neutron:UPDATE=4,neutron:INSERT=5 {{(pid=104141) stat_writer /usr/local/lib/python3.8/dist-packages/dbcounter.py:114}}
Jul 18 16:37:55.036640 dv-cinder-837543-6-smb neutron-server[104141]: DEBUG neutron_lib.callbacks.manager [None req-e83d5d56-2bdb-4056-b54c-0950bd66bde7 admin admin] Publish callbacks [] for port (c1c3b01c-d38a-4754-937f-88e8c7ea7e34), precommit_create {{(pid=104141) _notify_loop /usr/local/lib/python3.8/dist-packages/neutron_lib/callbacks/manager.py:176}}
Jul 18 16:37:55.043066 dv-cinder-837543-6-smb neutron-server[104142]: DEBUG neutron_lib.callbacks.manager [None req-035447f7-8bfd-45a9-af01-11927e969fb8 admin admin] Publish callbacks ['neutron.plugins.ml2.plugin.Ml2Plugin._subnet_delete_after_delete_handler-777819', 'neutron.plugins.ml2.ovo_rpc._ObjectChangeHandler.handle_event-2146993169', 'neutron.api.rpc.agentnotifiers.dhcp_rpc_agent_api.DhcpAgentNotifyAPI._native_event_send_dhcp_notification-2147039185'] for subnet (d8d54921-b23b-46ce-8081-1b0e84b42ea5), after_delete {{(pid=104142) _notify_loop /usr/local/lib/python3.8/dist-packages/neutron_lib/callbacks/manager.py:176}}
Jul 18 16:37:55.080197 dv-cinder-837543-6-smb neutron-server[104141]: DEBUG neutron_lib.callbacks.manager [None req-98627bc0-dd0a-4397-ab08-9b7dbd0d4ee9 admin admin] Publish callbacks [] for router_gateway (73c9708d-e4b9-4e19-bb33-83f53d8965f7), after_create {{(pid=104141) _notify_loop /usr/local/lib/python3.8/dist-packages/neutron_lib/callbacks/manager.py:176}}
Jul 18 16:37:55.082714 dv-cinder-837543-6-smb neutron-server[104143]: DEBUG neutron.plugins.ml2.db [None req-71b7c50a-0a8a-464c-a679-3457921075ad None None] For port bed27d3b-d303-43d4-b81f-26d2a03669ea, host dv-cinder-837543-6-smb, cleared binding levels {{(pid=104143) clear_binding_levels /opt/stack/neutron/neutron/plugins/ml2/db.py:87}}
Jul 18 16:37:55.086391 dv-cinder-837543-6-smb neutron-server[104143]: DEBUG neutron.plugins.ml2.db [None req-71b7c50a-0a8a-464c-a679-3457921075ad None None] For port bed27d3b-d303-43d4-b81f-26d2a03669ea, host dv-cinder-837543-6-smb, set binding levels [PortBindingLevel(driver='openvswitch',host='dv-cinder-837543-6-smb',level=0,port_id=bed27d3b-d303-43d4-b81f-26d2a03669ea,segment=NetworkSegment(23425d34-6b6a-4493-819d-f09b4a4a0d38),segment_id=23425d34-6b6a-4493-819d-f09b4a4a0d38)] {{(pid=104143) set_binding_levels /opt/stack/neutron/neutron/plugins/ml2/db.py:59}}
Jul 18 16:37:55.113373 dv-cinder-837543-6-smb neutron-server[104142]: DEBUG neutron_lib.callbacks.manager [None req-04d8287f-fd49-4787-958c-48d5e6fe83c3 admin admin] Publish callbacks [] for router_gateway (a68c40f9-0279-4595-9ef6-bcb5fadd0a99), after_create {{(pid=104142) _notify_loop /usr/local/lib/python3.8/dist-packages/neutron_lib/callbacks/manager.py:176}}
Jul 18 16:37:55.115967 dv-cinder-837543-6-smb neutron-server[104143]: DEBUG neutron.plugins.ml2.rpc [None req-6669a313-efbf-423b-97f3-b25a361327b9 None None] Device 16baeab8-87d0-48a9-94ae-66e3a0f4f96c up at agent ovs-agent-dv-cinder-837543-6-smb {{(pid=104143) update_device_up /opt/stack/neutron/neutron/plugins/ml2/rpc.py:296}}
Jul 18 16:37:55.120666 dv-cinder-837543-6-smb neutron-server[104142]: DEBUG neutron_lib.callbacks.manager [None req-035447f7-8bfd-45a9-af01-11927e969fb8 admin admin] Publish callbacks [] for subnet (None), before_response {{(pid=104142) _notify_loop /usr/local/lib/python3.8/dist-packages/neutron_lib/callbacks/manager.py:176}}
Jul 18 16:37:55.124549 dv-cinder-837543-6-smb neutron-server[104142]: INFO neutron.wsgi [None req-035447f7-8bfd-45a9-af01-11927e969fb8 admin admin] 10.222.0.83 "DELETE /v2.0/subnets/d8d54921-b23b-46ce-8081-1b0e84b42ea5 HTTP/1.1" status: 204 len: 168 time: 1.0689349
Jul 18 16:37:55.132190 dv-cinder-837543-6-smb neutron-server[104141]: DEBUG neutron.wsgi [-] (104141) accepted ('10.222.0.83', 55404) {{(pid=104141) server /usr/local/lib/python3.8/dist-packages/eventlet/wsgi.py:1004}}
Jul 18 16:37:55.152212 dv-cinder-837543-6-smb neutron-server[104143]: DEBUG neutron_lib.callbacks.manager [None req-71b7c50a-0a8a-464c-a679-3457921075ad None None] Publish callbacks ['neutron.plugins.ml2.plugin.SecurityGroupServerNotifierRpcMixin._notify_sg_on_port_change-703211', 'neutron.plugins.ml2.ovo_rpc._ObjectChangeHandler.handle_event-254470', 'neutron.api.rpc.agentnotifiers.dhcp_rpc_agent_api.DhcpAgentNotifyAPI._native_event_send_dhcp_notification-2147039185', 'neutron.db.l3_db.L3RpcNotifierMixin._notify_gateway_port_ip_changed-8737037271260', 'neutron.db.l3_dvrscheduler_db._notify_l3_agent_port_update-8737036908566', 'neutron.db.l3_hascheduler_db._notify_l3_agent_ha_port_update-8737036908584'] for port (bed27d3b-d303-43d4-b81f-26d2a03669ea), after_update {{(pid=104143) _notify_loop /usr/local/lib/python3.8/dist-packages/neutron_lib/callbacks/manager.py:176}}
Jul 18 16:37:55.156836 dv-cinder-837543-6-smb neutron-server[104141]: DEBUG dbcounter [-] [104141] Writing DB stats neutron:SELECT=86,neutron:UPDATE=7,neutron:DELETE=2,neutron:INSERT=5 {{(pid=104141) stat_writer /usr/local/lib/python3.8/dist-packages/dbcounter.py:114}}
Jul 18 16:37:55.176959 dv-cinder-837543-6-smb neutron-server[104141]: DEBUG neutron_lib.callbacks.manager [None req-e83d5d56-2bdb-4056-b54c-0950bd66bde7 admin admin] Publish callbacks ['neutron.plugins.ml2.plugin.SecurityGroupServerNotifierRpcMixin._notify_sg_on_port_change-703211', 'neutron.plugins.ml2.ovo_rpc._ObjectChangeHandler.handle_event-254470', 'neutron.api.rpc.agentnotifiers.dhcp_rpc_agent_api.DhcpAgentNotifyAPI._native_event_send_dhcp_notification-2147039185', 'neutron.db.l3_dvrscheduler_db._notify_l3_agent_new_port-8737036908548'] for port (c1c3b01c-d38a-4754-937f-88e8c7ea7e34), after_create {{(pid=104141) _notify_loop /usr/local/lib/python3.8/dist-packages/neutron_lib/callbacks/manager.py:176}}
Jul 18 16:37:55.186534 dv-cinder-837543-6-smb neutron-server[104142]: DEBUG neutron_lib.callbacks.manager [None req-3aaaa91f-496c-4271-8740-e062d09a3105 admin admin] Publish callbacks ['neutron.services.l3_router.l3_router_plugin.L3_HA_NAT_db_mixin._after_router_create-2147122253', 'neutron.services.l3_router.l3_router_plugin.DVRResourceOperationHandler._create_snat_interfaces_after_change-2147096317'] for router (95352ffc-dc41-400e-9c6a-0e5466abf521), after_create {{(pid=104142) _notify_loop /usr/local/lib/python3.8/dist-packages/neutron_lib/callbacks/manager.py:176}}
Jul 18 16:37:55.197327 dv-cinder-837543-6-smb neutron-server[104142]: DEBUG neutron.api.rpc.handlers.resources_rpc [None req-035447f7-8bfd-45a9-af01-11927e969fb8 admin admin] Pushing event deleted for resources: {'Subnet': ['ID=d8d54921-b23b-46ce-8081-1b0e84b42ea5,revision_number=None']} {{(pid=104142) push /opt/stack/neutron/neutron/api/rpc/handlers/resources_rpc.py:237}}
Jul 18 16:37:55.262535 dv-cinder-837543-6-smb neutron-server[104143]: DEBUG dbcounter [-] [104143] Writing DB stats neutron:SELECT=92,neutron:INSERT=2,neutron:UPDATE=6 {{(pid=104143) stat_writer /usr/local/lib/python3.8/dist-packages/dbcounter.py:114}}
Jul 18 16:37:55.271900 dv-cinder-837543-6-smb neutron-server[104142]: DEBUG neutron_lib.callbacks.manager [None req-35a884c3-dbd1-4a45-9b92-ad29b5d483c0 admin admin] Publish callbacks [] for security_group (72c53dfe-a1a1-4e2c-b0f6-fe5b457b3671), precommit_create {{(pid=104142) _notify_loop /usr/local/lib/python3.8/dist-packages/neutron_lib/callbacks/manager.py:176}}
Jul 18 16:37:55.312393 dv-cinder-837543-6-smb neutron-server[104142]: DEBUG neutron_lib.callbacks.manager [None req-35a884c3-dbd1-4a45-9b92-ad29b5d483c0 admin admin] Publish callbacks ['neutron.plugins.ml2.ovo_rpc._ObjectChangeHandler.handle_event-2147000244'] for security_group (72c53dfe-a1a1-4e2c-b0f6-fe5b457b3671), after_create {{(pid=104142) _notify_loop /usr/local/lib/python3.8/dist-packages/neutron_lib/callbacks/manager.py:176}}
Jul 18 16:37:55.330670 dv-cinder-837543-6-smb neutron-server[104143]: DEBUG neutron.plugins.ml2.managers [None req-82d1dd3f-f7cf-4367-bb99-fd819a206f18 None None] Attempting to bind port 81970382-2f55-4287-99da-b73512957e63 on host dv-cinder-837543-6-smb for vnic_type normal with profile {{(pid=104143) bind_port /opt/stack/neutron/neutron/plugins/ml2/managers.py:810}}
Jul 18 16:37:55.331041 dv-cinder-837543-6-smb neutron-server[104143]: DEBUG neutron.plugins.ml2.managers [None req-82d1dd3f-f7cf-4367-bb99-fd819a206f18 None None] Attempting to bind port 81970382-2f55-4287-99da-b73512957e63 by drivers openvswitch,hyperv on host dv-cinder-837543-6-smb at level 0 using segments [{'id': '54e7efb8-65a5-454e-b73a-11a6d605c66b', 'network_type': 'vlan', 'physical_network': 'physnet1', 'segmentation_id': 860, 'network_id': '14e7d0ba-32e9-41de-8a08-cdfdb4dfe0ac'}] {{(pid=104143) _bind_port_level /opt/stack/neutron/neutron/plugins/ml2/managers.py:835}}
Jul 18 16:37:55.331459 dv-cinder-837543-6-smb neutron-server[104143]: DEBUG neutron.plugins.ml2.drivers.mech_agent [None req-82d1dd3f-f7cf-4367-bb99-fd819a206f18 None None] Attempting to bind port 81970382-2f55-4287-99da-b73512957e63 on network 14e7d0ba-32e9-41de-8a08-cdfdb4dfe0ac {{(pid=104143) bind_port /opt/stack/neutron/neutron/plugins/ml2/drivers/mech_agent.py:91}}
Jul 18 16:37:55.336177 dv-cinder-837543-6-smb neutron-server[104141]: DEBUG neutron.scheduler.dhcp_agent_scheduler [None req-e83d5d56-2bdb-4056-b54c-0950bd66bde7 admin admin] Network 5035c9dc-0559-4c3c-889e-149fb113ebb4 is already hosted by enough agents. {{(pid=104141) _get_dhcp_agents_hosting_network /opt/stack/neutron/neutron/scheduler/dhcp_agent_scheduler.py:275}}
Jul 18 16:37:55.340370 dv-cinder-837543-6-smb neutron-server[104143]: DEBUG neutron.plugins.ml2.plugin [None req-816b2b3a-30dc-4937-8ac1-cff2d81bd756 None None] Current status of the port 16baeab8-87d0-48a9-94ae-66e3a0f4f96c is: DOWN; New status is: ACTIVE {{(pid=104143) _update_individual_port_db_status /opt/stack/neutron/neutron/plugins/ml2/plugin.py:2292}}
Jul 18 16:37:55.340945 dv-cinder-837543-6-smb neutron-server[104143]: DEBUG neutron_lib.callbacks.manager [None req-816b2b3a-30dc-4937-8ac1-cff2d81bd756 None None] Publish callbacks ['neutron.plugins.ml2.plugin.SecurityGroupDbMixin._ensure_default_security_group_handler-703528'] for port (16baeab8-87d0-48a9-94ae-66e3a0f4f96c), before_update {{(pid=104143) _notify_loop /usr/local/lib/python3.8/dist-packages/neutron_lib/callbacks/manager.py:176}}
Jul 18 16:37:55.342936 dv-cinder-837543-6-smb neutron-server[104143]: DEBUG dbcounter [-] [104143] Writing DB stats neutron:SELECT=97,neutron:UPDATE=2,neutron:INSERT=1 {{(pid=104143) stat_writer /usr/local/lib/python3.8/dist-packages/dbcounter.py:114}}
Jul 18 16:37:55.389896 dv-cinder-837543-6-smb neutron-server[104143]: DEBUG neutron.plugins.ml2.drivers.mech_agent [None req-82d1dd3f-f7cf-4367-bb99-fd819a206f18 None None] Checking agent: {'id': 'b2bdfbfa-97c8-4e19-b82c-3532c7ef8a65', 'agent_type': 'Open vSwitch agent', 'binary': 'neutron-openvswitch-agent', 'topic': 'N/A', 'host': 'dv-cinder-837543-6-smb', 'admin_state_up': True, 'created_at': datetime.datetime(2022, 7, 18, 16, 29, 17), 'started_at': datetime.datetime(2022, 7, 18, 16, 29, 47), 'heartbeat_timestamp': datetime.datetime(2022, 7, 18, 16, 37, 47), 'description': None, 'resources_synced': None, 'availability_zone': None, 'alive': True, 'configurations': {'arp_responder_enabled': False, 'baremetal_smartnic': False, 'bridge_mappings': {'physnet1': 'br-data'}, 'datapath_type': 'system', 'devices': 0, 'enable_distributed_routing': False, 'extensions': [], 'in_distributed_mode': False, 'integration_bridge': 'br-int', 'l2_population': False, 'log_agent_heartbeats': False, 'ovs_capabilities': {'datapath_types': ['netdev', 'system'], 'iface_types': ['erspan', 'geneve', 'gre', 'internal', 'ip6erspan', 'ip6gre', 'lisp', 'patch', 'stt', 'system', 'tap', 'vxlan']}, 'ovs_hybrid_plug': False, 'resource_provider_bandwidths': {}, 'resource_provider_hypervisors': {'br-data': 'dv-cinder-837543-6-smb'}, 'resource_provider_inventory_defaults': {'allocation_ratio': 1.0, 'min_unit': 1, 'step_size': 1, 'reserved': 0}, 'resource_provider_packet_processing_inventory_defaults': {'allocation_ratio': 1.0, 'min_unit': 1, 'step_size': 1, 'reserved': 0}, 'resource_provider_packet_processing_with_direction': {}, 'resource_provider_packet_processing_without_direction': {}, 'tunnel_types': [], 'tunneling_ip': None, 'vhostuser_socket_dir': '/var/run/openvswitch'}, 'resource_versions': {'AddressGroup': '1.2', 'Agent': '1.1', 'ConntrackHelper': '1.0', 'LocalIPAssociation': '1.0', 'Log': '1.0', 'NDPProxy': '1.0', 'Network': '1.1', 'Port': '1.7', 'PortForwarding': '1.3', 'QosPolicy': '1.10', 'SecurityGroup': '1.5', 'SecurityGroupRule': '1.2', 'SubPort': '1.0', 'Subnet': '1.1', 'Trunk': '1.1'}} {{(pid=104143) bind_port /opt/stack/neutron/neutron/plugins/ml2/drivers/mech_agent.py:110}}
Jul 18 16:37:55.390271 dv-cinder-837543-6-smb neutron-server[104143]: DEBUG neutron.plugins.ml2.drivers.mech_agent [None req-82d1dd3f-f7cf-4367-bb99-fd819a206f18 None None] Checking segment: {'id': '54e7efb8-65a5-454e-b73a-11a6d605c66b', 'network_type': 'vlan', 'physical_network': 'physnet1', 'segmentation_id': 860, 'network_id': '14e7d0ba-32e9-41de-8a08-cdfdb4dfe0ac'} for mappings: {'physnet1': 'br-data'} with network types: ['local', 'flat', 'vlan'] {{(pid=104143) check_segment_for_agent /opt/stack/neutron/neutron/plugins/ml2/drivers/mech_agent.py:373}}
Jul 18 16:37:55.390693 dv-cinder-837543-6-smb neutron-server[104143]: DEBUG neutron_lib.callbacks.manager [None req-82d1dd3f-f7cf-4367-bb99-fd819a206f18 None None] Publish callbacks [] for ovs_bridge_name (None), before_read {{(pid=104143) _notify_loop /usr/local/lib/python3.8/dist-packages/neutron_lib/callbacks/manager.py:176}}
Jul 18 16:37:55.391065 dv-cinder-837543-6-smb neutron-server[104143]: DEBUG neutron.plugins.ml2.drivers.mech_agent [None req-82d1dd3f-f7cf-4367-bb99-fd819a206f18 None None] Bound using segment: {'id': '54e7efb8-65a5-454e-b73a-11a6d605c66b', 'network_type': 'vlan', 'physical_network': 'physnet1', 'segmentation_id': 860, 'network_id': '14e7d0ba-32e9-41de-8a08-cdfdb4dfe0ac'} {{(pid=104143) bind_port /opt/stack/neutron/neutron/plugins/ml2/drivers/mech_agent.py:120}}
Jul 18 16:37:55.391548 dv-cinder-837543-6-smb neutron-server[104143]: DEBUG neutron.plugins.ml2.managers [None req-82d1dd3f-f7cf-4367-bb99-fd819a206f18 None None] Bound port: 81970382-2f55-4287-99da-b73512957e63, host: dv-cinder-837543-6-smb, vif_type: ovs, vif_details: {"connectivity": "l2", "port_filter": true, "ovs_hybrid_plug": false, "datapath_type": "system", "bridge_name": "br-int"}, binding_levels: [{'bound_driver': 'openvswitch', 'bound_segment': {'id': '54e7efb8-65a5-454e-b73a-11a6d605c66b', 'network_type': 'vlan', 'physical_network': 'physnet1', 'segmentation_id': 860, 'network_id': '14e7d0ba-32e9-41de-8a08-cdfdb4dfe0ac'}}] {{(pid=104143) _bind_port_level /opt/stack/neutron/neutron/plugins/ml2/managers.py:947}}
Jul 18 16:37:55.391914 dv-cinder-837543-6-smb neutron-server[104143]: DEBUG neutron_lib.callbacks.manager [None req-82d1dd3f-f7cf-4367-bb99-fd819a206f18 None None] Publish callbacks ['neutron.plugins.ml2.plugin.SecurityGroupDbMixin._ensure_default_security_group_handler-703528'] for port (81970382-2f55-4287-99da-b73512957e63), before_update {{(pid=104143) _notify_loop /usr/local/lib/python3.8/dist-packages/neutron_lib/callbacks/manager.py:176}}
Jul 18 16:37:55.407521 dv-cinder-837543-6-smb neutron-server[104142]: DEBUG dbcounter [-] [104142] Writing DB stats neutron:SELECT=81,neutron:UPDATE=4,neutron:INSERT=10,neutron:DELETE=5 {{(pid=104142) stat_writer /usr/local/lib/python3.8/dist-packages/dbcounter.py:114}}
Jul 18 16:37:55.435275 dv-cinder-837543-6-smb neutron-server[104142]: INFO neutron.wsgi [None req-35a884c3-dbd1-4a45-9b92-ad29b5d483c0 admin admin] 10.222.0.83 "GET /v2.0/security-groups?tenant_id=162f0e763b474438a2d974519ad8841d&name=default HTTP/1.1" status: 200 len: 2992 time: 1.3748486
Jul 18 16:37:55.441542 dv-cinder-837543-6-smb neutron-server[104142]: DEBUG neutron.wsgi [-] (104142) accepted ('10.222.0.83', 55414) {{(pid=104142) server /usr/local/lib/python3.8/dist-packages/eventlet/wsgi.py:1004}}
Jul 18 16:37:55.457874 dv-cinder-837543-6-smb neutron-server[104142]: DEBUG neutron.api.rpc.handlers.resources_rpc [None req-35a884c3-dbd1-4a45-9b92-ad29b5d483c0 admin admin] Pushing event updated for resources: {'SecurityGroup': ['ID=72c53dfe-a1a1-4e2c-b0f6-fe5b457b3671,revision_number=1']} {{(pid=104142) push /opt/stack/neutron/neutron/api/rpc/handlers/resources_rpc.py:237}}
Jul 18 16:37:55.458793 dv-cinder-837543-6-smb neutron-server[104141]: DEBUG neutron.scheduler.base_scheduler [None req-e83d5d56-2bdb-4056-b54c-0950bd66bde7 admin admin] Resources bound (agent type, host, resource id): {{(pid=104141) schedule /opt/stack/neutron/neutron/scheduler/base_scheduler.py:57}}
Jul 18 16:37:55.476830 dv-cinder-837543-6-smb neutron-server[104141]: DEBUG neutron.db.l3_dvrscheduler_db [None req-e83d5d56-2bdb-4056-b54c-0950bd66bde7 admin admin] Received port after_create {{(pid=104141) _notify_l3_agent_new_port /opt/stack/neutron/neutron/db/l3_dvrscheduler_db.py:542}}
Jul 18 16:37:55.481675 dv-cinder-837543-6-smb neutron-server[104143]: DEBUG neutron.api.rpc.handlers.resources_rpc [None req-71b7c50a-0a8a-464c-a679-3457921075ad None None] Pushing event updated for resources: {'Port': ['ID=bed27d3b-d303-43d4-b81f-26d2a03669ea,revision_number=2']} {{(pid=104143) push /opt/stack/neutron/neutron/api/rpc/handlers/resources_rpc.py:237}}
Jul 18 16:37:55.548614 dv-cinder-837543-6-smb neutron-server[104143]: DEBUG neutron.db.provisioning_blocks [None req-6669a313-efbf-423b-97f3-b25a361327b9 None None] Provisioning complete for port 16baeab8-87d0-48a9-94ae-66e3a0f4f96c triggered by entity L2. {{(pid=104143) provisioning_complete /opt/stack/neutron/neutron/db/provisioning_blocks.py:145}}
Jul 18 16:37:55.549195 dv-cinder-837543-6-smb neutron-server[104143]: DEBUG neutron_lib.callbacks.manager [None req-6669a313-efbf-423b-97f3-b25a361327b9 None None] Publish callbacks ['neutron.plugins.ml2.plugin.Ml2Plugin._port_provisioned-775208'] for port (16baeab8-87d0-48a9-94ae-66e3a0f4f96c), provisioning_complete {{(pid=104143) _notify_loop /usr/local/lib/python3.8/dist-packages/neutron_lib/callbacks/manager.py:176}}
Jul 18 16:37:55.615302 dv-cinder-837543-6-smb neutron-server[104143]: DEBUG neutron.plugins.ml2.db [None req-816b2b3a-30dc-4937-8ac1-cff2d81bd756 None None] For port 16baeab8-87d0-48a9-94ae-66e3a0f4f96c, host dv-cinder-837543-6-smb, got binding levels [PortBindingLevel(driver='openvswitch',host='dv-cinder-837543-6-smb',level=0,port_id=16baeab8-87d0-48a9-94ae-66e3a0f4f96c,segment=NetworkSegment(5e962a62-e79e-428e-aacf-628d2de16fda),segment_id=5e962a62-e79e-428e-aacf-628d2de16fda)] {{(pid=104143) get_binding_level_objs /opt/stack/neutron/neutron/plugins/ml2/db.py:74}}
Jul 18 16:37:55.633101 dv-cinder-837543-6-smb neutron-server[104143]: DEBUG neutron_lib.callbacks.manager [None req-816b2b3a-30dc-4937-8ac1-cff2d81bd756 None None] Publish callbacks ['neutron.plugins.ml2.plugin.SecurityGroupServerNotifierRpcMixin._notify_sg_on_port_change-703211', 'neutron.plugins.ml2.ovo_rpc._ObjectChangeHandler.handle_event-254470', 'neutron.api.rpc.agentnotifiers.dhcp_rpc_agent_api.DhcpAgentNotifyAPI._native_event_send_dhcp_notification-2147039185', 'neutron.db.l3_db.L3RpcNotifierMixin._notify_gateway_port_ip_changed-8737037271260', 'neutron.db.l3_dvrscheduler_db._notify_l3_agent_port_update-8737036908566', 'neutron.db.l3_hascheduler_db._notify_l3_agent_ha_port_update-8737036908584'] for port (16baeab8-87d0-48a9-94ae-66e3a0f4f96c), after_update {{(pid=104143) _notify_loop /usr/local/lib/python3.8/dist-packages/neutron_lib/callbacks/manager.py:176}}
