Jun 17 12:43:34.400732 dv-cinder-837543-5-iscsi devstack@keystone.service[80158]: DEBUG keystone.server.flask.request_processing.middleware.auth_context [None req-6316dd90-4d19-466c-92c9-c14e255334f8 None admin] RBAC: auth_context: {'token': , 'domain_id': None, 'trust_id': None, 'trustor_id': None, 'trustee_id': None, 'domain_name': None, 'group_ids': [], 'user_id': '037e9f95a2ad44f08247184b10274c13', 'user_domain_id': 'default', 'system_scope': 'all', 'project_id': None, 'project_domain_id': None, 'roles': ['admin', 'member', 'reader'], 'is_admin_project': True, 'service_user_id': None, 'service_user_domain_id': None, 'service_project_id': None, 'service_project_domain_id': None, 'service_roles': []} {{(pid=80158) fill_context /opt/stack/keystone/keystone/server/flask/request_processing/middleware/auth_context.py:478}}
Jun 17 12:43:34.401156 dv-cinder-837543-5-iscsi devstack@keystone.service[80157]: DEBUG keystone.server.flask.request_processing.req_logging [None req-ab15d312-b9d7-408e-9a01-ec3434f9477b None admin] SCRIPT_NAME: `/identity` {{(pid=80157) log_request_info /opt/stack/keystone/keystone/server/flask/request_processing/req_logging.py:28}}
Jun 17 12:43:34.401649 dv-cinder-837543-5-iscsi devstack@keystone.service[80158]: DEBUG keystone.server.flask.request_processing.req_logging [None req-6316dd90-4d19-466c-92c9-c14e255334f8 None admin] REQUEST_METHOD: `GET` {{(pid=80158) log_request_info /opt/stack/keystone/keystone/server/flask/request_processing/req_logging.py:27}}
Jun 17 12:43:34.401858 dv-cinder-837543-5-iscsi devstack@keystone.service[80157]: DEBUG keystone.server.flask.request_processing.req_logging [None req-ab15d312-b9d7-408e-9a01-ec3434f9477b None admin] PATH_INFO: `/v3/roles` {{(pid=80157) log_request_info /opt/stack/keystone/keystone/server/flask/request_processing/req_logging.py:29}}
Jun 17 12:43:34.401952 dv-cinder-837543-5-iscsi devstack@keystone.service[80158]: DEBUG keystone.server.flask.request_processing.req_logging [None req-6316dd90-4d19-466c-92c9-c14e255334f8 None admin] SCRIPT_NAME: `/identity` {{(pid=80158) log_request_info /opt/stack/keystone/keystone/server/flask/request_processing/req_logging.py:28}}
Jun 17 12:43:34.402301 dv-cinder-837543-5-iscsi devstack@keystone.service[80158]: DEBUG keystone.server.flask.request_processing.req_logging [None req-6316dd90-4d19-466c-92c9-c14e255334f8 None admin] PATH_INFO: `/v3/groups/09c652bb9eb647a893a2f90d23bf1dfe` {{(pid=80158) log_request_info /opt/stack/keystone/keystone/server/flask/request_processing/req_logging.py:29}}
Jun 17 12:43:34.403304 dv-cinder-837543-5-iscsi devstack@keystone.service[80157]: DEBUG keystone.common.rbac_enforcer.enforcer [None req-ab15d312-b9d7-408e-9a01-ec3434f9477b None admin] RBAC: Adding query filter params (name=anotherrole) {{(pid=80157) _extract_filter_values /opt/stack/keystone/keystone/common/rbac_enforcer/enforcer.py:167}}
Jun 17 12:43:34.403854 dv-cinder-837543-5-iscsi devstack@keystone.service[80157]: DEBUG keystone.common.rbac_enforcer.enforcer [None req-ab15d312-b9d7-408e-9a01-ec3434f9477b None admin] RBAC: Authorizing `identity:list_roles()` {{(pid=80157) enforce_call /opt/stack/keystone/keystone/common/rbac_enforcer/enforcer.py:449}}
Jun 17 12:43:34.405865 dv-cinder-837543-5-iscsi devstack@keystone.service[80157]: DEBUG keystone.common.rbac_enforcer.enforcer [None req-ab15d312-b9d7-408e-9a01-ec3434f9477b None admin] RBAC: Authorization granted {{(pid=80157) enforce_call /opt/stack/keystone/keystone/common/rbac_enforcer/enforcer.py:457}}
Jun 17 12:43:34.408074 dv-cinder-837543-5-iscsi devstack@keystone.service[80158]: DEBUG keystone.common.rbac_enforcer.enforcer [None req-6316dd90-4d19-466c-92c9-c14e255334f8 None admin] RBAC: Authorizing `identity:get_group(group_id=09c652bb9eb647a893a2f90d23bf1dfe)` {{(pid=80158) enforce_call /opt/stack/keystone/keystone/common/rbac_enforcer/enforcer.py:449}}
Jun 17 12:43:34.410630 dv-cinder-837543-5-iscsi devstack@keystone.service[80158]: DEBUG keystone.common.rbac_enforcer.enforcer [None req-6316dd90-4d19-466c-92c9-c14e255334f8 None admin] RBAC: Authorization granted {{(pid=80158) enforce_call /opt/stack/keystone/keystone/common/rbac_enforcer/enforcer.py:457}}
Jun 17 12:43:34.416954 dv-cinder-837543-5-iscsi devstack@keystone.service[80157]: [pid: 80157|app: 0|req: 196/389] 10.222.0.48 () {56 vars in 1111 bytes} [Fri Jun 17 12:43:34 2022] GET /identity/v3/roles?name=anotherrole => generated 334 bytes in 277 msecs (HTTP/1.1 200) 5 headers in 177 bytes (2 switches on core 0)
Jun 17 12:43:34.417135 dv-cinder-837543-5-iscsi devstack@keystone.service[80158]: [pid: 80158|app: 0|req: 193/389] 10.222.0.48 () {56 vars in 1180 bytes} [Fri Jun 17 12:43:34 2022] GET /identity/v3/groups/09c652bb9eb647a893a2f90d23bf1dfe => generated 226 bytes in 278 msecs (HTTP/1.1 200) 5 headers in 177 bytes (2 switches on core 0)
Jun 17 12:43:34.419729 dv-cinder-837543-5-iscsi devstack@keystone.service[80158]: DEBUG keystone.server.flask.request_processing.middleware.auth_context [None req-6316dd90-4d19-466c-92c9-c14e255334f8 None admin] Authenticating user token {{(pid=80158) process_request /usr/local/lib/python3.8/dist-packages/keystonemiddleware/auth_token/__init__.py:407}}
Jun 17 12:43:34.423607 dv-cinder-837543-5-iscsi devstack@keystone.service[80157]: DEBUG keystone.server.flask.request_processing.middleware.auth_context [None req-ab15d312-b9d7-408e-9a01-ec3434f9477b None admin] Authenticating user token {{(pid=80157) process_request /usr/local/lib/python3.8/dist-packages/keystonemiddleware/auth_token/__init__.py:407}}
Jun 17 12:43:34.549575 dv-cinder-837543-5-iscsi devstack@keystone.service[80158]: DEBUG dbcounter [-] [80158] Writing DB stats keystone:SELECT=100 {{(pid=80158) stat_writer /usr/local/lib/python3.8/dist-packages/dbcounter.py:114}}
Jun 17 12:43:34.562297 dv-cinder-837543-5-iscsi devstack@keystone.service[80158]: DEBUG keystone.server.flask.request_processing.middleware.auth_context [None req-6316dd90-4d19-466c-92c9-c14e255334f8 None admin] Validating token access rules against request {{(pid=80158) validate_allowed_request /usr/local/lib/python3.8/dist-packages/keystonemiddleware/auth_token/__init__.py:545}}
Jun 17 12:43:34.598027 dv-cinder-837543-5-iscsi devstack@keystone.service[80157]: DEBUG dbcounter [-] [80157] Writing DB stats keystone:SELECT=100 {{(pid=80157) stat_writer /usr/local/lib/python3.8/dist-packages/dbcounter.py:114}}
Jun 17 12:43:34.602403 dv-cinder-837543-5-iscsi devstack@keystone.service[80158]: DEBUG keystone.server.flask.request_processing.middleware.auth_context [None req-ed25269c-8fb4-4c26-b24e-2e25412c8a20 None admin] RBAC: auth_context: {'token': , 'domain_id': None, 'trust_id': None, 'trustor_id': None, 'trustee_id': None, 'domain_name': None, 'group_ids': [], 'user_id': '037e9f95a2ad44f08247184b10274c13', 'user_domain_id': 'default', 'system_scope': 'all', 'project_id': None, 'project_domain_id': None, 'roles': ['admin', 'member', 'reader'], 'is_admin_project': True, 'service_user_id': None, 'service_user_domain_id': None, 'service_project_id': None, 'service_project_domain_id': None, 'service_roles': []} {{(pid=80158) fill_context /opt/stack/keystone/keystone/server/flask/request_processing/middleware/auth_context.py:478}}
Jun 17 12:43:34.603675 dv-cinder-837543-5-iscsi devstack@keystone.service[80158]: DEBUG keystone.server.flask.request_processing.req_logging [None req-ed25269c-8fb4-4c26-b24e-2e25412c8a20 None admin] REQUEST_METHOD: `GET` {{(pid=80158) log_request_info /opt/stack/keystone/keystone/server/flask/request_processing/req_logging.py:27}}
Jun 17 12:43:34.604159 dv-cinder-837543-5-iscsi devstack@keystone.service[80158]: DEBUG keystone.server.flask.request_processing.req_logging [None req-ed25269c-8fb4-4c26-b24e-2e25412c8a20 None admin] SCRIPT_NAME: `/identity` {{(pid=80158) log_request_info /opt/stack/keystone/keystone/server/flask/request_processing/req_logging.py:28}}
Jun 17 12:43:34.604628 dv-cinder-837543-5-iscsi devstack@keystone.service[80158]: DEBUG keystone.server.flask.request_processing.req_logging [None req-ed25269c-8fb4-4c26-b24e-2e25412c8a20 None admin] PATH_INFO: `/v3/projects/255f1d6d50524cb9927e19bc3f010eae` {{(pid=80158) log_request_info /opt/stack/keystone/keystone/server/flask/request_processing/req_logging.py:29}}
Jun 17 12:43:34.606150 dv-cinder-837543-5-iscsi devstack@keystone.service[80158]: DEBUG keystone.common.rbac_enforcer.enforcer [None req-ed25269c-8fb4-4c26-b24e-2e25412c8a20 None admin] RBAC: Authorizing `identity:get_project(project_id=255f1d6d50524cb9927e19bc3f010eae)` {{(pid=80158) enforce_call /opt/stack/keystone/keystone/common/rbac_enforcer/enforcer.py:449}}
Jun 17 12:43:34.607851 dv-cinder-837543-5-iscsi devstack@keystone.service[80158]: DEBUG keystone.common.rbac_enforcer.enforcer [None req-ed25269c-8fb4-4c26-b24e-2e25412c8a20 None admin] RBAC: Authorization granted {{(pid=80158) enforce_call /opt/stack/keystone/keystone/common/rbac_enforcer/enforcer.py:457}}
Jun 17 12:43:34.610245 dv-cinder-837543-5-iscsi devstack@keystone.service[80158]: [pid: 80158|app: 0|req: 194/390] 10.222.0.48 () {56 vars in 1186 bytes} [Fri Jun 17 12:43:34 2022] GET /identity/v3/projects/255f1d6d50524cb9927e19bc3f010eae => generated 298 bytes in 191 msecs (HTTP/1.1 200) 5 headers in 177 bytes (1 switches on core 0)
Jun 17 12:43:34.618404 dv-cinder-837543-5-iscsi devstack@keystone.service[80158]: DEBUG keystone.server.flask.request_processing.middleware.auth_context [None req-ed25269c-8fb4-4c26-b24e-2e25412c8a20 None admin] Authenticating user token {{(pid=80158) process_request /usr/local/lib/python3.8/dist-packages/keystonemiddleware/auth_token/__init__.py:407}}
Jun 17 12:43:34.638116 dv-cinder-837543-5-iscsi devstack@keystone.service[80157]: DEBUG keystone.server.flask.request_processing.middleware.auth_context [None req-ab15d312-b9d7-408e-9a01-ec3434f9477b None admin] Validating token access rules against request {{(pid=80157) validate_allowed_request /usr/local/lib/python3.8/dist-packages/keystonemiddleware/auth_token/__init__.py:545}}
Jun 17 12:43:34.681152 dv-cinder-837543-5-iscsi devstack@keystone.service[80157]: DEBUG keystone.server.flask.request_processing.middleware.auth_context [None req-4476f9b7-6f76-498c-93f3-ffd85cf5a9c2 None admin] RBAC: auth_context: {'token': , 'domain_id': None, 'trust_id': None, 'trustor_id': None, 'trustee_id': None, 'domain_name': None, 'group_ids': [], 'user_id': '037e9f95a2ad44f08247184b10274c13', 'user_domain_id': 'default', 'system_scope': 'all', 'project_id': None, 'project_domain_id': None, 'roles': ['admin', 'member', 'reader'], 'is_admin_project': True, 'service_user_id': None, 'service_user_domain_id': None, 'service_project_id': None, 'service_project_domain_id': None, 'service_roles': []} {{(pid=80157) fill_context /opt/stack/keystone/keystone/server/flask/request_processing/middleware/auth_context.py:478}}
Jun 17 12:43:34.682935 dv-cinder-837543-5-iscsi devstack@keystone.service[80157]: DEBUG keystone.server.flask.request_processing.req_logging [None req-4476f9b7-6f76-498c-93f3-ffd85cf5a9c2 None admin] REQUEST_METHOD: `GET` {{(pid=80157) log_request_info /opt/stack/keystone/keystone/server/flask/request_processing/req_logging.py:27}}
Jun 17 12:43:34.683431 dv-cinder-837543-5-iscsi devstack@keystone.service[80157]: DEBUG keystone.server.flask.request_processing.req_logging [None req-4476f9b7-6f76-498c-93f3-ffd85cf5a9c2 None admin] SCRIPT_NAME: `/identity` {{(pid=80157) log_request_info /opt/stack/keystone/keystone/server/flask/request_processing/req_logging.py:28}}
Jun 17 12:43:34.683845 dv-cinder-837543-5-iscsi devstack@keystone.service[80157]: DEBUG keystone.server.flask.request_processing.req_logging [None req-4476f9b7-6f76-498c-93f3-ffd85cf5a9c2 None admin] PATH_INFO: `/v3/groups/09c652bb9eb647a893a2f90d23bf1dfe` {{(pid=80157) log_request_info /opt/stack/keystone/keystone/server/flask/request_processing/req_logging.py:29}}
Jun 17 12:43:34.686694 dv-cinder-837543-5-iscsi devstack@keystone.service[80157]: DEBUG keystone.common.rbac_enforcer.enforcer [None req-4476f9b7-6f76-498c-93f3-ffd85cf5a9c2 None admin] RBAC: Authorizing `identity:get_group(group_id=09c652bb9eb647a893a2f90d23bf1dfe)` {{(pid=80157) enforce_call /opt/stack/keystone/keystone/common/rbac_enforcer/enforcer.py:449}}
Jun 17 12:43:34.689519 dv-cinder-837543-5-iscsi devstack@keystone.service[80157]: DEBUG keystone.common.rbac_enforcer.enforcer [None req-4476f9b7-6f76-498c-93f3-ffd85cf5a9c2 None admin] RBAC: Authorization granted {{(pid=80157) enforce_call /opt/stack/keystone/keystone/common/rbac_enforcer/enforcer.py:457}}
Jun 17 12:43:34.694039 dv-cinder-837543-5-iscsi devstack@keystone.service[80157]: [pid: 80157|app: 0|req: 197/391] 10.222.0.48 () {56 vars in 1180 bytes} [Fri Jun 17 12:43:34 2022] GET /identity/v3/groups/09c652bb9eb647a893a2f90d23bf1dfe => generated 226 bytes in 271 msecs (HTTP/1.1 200) 5 headers in 177 bytes (2 switches on core 0)
Jun 17 12:43:34.702585 dv-cinder-837543-5-iscsi devstack@keystone.service[80157]: DEBUG keystone.server.flask.request_processing.middleware.auth_context [None req-4476f9b7-6f76-498c-93f3-ffd85cf5a9c2 None admin] Authenticating user token {{(pid=80157) process_request /usr/local/lib/python3.8/dist-packages/keystonemiddleware/auth_token/__init__.py:407}}
Jun 17 12:43:34.827263 dv-cinder-837543-5-iscsi devstack@keystone.service[80158]: DEBUG keystone.server.flask.request_processing.middleware.auth_context [None req-ed25269c-8fb4-4c26-b24e-2e25412c8a20 None admin] Validating token access rules against request {{(pid=80158) validate_allowed_request /usr/local/lib/python3.8/dist-packages/keystonemiddleware/auth_token/__init__.py:545}}
Jun 17 12:43:34.844299 dv-cinder-837543-5-iscsi devstack@keystone.service[80157]: DEBUG keystone.server.flask.request_processing.middleware.auth_context [None req-4476f9b7-6f76-498c-93f3-ffd85cf5a9c2 None admin] Validating token access rules against request {{(pid=80157) validate_allowed_request /usr/local/lib/python3.8/dist-packages/keystonemiddleware/auth_token/__init__.py:545}}
Jun 17 12:43:34.903032 dv-cinder-837543-5-iscsi devstack@keystone.service[80157]: DEBUG keystone.server.flask.request_processing.middleware.auth_context [None req-c15b91f0-1adb-47c8-a827-9ae831c13e3c None admin] RBAC: auth_context: {'token': , 'domain_id': None, 'trust_id': None, 'trustor_id': None, 'trustee_id': None, 'domain_name': None, 'group_ids': [], 'user_id': '037e9f95a2ad44f08247184b10274c13', 'user_domain_id': 'default', 'system_scope': 'all', 'project_id': None, 'project_domain_id': None, 'roles': ['admin', 'member', 'reader'], 'is_admin_project': True, 'service_user_id': None, 'service_user_domain_id': None, 'service_project_id': None, 'service_project_domain_id': None, 'service_roles': []} {{(pid=80157) fill_context /opt/stack/keystone/keystone/server/flask/request_processing/middleware/auth_context.py:478}}
Jun 17 12:43:34.903969 dv-cinder-837543-5-iscsi devstack@keystone.service[80157]: DEBUG keystone.server.flask.request_processing.req_logging [None req-c15b91f0-1adb-47c8-a827-9ae831c13e3c None admin] REQUEST_METHOD: `GET` {{(pid=80157) log_request_info /opt/stack/keystone/keystone/server/flask/request_processing/req_logging.py:27}}
Jun 17 12:43:34.904256 dv-cinder-837543-5-iscsi devstack@keystone.service[80157]: DEBUG keystone.server.flask.request_processing.req_logging [None req-c15b91f0-1adb-47c8-a827-9ae831c13e3c None admin] SCRIPT_NAME: `/identity` {{(pid=80157) log_request_info /opt/stack/keystone/keystone/server/flask/request_processing/req_logging.py:28}}
Jun 17 12:43:34.904541 dv-cinder-837543-5-iscsi devstack@keystone.service[80157]: DEBUG keystone.server.flask.request_processing.req_logging [None req-c15b91f0-1adb-47c8-a827-9ae831c13e3c None admin] PATH_INFO: `/v3/projects/255f1d6d50524cb9927e19bc3f010eae` {{(pid=80157) log_request_info /opt/stack/keystone/keystone/server/flask/request_processing/req_logging.py:29}}
Jun 17 12:43:34.906826 dv-cinder-837543-5-iscsi devstack@keystone.service[80157]: DEBUG keystone.common.rbac_enforcer.enforcer [None req-c15b91f0-1adb-47c8-a827-9ae831c13e3c None admin] RBAC: Authorizing `identity:get_project(project_id=255f1d6d50524cb9927e19bc3f010eae)` {{(pid=80157) enforce_call /opt/stack/keystone/keystone/common/rbac_enforcer/enforcer.py:449}}
Jun 17 12:43:34.908366 dv-cinder-837543-5-iscsi devstack@keystone.service[80157]: DEBUG keystone.common.rbac_enforcer.enforcer [None req-c15b91f0-1adb-47c8-a827-9ae831c13e3c None admin] RBAC: Authorization granted {{(pid=80157) enforce_call /opt/stack/keystone/keystone/common/rbac_enforcer/enforcer.py:457}}
Jun 17 12:43:34.910259 dv-cinder-837543-5-iscsi devstack@keystone.service[80157]: [pid: 80157|app: 0|req: 198/392] 10.222.0.48 () {56 vars in 1186 bytes} [Fri Jun 17 12:43:34 2022] GET /identity/v3/projects/255f1d6d50524cb9927e19bc3f010eae => generated 298 bytes in 208 msecs (HTTP/1.1 200) 5 headers in 177 bytes (2 switches on core 0)
Jun 17 12:43:34.919258 dv-cinder-837543-5-iscsi devstack@keystone.service[80157]: DEBUG keystone.server.flask.request_processing.middleware.auth_context [None req-c15b91f0-1adb-47c8-a827-9ae831c13e3c None admin] Authenticating user token {{(pid=80157) process_request /usr/local/lib/python3.8/dist-packages/keystonemiddleware/auth_token/__init__.py:407}}
Jun 17 12:43:34.928704 dv-cinder-837543-5-iscsi devstack@keystone.service[80158]: DEBUG keystone.server.flask.request_processing.middleware.auth_context [None req-4ba03503-aeee-49cd-ac2a-fc96331d0c1d None admin] RBAC: auth_context: {'token': , 'domain_id': None, 'trust_id': None, 'trustor_id': None, 'trustee_id': None, 'domain_name': None, 'group_ids': [], 'user_id': '037e9f95a2ad44f08247184b10274c13', 'user_domain_id': 'default', 'system_scope': 'all', 'project_id': None, 'project_domain_id': None, 'roles': ['admin', 'member', 'reader'], 'is_admin_project': True, 'service_user_id': None, 'service_user_domain_id': None, 'service_project_id': None, 'service_project_domain_id': None, 'service_roles': []} {{(pid=80158) fill_context /opt/stack/keystone/keystone/server/flask/request_processing/middleware/auth_context.py:478}}
Jun 17 12:43:34.929661 dv-cinder-837543-5-iscsi devstack@keystone.service[80158]: DEBUG keystone.server.flask.request_processing.req_logging [None req-4ba03503-aeee-49cd-ac2a-fc96331d0c1d None admin] REQUEST_METHOD: `PUT` {{(pid=80158) log_request_info /opt/stack/keystone/keystone/server/flask/request_processing/req_logging.py:27}}
Jun 17 12:43:34.929947 dv-cinder-837543-5-iscsi devstack@keystone.service[80158]: DEBUG keystone.server.flask.request_processing.req_logging [None req-4ba03503-aeee-49cd-ac2a-fc96331d0c1d None admin] SCRIPT_NAME: `/identity` {{(pid=80158) log_request_info /opt/stack/keystone/keystone/server/flask/request_processing/req_logging.py:28}}
Jun 17 12:43:34.930269 dv-cinder-837543-5-iscsi devstack@keystone.service[80158]: DEBUG keystone.server.flask.request_processing.req_logging [None req-4ba03503-aeee-49cd-ac2a-fc96331d0c1d None admin] PATH_INFO: `/v3/projects/255f1d6d50524cb9927e19bc3f010eae/groups/09c652bb9eb647a893a2f90d23bf1dfe/roles/3d852826ac0a4f09b618a220333f2897` {{(pid=80158) log_request_info /opt/stack/keystone/keystone/server/flask/request_processing/req_logging.py:29}}
Jun 17 12:43:34.932596 dv-cinder-837543-5-iscsi devstack@keystone.service[80158]: DEBUG keystone.common.rbac_enforcer.enforcer [None req-4ba03503-aeee-49cd-ac2a-fc96331d0c1d None admin] RBAC: Authorizing `identity:create_grant(project_id=255f1d6d50524cb9927e19bc3f010eae, group_id=09c652bb9eb647a893a2f90d23bf1dfe, role_id=3d852826ac0a4f09b618a220333f2897)` {{(pid=80158) enforce_call /opt/stack/keystone/keystone/common/rbac_enforcer/enforcer.py:449}}
Jun 17 12:43:34.934159 dv-cinder-837543-5-iscsi devstack@keystone.service[80158]: DEBUG keystone.common.rbac_enforcer.enforcer [None req-4ba03503-aeee-49cd-ac2a-fc96331d0c1d None admin] RBAC: Authorization granted {{(pid=80158) enforce_call /opt/stack/keystone/keystone/common/rbac_enforcer/enforcer.py:457}}
Jun 17 12:43:34.972898 dv-cinder-837543-5-iscsi devstack@keystone.service[80158]: [pid: 80158|app: 0|req: 195/393] 10.222.0.48 () {58 vars in 1442 bytes} [Fri Jun 17 12:43:34 2022] PUT /identity/v3/projects/255f1d6d50524cb9927e19bc3f010eae/groups/09c652bb9eb647a893a2f90d23bf1dfe/roles/3d852826ac0a4f09b618a220333f2897 => generated 0 bytes in 355 msecs (HTTP/1.1 204) 3 headers in 132 bytes (0 switches on core 0)
Jun 17 12:43:34.997217 dv-cinder-837543-5-iscsi devstack@keystone.service[80157]: DEBUG dbcounter [-] [80157] Writing DB stats keystone:SELECT=100 {{(pid=80157) stat_writer /usr/local/lib/python3.8/dist-packages/dbcounter.py:114}}
Jun 17 12:43:35.124009 dv-cinder-837543-5-iscsi devstack@keystone.service[80157]: DEBUG keystone.server.flask.request_processing.middleware.auth_context [None req-c15b91f0-1adb-47c8-a827-9ae831c13e3c None admin] Validating token access rules against request {{(pid=80157) validate_allowed_request /usr/local/lib/python3.8/dist-packages/keystonemiddleware/auth_token/__init__.py:545}}
Jun 17 12:43:35.183809 dv-cinder-837543-5-iscsi devstack@keystone.service[80157]: DEBUG keystone.server.flask.request_processing.middleware.auth_context [None req-e7031e92-4eb8-480e-8c75-6adefaebdcc7 None admin] RBAC: auth_context: {'token': , 'domain_id': None, 'trust_id': None, 'trustor_id': None, 'trustee_id': None, 'domain_name': None, 'group_ids': [], 'user_id': '037e9f95a2ad44f08247184b10274c13', 'user_domain_id': 'default', 'system_scope': 'all', 'project_id': None, 'project_domain_id': None, 'roles': ['admin', 'member', 'reader'], 'is_admin_project': True, 'service_user_id': None, 'service_user_domain_id': None, 'service_project_id': None, 'service_project_domain_id': None, 'service_roles': []} {{(pid=80157) fill_context /opt/stack/keystone/keystone/server/flask/request_processing/middleware/auth_context.py:478}}
Jun 17 12:43:35.184802 dv-cinder-837543-5-iscsi devstack@keystone.service[80157]: DEBUG keystone.server.flask.request_processing.req_logging [None req-e7031e92-4eb8-480e-8c75-6adefaebdcc7 None admin] REQUEST_METHOD: `PUT` {{(pid=80157) log_request_info /opt/stack/keystone/keystone/server/flask/request_processing/req_logging.py:27}}
Jun 17 12:43:35.185090 dv-cinder-837543-5-iscsi devstack@keystone.service[80157]: DEBUG keystone.server.flask.request_processing.req_logging [None req-e7031e92-4eb8-480e-8c75-6adefaebdcc7 None admin] SCRIPT_NAME: `/identity` {{(pid=80157) log_request_info /opt/stack/keystone/keystone/server/flask/request_processing/req_logging.py:28}}
Jun 17 12:43:35.185369 dv-cinder-837543-5-iscsi devstack@keystone.service[80157]: DEBUG keystone.server.flask.request_processing.req_logging [None req-e7031e92-4eb8-480e-8c75-6adefaebdcc7 None admin] PATH_INFO: `/v3/projects/255f1d6d50524cb9927e19bc3f010eae/groups/09c652bb9eb647a893a2f90d23bf1dfe/roles/1a772cde30724b09b110b5dffecfd462` {{(pid=80157) log_request_info /opt/stack/keystone/keystone/server/flask/request_processing/req_logging.py:29}}
Jun 17 12:43:35.187989 dv-cinder-837543-5-iscsi devstack@keystone.service[80157]: DEBUG keystone.common.rbac_enforcer.enforcer [None req-e7031e92-4eb8-480e-8c75-6adefaebdcc7 None admin] RBAC: Authorizing `identity:create_grant(project_id=255f1d6d50524cb9927e19bc3f010eae, group_id=09c652bb9eb647a893a2f90d23bf1dfe, role_id=1a772cde30724b09b110b5dffecfd462)` {{(pid=80157) enforce_call /opt/stack/keystone/keystone/common/rbac_enforcer/enforcer.py:449}}
Jun 17 12:43:35.189603 dv-cinder-837543-5-iscsi devstack@keystone.service[80157]: DEBUG keystone.common.rbac_enforcer.enforcer [None req-e7031e92-4eb8-480e-8c75-6adefaebdcc7 None admin] RBAC: Authorization granted {{(pid=80157) enforce_call /opt/stack/keystone/keystone/common/rbac_enforcer/enforcer.py:457}}
Jun 17 12:43:35.216212 dv-cinder-837543-5-iscsi devstack@keystone.service[80157]: [pid: 80157|app: 0|req: 199/394] 10.222.0.48 () {58 vars in 1442 bytes} [Fri Jun 17 12:43:34 2022] PUT /identity/v3/projects/255f1d6d50524cb9927e19bc3f010eae/groups/09c652bb9eb647a893a2f90d23bf1dfe/roles/1a772cde30724b09b110b5dffecfd462 => generated 0 bytes in 298 msecs (HTTP/1.1 204) 3 headers in 132 bytes (0 switches on core 0)
Jun 17 12:43:35.894479 dv-cinder-837543-5-iscsi devstack@keystone.service[80158]: DEBUG keystone.server.flask.request_processing.req_logging [None req-11cc38be-40a0-420d-9387-eff75c0662e7 None None] REQUEST_METHOD: `GET` {{(pid=80158) log_request_info /opt/stack/keystone/keystone/server/flask/request_processing/req_logging.py:27}}
Jun 17 12:43:35.895020 dv-cinder-837543-5-iscsi devstack@keystone.service[80158]: DEBUG keystone.server.flask.request_processing.req_logging [None req-11cc38be-40a0-420d-9387-eff75c0662e7 None None] SCRIPT_NAME: `/identity` {{(pid=80158) log_request_info /opt/stack/keystone/keystone/server/flask/request_processing/req_logging.py:28}}
Jun 17 12:43:35.895020 dv-cinder-837543-5-iscsi devstack@keystone.service[80158]: DEBUG keystone.server.flask.request_processing.req_logging [None req-11cc38be-40a0-420d-9387-eff75c0662e7 None None] PATH_INFO: `/` {{(pid=80158) log_request_info /opt/stack/keystone/keystone/server/flask/request_processing/req_logging.py:29}}
Jun 17 12:43:35.896534 dv-cinder-837543-5-iscsi devstack@keystone.service[80158]: [pid: 80158|app: 0|req: 196/395] 10.222.0.48 () {54 vars in 926 bytes} [Fri Jun 17 12:43:35 2022] GET /identity => generated 270 bytes in 3 msecs (HTTP/1.1 300) 6 headers in 234 bytes (1 switches on core 0)
Jun 17 12:43:35.902628 dv-cinder-837543-5-iscsi devstack@keystone.service[80157]: DEBUG keystone.server.flask.request_processing.req_logging [None req-0dcb075b-5c7b-4715-8917-2cc8f853c685 None None] REQUEST_METHOD: `POST` {{(pid=80157) log_request_info /opt/stack/keystone/keystone/server/flask/request_processing/req_logging.py:27}}
Jun 17 12:43:35.903107 dv-cinder-837543-5-iscsi devstack@keystone.service[80157]: DEBUG keystone.server.flask.request_processing.req_logging [None req-0dcb075b-5c7b-4715-8917-2cc8f853c685 None None] SCRIPT_NAME: `/identity` {{(pid=80157) log_request_info /opt/stack/keystone/keystone/server/flask/request_processing/req_logging.py:28}}
Jun 17 12:43:35.903178 dv-cinder-837543-5-iscsi devstack@keystone.service[80157]: DEBUG keystone.server.flask.request_processing.req_logging [None req-0dcb075b-5c7b-4715-8917-2cc8f853c685 None None] PATH_INFO: `/v3/auth/tokens` {{(pid=80157) log_request_info /opt/stack/keystone/keystone/server/flask/request_processing/req_logging.py:29}}
Jun 17 12:43:35.927191 dv-cinder-837543-5-iscsi devstack@keystone.service[80157]: DEBUG keystone.auth.core [None req-0dcb075b-5c7b-4715-8917-2cc8f853c685 None None] MFA Rules not processed for user `037e9f95a2ad44f08247184b10274c13`. Rule list: `[]` (Enabled: `True`). {{(pid=80157) check_auth_methods_against_rules /opt/stack/keystone/keystone/auth/core.py:438}}
Jun 17 12:43:35.928786 dv-cinder-837543-5-iscsi devstack@keystone.service[80157]: DEBUG keystone.common.fernet_utils [None req-0dcb075b-5c7b-4715-8917-2cc8f853c685 None None] Loaded 2 Fernet keys from /etc/keystone/fernet-keys/, but `[fernet_tokens] max_active_keys = 3`; perhaps there have not been enough key rotations to reach `max_active_keys` yet? {{(pid=80157) load_keys /opt/stack/keystone/keystone/common/fernet_utils.py:286}}
Jun 17 12:43:36.004493 dv-cinder-837543-5-iscsi devstack@keystone.service[80157]: [pid: 80157|app: 0|req: 200/396] 10.222.0.48 () {58 vars in 1023 bytes} [Fri Jun 17 12:43:35 2022] POST /identity/v3/auth/tokens => generated 799 bytes in 103 msecs (HTTP/1.1 201) 6 headers in 363 bytes (1 switches on core 0)
Jun 17 12:43:36.039192 dv-cinder-837543-5-iscsi devstack@keystone.service[80158]: DEBUG keystone.server.flask.request_processing.middleware.auth_context [None req-11cc38be-40a0-420d-9387-eff75c0662e7 None None] Authenticating user token {{(pid=80158) process_request /usr/local/lib/python3.8/dist-packages/keystonemiddleware/auth_token/__init__.py:407}}
Jun 17 12:43:36.083331 dv-cinder-837543-5-iscsi devstack@keystone.service[80158]: DEBUG dbcounter [-] [80158] Writing DB stats keystone:SELECT=99,keystone:INSERT=1 {{(pid=80158) stat_writer /usr/local/lib/python3.8/dist-packages/dbcounter.py:114}}
Jun 17 12:43:36.247083 dv-cinder-837543-5-iscsi devstack@keystone.service[80158]: DEBUG keystone.server.flask.request_processing.middleware.auth_context [None req-11cc38be-40a0-420d-9387-eff75c0662e7 None None] Validating token access rules against request {{(pid=80158) validate_allowed_request /usr/local/lib/python3.8/dist-packages/keystonemiddleware/auth_token/__init__.py:545}}
Jun 17 12:43:36.299945 dv-cinder-837543-5-iscsi devstack@keystone.service[80158]: DEBUG keystone.server.flask.request_processing.middleware.auth_context [None req-833d9f6c-1cc9-43ec-b86b-e25d5bddeae9 None admin] RBAC: auth_context: {'token': , 'domain_id': None, 'trust_id': None, 'trustor_id': None, 'trustee_id': None, 'domain_name': None, 'group_ids': [], 'user_id': '037e9f95a2ad44f08247184b10274c13', 'user_domain_id': 'default', 'system_scope': 'all', 'project_id': None, 'project_domain_id': None, 'roles': ['admin', 'member', 'reader'], 'is_admin_project': True, 'service_user_id': None, 'service_user_domain_id': None, 'service_project_id': None, 'service_project_domain_id': None, 'service_roles': []} {{(pid=80158) fill_context /opt/stack/keystone/keystone/server/flask/request_processing/middleware/auth_context.py:478}}
Jun 17 12:43:36.300933 dv-cinder-837543-5-iscsi devstack@keystone.service[80158]: DEBUG keystone.server.flask.request_processing.req_logging [None req-833d9f6c-1cc9-43ec-b86b-e25d5bddeae9 None admin] REQUEST_METHOD: `GET` {{(pid=80158) log_request_info /opt/stack/keystone/keystone/server/flask/request_processing/req_logging.py:27}}
Jun 17 12:43:36.301214 dv-cinder-837543-5-iscsi devstack@keystone.service[80158]: DEBUG keystone.server.flask.request_processing.req_logging [None req-833d9f6c-1cc9-43ec-b86b-e25d5bddeae9 None admin] SCRIPT_NAME: `/identity` {{(pid=80158) log_request_info /opt/stack/keystone/keystone/server/flask/request_processing/req_logging.py:28}}
Jun 17 12:43:36.301492 dv-cinder-837543-5-iscsi devstack@keystone.service[80158]: DEBUG keystone.server.flask.request_processing.req_logging [None req-833d9f6c-1cc9-43ec-b86b-e25d5bddeae9 None admin] PATH_INFO: `/v3/roles/member` {{(pid=80158) log_request_info /opt/stack/keystone/keystone/server/flask/request_processing/req_logging.py:29}}
Jun 17 12:43:36.325395 dv-cinder-837543-5-iscsi devstack@keystone.service[80158]: DEBUG keystone.common.rbac_enforcer.enforcer [None req-833d9f6c-1cc9-43ec-b86b-e25d5bddeae9 None admin] Extracting inferred target data resulted in "NOT FOUND (404)". {{(pid=80158) enforce_call /opt/stack/keystone/keystone/common/rbac_enforcer/enforcer.py:409}}
Jun 17 12:43:36.333954 dv-cinder-837543-5-iscsi devstack@keystone.service[80158]: ERROR keystone.server.flask.application [None req-833d9f6c-1cc9-43ec-b86b-e25d5bddeae9 None admin] Could not find role: member.: keystone.exception.RoleNotFound: Could not find role: member.
Jun 17 12:43:36.333954 dv-cinder-837543-5-iscsi devstack@keystone.service[80158]: ERROR keystone.server.flask.application
Traceback (most recent call last):
Jun 17 12:43:36.333954 dv-cinder-837543-5-iscsi devstack@keystone.service[80158]: ERROR keystone.server.flask.application
File "/usr/local/lib/python3.8/dist-packages/flask/app.py", line 1523, in full_dispatch_request
Jun 17 12:43:36.333954 dv-cinder-837543-5-iscsi devstack@keystone.service[80158]: ERROR keystone.server.flask.application rv = self.dispatch_request()
Jun 17 12:43:36.333954 dv-cinder-837543-5-iscsi devstack@keystone.service[80158]: ERROR keystone.server.flask.application
File "/usr/local/lib/python3.8/dist-packages/flask/app.py", line 1509, in dispatch_request
Jun 17 12:43:36.333954 dv-cinder-837543-5-iscsi devstack@keystone.service[80158]: ERROR keystone.server.flask.application return self.ensure_sync(self.view_functions[rule.endpoint])(**req.view_args)
Jun 17 12:43:36.333954 dv-cinder-837543-5-iscsi devstack@keystone.service[80158]: ERROR keystone.server.flask.application
File "/usr/local/lib/python3.8/dist-packages/flask_restful/__init__.py", line 467, in wrapper
Jun 17 12:43:36.333954 dv-cinder-837543-5-iscsi devstack@keystone.service[80158]: ERROR keystone.server.flask.application resp = resource(*args, **kwargs)
Jun 17 12:43:36.333954 dv-cinder-837543-5-iscsi devstack@keystone.service[80158]: ERROR keystone.server.flask.application
File "/usr/local/lib/python3.8/dist-packages/flask/views.py", line 84, in view
Jun 17 12:43:36.333954 dv-cinder-837543-5-iscsi devstack@keystone.service[80158]: ERROR keystone.server.flask.application return current_app.ensure_sync(self.dispatch_request)(*args, **kwargs)
Jun 17 12:43:36.333954 dv-cinder-837543-5-iscsi devstack@keystone.service[80158]: ERROR keystone.server.flask.application
File "/usr/local/lib/python3.8/dist-packages/flask_restful/__init__.py", line 582, in dispatch_request
Jun 17 12:43:36.333954 dv-cinder-837543-5-iscsi devstack@keystone.service[80158]: ERROR keystone.server.flask.application resp = meth(*args, **kwargs)
Jun 17 12:43:36.333954 dv-cinder-837543-5-iscsi devstack@keystone.service[80158]: ERROR keystone.server.flask.application
File "/opt/stack/keystone/keystone/api/roles.py", line 50, in get
Jun 17 12:43:36.333954 dv-cinder-837543-5-iscsi devstack@keystone.service[80158]: ERROR keystone.server.flask.application return self._get_role(role_id)
Jun 17 12:43:36.333954 dv-cinder-837543-5-iscsi devstack@keystone.service[80158]: ERROR keystone.server.flask.application
File "/opt/stack/keystone/keystone/api/roles.py", line 70, in _get_role
Jun 17 12:43:36.333954 dv-cinder-837543-5-iscsi devstack@keystone.service[80158]: ERROR keystone.server.flask.application ENFORCER.enforce_call(action='identity:get_role')
Jun 17 12:43:36.335190 dv-cinder-837543-5-iscsi devstack@keystone.service[80158]: ERROR keystone.server.flask.application
File "/opt/stack/keystone/keystone/common/rbac_enforcer/enforcer.py", line 402, in enforce_call
Jun 17 12:43:36.335190 dv-cinder-837543-5-iscsi devstack@keystone.service[80158]: ERROR keystone.server.flask.application policy_dict.update(cls._extract_member_target_data(
Jun 17 12:43:36.335190 dv-cinder-837543-5-iscsi devstack@keystone.service[80158]: ERROR keystone.server.flask.application
File "/opt/stack/keystone/keystone/common/rbac_enforcer/enforcer.py", line 234, in _extract_member_target_data
Jun 17 12:43:36.335190 dv-cinder-837543-5-iscsi devstack@keystone.service[80158]: ERROR keystone.server.flask.application member_name: func(flask.request.view_args[key])
Jun 17 12:43:36.335190 dv-cinder-837543-5-iscsi devstack@keystone.service[80158]: ERROR keystone.server.flask.application
File "/opt/stack/keystone/keystone/common/manager.py", line 115, in wrapped
Jun 17 12:43:36.335190 dv-cinder-837543-5-iscsi devstack@keystone.service[80158]: ERROR keystone.server.flask.application __ret_val = __f(*args, **kwargs)
Jun 17 12:43:36.335190 dv-cinder-837543-5-iscsi devstack@keystone.service[80158]: ERROR keystone.server.flask.application
File "/usr/local/lib/python3.8/dist-packages/decorator.py", line 232, in fun
Jun 17 12:43:36.335190 dv-cinder-837543-5-iscsi devstack@keystone.service[80158]: ERROR keystone.server.flask.application return caller(func, *(extras + args), **kw)
Jun 17 12:43:36.335190 dv-cinder-837543-5-iscsi devstack@keystone.service[80158]: ERROR keystone.server.flask.application
File "/usr/local/lib/python3.8/dist-packages/dogpile/cache/region.py", line 1577, in get_or_create_for_user_func
Jun 17 12:43:36.335190 dv-cinder-837543-5-iscsi devstack@keystone.service[80158]: ERROR keystone.server.flask.application return self.get_or_create(
Jun 17 12:43:36.335190 dv-cinder-837543-5-iscsi devstack@keystone.service[80158]: ERROR keystone.server.flask.application
File "/usr/local/lib/python3.8/dist-packages/dogpile/cache/region.py", line 1042, in get_or_create
Jun 17 12:43:36.335190 dv-cinder-837543-5-iscsi devstack@keystone.service[80158]: ERROR keystone.server.flask.application with Lock(
Jun 17 12:43:36.335190 dv-cinder-837543-5-iscsi devstack@keystone.service[80158]: ERROR keystone.server.flask.application
File "/usr/local/lib/python3.8/dist-packages/dogpile/lock.py", line 185, in __enter__
Jun 17 12:43:36.335190 dv-cinder-837543-5-iscsi devstack@keystone.service[80158]: ERROR keystone.server.flask.application return self._enter()
Jun 17 12:43:36.335190 dv-cinder-837543-5-iscsi devstack@keystone.service[80158]: ERROR keystone.server.flask.application
File "/usr/local/lib/python3.8/dist-packages/dogpile/lock.py", line 94, in _enter
Jun 17 12:43:36.335190 dv-cinder-837543-5-iscsi devstack@keystone.service[80158]: ERROR keystone.server.flask.application generated = self._enter_create(value, createdtime)
Jun 17 12:43:36.336421 dv-cinder-837543-5-iscsi devstack@keystone.service[80158]: ERROR keystone.server.flask.application
File "/usr/local/lib/python3.8/dist-packages/dogpile/lock.py", line 178, in _enter_create
Jun 17 12:43:36.336421 dv-cinder-837543-5-iscsi devstack@keystone.service[80158]: ERROR keystone.server.flask.application return self.creator()
Jun 17 12:43:36.336421 dv-cinder-837543-5-iscsi devstack@keystone.service[80158]: ERROR keystone.server.flask.application
File "/usr/local/lib/python3.8/dist-packages/dogpile/cache/region.py", line 995, in gen_value
Jun 17 12:43:36.336421 dv-cinder-837543-5-iscsi devstack@keystone.service[80158]: ERROR keystone.server.flask.application created_value = creator(
Jun 17 12:43:36.336421 dv-cinder-837543-5-iscsi devstack@keystone.service[80158]: ERROR keystone.server.flask.application
File "/opt/stack/keystone/keystone/assignment/core.py", line 1276, in get_role
Jun 17 12:43:36.336421 dv-cinder-837543-5-iscsi devstack@keystone.service[80158]: ERROR keystone.server.flask.application return self.driver.get_role(role_id)
Jun 17 12:43:36.336421 dv-cinder-837543-5-iscsi devstack@keystone.service[80158]: ERROR keystone.server.flask.application
File "/opt/stack/keystone/keystone/assignment/role_backends/sql.py", line 70, in get_role
Jun 17 12:43:36.336421 dv-cinder-837543-5-iscsi devstack@keystone.service[80158]: ERROR keystone.server.flask.application return self._get_role(session, role_id).to_dict()
Jun 17 12:43:36.336421 dv-cinder-837543-5-iscsi devstack@keystone.service[80158]: ERROR keystone.server.flask.application
File "/opt/stack/keystone/keystone/assignment/role_backends/sql.py", line 65, in _get_role
Jun 17 12:43:36.336421 dv-cinder-837543-5-iscsi devstack@keystone.service[80158]: ERROR keystone.server.flask.application raise exception.RoleNotFound(role_id=role_id)
Jun 17 12:43:36.336421 dv-cinder-837543-5-iscsi devstack@keystone.service[80158]: ERROR keystone.server.flask.application keystone.exception.RoleNotFound: Could not find role: member.
Jun 17 12:43:36.336421 dv-cinder-837543-5-iscsi devstack@keystone.service[80158]: ERROR keystone.server.flask.application
Jun 17 12:43:36.336421 dv-cinder-837543-5-iscsi devstack@keystone.service[80158]: [pid: 80158|app: 0|req: 197/397] 10.222.0.48 () {56 vars in 1099 bytes} [Fri Jun 17 12:43:36 2022] GET /identity/v3/roles/member => generated 84 bytes in 297 msecs (HTTP/1.1 404) 5 headers in 183 bytes (1 switches on core 0)
Jun 17 12:43:36.341786 dv-cinder-837543-5-iscsi devstack@keystone.service[80157]: DEBUG keystone.server.flask.request_processing.middleware.auth_context [None req-0dcb075b-5c7b-4715-8917-2cc8f853c685 None None] Authenticating user token {{(pid=80157) process_request /usr/local/lib/python3.8/dist-packages/keystonemiddleware/auth_token/__init__.py:407}}
Jun 17 12:43:36.387731 dv-cinder-837543-5-iscsi devstack@keystone.service[80157]: DEBUG dbcounter [-] [80157] Writing DB stats keystone:SELECT=99,keystone:INSERT=1 {{(pid=80157) stat_writer /usr/local/lib/python3.8/dist-packages/dbcounter.py:114}}
Jun 17 12:43:36.535669 dv-cinder-837543-5-iscsi devstack@keystone.service[80157]: DEBUG keystone.server.flask.request_processing.middleware.auth_context [None req-0dcb075b-5c7b-4715-8917-2cc8f853c685 None None] Validating token access rules against request {{(pid=80157) validate_allowed_request /usr/local/lib/python3.8/dist-packages/keystonemiddleware/auth_token/__init__.py:545}}
Jun 17 12:43:36.596076 dv-cinder-837543-5-iscsi devstack@keystone.service[80157]: DEBUG keystone.server.flask.request_processing.middleware.auth_context [None req-5de0df08-9967-4a2a-ab73-a93d5becdad2 None admin] RBAC: auth_context: {'token': , 'domain_id': None, 'trust_id': None, 'trustor_id': None, 'trustee_id': None, 'domain_name': None, 'group_ids': [], 'user_id': '037e9f95a2ad44f08247184b10274c13', 'user_domain_id': 'default', 'system_scope': 'all', 'project_id': None, 'project_domain_id': None, 'roles': ['admin', 'member', 'reader'], 'is_admin_project': True, 'service_user_id': None, 'service_user_domain_id': None, 'service_project_id': None, 'service_project_domain_id': None, 'service_roles': []} {{(pid=80157) fill_context /opt/stack/keystone/keystone/server/flask/request_processing/middleware/auth_context.py:478}}
Jun 17 12:43:36.596799 dv-cinder-837543-5-iscsi devstack@keystone.service[80157]: DEBUG keystone.server.flask.request_processing.req_logging [None req-5de0df08-9967-4a2a-ab73-a93d5becdad2 None admin] REQUEST_METHOD: `GET` {{(pid=80157) log_request_info /opt/stack/keystone/keystone/server/flask/request_processing/req_logging.py:27}}
Jun 17 12:43:36.597145 dv-cinder-837543-5-iscsi devstack@keystone.service[80157]: DEBUG keystone.server.flask.request_processing.req_logging [None req-5de0df08-9967-4a2a-ab73-a93d5becdad2 None admin] SCRIPT_NAME: `/identity` {{(pid=80157) log_request_info /opt/stack/keystone/keystone/server/flask/request_processing/req_logging.py:28}}
Jun 17 12:43:36.597489 dv-cinder-837543-5-iscsi devstack@keystone.service[80157]: DEBUG keystone.server.flask.request_processing.req_logging [None req-5de0df08-9967-4a2a-ab73-a93d5becdad2 None admin] PATH_INFO: `/v3/roles` {{(pid=80157) log_request_info /opt/stack/keystone/keystone/server/flask/request_processing/req_logging.py:29}}
Jun 17 12:43:36.598295 dv-cinder-837543-5-iscsi devstack@keystone.service[80157]: DEBUG keystone.common.rbac_enforcer.enforcer [None req-5de0df08-9967-4a2a-ab73-a93d5becdad2 None admin] RBAC: Adding query filter params (name=member) {{(pid=80157) _extract_filter_values /opt/stack/keystone/keystone/common/rbac_enforcer/enforcer.py:167}}
Jun 17 12:43:36.598608 dv-cinder-837543-5-iscsi devstack@keystone.service[80157]: DEBUG keystone.common.rbac_enforcer.enforcer [None req-5de0df08-9967-4a2a-ab73-a93d5becdad2 None admin] RBAC: Authorizing `identity:list_roles()` {{(pid=80157) enforce_call /opt/stack/keystone/keystone/common/rbac_enforcer/enforcer.py:449}}
Jun 17 12:43:36.600780 dv-cinder-837543-5-iscsi devstack@keystone.service[80157]: DEBUG keystone.common.rbac_enforcer.enforcer [None req-5de0df08-9967-4a2a-ab73-a93d5becdad2 None admin] RBAC: Authorization granted {{(pid=80157) enforce_call /opt/stack/keystone/keystone/common/rbac_enforcer/enforcer.py:457}}
Jun 17 12:43:36.614883 dv-cinder-837543-5-iscsi devstack@keystone.service[80157]: [pid: 80157|app: 0|req: 201/398] 10.222.0.48 () {56 vars in 1101 bytes} [Fri Jun 17 12:43:36 2022] GET /identity/v3/roles?name=member => generated 341 bytes in 273 msecs (HTTP/1.1 200) 5 headers in 177 bytes (1 switches on core 0)
Jun 17 12:43:36.620794 dv-cinder-837543-5-iscsi devstack@keystone.service[80158]: DEBUG keystone.server.flask.request_processing.middleware.auth_context [None req-833d9f6c-1cc9-43ec-b86b-e25d5bddeae9 None admin] Authenticating user token {{(pid=80158) process_request /usr/local/lib/python3.8/dist-packages/keystonemiddleware/auth_token/__init__.py:407}}
Jun 17 12:43:36.808376 dv-cinder-837543-5-iscsi devstack@keystone.service[80158]: DEBUG dbcounter [-] [80158] Writing DB stats keystone:SELECT=100 {{(pid=80158) stat_writer /usr/local/lib/python3.8/dist-packages/dbcounter.py:114}}
Jun 17 12:43:36.854950 dv-cinder-837543-5-iscsi devstack@keystone.service[80158]: DEBUG keystone.server.flask.request_processing.middleware.auth_context [None req-833d9f6c-1cc9-43ec-b86b-e25d5bddeae9 None admin] Validating token access rules against request {{(pid=80158) validate_allowed_request /usr/local/lib/python3.8/dist-packages/keystonemiddleware/auth_token/__init__.py:545}}
Jun 17 12:43:36.892981 dv-cinder-837543-5-iscsi devstack@keystone.service[80157]: DEBUG keystone.server.flask.request_processing.req_logging [None req-8a737084-ed17-4151-81ac-146d71b19cba None None] REQUEST_METHOD: `GET` {{(pid=80157) log_request_info /opt/stack/keystone/keystone/server/flask/request_processing/req_logging.py:27}}
Jun 17 12:43:36.893646 dv-cinder-837543-5-iscsi devstack@keystone.service[80157]: DEBUG keystone.server.flask.request_processing.req_logging [None req-8a737084-ed17-4151-81ac-146d71b19cba None None] SCRIPT_NAME: `/identity` {{(pid=80157) log_request_info /opt/stack/keystone/keystone/server/flask/request_processing/req_logging.py:28}}
Jun 17 12:43:36.894184 dv-cinder-837543-5-iscsi devstack@keystone.service[80157]: DEBUG keystone.server.flask.request_processing.req_logging [None req-8a737084-ed17-4151-81ac-146d71b19cba None None] PATH_INFO: `/` {{(pid=80157) log_request_info /opt/stack/keystone/keystone/server/flask/request_processing/req_logging.py:29}}
Jun 17 12:43:36.896795 dv-cinder-837543-5-iscsi devstack@keystone.service[80157]: [pid: 80157|app: 0|req: 202/399] 10.222.0.48 () {54 vars in 926 bytes} [Fri Jun 17 12:43:36 2022] GET /identity => generated 270 bytes in 5 msecs (HTTP/1.1 300) 6 headers in 234 bytes (2 switches on core 0)
Jun 17 12:43:36.904598 dv-cinder-837543-5-iscsi devstack@keystone.service[80157]: DEBUG keystone.server.flask.request_processing.req_logging [None req-baad0905-3462-4fa3-a63b-c73d0a8b9db3 None None] REQUEST_METHOD: `POST` {{(pid=80157) log_request_info /opt/stack/keystone/keystone/server/flask/request_processing/req_logging.py:27}}
Jun 17 12:43:36.905646 dv-cinder-837543-5-iscsi devstack@keystone.service[80157]: DEBUG keystone.server.flask.request_processing.req_logging [None req-baad0905-3462-4fa3-a63b-c73d0a8b9db3 None None] SCRIPT_NAME: `/identity` {{(pid=80157) log_request_info /opt/stack/keystone/keystone/server/flask/request_processing/req_logging.py:28}}
Jun 17 12:43:36.906143 dv-cinder-837543-5-iscsi devstack@keystone.service[80157]: DEBUG keystone.server.flask.request_processing.req_logging [None req-baad0905-3462-4fa3-a63b-c73d0a8b9db3 None None] PATH_INFO: `/v3/auth/tokens` {{(pid=80157) log_request_info /opt/stack/keystone/keystone/server/flask/request_processing/req_logging.py:29}}
Jun 17 12:43:36.922502 dv-cinder-837543-5-iscsi devstack@keystone.service[80158]: DEBUG keystone.server.flask.request_processing.middleware.auth_context [None req-23252f2d-83f3-47a5-bf33-79de75a4d5ad None admin] RBAC: auth_context: {'token': , 'domain_id': None, 'trust_id': None, 'trustor_id': None, 'trustee_id': None, 'domain_name': None, 'group_ids': [], 'user_id': '037e9f95a2ad44f08247184b10274c13', 'user_domain_id': 'default', 'system_scope': 'all', 'project_id': None, 'project_domain_id': None, 'roles': ['admin', 'member', 'reader'], 'is_admin_project': True, 'service_user_id': None, 'service_user_domain_id': None, 'service_project_id': None, 'service_project_domain_id': None, 'service_roles': []} {{(pid=80158) fill_context /opt/stack/keystone/keystone/server/flask/request_processing/middleware/auth_context.py:478}}
Jun 17 12:43:36.923414 dv-cinder-837543-5-iscsi devstack@keystone.service[80158]: DEBUG keystone.server.flask.request_processing.req_logging [None req-23252f2d-83f3-47a5-bf33-79de75a4d5ad None admin] REQUEST_METHOD: `GET` {{(pid=80158) log_request_info /opt/stack/keystone/keystone/server/flask/request_processing/req_logging.py:27}}
Jun 17 12:43:36.923692 dv-cinder-837543-5-iscsi devstack@keystone.service[80158]: DEBUG keystone.server.flask.request_processing.req_logging [None req-23252f2d-83f3-47a5-bf33-79de75a4d5ad None admin] SCRIPT_NAME: `/identity` {{(pid=80158) log_request_info /opt/stack/keystone/keystone/server/flask/request_processing/req_logging.py:28}}
Jun 17 12:43:36.923972 dv-cinder-837543-5-iscsi devstack@keystone.service[80158]: DEBUG keystone.server.flask.request_processing.req_logging [None req-23252f2d-83f3-47a5-bf33-79de75a4d5ad None admin] PATH_INFO: `/v3/groups/09c652bb9eb647a893a2f90d23bf1dfe` {{(pid=80158) log_request_info /opt/stack/keystone/keystone/server/flask/request_processing/req_logging.py:29}}
Jun 17 12:43:36.928114 dv-cinder-837543-5-iscsi devstack@keystone.service[80157]: DEBUG keystone.auth.core [None req-baad0905-3462-4fa3-a63b-c73d0a8b9db3 None None] MFA Rules not processed for user `037e9f95a2ad44f08247184b10274c13`. Rule list: `[]` (Enabled: `True`). {{(pid=80157) check_auth_methods_against_rules /opt/stack/keystone/keystone/auth/core.py:438}}
Jun 17 12:43:36.928929 dv-cinder-837543-5-iscsi devstack@keystone.service[80158]: DEBUG keystone.common.rbac_enforcer.enforcer [None req-23252f2d-83f3-47a5-bf33-79de75a4d5ad None admin] RBAC: Authorizing `identity:get_group(group_id=09c652bb9eb647a893a2f90d23bf1dfe)` {{(pid=80158) enforce_call /opt/stack/keystone/keystone/common/rbac_enforcer/enforcer.py:449}}
Jun 17 12:43:36.929838 dv-cinder-837543-5-iscsi devstack@keystone.service[80157]: DEBUG keystone.common.fernet_utils [None req-baad0905-3462-4fa3-a63b-c73d0a8b9db3 None None] Loaded 2 Fernet keys from /etc/keystone/fernet-keys/, but `[fernet_tokens] max_active_keys = 3`; perhaps there have not been enough key rotations to reach `max_active_keys` yet? {{(pid=80157) load_keys /opt/stack/keystone/keystone/common/fernet_utils.py:286}}
Jun 17 12:43:36.930454 dv-cinder-837543-5-iscsi devstack@keystone.service[80158]: DEBUG keystone.common.rbac_enforcer.enforcer [None req-23252f2d-83f3-47a5-bf33-79de75a4d5ad None admin] RBAC: Authorization granted {{(pid=80158) enforce_call /opt/stack/keystone/keystone/common/rbac_enforcer/enforcer.py:457}}
