Jun 16 17:49:02.534172 dv-cinder-837543-4-smb devstack@c-api.service[117804]: DEBUG cinder.api.middleware.request_id [None req-8ab609a2-0a9e-44e0-b1b9-b7d5cc331b26 None None] RequestId filter calling following filter/app {{(pid=117804) _context_setter /opt/stack/cinder/cinder/api/middleware/request_id.py:62}}
Jun 16 17:49:02.540566 dv-cinder-837543-4-smb devstack@c-api.service[117804]: INFO cinder.api.openstack.wsgi [None req-8ab609a2-0a9e-44e0-b1b9-b7d5cc331b26 tempest-GroupSnapshotsTest-1053583480 tempest-GroupSnapshotsTest-1053583480-project] GET http://10.222.0.65/volume/v3/831a8c14adb94c07b895e58b7b7cf1cb/groups/fb07c839-c393-464b-b4aa-06ad4666f99f
Jun 16 17:49:02.541699 dv-cinder-837543-4-smb devstack@c-api.service[117804]: DEBUG cinder.api.openstack.wsgi [None req-8ab609a2-0a9e-44e0-b1b9-b7d5cc331b26 tempest-GroupSnapshotsTest-1053583480 tempest-GroupSnapshotsTest-1053583480-project] Empty body provided in request {{(pid=117804) get_body /opt/stack/cinder/cinder/api/openstack/wsgi.py:715}}
Jun 16 17:49:02.542349 dv-cinder-837543-4-smb devstack@c-api.service[117804]: DEBUG cinder.api.openstack.wsgi [None req-8ab609a2-0a9e-44e0-b1b9-b7d5cc331b26 tempest-GroupSnapshotsTest-1053583480 tempest-GroupSnapshotsTest-1053583480-project] Calling method 'version_select' {{(pid=117804) _process_stack /opt/stack/cinder/cinder/api/openstack/wsgi.py:868}}
Jun 16 17:49:02.543328 dv-cinder-837543-4-smb devstack@c-api.service[117804]: DEBUG cinder.api.v3.groups [None req-8ab609a2-0a9e-44e0-b1b9-b7d5cc331b26 tempest-GroupSnapshotsTest-1053583480 tempest-GroupSnapshotsTest-1053583480-project] show called for member fb07c839-c393-464b-b4aa-06ad4666f99f {{(pid=117804) show /opt/stack/cinder/cinder/api/v3/groups.py:58}}
Jun 16 17:49:02.563566 dv-cinder-837543-4-smb devstack@c-api.service[117804]: /usr/local/lib/python3.8/dist-packages/oslo_context/context.py:100: DeprecationWarning: Policy enforcement is depending on the value of is_admin. This key is deprecated. Please update your policy file to use the standard policy values.
Jun 16 17:49:02.563566 dv-cinder-837543-4-smb devstack@c-api.service[117804]: warnings.warn('Policy enforcement is depending on the value of '
Jun 16 17:49:02.621356 dv-cinder-837543-4-smb devstack@c-api.service[117804]: INFO cinder.api.openstack.wsgi [None req-8ab609a2-0a9e-44e0-b1b9-b7d5cc331b26 tempest-GroupSnapshotsTest-1053583480 tempest-GroupSnapshotsTest-1053583480-project] http://10.222.0.65/volume/v3/831a8c14adb94c07b895e58b7b7cf1cb/groups/fb07c839-c393-464b-b4aa-06ad4666f99f returned with HTTP 200
Jun 16 17:49:02.627562 dv-cinder-837543-4-smb devstack@c-api.service[117804]: [pid: 117804|app: 0|req: 10/17] 10.222.0.65 () {60 vars in 1362 bytes} [Thu Jun 16 17:49:02 2022] GET /volume/v3/831a8c14adb94c07b895e58b7b7cf1cb/groups/fb07c839-c393-464b-b4aa-06ad4666f99f => generated 392 bytes in 95 msecs (HTTP/1.1 200) 7 headers in 286 bytes (1 switches on core 0)
Jun 16 17:49:03.056533 dv-cinder-837543-4-smb devstack@c-api.service[117805]: DEBUG cinder.api.middleware.request_id [None req-37e77209-772b-4069-a22c-e7e87e11f3ae None None] RequestId filter calling following filter/app {{(pid=117805) _context_setter /opt/stack/cinder/cinder/api/middleware/request_id.py:62}}
Jun 16 17:49:03.061802 dv-cinder-837543-4-smb devstack@c-api.service[117805]: INFO cinder.api.openstack.wsgi [None req-37e77209-772b-4069-a22c-e7e87e11f3ae tempest-VolumesTestJSON-1782633995 tempest-VolumesTestJSON-1782633995-project] GET http://10.222.0.65/volume/v3/a8c806f051e24b578496087092fe18ba/volumes/d8881b01-cd98-42f7-9489-7ef2722e00bb
Jun 16 17:49:03.064340 dv-cinder-837543-4-smb devstack@c-api.service[117805]: DEBUG cinder.api.openstack.wsgi [None req-37e77209-772b-4069-a22c-e7e87e11f3ae tempest-VolumesTestJSON-1782633995 tempest-VolumesTestJSON-1782633995-project] Empty body provided in request {{(pid=117805) get_body /opt/stack/cinder/cinder/api/openstack/wsgi.py:715}}
Jun 16 17:49:03.066729 dv-cinder-837543-4-smb devstack@c-api.service[117805]: DEBUG cinder.api.openstack.wsgi [None req-37e77209-772b-4069-a22c-e7e87e11f3ae tempest-VolumesTestJSON-1782633995 tempest-VolumesTestJSON-1782633995-project] Calling method 'show' {{(pid=117805) _process_stack /opt/stack/cinder/cinder/api/openstack/wsgi.py:868}}
Jun 16 17:49:03.102805 dv-cinder-837543-4-smb devstack@c-api.service[117805]: /usr/local/lib/python3.8/dist-packages/oslo_context/context.py:100: DeprecationWarning: Policy enforcement is depending on the value of is_admin. This key is deprecated. Please update your policy file to use the standard policy values.
Jun 16 17:49:03.102805 dv-cinder-837543-4-smb devstack@c-api.service[117805]: warnings.warn('Policy enforcement is depending on the value of '
Jun 16 17:49:03.119744 dv-cinder-837543-4-smb devstack@c-api.service[117805]: INFO cinder.volume.api [None req-37e77209-772b-4069-a22c-e7e87e11f3ae tempest-VolumesTestJSON-1782633995 tempest-VolumesTestJSON-1782633995-project] Volume info retrieved successfully.
Jun 16 17:49:03.150258 dv-cinder-837543-4-smb devstack@c-api.service[117805]: INFO cinder.api.openstack.wsgi [None req-37e77209-772b-4069-a22c-e7e87e11f3ae tempest-VolumesTestJSON-1782633995 tempest-VolumesTestJSON-1782633995-project] http://10.222.0.65/volume/v3/a8c806f051e24b578496087092fe18ba/volumes/d8881b01-cd98-42f7-9489-7ef2722e00bb returned with HTTP 200
Jun 16 17:49:03.163048 dv-cinder-837543-4-smb devstack@c-api.service[117805]: [pid: 117805|app: 0|req: 8/18] 10.222.0.65 () {58 vars in 1324 bytes} [Thu Jun 16 17:49:03 2022] GET /volume/v3/a8c806f051e24b578496087092fe18ba/volumes/d8881b01-cd98-42f7-9489-7ef2722e00bb => generated 922 bytes in 108 msecs (HTTP/1.1 200) 7 headers in 285 bytes (1 switches on core 0)
Jun 16 17:49:03.190403 dv-cinder-837543-4-smb devstack@c-api.service[117804]: DEBUG cinder.api.middleware.request_id [req-1415d5ad-b8ca-4d52-adf6-2f110535a971 req-1645bd39-036b-436a-a1f7-081982bf568c None None] RequestId filter calling following filter/app {{(pid=117804) _context_setter /opt/stack/cinder/cinder/api/middleware/request_id.py:62}}
Jun 16 17:49:03.193822 dv-cinder-837543-4-smb devstack@c-api.service[117804]: INFO cinder.api.openstack.wsgi [req-1415d5ad-b8ca-4d52-adf6-2f110535a971 req-1645bd39-036b-436a-a1f7-081982bf568c tempest-VolumesTestJSON-1782633995 tempest-VolumesTestJSON-1782633995-project] GET http://10.222.0.65/volume/v3/a8c806f051e24b578496087092fe18ba/volumes/d8881b01-cd98-42f7-9489-7ef2722e00bb
Jun 16 17:49:03.194409 dv-cinder-837543-4-smb devstack@c-api.service[117804]: DEBUG cinder.api.openstack.wsgi [req-1415d5ad-b8ca-4d52-adf6-2f110535a971 req-1645bd39-036b-436a-a1f7-081982bf568c tempest-VolumesTestJSON-1782633995 tempest-VolumesTestJSON-1782633995-project] Empty body provided in request {{(pid=117804) get_body /opt/stack/cinder/cinder/api/openstack/wsgi.py:715}}
Jun 16 17:49:03.194933 dv-cinder-837543-4-smb devstack@c-api.service[117804]: DEBUG cinder.api.openstack.wsgi [req-1415d5ad-b8ca-4d52-adf6-2f110535a971 req-1645bd39-036b-436a-a1f7-081982bf568c tempest-VolumesTestJSON-1782633995 tempest-VolumesTestJSON-1782633995-project] Calling method 'show' {{(pid=117804) _process_stack /opt/stack/cinder/cinder/api/openstack/wsgi.py:868}}
Jun 16 17:49:03.226413 dv-cinder-837543-4-smb devstack@c-api.service[117804]: /usr/local/lib/python3.8/dist-packages/oslo_context/context.py:100: DeprecationWarning: Policy enforcement is depending on the value of is_admin. This key is deprecated. Please update your policy file to use the standard policy values.
Jun 16 17:49:03.226413 dv-cinder-837543-4-smb devstack@c-api.service[117804]: warnings.warn('Policy enforcement is depending on the value of '
Jun 16 17:49:03.235805 dv-cinder-837543-4-smb devstack@c-api.service[117804]: INFO cinder.volume.api [req-1415d5ad-b8ca-4d52-adf6-2f110535a971 req-1645bd39-036b-436a-a1f7-081982bf568c tempest-VolumesTestJSON-1782633995 tempest-VolumesTestJSON-1782633995-project] Volume info retrieved successfully.
Jun 16 17:49:03.251800 dv-cinder-837543-4-smb devstack@c-api.service[117804]: INFO cinder.api.openstack.wsgi [req-1415d5ad-b8ca-4d52-adf6-2f110535a971 req-1645bd39-036b-436a-a1f7-081982bf568c tempest-VolumesTestJSON-1782633995 tempest-VolumesTestJSON-1782633995-project] http://10.222.0.65/volume/v3/a8c806f051e24b578496087092fe18ba/volumes/d8881b01-cd98-42f7-9489-7ef2722e00bb returned with HTTP 200
Jun 16 17:49:03.252989 dv-cinder-837543-4-smb devstack@c-api.service[117804]: [pid: 117804|app: 0|req: 11/19] 10.222.0.65 () {60 vars in 1578 bytes} [Thu Jun 16 17:49:03 2022] GET /volume/v3/a8c806f051e24b578496087092fe18ba/volumes/d8881b01-cd98-42f7-9489-7ef2722e00bb => generated 922 bytes in 65 msecs (HTTP/1.1 200) 7 headers in 285 bytes (1 switches on core 0)
Jun 16 17:49:03.264164 dv-cinder-837543-4-smb devstack@c-api.service[117805]: DEBUG cinder.api.middleware.request_id [None req-8f2203f5-6a5c-4f81-91dd-b22e9f86491e None None] RequestId filter calling following filter/app {{(pid=117805) _context_setter /opt/stack/cinder/cinder/api/middleware/request_id.py:62}}
Jun 16 17:49:03.268224 dv-cinder-837543-4-smb devstack@c-api.service[117805]: INFO cinder.api.openstack.wsgi [None req-8f2203f5-6a5c-4f81-91dd-b22e9f86491e tempest-VolumesTestJSON-1782633995 tempest-VolumesTestJSON-1782633995-project] POST http://10.222.0.65/volume/v3/a8c806f051e24b578496087092fe18ba/volumes
Jun 16 17:49:03.270458 dv-cinder-837543-4-smb devstack@c-api.service[117805]: DEBUG cinder.api.openstack.wsgi [None req-8f2203f5-6a5c-4f81-91dd-b22e9f86491e tempest-VolumesTestJSON-1782633995 tempest-VolumesTestJSON-1782633995-project] Action: 'create', calling method: create, body: {"volume": {"metadata": {"Type": "work"}, "size": 1, "display_name": "tempest-VolumesTestJSON-volume-1162943151"}} {{(pid=117805) _process_stack /opt/stack/cinder/cinder/api/openstack/wsgi.py:866}}
Jun 16 17:49:03.271769 dv-cinder-837543-4-smb devstack@c-api.service[117805]: DEBUG cinder.api.v3.volumes [None req-8f2203f5-6a5c-4f81-91dd-b22e9f86491e tempest-VolumesTestJSON-1782633995 tempest-VolumesTestJSON-1782633995-project] Create volume request body: {'volume': {'metadata': {'Type': 'work'}, 'size': 1, 'display_name': 'tempest-VolumesTestJSON-volume-1162943151'}} {{(pid=117805) create /opt/stack/cinder/cinder/api/v3/volumes.py:298}}
Jun 16 17:49:03.272237 dv-cinder-837543-4-smb devstack@c-api.service[117805]: INFO cinder.api.v3.volumes [None req-8f2203f5-6a5c-4f81-91dd-b22e9f86491e tempest-VolumesTestJSON-1782633995 tempest-VolumesTestJSON-1782633995-project] Create volume of 1 GB
Jun 16 17:49:03.280697 dv-cinder-837543-4-smb devstack@c-api.service[117805]: INFO cinder.volume.api [None req-8f2203f5-6a5c-4f81-91dd-b22e9f86491e tempest-VolumesTestJSON-1782633995 tempest-VolumesTestJSON-1782633995-project] Availability Zones retrieved successfully.
Jun 16 17:49:03.320610 dv-cinder-837543-4-smb devstack@c-api.service[117805]: DEBUG cinder.volume.api [None req-8f2203f5-6a5c-4f81-91dd-b22e9f86491e tempest-VolumesTestJSON-1782633995 tempest-VolumesTestJSON-1782633995-project] Flow 'volume_create_api' (0acac649-073b-4a02-b689-8b0972774411) transitioned into state 'RUNNING' from state 'PENDING' {{(pid=117805) _flow_receiver /usr/local/lib/python3.8/dist-packages/taskflow/listeners/logging.py:141}}
Jun 16 17:49:03.323813 dv-cinder-837543-4-smb devstack@c-api.service[117805]: DEBUG cinder.volume.api [None req-8f2203f5-6a5c-4f81-91dd-b22e9f86491e tempest-VolumesTestJSON-1782633995 tempest-VolumesTestJSON-1782633995-project] Task 'cinder.volume.flows.api.create_volume.ExtractVolumeRequestTask;volume:create' (63af41cb-3736-4595-bd4c-6c2c9bc53151) transitioned into state 'RUNNING' from state 'PENDING' {{(pid=117805) _task_receiver /usr/local/lib/python3.8/dist-packages/taskflow/listeners/logging.py:190}}
Jun 16 17:49:03.326953 dv-cinder-837543-4-smb devstack@c-api.service[117805]: DEBUG cinder.volume.flows.api.create_volume [None req-8f2203f5-6a5c-4f81-91dd-b22e9f86491e tempest-VolumesTestJSON-1782633995 tempest-VolumesTestJSON-1782633995-project] Validating volume size '1' using validate_int {{(pid=117805) _extract_size /opt/stack/cinder/cinder/volume/flows/api/create_volume.py:228}}
Jun 16 17:49:03.382237 dv-cinder-837543-4-smb devstack@c-api.service[117805]: DEBUG cinder.volume.api [None req-8f2203f5-6a5c-4f81-91dd-b22e9f86491e tempest-VolumesTestJSON-1782633995 tempest-VolumesTestJSON-1782633995-project] Task 'cinder.volume.flows.api.create_volume.ExtractVolumeRequestTask;volume:create' (63af41cb-3736-4595-bd4c-6c2c9bc53151) transitioned into state 'SUCCESS' from state 'RUNNING' with result '{'size': 1, 'snapshot_id': None, 'source_volid': None, 'volume_type': VolumeType(created_at=2022-06-16T17:33:13Z,deleted=False,deleted_at=None,description='Default Volume Type',extra_specs={},id=68c90fe2-1bdf-40fc-b70e-df07df27e634,is_public=True,name='__DEFAULT__',projects=[],qos_specs=,qos_specs_id=None,updated_at=2022-06-16T17:33:13Z), 'volume_type_id': '68c90fe2-1bdf-40fc-b70e-df07df27e634', 'encryption_key_id': None, 'qos_specs': None, 'consistencygroup_id': None, 'cgsnapshot_id': None, 'group_id': None, 'replication_status': 'disabled', 'refresh_az': False, 'backup_id': None, 'multiattach': False, 'availability_zones': ['nova']}' {{(pid=117805) _task_receiver /usr/local/lib/python3.8/dist-packages/taskflow/listeners/logging.py:178}}
Jun 16 17:49:03.384467 dv-cinder-837543-4-smb devstack@c-api.service[117805]: DEBUG cinder.volume.api [None req-8f2203f5-6a5c-4f81-91dd-b22e9f86491e tempest-VolumesTestJSON-1782633995 tempest-VolumesTestJSON-1782633995-project] Task 'cinder.volume.flows.api.create_volume.QuotaReserveTask;volume:create' (a0e05c5d-f29e-4282-844c-8f77843d8b60) transitioned into state 'RUNNING' from state 'PENDING' {{(pid=117805) _task_receiver /usr/local/lib/python3.8/dist-packages/taskflow/listeners/logging.py:190}}
Jun 16 17:49:03.530443 dv-cinder-837543-4-smb devstack@c-api.service[117805]: DEBUG cinder.quota [None req-8f2203f5-6a5c-4f81-91dd-b22e9f86491e tempest-VolumesTestJSON-1782633995 tempest-VolumesTestJSON-1782633995-project] Created reservations ['b31a030d-47ff-40fe-8a7f-aa42101b5e00', '814bd861-b135-4e41-a2b4-40f3235443bd', 'd95393b8-494c-4a5a-af18-1503bd334c63', '60e37490-4fb2-4e4a-b222-ef8e5246c5b0'] {{(pid=117805) reserve /opt/stack/cinder/cinder/quota.py:755}}
Jun 16 17:49:03.534519 dv-cinder-837543-4-smb devstack@c-api.service[117805]: DEBUG cinder.volume.api [None req-8f2203f5-6a5c-4f81-91dd-b22e9f86491e tempest-VolumesTestJSON-1782633995 tempest-VolumesTestJSON-1782633995-project] Task 'cinder.volume.flows.api.create_volume.QuotaReserveTask;volume:create' (a0e05c5d-f29e-4282-844c-8f77843d8b60) transitioned into state 'SUCCESS' from state 'RUNNING' with result '{'reservations': ['b31a030d-47ff-40fe-8a7f-aa42101b5e00', '814bd861-b135-4e41-a2b4-40f3235443bd', 'd95393b8-494c-4a5a-af18-1503bd334c63', '60e37490-4fb2-4e4a-b222-ef8e5246c5b0']}' {{(pid=117805) _task_receiver /usr/local/lib/python3.8/dist-packages/taskflow/listeners/logging.py:178}}
Jun 16 17:49:03.540162 dv-cinder-837543-4-smb devstack@c-api.service[117805]: DEBUG cinder.volume.api [None req-8f2203f5-6a5c-4f81-91dd-b22e9f86491e tempest-VolumesTestJSON-1782633995 tempest-VolumesTestJSON-1782633995-project] Task 'cinder.volume.flows.api.create_volume.EntryCreateTask;volume:create' (f16c964f-cd00-417d-a362-bc5418b5cebe) transitioned into state 'RUNNING' from state 'PENDING' {{(pid=117805) _task_receiver /usr/local/lib/python3.8/dist-packages/taskflow/listeners/logging.py:190}}
Jun 16 17:49:03.630774 dv-cinder-837543-4-smb devstack@c-api.service[117804]: DEBUG cinder.api.middleware.request_id [None req-b6fb7534-16d1-4cb7-867d-a3184d6184b2 None None] RequestId filter calling following filter/app {{(pid=117804) _context_setter /opt/stack/cinder/cinder/api/middleware/request_id.py:62}}
Jun 16 17:49:03.637052 dv-cinder-837543-4-smb devstack@c-api.service[117804]: INFO cinder.api.openstack.wsgi [None req-b6fb7534-16d1-4cb7-867d-a3184d6184b2 tempest-GroupSnapshotsTest-1053583480 tempest-GroupSnapshotsTest-1053583480-project] GET http://10.222.0.65/volume/v3/831a8c14adb94c07b895e58b7b7cf1cb/groups/fb07c839-c393-464b-b4aa-06ad4666f99f
Jun 16 17:49:03.637739 dv-cinder-837543-4-smb devstack@c-api.service[117804]: DEBUG cinder.api.openstack.wsgi [None req-b6fb7534-16d1-4cb7-867d-a3184d6184b2 tempest-GroupSnapshotsTest-1053583480 tempest-GroupSnapshotsTest-1053583480-project] Empty body provided in request {{(pid=117804) get_body /opt/stack/cinder/cinder/api/openstack/wsgi.py:715}}
Jun 16 17:49:03.638387 dv-cinder-837543-4-smb devstack@c-api.service[117804]: DEBUG cinder.api.openstack.wsgi [None req-b6fb7534-16d1-4cb7-867d-a3184d6184b2 tempest-GroupSnapshotsTest-1053583480 tempest-GroupSnapshotsTest-1053583480-project] Calling method 'version_select' {{(pid=117804) _process_stack /opt/stack/cinder/cinder/api/openstack/wsgi.py:868}}
Jun 16 17:49:03.638913 dv-cinder-837543-4-smb devstack@c-api.service[117804]: DEBUG cinder.api.v3.groups [None req-b6fb7534-16d1-4cb7-867d-a3184d6184b2 tempest-GroupSnapshotsTest-1053583480 tempest-GroupSnapshotsTest-1053583480-project] show called for member fb07c839-c393-464b-b4aa-06ad4666f99f {{(pid=117804) show /opt/stack/cinder/cinder/api/v3/groups.py:58}}
Jun 16 17:49:03.659090 dv-cinder-837543-4-smb devstack@c-api.service[117804]: /usr/local/lib/python3.8/dist-packages/oslo_context/context.py:100: DeprecationWarning: Policy enforcement is depending on the value of is_admin. This key is deprecated. Please update your policy file to use the standard policy values.
Jun 16 17:49:03.659090 dv-cinder-837543-4-smb devstack@c-api.service[117804]: warnings.warn('Policy enforcement is depending on the value of '
Jun 16 17:49:03.685533 dv-cinder-837543-4-smb devstack@c-api.service[117804]: INFO cinder.api.openstack.wsgi [None req-b6fb7534-16d1-4cb7-867d-a3184d6184b2 tempest-GroupSnapshotsTest-1053583480 tempest-GroupSnapshotsTest-1053583480-project] http://10.222.0.65/volume/v3/831a8c14adb94c07b895e58b7b7cf1cb/groups/fb07c839-c393-464b-b4aa-06ad4666f99f returned with HTTP 200
Jun 16 17:49:03.686481 dv-cinder-837543-4-smb devstack@c-api.service[117804]: [pid: 117804|app: 0|req: 12/20] 10.222.0.65 () {60 vars in 1362 bytes} [Thu Jun 16 17:49:03 2022] GET /volume/v3/831a8c14adb94c07b895e58b7b7cf1cb/groups/fb07c839-c393-464b-b4aa-06ad4666f99f => generated 393 bytes in 57 msecs (HTTP/1.1 200) 7 headers in 286 bytes (2 switches on core 0)
Jun 16 17:49:03.695179 dv-cinder-837543-4-smb devstack@c-api.service[117804]: DEBUG cinder.api.middleware.request_id [None req-2a049234-282f-47f3-bbde-0a62d4bd9104 None None] RequestId filter calling following filter/app {{(pid=117804) _context_setter /opt/stack/cinder/cinder/api/middleware/request_id.py:62}}
Jun 16 17:49:03.700091 dv-cinder-837543-4-smb devstack@c-api.service[117804]: INFO cinder.api.openstack.wsgi [None req-2a049234-282f-47f3-bbde-0a62d4bd9104 tempest-GroupSnapshotsTest-1053583480 tempest-GroupSnapshotsTest-1053583480-project] POST http://10.222.0.65/volume/v3/831a8c14adb94c07b895e58b7b7cf1cb/volumes
Jun 16 17:49:03.701180 dv-cinder-837543-4-smb devstack@c-api.service[117804]: DEBUG cinder.api.openstack.wsgi [None req-2a049234-282f-47f3-bbde-0a62d4bd9104 tempest-GroupSnapshotsTest-1053583480 tempest-GroupSnapshotsTest-1053583480-project] Action: 'create', calling method: create, body: {"volume": {"volume_type": "634a53c8-f471-4304-be69-91cfadf35e8f", "group_id": "fb07c839-c393-464b-b4aa-06ad4666f99f", "size": 1, "name": "tempest-GroupSnapshotsTest-Volume-325848133"}} {{(pid=117804) _process_stack /opt/stack/cinder/cinder/api/openstack/wsgi.py:866}}
Jun 16 17:49:03.702924 dv-cinder-837543-4-smb devstack@c-api.service[117804]: DEBUG cinder.api.v3.volumes [None req-2a049234-282f-47f3-bbde-0a62d4bd9104 tempest-GroupSnapshotsTest-1053583480 tempest-GroupSnapshotsTest-1053583480-project] Create volume request body: {'volume': {'volume_type': '634a53c8-f471-4304-be69-91cfadf35e8f', 'group_id': 'fb07c839-c393-464b-b4aa-06ad4666f99f', 'size': 1, 'name': 'tempest-GroupSnapshotsTest-Volume-325848133'}} {{(pid=117804) create /opt/stack/cinder/cinder/api/v3/volumes.py:298}}
Jun 16 17:49:03.709406 dv-cinder-837543-4-smb devstack@c-api.service[117805]: DEBUG cinder.volume.api [None req-8f2203f5-6a5c-4f81-91dd-b22e9f86491e tempest-VolumesTestJSON-1782633995 tempest-VolumesTestJSON-1782633995-project] Task 'cinder.volume.flows.api.create_volume.EntryCreateTask;volume:create' (f16c964f-cd00-417d-a362-bc5418b5cebe) transitioned into state 'SUCCESS' from state 'RUNNING' with result '{'volume_id': '0be54bd3-a22e-4730-9caf-bcfa382b8153', 'volume_properties': VolumeProperties(attach_status='detached',availability_zone='nova',cgsnapshot_id=None,consistencygroup_id=None,display_description=None,display_name='tempest-VolumesTestJSON-volume-1162943151',encryption_key_id=None,group_id=None,group_type_id=,metadata={Type='work'},multiattach=False,project_id='a8c806f051e24b578496087092fe18ba',qos_specs=None,replication_status=,reservations=['b31a030d-47ff-40fe-8a7f-aa42101b5e00','814bd861-b135-4e41-a2b4-40f3235443bd','d95393b8-494c-4a5a-af18-1503bd334c63','60e37490-4fb2-4e4a-b222-ef8e5246c5b0'],size=1,snapshot_id=None,source_replicaid=,source_volid=None,status='creating',user_id='2a86c632292045d19f5ab4c34d1afb2e',volume_type_id=68c90fe2-1bdf-40fc-b70e-df07df27e634), 'volume': Volume(_name_id=None,admin_metadata=,attach_status='detached',availability_zone='nova',bootable=False,cluster=,cluster_name=None,consistencygroup=,consistencygroup_id=None,created_at=2022-06-16T17:49:03Z,deleted=False,deleted_at=None,display_description=None,display_name='tempest-VolumesTestJSON-volume-1162943151',ec2_id=None,encryption_key_id=None,glance_metadata=,group=,group_id=None,host=None,id=0be54bd3-a22e-4730-9caf-bcfa382b8153,launched_at=None,metadata={Type='work'},migration_status=None,multiattach=False,previous_status=None,project_id='a8c806f051e24b578496087092fe18ba',provider_auth=None,provider_geometry=None,provider_id=None,provider_location=None,replication_driver_data=None,replication_extended_status=None,replication_status=None,scheduled_at=None,service_uuid=None,shared_targets=True,size=1,snapshot_id=None,snapshots=,source_volid=None,status='creating',terminated_at=None,updated_at=None,use_quota=True,user_id='2a86c632292045d19f5ab4c34d1afb2e',volume_attachment=VolumeAttachmentList,volume_type=VolumeType(68c90fe2-1bdf-40fc-b70e-df07df27e634),volume_type_id=68c90fe2-1bdf-40fc-b70e-df07df27e634)}' {{(pid=117805) _task_receiver /usr/local/lib/python3.8/dist-packages/taskflow/listeners/logging.py:178}}
Jun 16 17:49:03.711239 dv-cinder-837543-4-smb devstack@c-api.service[117805]: DEBUG cinder.volume.api [None req-8f2203f5-6a5c-4f81-91dd-b22e9f86491e tempest-VolumesTestJSON-1782633995 tempest-VolumesTestJSON-1782633995-project] Task 'cinder.volume.flows.api.create_volume.QuotaCommitTask;volume:create' (0895cdb4-f0d4-4906-a7f4-037d61c0ca3c) transitioned into state 'RUNNING' from state 'PENDING' {{(pid=117805) _task_receiver /usr/local/lib/python3.8/dist-packages/taskflow/listeners/logging.py:190}}
Jun 16 17:49:03.754390 dv-cinder-837543-4-smb devstack@c-api.service[117804]: /usr/local/lib/python3.8/dist-packages/oslo_context/context.py:100: DeprecationWarning: Policy enforcement is depending on the value of is_admin. This key is deprecated. Please update your policy file to use the standard policy values.
Jun 16 17:49:03.754390 dv-cinder-837543-4-smb devstack@c-api.service[117804]: warnings.warn('Policy enforcement is depending on the value of '
Jun 16 17:49:03.769509 dv-cinder-837543-4-smb devstack@c-api.service[117804]: INFO cinder.api.v3.volumes [None req-2a049234-282f-47f3-bbde-0a62d4bd9104 tempest-GroupSnapshotsTest-1053583480 tempest-GroupSnapshotsTest-1053583480-project] Create volume of 1 GB
Jun 16 17:49:03.795917 dv-cinder-837543-4-smb devstack@c-api.service[117804]: DEBUG cinder.volume.api [None req-2a049234-282f-47f3-bbde-0a62d4bd9104 tempest-GroupSnapshotsTest-1053583480 tempest-GroupSnapshotsTest-1053583480-project] Availability zone cache updated, next update will occur around 2022-06-16 18:49:03.795032. {{(pid=117804) list_availability_zones /opt/stack/cinder/cinder/volume/api.py:153}}
Jun 16 17:49:03.796388 dv-cinder-837543-4-smb devstack@c-api.service[117804]: INFO cinder.volume.api [None req-2a049234-282f-47f3-bbde-0a62d4bd9104 tempest-GroupSnapshotsTest-1053583480 tempest-GroupSnapshotsTest-1053583480-project] Availability Zones retrieved successfully.
Jun 16 17:49:03.841607 dv-cinder-837543-4-smb devstack@c-api.service[117805]: DEBUG cinder.volume.api [None req-8f2203f5-6a5c-4f81-91dd-b22e9f86491e tempest-VolumesTestJSON-1782633995 tempest-VolumesTestJSON-1782633995-project] Task 'cinder.volume.flows.api.create_volume.QuotaCommitTask;volume:create' (0895cdb4-f0d4-4906-a7f4-037d61c0ca3c) transitioned into state 'SUCCESS' from state 'RUNNING' with result '{'volume_properties': VolumeProperties(attach_status='detached',availability_zone='nova',cgsnapshot_id=None,consistencygroup_id=None,display_description=None,display_name='tempest-VolumesTestJSON-volume-1162943151',encryption_key_id=None,group_id=None,group_type_id=,metadata={Type='work'},multiattach=False,project_id='a8c806f051e24b578496087092fe18ba',qos_specs=None,replication_status=,reservations=['b31a030d-47ff-40fe-8a7f-aa42101b5e00','814bd861-b135-4e41-a2b4-40f3235443bd','d95393b8-494c-4a5a-af18-1503bd334c63','60e37490-4fb2-4e4a-b222-ef8e5246c5b0'],size=1,snapshot_id=None,source_replicaid=,source_volid=None,status='creating',user_id='2a86c632292045d19f5ab4c34d1afb2e',volume_type_id=68c90fe2-1bdf-40fc-b70e-df07df27e634)}' {{(pid=117805) _task_receiver /usr/local/lib/python3.8/dist-packages/taskflow/listeners/logging.py:178}}
Jun 16 17:49:03.843521 dv-cinder-837543-4-smb devstack@c-api.service[117805]: DEBUG cinder.volume.api [None req-8f2203f5-6a5c-4f81-91dd-b22e9f86491e tempest-VolumesTestJSON-1782633995 tempest-VolumesTestJSON-1782633995-project] Task 'cinder.volume.flows.api.create_volume.VolumeCastTask;volume:create' (37ed5157-a2fb-46ed-b2f2-eae606504d60) transitioned into state 'RUNNING' from state 'PENDING' {{(pid=117805) _task_receiver /usr/local/lib/python3.8/dist-packages/taskflow/listeners/logging.py:190}}
Jun 16 17:49:03.882398 dv-cinder-837543-4-smb devstack@c-api.service[117804]: DEBUG cinder.volume.api [None req-2a049234-282f-47f3-bbde-0a62d4bd9104 tempest-GroupSnapshotsTest-1053583480 tempest-GroupSnapshotsTest-1053583480-project] Flow 'volume_create_api' (3b0ad64d-03d7-4950-8139-3ca141056cb4) transitioned into state 'RUNNING' from state 'PENDING' {{(pid=117804) _flow_receiver /usr/local/lib/python3.8/dist-packages/taskflow/listeners/logging.py:141}}
Jun 16 17:49:03.889874 dv-cinder-837543-4-smb devstack@c-api.service[117804]: DEBUG cinder.volume.api [None req-2a049234-282f-47f3-bbde-0a62d4bd9104 tempest-GroupSnapshotsTest-1053583480 tempest-GroupSnapshotsTest-1053583480-project] Task 'cinder.volume.flows.api.create_volume.ExtractVolumeRequestTask;volume:create' (6509f7dc-5012-432f-8267-dc711a870939) transitioned into state 'RUNNING' from state 'PENDING' {{(pid=117804) _task_receiver /usr/local/lib/python3.8/dist-packages/taskflow/listeners/logging.py:190}}
Jun 16 17:49:03.895594 dv-cinder-837543-4-smb devstack@c-api.service[117804]: /usr/local/lib/python3.8/dist-packages/oslo_context/context.py:100: DeprecationWarning: Policy enforcement is depending on the value of is_admin. This key is deprecated. Please update your policy file to use the standard policy values.
Jun 16 17:49:03.895594 dv-cinder-837543-4-smb devstack@c-api.service[117804]: warnings.warn('Policy enforcement is depending on the value of '
Jun 16 17:49:03.896998 dv-cinder-837543-4-smb devstack@c-api.service[117804]: DEBUG cinder.volume.flows.api.create_volume [None req-2a049234-282f-47f3-bbde-0a62d4bd9104 tempest-GroupSnapshotsTest-1053583480 tempest-GroupSnapshotsTest-1053583480-project] Validating volume size '1' using validate_int {{(pid=117804) _extract_size /opt/stack/cinder/cinder/volume/flows/api/create_volume.py:228}}
Jun 16 17:49:03.950522 dv-cinder-837543-4-smb devstack@c-api.service[117805]: DEBUG cinder.volume.api [None req-8f2203f5-6a5c-4f81-91dd-b22e9f86491e tempest-VolumesTestJSON-1782633995 tempest-VolumesTestJSON-1782633995-project] Task 'cinder.volume.flows.api.create_volume.VolumeCastTask;volume:create' (37ed5157-a2fb-46ed-b2f2-eae606504d60) transitioned into state 'SUCCESS' from state 'RUNNING' with result 'None' {{(pid=117805) _task_receiver /usr/local/lib/python3.8/dist-packages/taskflow/listeners/logging.py:178}}
Jun 16 17:49:03.958155 dv-cinder-837543-4-smb devstack@c-api.service[117805]: DEBUG cinder.volume.api [None req-8f2203f5-6a5c-4f81-91dd-b22e9f86491e tempest-VolumesTestJSON-1782633995 tempest-VolumesTestJSON-1782633995-project] Flow 'volume_create_api' (0acac649-073b-4a02-b689-8b0972774411) transitioned into state 'SUCCESS' from state 'RUNNING' {{(pid=117805) _flow_receiver /usr/local/lib/python3.8/dist-packages/taskflow/listeners/logging.py:141}}
Jun 16 17:49:03.959256 dv-cinder-837543-4-smb devstack@c-api.service[117805]: INFO cinder.volume.api [None req-8f2203f5-6a5c-4f81-91dd-b22e9f86491e tempest-VolumesTestJSON-1782633995 tempest-VolumesTestJSON-1782633995-project] Create volume request issued successfully.
Jun 16 17:49:03.960894 dv-cinder-837543-4-smb devstack@c-api.service[117805]: INFO cinder.api.openstack.wsgi [None req-8f2203f5-6a5c-4f81-91dd-b22e9f86491e tempest-VolumesTestJSON-1782633995 tempest-VolumesTestJSON-1782633995-project] http://10.222.0.65/volume/v3/a8c806f051e24b578496087092fe18ba/volumes returned with HTTP 202
Jun 16 17:49:03.965137 dv-cinder-837543-4-smb devstack@c-api.service[117805]: [pid: 117805|app: 0|req: 9/21] 10.222.0.65 () {60 vars in 1235 bytes} [Thu Jun 16 17:49:03 2022] POST /volume/v3/a8c806f051e24b578496087092fe18ba/volumes => generated 829 bytes in 702 msecs (HTTP/1.1 202) 7 headers in 291 bytes (1 switches on core 0)
Jun 16 17:49:03.974641 dv-cinder-837543-4-smb devstack@c-api.service[117805]: DEBUG cinder.api.middleware.request_id [None req-8659647c-577f-40f4-847a-562ebe958cde None None] RequestId filter calling following filter/app {{(pid=117805) _context_setter /opt/stack/cinder/cinder/api/middleware/request_id.py:62}}
Jun 16 17:49:03.978820 dv-cinder-837543-4-smb devstack@c-api.service[117805]: INFO cinder.api.openstack.wsgi [None req-8659647c-577f-40f4-847a-562ebe958cde tempest-VolumesTestJSON-1782633995 tempest-VolumesTestJSON-1782633995-project] GET http://10.222.0.65/volume/v3/a8c806f051e24b578496087092fe18ba/volumes/0be54bd3-a22e-4730-9caf-bcfa382b8153
Jun 16 17:49:03.980610 dv-cinder-837543-4-smb devstack@c-api.service[117805]: DEBUG cinder.api.openstack.wsgi [None req-8659647c-577f-40f4-847a-562ebe958cde tempest-VolumesTestJSON-1782633995 tempest-VolumesTestJSON-1782633995-project] Empty body provided in request {{(pid=117805) get_body /opt/stack/cinder/cinder/api/openstack/wsgi.py:715}}
Jun 16 17:49:03.986548 dv-cinder-837543-4-smb devstack@c-api.service[117805]: DEBUG cinder.api.openstack.wsgi [None req-8659647c-577f-40f4-847a-562ebe958cde tempest-VolumesTestJSON-1782633995 tempest-VolumesTestJSON-1782633995-project] Calling method 'show' {{(pid=117805) _process_stack /opt/stack/cinder/cinder/api/openstack/wsgi.py:868}}
Jun 16 17:49:04.016940 dv-cinder-837543-4-smb devstack@c-api.service[117805]: /usr/local/lib/python3.8/dist-packages/oslo_context/context.py:100: DeprecationWarning: Policy enforcement is depending on the value of is_admin. This key is deprecated. Please update your policy file to use the standard policy values.
Jun 16 17:49:04.016940 dv-cinder-837543-4-smb devstack@c-api.service[117805]: warnings.warn('Policy enforcement is depending on the value of '
Jun 16 17:49:04.024113 dv-cinder-837543-4-smb devstack@c-api.service[117804]: DEBUG cinder.volume.api [None req-2a049234-282f-47f3-bbde-0a62d4bd9104 tempest-GroupSnapshotsTest-1053583480 tempest-GroupSnapshotsTest-1053583480-project] Task 'cinder.volume.flows.api.create_volume.ExtractVolumeRequestTask;volume:create' (6509f7dc-5012-432f-8267-dc711a870939) transitioned into state 'SUCCESS' from state 'RUNNING' with result '{'size': 1, 'snapshot_id': None, 'source_volid': None, 'volume_type': VolumeType(created_at=2022-06-16T17:49:01Z,deleted=False,deleted_at=None,description=None,extra_specs={},id=634a53c8-f471-4304-be69-91cfadf35e8f,is_public=True,name='tempest-GroupSnapshotsTest-volume-type-1254344995',projects=[],qos_specs=,qos_specs_id=None,updated_at=None), 'volume_type_id': '634a53c8-f471-4304-be69-91cfadf35e8f', 'encryption_key_id': None, 'qos_specs': None, 'consistencygroup_id': None, 'cgsnapshot_id': None, 'group_id': 'fb07c839-c393-464b-b4aa-06ad4666f99f', 'replication_status': 'disabled', 'refresh_az': False, 'backup_id': None, 'multiattach': False, 'availability_zones': ['nova']}' {{(pid=117804) _task_receiver /usr/local/lib/python3.8/dist-packages/taskflow/listeners/logging.py:178}}
Jun 16 17:49:04.031648 dv-cinder-837543-4-smb devstack@c-api.service[117804]: DEBUG cinder.volume.api [None req-2a049234-282f-47f3-bbde-0a62d4bd9104 tempest-GroupSnapshotsTest-1053583480 tempest-GroupSnapshotsTest-1053583480-project] Task 'cinder.volume.flows.api.create_volume.QuotaReserveTask;volume:create' (1f17cb36-6599-4708-9d90-d27dcf28c4b1) transitioned into state 'RUNNING' from state 'PENDING' {{(pid=117804) _task_receiver /usr/local/lib/python3.8/dist-packages/taskflow/listeners/logging.py:190}}
Jun 16 17:49:04.051137 dv-cinder-837543-4-smb devstack@c-api.service[117805]: INFO cinder.volume.api [None req-8659647c-577f-40f4-847a-562ebe958cde tempest-VolumesTestJSON-1782633995 tempest-VolumesTestJSON-1782633995-project] Volume info retrieved successfully.
Jun 16 17:49:04.069399 dv-cinder-837543-4-smb devstack@c-api.service[117805]: INFO cinder.api.openstack.wsgi [None req-8659647c-577f-40f4-847a-562ebe958cde tempest-VolumesTestJSON-1782633995 tempest-VolumesTestJSON-1782633995-project] http://10.222.0.65/volume/v3/a8c806f051e24b578496087092fe18ba/volumes/0be54bd3-a22e-4730-9caf-bcfa382b8153 returned with HTTP 200
Jun 16 17:49:04.086249 dv-cinder-837543-4-smb devstack@c-api.service[117805]: [pid: 117805|app: 0|req: 10/22] 10.222.0.65 () {58 vars in 1324 bytes} [Thu Jun 16 17:49:03 2022] GET /volume/v3/a8c806f051e24b578496087092fe18ba/volumes/0be54bd3-a22e-4730-9caf-bcfa382b8153 => generated 897 bytes in 113 msecs (HTTP/1.1 200) 7 headers in 285 bytes (1 switches on core 0)
Jun 16 17:49:04.331130 dv-cinder-837543-4-smb devstack@c-api.service[117804]: WARNING cinder.quota [None req-2a049234-282f-47f3-bbde-0a62d4bd9104 tempest-GroupSnapshotsTest-1053583480 tempest-GroupSnapshotsTest-1053583480-project] Deprecated: Default quota for resource: volumes_tempest-GroupSnapshotsTest-volume-type-1254344995 is set by the default quota flag: quota_volumes_tempest-GroupSnapshotsTest-volume-type-1254344995, it is now deprecated. Please use the default quota class for default quota.
Jun 16 17:49:04.336848 dv-cinder-837543-4-smb devstack@c-api.service[117804]: WARNING cinder.quota [None req-2a049234-282f-47f3-bbde-0a62d4bd9104 tempest-GroupSnapshotsTest-1053583480 tempest-GroupSnapshotsTest-1053583480-project] Deprecated: Default quota for resource: gigabytes_tempest-GroupSnapshotsTest-volume-type-1254344995 is set by the default quota flag: quota_gigabytes_tempest-GroupSnapshotsTest-volume-type-1254344995, it is now deprecated. Please use the default quota class for default quota.
Jun 16 17:49:04.629296 dv-cinder-837543-4-smb devstack@c-api.service[117804]: DEBUG cinder.quota [None req-2a049234-282f-47f3-bbde-0a62d4bd9104 tempest-GroupSnapshotsTest-1053583480 tempest-GroupSnapshotsTest-1053583480-project] Created reservations ['f9e881b6-31f3-4eed-8981-a2cedb51f97f', '4093bad4-de2e-47f7-b62e-f7536ee6e271', 'eb08267a-2957-4489-ac68-e084978964d7', 'c1c71094-054d-4d3a-b2d7-b334710d719a'] {{(pid=117804) reserve /opt/stack/cinder/cinder/quota.py:755}}
Jun 16 17:49:04.632076 dv-cinder-837543-4-smb devstack@c-api.service[117804]: DEBUG cinder.volume.api [None req-2a049234-282f-47f3-bbde-0a62d4bd9104 tempest-GroupSnapshotsTest-1053583480 tempest-GroupSnapshotsTest-1053583480-project] Task 'cinder.volume.flows.api.create_volume.QuotaReserveTask;volume:create' (1f17cb36-6599-4708-9d90-d27dcf28c4b1) transitioned into state 'SUCCESS' from state 'RUNNING' with result '{'reservations': ['f9e881b6-31f3-4eed-8981-a2cedb51f97f', '4093bad4-de2e-47f7-b62e-f7536ee6e271', 'eb08267a-2957-4489-ac68-e084978964d7', 'c1c71094-054d-4d3a-b2d7-b334710d719a']}' {{(pid=117804) _task_receiver /usr/local/lib/python3.8/dist-packages/taskflow/listeners/logging.py:178}}
Jun 16 17:49:04.633378 dv-cinder-837543-4-smb devstack@c-api.service[117804]: DEBUG cinder.volume.api [None req-2a049234-282f-47f3-bbde-0a62d4bd9104 tempest-GroupSnapshotsTest-1053583480 tempest-GroupSnapshotsTest-1053583480-project] Task 'cinder.volume.flows.api.create_volume.EntryCreateTask;volume:create' (e7df6a1e-f2b8-48f3-81f2-526f01ae5f39) transitioned into state 'RUNNING' from state 'PENDING' {{(pid=117804) _task_receiver /usr/local/lib/python3.8/dist-packages/taskflow/listeners/logging.py:190}}
Jun 16 17:49:04.654974 dv-cinder-837543-4-smb devstack@c-api.service[117804]: DEBUG dbcounter [-] [117804] Writing DB stats cinder:SELECT=85,cinder:INSERT=11,cinder:UPDATE=4 {{(pid=117804) stat_writer /usr/local/lib/python3.8/dist-packages/dbcounter.py:114}}
Jun 16 17:49:04.757302 dv-cinder-837543-4-smb devstack@c-api.service[117804]: DEBUG cinder.volume.api [None req-2a049234-282f-47f3-bbde-0a62d4bd9104 tempest-GroupSnapshotsTest-1053583480 tempest-GroupSnapshotsTest-1053583480-project] Task 'cinder.volume.flows.api.create_volume.EntryCreateTask;volume:create' (e7df6a1e-f2b8-48f3-81f2-526f01ae5f39) transitioned into state 'SUCCESS' from state 'RUNNING' with result '{'volume_id': 'fb402315-9e4d-4ed8-bf0f-60277a4d8cab', 'volume_properties': VolumeProperties(attach_status='detached',availability_zone='nova',cgsnapshot_id=None,consistencygroup_id=None,display_description=None,display_name='tempest-GroupSnapshotsTest-Volume-325848133',encryption_key_id=None,group_id=fb07c839-c393-464b-b4aa-06ad4666f99f,group_type_id=,metadata={},multiattach=False,project_id='831a8c14adb94c07b895e58b7b7cf1cb',qos_specs=None,replication_status=,reservations=['f9e881b6-31f3-4eed-8981-a2cedb51f97f','4093bad4-de2e-47f7-b62e-f7536ee6e271','eb08267a-2957-4489-ac68-e084978964d7','c1c71094-054d-4d3a-b2d7-b334710d719a'],size=1,snapshot_id=None,source_replicaid=,source_volid=None,status='creating',user_id='d43f0818491147d9b5847be08577b8db',volume_type_id=634a53c8-f471-4304-be69-91cfadf35e8f), 'volume': Volume(_name_id=None,admin_metadata=,attach_status='detached',availability_zone='nova',bootable=False,cluster=,cluster_name=None,consistencygroup=,consistencygroup_id=None,created_at=2022-06-16T17:49:04Z,deleted=False,deleted_at=None,display_description=None,display_name='tempest-GroupSnapshotsTest-Volume-325848133',ec2_id=None,encryption_key_id=None,glance_metadata=,group=,group_id=fb07c839-c393-464b-b4aa-06ad4666f99f,host=None,id=fb402315-9e4d-4ed8-bf0f-60277a4d8cab,launched_at=None,metadata={},migration_status=None,multiattach=False,previous_status=None,project_id='831a8c14adb94c07b895e58b7b7cf1cb',provider_auth=None,provider_geometry=None,provider_id=None,provider_location=None,replication_driver_data=None,replication_extended_status=None,replication_status=None,scheduled_at=None,service_uuid=None,shared_targets=True,size=1,snapshot_id=None,snapshots=,source_volid=None,status='creating',terminated_at=None,updated_at=None,use_quota=True,user_id='d43f0818491147d9b5847be08577b8db',volume_attachment=VolumeAttachmentList,volume_type=VolumeType(634a53c8-f471-4304-be69-91cfadf35e8f),volume_type_id=634a53c8-f471-4304-be69-91cfadf35e8f)}' {{(pid=117804) _task_receiver /usr/local/lib/python3.8/dist-packages/taskflow/listeners/logging.py:178}}
Jun 16 17:49:04.763533 dv-cinder-837543-4-smb devstack@c-api.service[117804]: DEBUG cinder.volume.api [None req-2a049234-282f-47f3-bbde-0a62d4bd9104 tempest-GroupSnapshotsTest-1053583480 tempest-GroupSnapshotsTest-1053583480-project] Task 'cinder.volume.flows.api.create_volume.QuotaCommitTask;volume:create' (db78d407-bc27-4fff-9a2e-5567a325d81f) transitioned into state 'RUNNING' from state 'PENDING' {{(pid=117804) _task_receiver /usr/local/lib/python3.8/dist-packages/taskflow/listeners/logging.py:190}}
Jun 16 17:49:04.960451 dv-cinder-837543-4-smb devstack@c-api.service[117804]: DEBUG cinder.volume.api [None req-2a049234-282f-47f3-bbde-0a62d4bd9104 tempest-GroupSnapshotsTest-1053583480 tempest-GroupSnapshotsTest-1053583480-project] Task 'cinder.volume.flows.api.create_volume.QuotaCommitTask;volume:create' (db78d407-bc27-4fff-9a2e-5567a325d81f) transitioned into state 'SUCCESS' from state 'RUNNING' with result '{'volume_properties': VolumeProperties(attach_status='detached',availability_zone='nova',cgsnapshot_id=None,consistencygroup_id=None,display_description=None,display_name='tempest-GroupSnapshotsTest-Volume-325848133',encryption_key_id=None,group_id=fb07c839-c393-464b-b4aa-06ad4666f99f,group_type_id=,metadata={},multiattach=False,project_id='831a8c14adb94c07b895e58b7b7cf1cb',qos_specs=None,replication_status=,reservations=['f9e881b6-31f3-4eed-8981-a2cedb51f97f','4093bad4-de2e-47f7-b62e-f7536ee6e271','eb08267a-2957-4489-ac68-e084978964d7','c1c71094-054d-4d3a-b2d7-b334710d719a'],size=1,snapshot_id=None,source_replicaid=,source_volid=None,status='creating',user_id='d43f0818491147d9b5847be08577b8db',volume_type_id=634a53c8-f471-4304-be69-91cfadf35e8f)}' {{(pid=117804) _task_receiver /usr/local/lib/python3.8/dist-packages/taskflow/listeners/logging.py:178}}
Jun 16 17:49:04.963217 dv-cinder-837543-4-smb devstack@c-api.service[117804]: DEBUG cinder.volume.api [None req-2a049234-282f-47f3-bbde-0a62d4bd9104 tempest-GroupSnapshotsTest-1053583480 tempest-GroupSnapshotsTest-1053583480-project] Task 'cinder.volume.flows.api.create_volume.VolumeCastTask;volume:create' (b5b96e07-9049-453b-9cdd-8c8fb1944b27) transitioned into state 'RUNNING' from state 'PENDING' {{(pid=117804) _task_receiver /usr/local/lib/python3.8/dist-packages/taskflow/listeners/logging.py:190}}
Jun 16 17:49:05.098983 dv-cinder-837543-4-smb devstack@c-api.service[117805]: DEBUG cinder.api.middleware.request_id [None req-2a0ec55e-241c-4030-8200-88902ba3735c None None] RequestId filter calling following filter/app {{(pid=117805) _context_setter /opt/stack/cinder/cinder/api/middleware/request_id.py:62}}
Jun 16 17:49:05.102717 dv-cinder-837543-4-smb devstack@c-api.service[117805]: INFO cinder.api.openstack.wsgi [None req-2a0ec55e-241c-4030-8200-88902ba3735c tempest-VolumesTestJSON-1782633995 tempest-VolumesTestJSON-1782633995-project] GET http://10.222.0.65/volume/v3/a8c806f051e24b578496087092fe18ba/volumes/0be54bd3-a22e-4730-9caf-bcfa382b8153
Jun 16 17:49:05.103600 dv-cinder-837543-4-smb devstack@c-api.service[117805]: DEBUG cinder.api.openstack.wsgi [None req-2a0ec55e-241c-4030-8200-88902ba3735c tempest-VolumesTestJSON-1782633995 tempest-VolumesTestJSON-1782633995-project] Empty body provided in request {{(pid=117805) get_body /opt/stack/cinder/cinder/api/openstack/wsgi.py:715}}
Jun 16 17:49:05.104205 dv-cinder-837543-4-smb devstack@c-api.service[117805]: DEBUG cinder.api.openstack.wsgi [None req-2a0ec55e-241c-4030-8200-88902ba3735c tempest-VolumesTestJSON-1782633995 tempest-VolumesTestJSON-1782633995-project] Calling method 'show' {{(pid=117805) _process_stack /opt/stack/cinder/cinder/api/openstack/wsgi.py:868}}
Jun 16 17:49:05.128870 dv-cinder-837543-4-smb devstack@c-api.service[117804]: DEBUG cinder.volume.api [None req-2a049234-282f-47f3-bbde-0a62d4bd9104 tempest-GroupSnapshotsTest-1053583480 tempest-GroupSnapshotsTest-1053583480-project] Task 'cinder.volume.flows.api.create_volume.VolumeCastTask;volume:create' (b5b96e07-9049-453b-9cdd-8c8fb1944b27) transitioned into state 'SUCCESS' from state 'RUNNING' with result 'None' {{(pid=117804) _task_receiver /usr/local/lib/python3.8/dist-packages/taskflow/listeners/logging.py:178}}
Jun 16 17:49:05.131407 dv-cinder-837543-4-smb devstack@c-api.service[117804]: DEBUG cinder.volume.api [None req-2a049234-282f-47f3-bbde-0a62d4bd9104 tempest-GroupSnapshotsTest-1053583480 tempest-GroupSnapshotsTest-1053583480-project] Flow 'volume_create_api' (3b0ad64d-03d7-4950-8139-3ca141056cb4) transitioned into state 'SUCCESS' from state 'RUNNING' {{(pid=117804) _flow_receiver /usr/local/lib/python3.8/dist-packages/taskflow/listeners/logging.py:141}}
Jun 16 17:49:05.132136 dv-cinder-837543-4-smb devstack@c-api.service[117804]: INFO cinder.volume.api [None req-2a049234-282f-47f3-bbde-0a62d4bd9104 tempest-GroupSnapshotsTest-1053583480 tempest-GroupSnapshotsTest-1053583480-project] Create volume request issued successfully.
Jun 16 17:49:05.133635 dv-cinder-837543-4-smb devstack@c-api.service[117804]: WARNING stevedore.named [None req-2a049234-282f-47f3-bbde-0a62d4bd9104 tempest-GroupSnapshotsTest-1053583480 tempest-GroupSnapshotsTest-1053583480-project] Could not load cinder.keymgr.conf_key_mgr.ConfKeyManager
Jun 16 17:49:05.134029 dv-cinder-837543-4-smb devstack@c-api.service[117804]: WARNING castellan.key_manager [None req-2a049234-282f-47f3-bbde-0a62d4bd9104 tempest-GroupSnapshotsTest-1053583480 tempest-GroupSnapshotsTest-1053583480-project] Deprecation Warning : cinder.keymgr.conf_key_mgr.ConfKeyManager is not a stevedore based driver, trying to load it as a class: stevedore.exception.NoMatches: No 'castellan.drivers' driver found, looking for 'cinder.keymgr.conf_key_mgr.ConfKeyManager'
Jun 16 17:49:05.153661 dv-cinder-837543-4-smb devstack@c-api.service[117804]: DEBUG oslo_db.sqlalchemy.engines [None req-2a049234-282f-47f3-bbde-0a62d4bd9104 tempest-GroupSnapshotsTest-1053583480 tempest-GroupSnapshotsTest-1053583480-project] MySQL server mode set to STRICT_TRANS_TABLES,STRICT_ALL_TABLES,NO_ZERO_IN_DATE,NO_ZERO_DATE,ERROR_FOR_DIVISION_BY_ZERO,TRADITIONAL,NO_ENGINE_SUBSTITUTION {{(pid=117804) _check_effective_sql_mode /usr/local/lib/python3.8/dist-packages/oslo_db/sqlalchemy/engines.py:314}}
Jun 16 17:49:05.160881 dv-cinder-837543-4-smb devstack@c-api.service[117804]: /usr/local/lib/python3.8/dist-packages/oslo_context/context.py:100: DeprecationWarning: Policy enforcement is depending on the value of is_admin. This key is deprecated. Please update your policy file to use the standard policy values.
Jun 16 17:49:05.160881 dv-cinder-837543-4-smb devstack@c-api.service[117804]: warnings.warn('Policy enforcement is depending on the value of '
Jun 16 17:49:05.169454 dv-cinder-837543-4-smb devstack@c-api.service[117805]: /usr/local/lib/python3.8/dist-packages/oslo_context/context.py:100: DeprecationWarning: Policy enforcement is depending on the value of is_admin. This key is deprecated. Please update your policy file to use the standard policy values.
Jun 16 17:49:05.169454 dv-cinder-837543-4-smb devstack@c-api.service[117805]: warnings.warn('Policy enforcement is depending on the value of '
Jun 16 17:49:05.175120 dv-cinder-837543-4-smb devstack@c-api.service[117804]: INFO cinder.api.openstack.wsgi [None req-2a049234-282f-47f3-bbde-0a62d4bd9104 tempest-GroupSnapshotsTest-1053583480 tempest-GroupSnapshotsTest-1053583480-project] http://10.222.0.65/volume/v3/831a8c14adb94c07b895e58b7b7cf1cb/volumes returned with HTTP 202
Jun 16 17:49:05.184276 dv-cinder-837543-4-smb devstack@c-api.service[117805]: INFO cinder.volume.api [None req-2a0ec55e-241c-4030-8200-88902ba3735c tempest-VolumesTestJSON-1782633995 tempest-VolumesTestJSON-1782633995-project] Volume info retrieved successfully.
Jun 16 17:49:05.186857 dv-cinder-837543-4-smb devstack@c-api.service[117804]: [pid: 117804|app: 0|req: 13/23] 10.222.0.65 () {62 vars in 1276 bytes} [Thu Jun 16 17:49:03 2022] POST /volume/v3/831a8c14adb94c07b895e58b7b7cf1cb/volumes => generated 907 bytes in 1492 msecs (HTTP/1.1 202) 7 headers in 292 bytes (2 switches on core 0)
Jun 16 17:49:05.188219 dv-cinder-837543-4-smb devstack@c-api.service[117804]: DEBUG cinder.api.middleware.request_id [None req-2f7271bf-4966-4237-8ae1-cb50ce987b08 None None] RequestId filter calling following filter/app {{(pid=117804) _context_setter /opt/stack/cinder/cinder/api/middleware/request_id.py:62}}
Jun 16 17:49:05.198149 dv-cinder-837543-4-smb devstack@c-api.service[117804]: INFO cinder.api.openstack.wsgi [None req-2f7271bf-4966-4237-8ae1-cb50ce987b08 tempest-GroupSnapshotsTest-1053583480 tempest-GroupSnapshotsTest-1053583480-project] GET http://10.222.0.65/volume/v3/831a8c14adb94c07b895e58b7b7cf1cb/volumes/fb402315-9e4d-4ed8-bf0f-60277a4d8cab
Jun 16 17:49:05.201464 dv-cinder-837543-4-smb devstack@c-api.service[117804]: DEBUG cinder.api.openstack.wsgi [None req-2f7271bf-4966-4237-8ae1-cb50ce987b08 tempest-GroupSnapshotsTest-1053583480 tempest-GroupSnapshotsTest-1053583480-project] Empty body provided in request {{(pid=117804) get_body /opt/stack/cinder/cinder/api/openstack/wsgi.py:715}}
Jun 16 17:49:05.202004 dv-cinder-837543-4-smb devstack@c-api.service[117804]: DEBUG cinder.api.openstack.wsgi [None req-2f7271bf-4966-4237-8ae1-cb50ce987b08 tempest-GroupSnapshotsTest-1053583480 tempest-GroupSnapshotsTest-1053583480-project] Calling method 'show' {{(pid=117804) _process_stack /opt/stack/cinder/cinder/api/openstack/wsgi.py:868}}
Jun 16 17:49:05.223612 dv-cinder-837543-4-smb devstack@c-api.service[117805]: INFO cinder.api.openstack.wsgi [None req-2a0ec55e-241c-4030-8200-88902ba3735c tempest-VolumesTestJSON-1782633995 tempest-VolumesTestJSON-1782633995-project] http://10.222.0.65/volume/v3/a8c806f051e24b578496087092fe18ba/volumes/0be54bd3-a22e-4730-9caf-bcfa382b8153 returned with HTTP 200
