Apr 12 19:55:08.127675 dv-cinder-837543-1-smb devstack@n-api.service[129200]: DEBUG nova.compute.api [None req-081050e1-da9f-4b3e-a569-b80f7305a583 tempest-ServerRescueNegativeTestJSON-707960836 tempest-ServerRescueNegativeTestJSON-707960836-project] [instance: e5f82ad4-bb73-4efa-8206-63add45d6434] block_device_mapping [BlockDeviceMapping(attachment_id=,boot_index=0,connection_info=None,created_at=,delete_on_termination=True,deleted=,deleted_at=,destination_type='local',device_name=None,device_type='disk',disk_bus=None,guest_format=None,id=,image_id='662af436-5d24-4de0-8b6c-d51567d53f4e',instance=,instance_uuid=,no_device=False,snapshot_id=None,source_type='image',tag=None,updated_at=,uuid=,volume_id=None,volume_size=None,volume_type=None)] {{(pid=129200) _bdm_validate_set_size_and_instance /opt/stack/nova/nova/compute/api.py:1807}}
Apr 12 19:55:08.302889 dv-cinder-837543-1-smb devstack@n-api.service[129199]: DEBUG nova.quota [None req-2050117e-6734-4ebf-9615-4672c9a1f1ef tempest-AttachVolumeShelveTestJSON-296183306 tempest-AttachVolumeShelveTestJSON-296183306-project] Getting quotas for project 81b5e756534d469ca3e62d757810f941. Resources: {'key_pairs'} {{(pid=129199) _get_quotas /opt/stack/nova/nova/quota.py:393}}
Apr 12 19:55:08.315900 dv-cinder-837543-1-smb devstack@n-api.service[129199]: DEBUG nova.quota [None req-2050117e-6734-4ebf-9615-4672c9a1f1ef tempest-AttachVolumeShelveTestJSON-296183306 tempest-AttachVolumeShelveTestJSON-296183306-project] Getting quotas for user add2d5529a444f5084e3f7d4efe12f0f and project 81b5e756534d469ca3e62d757810f941. Resources: {'key_pairs'} {{(pid=129199) _get_quotas /opt/stack/nova/nova/quota.py:383}}
Apr 12 19:55:08.339743 dv-cinder-837543-1-smb devstack@n-api.service[129200]: INFO nova.api.openstack.requestlog [None req-081050e1-da9f-4b3e-a569-b80f7305a583 tempest-ServerRescueNegativeTestJSON-707960836 tempest-ServerRescueNegativeTestJSON-707960836-project] 10.222.0.55 "POST /compute/v2.1/servers" status: 202 len: 383 microversion: 2.1 time: 2.251120
Apr 12 19:55:08.341233 dv-cinder-837543-1-smb devstack@n-api.service[129200]: [pid: 129200|app: 0|req: 11/23] 10.222.0.55 () {60 vars in 1146 bytes} [Tue Apr 12 19:55:06 2022] POST /compute/v2.1/servers => generated 383 bytes in 2255 msecs (HTTP/1.1 202) 10 headers in 451 bytes (1 switches on core 0)
Apr 12 19:55:08.393828 dv-cinder-837543-1-smb devstack@n-api.service[129199]: INFO nova.api.openstack.requestlog [None req-2050117e-6734-4ebf-9615-4672c9a1f1ef tempest-AttachVolumeShelveTestJSON-296183306 tempest-AttachVolumeShelveTestJSON-296183306-project] 10.222.0.55 "POST /compute/v2.1/os-keypairs" status: 201 len: 2315 microversion: 2.20 time: 1.746151
Apr 12 19:55:08.401476 dv-cinder-837543-1-smb devstack@n-api.service[129199]: [pid: 129199|app: 0|req: 13/24] 10.222.0.55 () {62 vars in 1198 bytes} [Tue Apr 12 19:55:06 2022] POST /compute/v2.1/os-keypairs => generated 2315 bytes in 1754 msecs (HTTP/1.1 201) 9 headers in 365 bytes (1 switches on core 0)
Apr 12 19:55:08.857159 dv-cinder-837543-1-smb devstack@n-api.service[129200]: DEBUG nova.api.openstack.wsgi [req-7de79eb6-9a2a-423f-9e0b-093db328cc39 req-ebec1138-30e6-4032-af92-f3261f0e8026 service nova] Action: 'create', calling method: >, body: {"events": [{"name": "network-changed", "server_uuid": "a36457b6-cb85-4802-bdab-b29d784dc19a", "tag": "29469d83-60f2-4310-8fa1-251bfeb92b8a"}]} {{(pid=129200) _process_stack /opt/stack/nova/nova/api/openstack/wsgi.py:511}}
Apr 12 19:55:09.055372 dv-cinder-837543-1-smb devstack@n-api.service[129199]: DEBUG nova.api.openstack.wsgi [None req-06edbc36-a518-48bc-9e74-25f044cab69e tempest-AttachVolumeNegativeTest-150311734 tempest-AttachVolumeNegativeTest-150311734-project] Action: 'create', calling method: .version_select at 0x7f50852558b0>, body: {"keypair": {"name": "tempest-keypair-1160598831"}} {{(pid=129199) _process_stack /opt/stack/nova/nova/api/openstack/wsgi.py:511}}
Apr 12 19:55:09.104987 dv-cinder-837543-1-smb devstack@n-api.service[129199]: DEBUG nova.quota [None req-06edbc36-a518-48bc-9e74-25f044cab69e tempest-AttachVolumeNegativeTest-150311734 tempest-AttachVolumeNegativeTest-150311734-project] Getting quotas for project 2ba2ab3c11ac4291ad9e208522bcac17. Resources: {'key_pairs'} {{(pid=129199) _get_quotas /opt/stack/nova/nova/quota.py:393}}
Apr 12 19:55:09.118982 dv-cinder-837543-1-smb devstack@n-api.service[129199]: DEBUG nova.quota [None req-06edbc36-a518-48bc-9e74-25f044cab69e tempest-AttachVolumeNegativeTest-150311734 tempest-AttachVolumeNegativeTest-150311734-project] Getting quotas for user 1ccf0f7bfca94b909d0e93626bb3e596 and project 2ba2ab3c11ac4291ad9e208522bcac17. Resources: {'key_pairs'} {{(pid=129199) _get_quotas /opt/stack/nova/nova/quota.py:383}}
Apr 12 19:55:09.573879 dv-cinder-837543-1-smb devstack@n-api.service[129200]: DEBUG oslo_concurrency.lockutils [req-7de79eb6-9a2a-423f-9e0b-093db328cc39 req-ebec1138-30e6-4032-af92-f3261f0e8026 service nova] Lock "af476962-b4df-4290-9ccc-e074c66702a4" acquired by "nova.context.set_target_cell..get_or_set_cached_cell_and_set_connections" :: waited 0.000s {{(pid=129200) inner /usr/local/lib/python3.8/dist-packages/oslo_concurrency/lockutils.py:386}}
Apr 12 19:55:09.574968 dv-cinder-837543-1-smb devstack@n-api.service[129200]: DEBUG oslo_concurrency.lockutils [req-7de79eb6-9a2a-423f-9e0b-093db328cc39 req-ebec1138-30e6-4032-af92-f3261f0e8026 service nova] Lock "af476962-b4df-4290-9ccc-e074c66702a4" "released" by "nova.context.set_target_cell..get_or_set_cached_cell_and_set_connections" :: held 0.001s {{(pid=129200) inner /usr/local/lib/python3.8/dist-packages/oslo_concurrency/lockutils.py:400}}
Apr 12 19:55:09.624591 dv-cinder-837543-1-smb devstack@n-api.service[129200]: INFO nova.api.openstack.compute.server_external_events [req-7de79eb6-9a2a-423f-9e0b-093db328cc39 req-ebec1138-30e6-4032-af92-f3261f0e8026 service nova] Creating event network-changed:29469d83-60f2-4310-8fa1-251bfeb92b8a for instance a36457b6-cb85-4802-bdab-b29d784dc19a on hv-cinder-83754
Apr 12 19:55:09.625351 dv-cinder-837543-1-smb devstack@n-api.service[129200]: DEBUG oslo_concurrency.lockutils [req-7de79eb6-9a2a-423f-9e0b-093db328cc39 req-ebec1138-30e6-4032-af92-f3261f0e8026 service nova] Acquired lock "compute-rpcapi-router" {{(pid=129200) lock /usr/local/lib/python3.8/dist-packages/oslo_concurrency/lockutils.py:294}}
Apr 12 19:55:09.628255 dv-cinder-837543-1-smb devstack@n-api.service[129200]: DEBUG oslo_concurrency.lockutils [None req-50921d3a-4a32-4d5b-86a4-6afb3a36f902 None None] Lock "00000000-0000-0000-0000-000000000000" acquired by "nova.context.set_target_cell..get_or_set_cached_cell_and_set_connections" :: waited 0.000s {{(pid=129200) inner /usr/local/lib/python3.8/dist-packages/oslo_concurrency/lockutils.py:386}}
Apr 12 19:55:09.629251 dv-cinder-837543-1-smb devstack@n-api.service[129200]: DEBUG oslo_concurrency.lockutils [None req-50921d3a-4a32-4d5b-86a4-6afb3a36f902 None None] Lock "00000000-0000-0000-0000-000000000000" "released" by "nova.context.set_target_cell..get_or_set_cached_cell_and_set_connections" :: held 0.001s {{(pid=129200) inner /usr/local/lib/python3.8/dist-packages/oslo_concurrency/lockutils.py:400}}
Apr 12 19:55:09.631234 dv-cinder-837543-1-smb devstack@n-api.service[129200]: DEBUG oslo_concurrency.lockutils [None req-50921d3a-4a32-4d5b-86a4-6afb3a36f902 None None] Lock "af476962-b4df-4290-9ccc-e074c66702a4" acquired by "nova.context.set_target_cell..get_or_set_cached_cell_and_set_connections" :: waited 0.000s {{(pid=129200) inner /usr/local/lib/python3.8/dist-packages/oslo_concurrency/lockutils.py:386}}
Apr 12 19:55:09.632096 dv-cinder-837543-1-smb devstack@n-api.service[129200]: DEBUG oslo_concurrency.lockutils [None req-50921d3a-4a32-4d5b-86a4-6afb3a36f902 None None] Lock "af476962-b4df-4290-9ccc-e074c66702a4" "released" by "nova.context.set_target_cell..get_or_set_cached_cell_and_set_connections" :: held 0.001s {{(pid=129200) inner /usr/local/lib/python3.8/dist-packages/oslo_concurrency/lockutils.py:400}}
Apr 12 19:55:09.658719 dv-cinder-837543-1-smb devstack@n-api.service[129200]: INFO nova.compute.rpcapi [None req-50921d3a-4a32-4d5b-86a4-6afb3a36f902 None None] Automatically selected compute RPC version 6.0 from minimum service version 61
Apr 12 19:55:09.659961 dv-cinder-837543-1-smb devstack@n-api.service[129200]: DEBUG oslo_concurrency.lockutils [None req-50921d3a-4a32-4d5b-86a4-6afb3a36f902 None None] Releasing lock "compute-rpcapi-router" {{(pid=129200) lock /usr/local/lib/python3.8/dist-packages/oslo_concurrency/lockutils.py:312}}
Apr 12 19:55:09.719222 dv-cinder-837543-1-smb devstack@n-api.service[129200]: INFO nova.api.openstack.requestlog [None req-50921d3a-4a32-4d5b-86a4-6afb3a36f902 None None] 10.222.0.55 "POST /compute/v2.1/os-server-external-events" status: 200 len: 179 microversion: 2.1 time: 1.376481
Apr 12 19:55:09.720659 dv-cinder-837543-1-smb devstack@n-api.service[129200]: [pid: 129200|app: 0|req: 12/25] 10.222.0.55 () {64 vars in 1317 bytes} [Tue Apr 12 19:55:08 2022] POST /compute/v2.1/os-server-external-events => generated 179 bytes in 1379 msecs (HTTP/1.1 200) 9 headers in 357 bytes (1 switches on core 0)
Apr 12 19:55:09.727874 dv-cinder-837543-1-smb devstack@n-api.service[129200]: DEBUG nova.api.openstack.wsgi [None req-758ba5c8-ea0c-4d74-9067-083d02da3a1b tempest-DeleteServersTestJSON-698973968 tempest-DeleteServersTestJSON-698973968-project] Calling method '>' {{(pid=129200) _process_stack /opt/stack/nova/nova/api/openstack/wsgi.py:513}}
Apr 12 19:55:09.728803 dv-cinder-837543-1-smb devstack@n-api.service[129200]: DEBUG nova.compute.api [None req-758ba5c8-ea0c-4d74-9067-083d02da3a1b tempest-DeleteServersTestJSON-698973968 tempest-DeleteServersTestJSON-698973968-project] [instance: a36457b6-cb85-4802-bdab-b29d784dc19a] Fetching instance by UUID {{(pid=129200) get /opt/stack/nova/nova/compute/api.py:2918}}
Apr 12 19:55:09.748799 dv-cinder-837543-1-smb devstack@n-api.service[129200]: DEBUG oslo_concurrency.lockutils [None req-758ba5c8-ea0c-4d74-9067-083d02da3a1b tempest-DeleteServersTestJSON-698973968 tempest-DeleteServersTestJSON-698973968-project] Lock "af476962-b4df-4290-9ccc-e074c66702a4" acquired by "nova.context.set_target_cell..get_or_set_cached_cell_and_set_connections" :: waited 0.000s {{(pid=129200) inner /usr/local/lib/python3.8/dist-packages/oslo_concurrency/lockutils.py:386}}
Apr 12 19:55:09.750229 dv-cinder-837543-1-smb devstack@n-api.service[129200]: DEBUG oslo_concurrency.lockutils [None req-758ba5c8-ea0c-4d74-9067-083d02da3a1b tempest-DeleteServersTestJSON-698973968 tempest-DeleteServersTestJSON-698973968-project] Lock "af476962-b4df-4290-9ccc-e074c66702a4" "released" by "nova.context.set_target_cell..get_or_set_cached_cell_and_set_connections" :: held 0.001s {{(pid=129200) inner /usr/local/lib/python3.8/dist-packages/oslo_concurrency/lockutils.py:400}}
Apr 12 19:55:09.751691 dv-cinder-837543-1-smb devstack@n-api.service[129200]: DEBUG oslo_concurrency.lockutils [None req-758ba5c8-ea0c-4d74-9067-083d02da3a1b tempest-DeleteServersTestJSON-698973968 tempest-DeleteServersTestJSON-698973968-project] Lock "af476962-b4df-4290-9ccc-e074c66702a4" acquired by "nova.context.set_target_cell..get_or_set_cached_cell_and_set_connections" :: waited 0.000s {{(pid=129200) inner /usr/local/lib/python3.8/dist-packages/oslo_concurrency/lockutils.py:386}}
Apr 12 19:55:09.752466 dv-cinder-837543-1-smb devstack@n-api.service[129200]: DEBUG oslo_concurrency.lockutils [None req-758ba5c8-ea0c-4d74-9067-083d02da3a1b tempest-DeleteServersTestJSON-698973968 tempest-DeleteServersTestJSON-698973968-project] Lock "af476962-b4df-4290-9ccc-e074c66702a4" "released" by "nova.context.set_target_cell..get_or_set_cached_cell_and_set_connections" :: held 0.001s {{(pid=129200) inner /usr/local/lib/python3.8/dist-packages/oslo_concurrency/lockutils.py:400}}
Apr 12 19:55:09.808309 dv-cinder-837543-1-smb devstack@n-api.service[129199]: DEBUG nova.quota [None req-06edbc36-a518-48bc-9e74-25f044cab69e tempest-AttachVolumeNegativeTest-150311734 tempest-AttachVolumeNegativeTest-150311734-project] Getting quotas for project 2ba2ab3c11ac4291ad9e208522bcac17. Resources: {'key_pairs'} {{(pid=129199) _get_quotas /opt/stack/nova/nova/quota.py:393}}
Apr 12 19:55:09.866408 dv-cinder-837543-1-smb devstack@n-api.service[129199]: DEBUG nova.quota [None req-06edbc36-a518-48bc-9e74-25f044cab69e tempest-AttachVolumeNegativeTest-150311734 tempest-AttachVolumeNegativeTest-150311734-project] Getting quotas for user 1ccf0f7bfca94b909d0e93626bb3e596 and project 2ba2ab3c11ac4291ad9e208522bcac17. Resources: {'key_pairs'} {{(pid=129199) _get_quotas /opt/stack/nova/nova/quota.py:383}}
Apr 12 19:55:09.902243 dv-cinder-837543-1-smb devstack@n-api.service[129199]: INFO nova.api.openstack.requestlog [None req-06edbc36-a518-48bc-9e74-25f044cab69e tempest-AttachVolumeNegativeTest-150311734 tempest-AttachVolumeNegativeTest-150311734-project] 10.222.0.55 "POST /compute/v2.1/os-keypairs" status: 200 len: 2301 microversion: 2.1 time: 1.498957
Apr 12 19:55:09.902919 dv-cinder-837543-1-smb devstack@n-api.service[129199]: [pid: 129199|app: 0|req: 14/26] 10.222.0.55 () {60 vars in 1157 bytes} [Tue Apr 12 19:55:08 2022] POST /compute/v2.1/os-keypairs => generated 2301 bytes in 1500 msecs (HTTP/1.1 200) 9 headers in 358 bytes (1 switches on core 0)
Apr 12 19:55:09.914139 dv-cinder-837543-1-smb devstack@n-api.service[129199]: DEBUG nova.api.openstack.wsgi [None req-23a276e7-9c9c-4606-a0c7-ed413a786732 tempest-ServerRescueNegativeTestJSON-707960836 tempest-ServerRescueNegativeTestJSON-707960836-project] Calling method '>' {{(pid=129199) _process_stack /opt/stack/nova/nova/api/openstack/wsgi.py:513}}
Apr 12 19:55:09.914792 dv-cinder-837543-1-smb devstack@n-api.service[129199]: DEBUG nova.compute.api [None req-23a276e7-9c9c-4606-a0c7-ed413a786732 tempest-ServerRescueNegativeTestJSON-707960836 tempest-ServerRescueNegativeTestJSON-707960836-project] [instance: e5f82ad4-bb73-4efa-8206-63add45d6434] Fetching instance by UUID {{(pid=129199) get /opt/stack/nova/nova/compute/api.py:2918}}
Apr 12 19:55:10.285675 dv-cinder-837543-1-smb devstack@n-api.service[129199]: DEBUG nova.policy [None req-23a276e7-9c9c-4606-a0c7-ed413a786732 tempest-ServerRescueNegativeTestJSON-707960836 tempest-ServerRescueNegativeTestJSON-707960836-project] Policy check for os_compute_api:os-extended-server-attributes failed with credentials {'is_admin': False, 'user_id': '53d077d92a4645cdb9674d44d64ca558', 'user_domain_id': 'default', 'system_scope': None, 'domain_id': None, 'project_id': '4ff2381b023c48e4b81025b942835b77', 'project_domain_id': 'default', 'roles': ['reader', 'member'], 'is_admin_project': True, 'service_user_id': None, 'service_user_domain_id': None, 'service_project_id': None, 'service_project_domain_id': None, 'service_roles': []} {{(pid=129199) authorize /opt/stack/nova/nova/policy.py:199}}
Apr 12 19:55:10.290903 dv-cinder-837543-1-smb devstack@n-api.service[129199]: INFO nova.api.openstack.requestlog [None req-23a276e7-9c9c-4606-a0c7-ed413a786732 tempest-ServerRescueNegativeTestJSON-707960836 tempest-ServerRescueNegativeTestJSON-707960836-project] 10.222.0.55 "GET /compute/v2.1/servers/e5f82ad4-bb73-4efa-8206-63add45d6434" status: 200 len: 1222 microversion: 2.1 time: 0.380665
Apr 12 19:55:10.298726 dv-cinder-837543-1-smb devstack@n-api.service[129199]: [pid: 129199|app: 0|req: 15/27] 10.222.0.55 () {58 vars in 1235 bytes} [Tue Apr 12 19:55:09 2022] GET /compute/v2.1/servers/e5f82ad4-bb73-4efa-8206-63add45d6434 => generated 1222 bytes in 395 msecs (HTTP/1.1 200) 9 headers in 358 bytes (1 switches on core 0)
Apr 12 19:55:10.313541 dv-cinder-837543-1-smb devstack@n-api.service[129199]: DEBUG nova.api.openstack.wsgi [None req-b0302d52-1a39-42e4-ae51-1bbf768f749c tempest-VolumesTestJSON-1979725899 tempest-VolumesTestJSON-1979725899-project] Calling method '.version_select at 0x7f5085135940>' {{(pid=129199) _process_stack /opt/stack/nova/nova/api/openstack/wsgi.py:513}}
Apr 12 19:55:10.430488 dv-cinder-837543-1-smb devstack@n-api.service[129199]: INFO nova.api.openstack.requestlog [None req-b0302d52-1a39-42e4-ae51-1bbf768f749c tempest-VolumesTestJSON-1979725899 tempest-VolumesTestJSON-1979725899-project] 10.222.0.55 "GET /compute/v2.1/os-volumes/336e77df-0e22-4d79-aaa9-dd4af32447bc" status: 200 len: 350 microversion: 2.1 time: 0.130013
Apr 12 19:55:10.438219 dv-cinder-837543-1-smb devstack@n-api.service[129199]: [pid: 129199|app: 0|req: 16/28] 10.222.0.55 () {58 vars in 1244 bytes} [Tue Apr 12 19:55:10 2022] GET /compute/v2.1/os-volumes/336e77df-0e22-4d79-aaa9-dd4af32447bc => generated 350 bytes in 139 msecs (HTTP/1.1 200) 9 headers in 357 bytes (1 switches on core 0)
Apr 12 19:55:10.443262 dv-cinder-837543-1-smb devstack@n-api.service[129199]: DEBUG nova.api.openstack.wsgi [None req-f543a51a-b55b-44f8-b8f8-704e67f8bf20 tempest-VolumesTestJSON-1979725899 tempest-VolumesTestJSON-1979725899-project] Calling method '.version_select at 0x7f50851359d0>' {{(pid=129199) _process_stack /opt/stack/nova/nova/api/openstack/wsgi.py:513}}
Apr 12 19:55:10.676620 dv-cinder-837543-1-smb devstack@n-api.service[129199]: INFO nova.api.openstack.requestlog [None req-f543a51a-b55b-44f8-b8f8-704e67f8bf20 tempest-VolumesTestJSON-1979725899 tempest-VolumesTestJSON-1979725899-project] 10.222.0.55 "GET /compute/v2.1/os-volumes" status: 200 len: 1034 microversion: 2.1 time: 0.236989
Apr 12 19:55:10.678654 dv-cinder-837543-1-smb devstack@n-api.service[129199]: [pid: 129199|app: 0|req: 17/29] 10.222.0.55 () {58 vars in 1133 bytes} [Tue Apr 12 19:55:10 2022] GET /compute/v2.1/os-volumes => generated 1034 bytes in 240 msecs (HTTP/1.1 200) 9 headers in 358 bytes (1 switches on core 0)
Apr 12 19:55:10.694007 dv-cinder-837543-1-smb devstack@n-api.service[129199]: DEBUG nova.api.openstack.wsgi [None req-10d28b55-5cbd-483f-9efd-e5169c8e166e tempest-VolumesTestJSON-1979725899 tempest-VolumesTestJSON-1979725899-project] Calling method '.version_select at 0x7f508518b280>' {{(pid=129199) _process_stack /opt/stack/nova/nova/api/openstack/wsgi.py:513}}
Apr 12 19:55:10.696238 dv-cinder-837543-1-smb devstack@n-api.service[129200]: DEBUG nova.policy [None req-758ba5c8-ea0c-4d74-9067-083d02da3a1b tempest-DeleteServersTestJSON-698973968 tempest-DeleteServersTestJSON-698973968-project] Policy check for os_compute_api:os-extended-server-attributes failed with credentials {'is_admin': False, 'user_id': '36b00beb1651416f905de68a6265f996', 'user_domain_id': 'default', 'system_scope': None, 'domain_id': None, 'project_id': 'b4350cdb6ef44522935e5efdaf2e5e41', 'project_domain_id': 'default', 'roles': ['reader', 'member'], 'is_admin_project': True, 'service_user_id': None, 'service_user_domain_id': None, 'service_project_id': None, 'service_project_domain_id': None, 'service_roles': []} {{(pid=129200) authorize /opt/stack/nova/nova/policy.py:199}}
Apr 12 19:55:10.704478 dv-cinder-837543-1-smb devstack@n-api.service[129200]: INFO nova.api.openstack.requestlog [None req-758ba5c8-ea0c-4d74-9067-083d02da3a1b tempest-DeleteServersTestJSON-698973968 tempest-DeleteServersTestJSON-698973968-project] 10.222.0.55 "GET /compute/v2.1/servers/a36457b6-cb85-4802-bdab-b29d784dc19a" status: 200 len: 1315 microversion: 2.1 time: 0.982149
Apr 12 19:55:10.705068 dv-cinder-837543-1-smb devstack@n-api.service[129200]: [pid: 129200|app: 0|req: 13/30] 10.222.0.55 () {58 vars in 1235 bytes} [Tue Apr 12 19:55:09 2022] GET /compute/v2.1/servers/a36457b6-cb85-4802-bdab-b29d784dc19a => generated 1315 bytes in 984 msecs (HTTP/1.1 200) 9 headers in 358 bytes (1 switches on core 0)
Apr 12 19:55:10.934763 dv-cinder-837543-1-smb devstack@n-api.service[129199]: INFO nova.api.openstack.requestlog [None req-10d28b55-5cbd-483f-9efd-e5169c8e166e tempest-VolumesTestJSON-1979725899 tempest-VolumesTestJSON-1979725899-project] 10.222.0.55 "GET /compute/v2.1/os-volumes?limit=2" status: 200 len: 693 microversion: 2.1 time: 0.245393
Apr 12 19:55:10.935875 dv-cinder-837543-1-smb devstack@n-api.service[129199]: [pid: 129199|app: 0|req: 18/31] 10.222.0.55 () {58 vars in 1148 bytes} [Tue Apr 12 19:55:10 2022] GET /compute/v2.1/os-volumes?limit=2 => generated 693 bytes in 247 msecs (HTTP/1.1 200) 9 headers in 357 bytes (1 switches on core 0)
Apr 12 19:55:10.950318 dv-cinder-837543-1-smb devstack@n-api.service[129200]: DEBUG nova.api.openstack.wsgi [None req-363a42c4-30d7-4b44-94f3-6ac376bf217f tempest-VolumesTestJSON-1979725899 tempest-VolumesTestJSON-1979725899-project] Calling method '.version_select at 0x7f508511c940>' {{(pid=129200) _process_stack /opt/stack/nova/nova/api/openstack/wsgi.py:513}}
Apr 12 19:55:11.220857 dv-cinder-837543-1-smb devstack@n-api.service[129200]: INFO nova.api.openstack.requestlog [None req-363a42c4-30d7-4b44-94f3-6ac376bf217f tempest-VolumesTestJSON-1979725899 tempest-VolumesTestJSON-1979725899-project] 10.222.0.55 "GET /compute/v2.1/os-volumes" status: 200 len: 1034 microversion: 2.1 time: 0.275616
Apr 12 19:55:11.222047 dv-cinder-837543-1-smb devstack@n-api.service[129200]: [pid: 129200|app: 0|req: 14/32] 10.222.0.55 () {58 vars in 1133 bytes} [Tue Apr 12 19:55:10 2022] GET /compute/v2.1/os-volumes => generated 1034 bytes in 277 msecs (HTTP/1.1 200) 9 headers in 358 bytes (1 switches on core 0)
Apr 12 19:55:11.233602 dv-cinder-837543-1-smb devstack@n-api.service[129199]: DEBUG nova.api.openstack.wsgi [None req-ebf1d711-cf85-4ef8-ba22-5e3460b897a6 tempest-VolumesTestJSON-1979725899 tempest-VolumesTestJSON-1979725899-project] Calling method '.version_select at 0x7f5085135550>' {{(pid=129199) _process_stack /opt/stack/nova/nova/api/openstack/wsgi.py:513}}
Apr 12 19:55:11.312368 dv-cinder-837543-1-smb devstack@n-api.service[129200]: DEBUG nova.api.openstack.wsgi [None req-e4eea36e-d23f-4617-a7db-048df7545a78 tempest-ServerRescueNegativeTestJSON-707960836 tempest-ServerRescueNegativeTestJSON-707960836-project] Calling method '>' {{(pid=129200) _process_stack /opt/stack/nova/nova/api/openstack/wsgi.py:513}}
Apr 12 19:55:11.313228 dv-cinder-837543-1-smb devstack@n-api.service[129200]: DEBUG nova.compute.api [None req-e4eea36e-d23f-4617-a7db-048df7545a78 tempest-ServerRescueNegativeTestJSON-707960836 tempest-ServerRescueNegativeTestJSON-707960836-project] [instance: e5f82ad4-bb73-4efa-8206-63add45d6434] Fetching instance by UUID {{(pid=129200) get /opt/stack/nova/nova/compute/api.py:2918}}
Apr 12 19:55:11.336600 dv-cinder-837543-1-smb devstack@n-api.service[129200]: DEBUG oslo_concurrency.lockutils [None req-e4eea36e-d23f-4617-a7db-048df7545a78 tempest-ServerRescueNegativeTestJSON-707960836 tempest-ServerRescueNegativeTestJSON-707960836-project] Lock "af476962-b4df-4290-9ccc-e074c66702a4" acquired by "nova.context.set_target_cell..get_or_set_cached_cell_and_set_connections" :: waited 0.000s {{(pid=129200) inner /usr/local/lib/python3.8/dist-packages/oslo_concurrency/lockutils.py:386}}
Apr 12 19:55:11.337061 dv-cinder-837543-1-smb devstack@n-api.service[129200]: DEBUG oslo_concurrency.lockutils [None req-e4eea36e-d23f-4617-a7db-048df7545a78 tempest-ServerRescueNegativeTestJSON-707960836 tempest-ServerRescueNegativeTestJSON-707960836-project] Lock "af476962-b4df-4290-9ccc-e074c66702a4" "released" by "nova.context.set_target_cell..get_or_set_cached_cell_and_set_connections" :: held 0.001s {{(pid=129200) inner /usr/local/lib/python3.8/dist-packages/oslo_concurrency/lockutils.py:400}}
Apr 12 19:55:11.337853 dv-cinder-837543-1-smb devstack@n-api.service[129200]: DEBUG oslo_concurrency.lockutils [None req-e4eea36e-d23f-4617-a7db-048df7545a78 tempest-ServerRescueNegativeTestJSON-707960836 tempest-ServerRescueNegativeTestJSON-707960836-project] Lock "af476962-b4df-4290-9ccc-e074c66702a4" acquired by "nova.context.set_target_cell..get_or_set_cached_cell_and_set_connections" :: waited 0.000s {{(pid=129200) inner /usr/local/lib/python3.8/dist-packages/oslo_concurrency/lockutils.py:386}}
Apr 12 19:55:11.338455 dv-cinder-837543-1-smb devstack@n-api.service[129200]: DEBUG oslo_concurrency.lockutils [None req-e4eea36e-d23f-4617-a7db-048df7545a78 tempest-ServerRescueNegativeTestJSON-707960836 tempest-ServerRescueNegativeTestJSON-707960836-project] Lock "af476962-b4df-4290-9ccc-e074c66702a4" "released" by "nova.context.set_target_cell..get_or_set_cached_cell_and_set_connections" :: held 0.001s {{(pid=129200) inner /usr/local/lib/python3.8/dist-packages/oslo_concurrency/lockutils.py:400}}
Apr 12 19:55:11.477083 dv-cinder-837543-1-smb devstack@n-api.service[129199]: INFO nova.api.openstack.requestlog [None req-ebf1d711-cf85-4ef8-ba22-5e3460b897a6 tempest-VolumesTestJSON-1979725899 tempest-VolumesTestJSON-1979725899-project] 10.222.0.55 "GET /compute/v2.1/os-volumes?offset=1&limit=1" status: 200 len: 353 microversion: 2.1 time: 0.247727
Apr 12 19:55:11.478002 dv-cinder-837543-1-smb devstack@n-api.service[129199]: [pid: 129199|app: 0|req: 19/33] 10.222.0.55 () {58 vars in 1166 bytes} [Tue Apr 12 19:55:11 2022] GET /compute/v2.1/os-volumes?offset=1&limit=1 => generated 353 bytes in 250 msecs (HTTP/1.1 200) 9 headers in 357 bytes (1 switches on core 0)
Apr 12 19:55:11.498870 dv-cinder-837543-1-smb devstack@n-api.service[129199]: DEBUG nova.api.openstack.wsgi [None req-8e35dbcf-8ca2-4f74-a385-6e29f004f8cd tempest-VolumesTestJSON-1979725899 tempest-VolumesTestJSON-1979725899-project] Calling method '.version_select at 0x7f508518b550>' {{(pid=129199) _process_stack /opt/stack/nova/nova/api/openstack/wsgi.py:513}}
Apr 12 19:55:11.753091 dv-cinder-837543-1-smb devstack@n-api.service[129199]: INFO nova.api.openstack.requestlog [None req-8e35dbcf-8ca2-4f74-a385-6e29f004f8cd tempest-VolumesTestJSON-1979725899 tempest-VolumesTestJSON-1979725899-project] 10.222.0.55 "GET /compute/v2.1/os-volumes/detail?limit=2" status: 200 len: 693 microversion: 2.1 time: 0.264482
Apr 12 19:55:11.755704 dv-cinder-837543-1-smb devstack@n-api.service[129199]: [pid: 129199|app: 0|req: 20/34] 10.222.0.55 () {58 vars in 1169 bytes} [Tue Apr 12 19:55:11 2022] GET /compute/v2.1/os-volumes/detail?limit=2 => generated 693 bytes in 268 msecs (HTTP/1.1 200) 9 headers in 357 bytes (2 switches on core 0)
Apr 12 19:55:11.760547 dv-cinder-837543-1-smb devstack@n-api.service[129199]: DEBUG nova.api.openstack.wsgi [None req-f045fb85-e1e2-4f12-a1c8-cdf394b7c3ee tempest-DeleteServersTestJSON-698973968 tempest-DeleteServersTestJSON-698973968-project] Calling method '>' {{(pid=129199) _process_stack /opt/stack/nova/nova/api/openstack/wsgi.py:513}}
Apr 12 19:55:11.763304 dv-cinder-837543-1-smb devstack@n-api.service[129199]: DEBUG nova.compute.api [None req-f045fb85-e1e2-4f12-a1c8-cdf394b7c3ee tempest-DeleteServersTestJSON-698973968 tempest-DeleteServersTestJSON-698973968-project] [instance: a36457b6-cb85-4802-bdab-b29d784dc19a] Fetching instance by UUID {{(pid=129199) get /opt/stack/nova/nova/compute/api.py:2918}}
Apr 12 19:55:11.788854 dv-cinder-837543-1-smb devstack@n-api.service[129199]: DEBUG oslo_concurrency.lockutils [None req-f045fb85-e1e2-4f12-a1c8-cdf394b7c3ee tempest-DeleteServersTestJSON-698973968 tempest-DeleteServersTestJSON-698973968-project] Lock "af476962-b4df-4290-9ccc-e074c66702a4" acquired by "nova.context.set_target_cell..get_or_set_cached_cell_and_set_connections" :: waited 0.000s {{(pid=129199) inner /usr/local/lib/python3.8/dist-packages/oslo_concurrency/lockutils.py:386}}
Apr 12 19:55:11.793850 dv-cinder-837543-1-smb devstack@n-api.service[129199]: DEBUG oslo_concurrency.lockutils [None req-f045fb85-e1e2-4f12-a1c8-cdf394b7c3ee tempest-DeleteServersTestJSON-698973968 tempest-DeleteServersTestJSON-698973968-project] Lock "af476962-b4df-4290-9ccc-e074c66702a4" "released" by "nova.context.set_target_cell..get_or_set_cached_cell_and_set_connections" :: held 0.001s {{(pid=129199) inner /usr/local/lib/python3.8/dist-packages/oslo_concurrency/lockutils.py:400}}
Apr 12 19:55:11.797791 dv-cinder-837543-1-smb devstack@n-api.service[129199]: DEBUG oslo_concurrency.lockutils [None req-f045fb85-e1e2-4f12-a1c8-cdf394b7c3ee tempest-DeleteServersTestJSON-698973968 tempest-DeleteServersTestJSON-698973968-project] Lock "af476962-b4df-4290-9ccc-e074c66702a4" acquired by "nova.context.set_target_cell..get_or_set_cached_cell_and_set_connections" :: waited 0.000s {{(pid=129199) inner /usr/local/lib/python3.8/dist-packages/oslo_concurrency/lockutils.py:386}}
Apr 12 19:55:11.805572 dv-cinder-837543-1-smb devstack@n-api.service[129199]: DEBUG oslo_concurrency.lockutils [None req-f045fb85-e1e2-4f12-a1c8-cdf394b7c3ee tempest-DeleteServersTestJSON-698973968 tempest-DeleteServersTestJSON-698973968-project] Lock "af476962-b4df-4290-9ccc-e074c66702a4" "released" by "nova.context.set_target_cell..get_or_set_cached_cell_and_set_connections" :: held 0.002s {{(pid=129199) inner /usr/local/lib/python3.8/dist-packages/oslo_concurrency/lockutils.py:400}}
Apr 12 19:55:11.987631 dv-cinder-837543-1-smb devstack@n-api.service[129200]: DEBUG nova.policy [None req-e4eea36e-d23f-4617-a7db-048df7545a78 tempest-ServerRescueNegativeTestJSON-707960836 tempest-ServerRescueNegativeTestJSON-707960836-project] Policy check for os_compute_api:os-extended-server-attributes failed with credentials {'is_admin': False, 'user_id': '53d077d92a4645cdb9674d44d64ca558', 'user_domain_id': 'default', 'system_scope': None, 'domain_id': None, 'project_id': '4ff2381b023c48e4b81025b942835b77', 'project_domain_id': 'default', 'roles': ['reader', 'member'], 'is_admin_project': True, 'service_user_id': None, 'service_user_domain_id': None, 'service_project_id': None, 'service_project_domain_id': None, 'service_roles': []} {{(pid=129200) authorize /opt/stack/nova/nova/policy.py:199}}
Apr 12 19:55:11.998222 dv-cinder-837543-1-smb devstack@n-api.service[129200]: INFO nova.api.openstack.requestlog [None req-e4eea36e-d23f-4617-a7db-048df7545a78 tempest-ServerRescueNegativeTestJSON-707960836 tempest-ServerRescueNegativeTestJSON-707960836-project] 10.222.0.55 "GET /compute/v2.1/servers/e5f82ad4-bb73-4efa-8206-63add45d6434" status: 200 len: 1274 microversion: 2.1 time: 0.690169
Apr 12 19:55:12.001719 dv-cinder-837543-1-smb devstack@n-api.service[129200]: [pid: 129200|app: 0|req: 15/35] 10.222.0.55 () {58 vars in 1235 bytes} [Tue Apr 12 19:55:11 2022] GET /compute/v2.1/servers/e5f82ad4-bb73-4efa-8206-63add45d6434 => generated 1274 bytes in 694 msecs (HTTP/1.1 200) 9 headers in 358 bytes (1 switches on core 0)
Apr 12 19:55:12.013218 dv-cinder-837543-1-smb devstack@n-api.service[129200]: DEBUG nova.api.openstack.wsgi [None req-8872e736-1327-42f5-b52b-bcd902469b43 tempest-VolumesTestJSON-1979725899 tempest-VolumesTestJSON-1979725899-project] Calling method '.version_select at 0x7f508511cdc0>' {{(pid=129200) _process_stack /opt/stack/nova/nova/api/openstack/wsgi.py:513}}
Apr 12 19:55:12.201654 dv-cinder-837543-1-smb devstack@n-api.service[129200]: INFO nova.api.openstack.requestlog [None req-8872e736-1327-42f5-b52b-bcd902469b43 tempest-VolumesTestJSON-1979725899 tempest-VolumesTestJSON-1979725899-project] 10.222.0.55 "GET /compute/v2.1/os-volumes/detail" status: 200 len: 1034 microversion: 2.1 time: 0.198178
Apr 12 19:55:12.202914 dv-cinder-837543-1-smb devstack@n-api.service[129200]: [pid: 129200|app: 0|req: 16/36] 10.222.0.55 () {58 vars in 1154 bytes} [Tue Apr 12 19:55:12 2022] GET /compute/v2.1/os-volumes/detail => generated 1034 bytes in 200 msecs (HTTP/1.1 200) 9 headers in 358 bytes (1 switches on core 0)
Apr 12 19:55:12.217400 dv-cinder-837543-1-smb devstack@n-api.service[129200]: DEBUG nova.api.openstack.wsgi [None req-9057ec4d-370f-4dc5-a132-09c7298a23fa tempest-VolumesTestJSON-1979725899 tempest-VolumesTestJSON-1979725899-project] Calling method '.version_select at 0x7f508511cee0>' {{(pid=129200) _process_stack /opt/stack/nova/nova/api/openstack/wsgi.py:513}}
Apr 12 19:55:12.508116 dv-cinder-837543-1-smb devstack@n-api.service[129200]: INFO nova.api.openstack.requestlog [None req-9057ec4d-370f-4dc5-a132-09c7298a23fa tempest-VolumesTestJSON-1979725899 tempest-VolumesTestJSON-1979725899-project] 10.222.0.55 "GET /compute/v2.1/os-volumes/detail?offset=1&limit=1" status: 200 len: 353 microversion: 2.1 time: 0.296877
Apr 12 19:55:12.510041 dv-cinder-837543-1-smb devstack@n-api.service[129200]: [pid: 129200|app: 0|req: 17/37] 10.222.0.55 () {58 vars in 1187 bytes} [Tue Apr 12 19:55:12 2022] GET /compute/v2.1/os-volumes/detail?offset=1&limit=1 => generated 353 bytes in 300 msecs (HTTP/1.1 200) 9 headers in 357 bytes (2 switches on core 0)
Apr 12 19:55:12.533912 dv-cinder-837543-1-smb devstack@n-api.service[129200]: DEBUG nova.api.openstack.wsgi [None req-213f9470-32ff-45ab-ada6-0708f8a7c7b2 tempest-VolumesTestJSON-1979725899 tempest-VolumesTestJSON-1979725899-project] Calling method '.version_select at 0x7f5085131160>' {{(pid=129200) _process_stack /opt/stack/nova/nova/api/openstack/wsgi.py:513}}
Apr 12 19:55:12.682748 dv-cinder-837543-1-smb devstack@n-api.service[129199]: DEBUG nova.policy [None req-f045fb85-e1e2-4f12-a1c8-cdf394b7c3ee tempest-DeleteServersTestJSON-698973968 tempest-DeleteServersTestJSON-698973968-project] Policy check for os_compute_api:os-extended-server-attributes failed with credentials {'is_admin': False, 'user_id': '36b00beb1651416f905de68a6265f996', 'user_domain_id': 'default', 'system_scope': None, 'domain_id': None, 'project_id': 'b4350cdb6ef44522935e5efdaf2e5e41', 'project_domain_id': 'default', 'roles': ['reader', 'member'], 'is_admin_project': True, 'service_user_id': None, 'service_user_domain_id': None, 'service_project_id': None, 'service_project_domain_id': None, 'service_roles': []} {{(pid=129199) authorize /opt/stack/nova/nova/policy.py:199}}
Apr 12 19:55:12.710705 dv-cinder-837543-1-smb devstack@n-api.service[129199]: INFO nova.api.openstack.requestlog [None req-f045fb85-e1e2-4f12-a1c8-cdf394b7c3ee tempest-DeleteServersTestJSON-698973968 tempest-DeleteServersTestJSON-698973968-project] 10.222.0.55 "GET /compute/v2.1/servers/a36457b6-cb85-4802-bdab-b29d784dc19a" status: 200 len: 1315 microversion: 2.1 time: 0.944319
Apr 12 19:55:12.710705 dv-cinder-837543-1-smb devstack@n-api.service[129199]: [pid: 129199|app: 0|req: 21/38] 10.222.0.55 () {58 vars in 1235 bytes} [Tue Apr 12 19:55:11 2022] GET /compute/v2.1/servers/a36457b6-cb85-4802-bdab-b29d784dc19a => generated 1315 bytes in 950 msecs (HTTP/1.1 200) 9 headers in 358 bytes (1 switches on core 0)
Apr 12 19:55:12.803997 dv-cinder-837543-1-smb devstack@n-api.service[129200]: INFO nova.api.openstack.requestlog [None req-213f9470-32ff-45ab-ada6-0708f8a7c7b2 tempest-VolumesTestJSON-1979725899 tempest-VolumesTestJSON-1979725899-project] 10.222.0.55 "GET /compute/v2.1/os-volumes/detail" status: 200 len: 1034 microversion: 2.1 time: 0.279493
Apr 12 19:55:12.805964 dv-cinder-837543-1-smb devstack@n-api.service[129200]: [pid: 129200|app: 0|req: 18/39] 10.222.0.55 () {58 vars in 1154 bytes} [Tue Apr 12 19:55:12 2022] GET /compute/v2.1/os-volumes/detail => generated 1034 bytes in 284 msecs (HTTP/1.1 200) 9 headers in 358 bytes (1 switches on core 0)
Apr 12 19:55:13.020963 dv-cinder-837543-1-smb devstack@n-api.service[129199]: DEBUG nova.api.openstack.wsgi [None req-6bca34c6-b881-43da-bc6d-cb0abcd8974a tempest-ServerRescueNegativeTestJSON-707960836 tempest-ServerRescueNegativeTestJSON-707960836-project] Calling method '>' {{(pid=129199) _process_stack /opt/stack/nova/nova/api/openstack/wsgi.py:513}}
Apr 12 19:55:13.021590 dv-cinder-837543-1-smb devstack@n-api.service[129199]: DEBUG nova.compute.api [None req-6bca34c6-b881-43da-bc6d-cb0abcd8974a tempest-ServerRescueNegativeTestJSON-707960836 tempest-ServerRescueNegativeTestJSON-707960836-project] [instance: e5f82ad4-bb73-4efa-8206-63add45d6434] Fetching instance by UUID {{(pid=129199) get /opt/stack/nova/nova/compute/api.py:2918}}
Apr 12 19:55:13.039407 dv-cinder-837543-1-smb devstack@n-api.service[129199]: DEBUG oslo_concurrency.lockutils [None req-6bca34c6-b881-43da-bc6d-cb0abcd8974a tempest-ServerRescueNegativeTestJSON-707960836 tempest-ServerRescueNegativeTestJSON-707960836-project] Lock "af476962-b4df-4290-9ccc-e074c66702a4" acquired by "nova.context.set_target_cell..get_or_set_cached_cell_and_set_connections" :: waited 0.000s {{(pid=129199) inner /usr/local/lib/python3.8/dist-packages/oslo_concurrency/lockutils.py:386}}
Apr 12 19:55:13.042160 dv-cinder-837543-1-smb devstack@n-api.service[129199]: DEBUG oslo_concurrency.lockutils [None req-6bca34c6-b881-43da-bc6d-cb0abcd8974a tempest-ServerRescueNegativeTestJSON-707960836 tempest-ServerRescueNegativeTestJSON-707960836-project] Lock "af476962-b4df-4290-9ccc-e074c66702a4" "released" by "nova.context.set_target_cell..get_or_set_cached_cell_and_set_connections" :: held 0.001s {{(pid=129199) inner /usr/local/lib/python3.8/dist-packages/oslo_concurrency/lockutils.py:400}}
Apr 12 19:55:13.042160 dv-cinder-837543-1-smb devstack@n-api.service[129199]: DEBUG oslo_concurrency.lockutils [None req-6bca34c6-b881-43da-bc6d-cb0abcd8974a tempest-ServerRescueNegativeTestJSON-707960836 tempest-ServerRescueNegativeTestJSON-707960836-project] Lock "af476962-b4df-4290-9ccc-e074c66702a4" acquired by "nova.context.set_target_cell..get_or_set_cached_cell_and_set_connections" :: waited 0.000s {{(pid=129199) inner /usr/local/lib/python3.8/dist-packages/oslo_concurrency/lockutils.py:386}}
Apr 12 19:55:13.042160 dv-cinder-837543-1-smb devstack@n-api.service[129199]: DEBUG oslo_concurrency.lockutils [None req-6bca34c6-b881-43da-bc6d-cb0abcd8974a tempest-ServerRescueNegativeTestJSON-707960836 tempest-ServerRescueNegativeTestJSON-707960836-project] Lock "af476962-b4df-4290-9ccc-e074c66702a4" "released" by "nova.context.set_target_cell..get_or_set_cached_cell_and_set_connections" :: held 0.000s {{(pid=129199) inner /usr/local/lib/python3.8/dist-packages/oslo_concurrency/lockutils.py:400}}
Apr 12 19:55:13.273820 dv-cinder-837543-1-smb devstack@n-api.service[129199]: DEBUG nova.policy [None req-6bca34c6-b881-43da-bc6d-cb0abcd8974a tempest-ServerRescueNegativeTestJSON-707960836 tempest-ServerRescueNegativeTestJSON-707960836-project] Policy check for os_compute_api:os-extended-server-attributes failed with credentials {'is_admin': False, 'user_id': '53d077d92a4645cdb9674d44d64ca558', 'user_domain_id': 'default', 'system_scope': None, 'domain_id': None, 'project_id': '4ff2381b023c48e4b81025b942835b77', 'project_domain_id': 'default', 'roles': ['reader', 'member'], 'is_admin_project': True, 'service_user_id': None, 'service_user_domain_id': None, 'service_project_id': None, 'service_project_domain_id': None, 'service_roles': []} {{(pid=129199) authorize /opt/stack/nova/nova/policy.py:199}}
Apr 12 19:55:13.289069 dv-cinder-837543-1-smb devstack@n-api.service[129199]: INFO nova.api.openstack.requestlog [None req-6bca34c6-b881-43da-bc6d-cb0abcd8974a tempest-ServerRescueNegativeTestJSON-707960836 tempest-ServerRescueNegativeTestJSON-707960836-project] 10.222.0.55 "GET /compute/v2.1/servers/e5f82ad4-bb73-4efa-8206-63add45d6434" status: 200 len: 1280 microversion: 2.1 time: 0.271968
Apr 12 19:55:13.291255 dv-cinder-837543-1-smb devstack@n-api.service[129199]: [pid: 129199|app: 0|req: 22/40] 10.222.0.55 () {58 vars in 1235 bytes} [Tue Apr 12 19:55:13 2022] GET /compute/v2.1/servers/e5f82ad4-bb73-4efa-8206-63add45d6434 => generated 1280 bytes in 275 msecs (HTTP/1.1 200) 9 headers in 358 bytes (1 switches on core 0)
Apr 12 19:55:13.721797 dv-cinder-837543-1-smb devstack@n-api.service[129200]: DEBUG nova.api.openstack.wsgi [None req-722b1029-112e-4800-a4ed-6cfa30a2ea2e tempest-DeleteServersTestJSON-698973968 tempest-DeleteServersTestJSON-698973968-project] Calling method '>' {{(pid=129200) _process_stack /opt/stack/nova/nova/api/openstack/wsgi.py:513}}
Apr 12 19:55:13.723586 dv-cinder-837543-1-smb devstack@n-api.service[129200]: DEBUG nova.compute.api [None req-722b1029-112e-4800-a4ed-6cfa30a2ea2e tempest-DeleteServersTestJSON-698973968 tempest-DeleteServersTestJSON-698973968-project] [instance: a36457b6-cb85-4802-bdab-b29d784dc19a] Fetching instance by UUID {{(pid=129200) get /opt/stack/nova/nova/compute/api.py:2918}}
Apr 12 19:55:13.741663 dv-cinder-837543-1-smb devstack@n-api.service[129200]: DEBUG oslo_concurrency.lockutils [None req-722b1029-112e-4800-a4ed-6cfa30a2ea2e tempest-DeleteServersTestJSON-698973968 tempest-DeleteServersTestJSON-698973968-project] Lock "af476962-b4df-4290-9ccc-e074c66702a4" acquired by "nova.context.set_target_cell..get_or_set_cached_cell_and_set_connections" :: waited 0.000s {{(pid=129200) inner /usr/local/lib/python3.8/dist-packages/oslo_concurrency/lockutils.py:386}}
Apr 12 19:55:13.744602 dv-cinder-837543-1-smb devstack@n-api.service[129200]: DEBUG oslo_concurrency.lockutils [None req-722b1029-112e-4800-a4ed-6cfa30a2ea2e tempest-DeleteServersTestJSON-698973968 tempest-DeleteServersTestJSON-698973968-project] Lock "af476962-b4df-4290-9ccc-e074c66702a4" "released" by "nova.context.set_target_cell..get_or_set_cached_cell_and_set_connections" :: held 0.001s {{(pid=129200) inner /usr/local/lib/python3.8/dist-packages/oslo_concurrency/lockutils.py:400}}
Apr 12 19:55:13.749879 dv-cinder-837543-1-smb devstack@n-api.service[129200]: DEBUG oslo_concurrency.lockutils [None req-722b1029-112e-4800-a4ed-6cfa30a2ea2e tempest-DeleteServersTestJSON-698973968 tempest-DeleteServersTestJSON-698973968-project] Lock "af476962-b4df-4290-9ccc-e074c66702a4" acquired by "nova.context.set_target_cell..get_or_set_cached_cell_and_set_connections" :: waited 0.000s {{(pid=129200) inner /usr/local/lib/python3.8/dist-packages/oslo_concurrency/lockutils.py:386}}
Apr 12 19:55:13.749879 dv-cinder-837543-1-smb devstack@n-api.service[129200]: DEBUG oslo_concurrency.lockutils [None req-722b1029-112e-4800-a4ed-6cfa30a2ea2e tempest-DeleteServersTestJSON-698973968 tempest-DeleteServersTestJSON-698973968-project] Lock "af476962-b4df-4290-9ccc-e074c66702a4" "released" by "nova.context.set_target_cell..get_or_set_cached_cell_and_set_connections" :: held 0.000s {{(pid=129200) inner /usr/local/lib/python3.8/dist-packages/oslo_concurrency/lockutils.py:400}}
Apr 12 19:55:14.322155 dv-cinder-837543-1-smb devstack@n-api.service[129199]: DEBUG nova.api.openstack.wsgi [None req-382201ec-aa6f-4778-ad9d-81c9ff2636c6 tempest-ServerRescueNegativeTestJSON-707960836 tempest-ServerRescueNegativeTestJSON-707960836-project] Calling method '>' {{(pid=129199) _process_stack /opt/stack/nova/nova/api/openstack/wsgi.py:513}}
Apr 12 19:55:14.323477 dv-cinder-837543-1-smb devstack@n-api.service[129199]: DEBUG nova.compute.api [None req-382201ec-aa6f-4778-ad9d-81c9ff2636c6 tempest-ServerRescueNegativeTestJSON-707960836 tempest-ServerRescueNegativeTestJSON-707960836-project] [instance: e5f82ad4-bb73-4efa-8206-63add45d6434] Fetching instance by UUID {{(pid=129199) get /opt/stack/nova/nova/compute/api.py:2918}}
Apr 12 19:55:14.337461 dv-cinder-837543-1-smb devstack@n-api.service[129199]: DEBUG oslo_concurrency.lockutils [None req-382201ec-aa6f-4778-ad9d-81c9ff2636c6 tempest-ServerRescueNegativeTestJSON-707960836 tempest-ServerRescueNegativeTestJSON-707960836-project] Lock "af476962-b4df-4290-9ccc-e074c66702a4" acquired by "nova.context.set_target_cell..get_or_set_cached_cell_and_set_connections" :: waited 0.000s {{(pid=129199) inner /usr/local/lib/python3.8/dist-packages/oslo_concurrency/lockutils.py:386}}
Apr 12 19:55:14.341533 dv-cinder-837543-1-smb devstack@n-api.service[129199]: DEBUG oslo_concurrency.lockutils [None req-382201ec-aa6f-4778-ad9d-81c9ff2636c6 tempest-ServerRescueNegativeTestJSON-707960836 tempest-ServerRescueNegativeTestJSON-707960836-project] Lock "af476962-b4df-4290-9ccc-e074c66702a4" "released" by "nova.context.set_target_cell..get_or_set_cached_cell_and_set_connections" :: held 0.006s {{(pid=129199) inner /usr/local/lib/python3.8/dist-packages/oslo_concurrency/lockutils.py:400}}
Apr 12 19:55:14.342711 dv-cinder-837543-1-smb devstack@n-api.service[129199]: DEBUG oslo_concurrency.lockutils [None req-382201ec-aa6f-4778-ad9d-81c9ff2636c6 tempest-ServerRescueNegativeTestJSON-707960836 tempest-ServerRescueNegativeTestJSON-707960836-project] Lock "af476962-b4df-4290-9ccc-e074c66702a4" acquired by "nova.context.set_target_cell..get_or_set_cached_cell_and_set_connections" :: waited 0.000s {{(pid=129199) inner /usr/local/lib/python3.8/dist-packages/oslo_concurrency/lockutils.py:386}}
Apr 12 19:55:14.345150 dv-cinder-837543-1-smb devstack@n-api.service[129199]: DEBUG oslo_concurrency.lockutils [None req-382201ec-aa6f-4778-ad9d-81c9ff2636c6 tempest-ServerRescueNegativeTestJSON-707960836 tempest-ServerRescueNegativeTestJSON-707960836-project] Lock "af476962-b4df-4290-9ccc-e074c66702a4" "released" by "nova.context.set_target_cell..get_or_set_cached_cell_and_set_connections" :: held 0.002s {{(pid=129199) inner /usr/local/lib/python3.8/dist-packages/oslo_concurrency/lockutils.py:400}}
Apr 12 19:55:14.532146 dv-cinder-837543-1-smb devstack@n-api.service[129199]: DEBUG nova.policy [None req-382201ec-aa6f-4778-ad9d-81c9ff2636c6 tempest-ServerRescueNegativeTestJSON-707960836 tempest-ServerRescueNegativeTestJSON-707960836-project] Policy check for os_compute_api:os-extended-server-attributes failed with credentials {'is_admin': False, 'user_id': '53d077d92a4645cdb9674d44d64ca558', 'user_domain_id': 'default', 'system_scope': None, 'domain_id': None, 'project_id': '4ff2381b023c48e4b81025b942835b77', 'project_domain_id': 'default', 'roles': ['reader', 'member'], 'is_admin_project': True, 'service_user_id': None, 'service_user_domain_id': None, 'service_project_id': None, 'service_project_domain_id': None, 'service_roles': []} {{(pid=129199) authorize /opt/stack/nova/nova/policy.py:199}}
Apr 12 19:55:14.543244 dv-cinder-837543-1-smb devstack@n-api.service[129199]: INFO nova.api.openstack.requestlog [None req-382201ec-aa6f-4778-ad9d-81c9ff2636c6 tempest-ServerRescueNegativeTestJSON-707960836 tempest-ServerRescueNegativeTestJSON-707960836-project] 10.222.0.55 "GET /compute/v2.1/servers/e5f82ad4-bb73-4efa-8206-63add45d6434" status: 200 len: 1280 microversion: 2.1 time: 0.231673
Apr 12 19:55:14.546857 dv-cinder-837543-1-smb devstack@n-api.service[129199]: [pid: 129199|app: 0|req: 23/41] 10.222.0.55 () {58 vars in 1235 bytes} [Tue Apr 12 19:55:14 2022] GET /compute/v2.1/servers/e5f82ad4-bb73-4efa-8206-63add45d6434 => generated 1280 bytes in 236 msecs (HTTP/1.1 200) 9 headers in 358 bytes (2 switches on core 0)
Apr 12 19:55:14.626497 dv-cinder-837543-1-smb devstack@n-api.service[129200]: DEBUG nova.policy [None req-722b1029-112e-4800-a4ed-6cfa30a2ea2e tempest-DeleteServersTestJSON-698973968 tempest-DeleteServersTestJSON-698973968-project] Policy check for os_compute_api:os-extended-server-attributes failed with credentials {'is_admin': False, 'user_id': '36b00beb1651416f905de68a6265f996', 'user_domain_id': 'default', 'system_scope': None, 'domain_id': None, 'project_id': 'b4350cdb6ef44522935e5efdaf2e5e41', 'project_domain_id': 'default', 'roles': ['reader', 'member'], 'is_admin_project': True, 'service_user_id': None, 'service_user_domain_id': None, 'service_project_id': None, 'service_project_domain_id': None, 'service_roles': []} {{(pid=129200) authorize /opt/stack/nova/nova/policy.py:199}}
Apr 12 19:55:14.662268 dv-cinder-837543-1-smb devstack@n-api.service[129200]: INFO nova.api.openstack.requestlog [None req-722b1029-112e-4800-a4ed-6cfa30a2ea2e tempest-DeleteServersTestJSON-698973968 tempest-DeleteServersTestJSON-698973968-project] 10.222.0.55 "GET /compute/v2.1/servers/a36457b6-cb85-4802-bdab-b29d784dc19a" status: 200 len: 1315 microversion: 2.1 time: 0.946512
Apr 12 19:55:14.674763 dv-cinder-837543-1-smb devstack@n-api.service[129200]: [pid: 129200|app: 0|req: 19/42] 10.222.0.55 () {58 vars in 1235 bytes} [Tue Apr 12 19:55:13 2022] GET /compute/v2.1/servers/a36457b6-cb85-4802-bdab-b29d784dc19a => generated 1315 bytes in 960 msecs (HTTP/1.1 200) 9 headers in 358 bytes (1 switches on core 0)
Apr 12 19:55:15.564457 dv-cinder-837543-1-smb devstack@n-api.service[129199]: DEBUG nova.api.openstack.wsgi [None req-12bb8702-f782-4194-928e-3e4d226a234a tempest-ServerRescueNegativeTestJSON-707960836 tempest-ServerRescueNegativeTestJSON-707960836-project] Calling method '>' {{(pid=129199) _process_stack /opt/stack/nova/nova/api/openstack/wsgi.py:513}}
Apr 12 19:55:15.565710 dv-cinder-837543-1-smb devstack@n-api.service[129199]: DEBUG nova.compute.api [None req-12bb8702-f782-4194-928e-3e4d226a234a tempest-ServerRescueNegativeTestJSON-707960836 tempest-ServerRescueNegativeTestJSON-707960836-project] [instance: e5f82ad4-bb73-4efa-8206-63add45d6434] Fetching instance by UUID {{(pid=129199) get /opt/stack/nova/nova/compute/api.py:2918}}
Apr 12 19:55:15.574222 dv-cinder-837543-1-smb devstack@n-api.service[129199]: DEBUG oslo_concurrency.lockutils [None req-12bb8702-f782-4194-928e-3e4d226a234a tempest-ServerRescueNegativeTestJSON-707960836 tempest-ServerRescueNegativeTestJSON-707960836-project] Lock "af476962-b4df-4290-9ccc-e074c66702a4" acquired by "nova.context.set_target_cell..get_or_set_cached_cell_and_set_connections" :: waited 0.000s {{(pid=129199) inner /usr/local/lib/python3.8/dist-packages/oslo_concurrency/lockutils.py:386}}
Apr 12 19:55:15.575794 dv-cinder-837543-1-smb devstack@n-api.service[129199]: DEBUG oslo_concurrency.lockutils [None req-12bb8702-f782-4194-928e-3e4d226a234a tempest-ServerRescueNegativeTestJSON-707960836 tempest-ServerRescueNegativeTestJSON-707960836-project] Lock "af476962-b4df-4290-9ccc-e074c66702a4" "released" by "nova.context.set_target_cell..get_or_set_cached_cell_and_set_connections" :: held 0.002s {{(pid=129199) inner /usr/local/lib/python3.8/dist-packages/oslo_concurrency/lockutils.py:400}}
Apr 12 19:55:15.579339 dv-cinder-837543-1-smb devstack@n-api.service[129199]: DEBUG oslo_concurrency.lockutils [None req-12bb8702-f782-4194-928e-3e4d226a234a tempest-ServerRescueNegativeTestJSON-707960836 tempest-ServerRescueNegativeTestJSON-707960836-project] Lock "af476962-b4df-4290-9ccc-e074c66702a4" acquired by "nova.context.set_target_cell..get_or_set_cached_cell_and_set_connections" :: waited 0.000s {{(pid=129199) inner /usr/local/lib/python3.8/dist-packages/oslo_concurrency/lockutils.py:386}}
