Aug 31 09:58:57.670830 dv-cinder-837542-8-smb neutron-server[128884]: DEBUG neutron_lib.callbacks.manager [None req-228534d2-f80f-4ffc-bfa9-e823711b3d8e admin admin] Publish callbacks ['neutron.api.rpc.agentnotifiers.dhcp_rpc_agent_api.DhcpAgentNotifyAPI._send_dhcp_notification-526974'] for subnet (None), before_response {{(pid=128884) _notify_loop /usr/local/lib/python3.8/dist-packages/neutron_lib/callbacks/manager.py:176}}
Aug 31 09:58:57.676206 dv-cinder-837542-8-smb neutron-server[128886]: DEBUG neutron.api.rpc.handlers.dhcp_rpc [None req-00068679-d81d-4540-ab6a-ad1f5efccaa7 None None] Network 222ef755-edb7-4212-a06f-755fd574456e requested from dv-cinder-837542-8-smb {{(pid=128886) get_network_info /opt/stack/neutron/neutron/api/rpc/handlers/dhcp_rpc.py:191}}
Aug 31 09:58:57.706830 dv-cinder-837542-8-smb neutron-server[128884]: DEBUG dbcounter [-] [128884] Writing DB stats neutron:SELECT=78,neutron:INSERT=16,neutron:UPDATE=4,neutron:DELETE=2 {{(pid=128884) stat_writer /usr/local/lib/python3.8/dist-packages/dbcounter.py:114}}
Aug 31 09:58:57.740150 dv-cinder-837542-8-smb neutron-server[128886]: DEBUG dbcounter [-] [128886] Writing DB stats neutron:SELECT=97,neutron:UPDATE=3 {{(pid=128886) stat_writer /usr/local/lib/python3.8/dist-packages/dbcounter.py:114}}
Aug 31 09:58:57.788686 dv-cinder-837542-8-smb neutron-server[128884]: INFO neutron.wsgi [None req-228534d2-f80f-4ffc-bfa9-e823711b3d8e admin admin] 10.222.0.43 "POST /networking/v2.0/subnets HTTP/1.1" status: 201 len: 845 time: 0.9441032
Aug 31 09:58:57.808464 dv-cinder-837542-8-smb neutron-server[128886]: DEBUG neutron.api.rpc.handlers.dhcp_rpc [None req-206311dd-3573-4dbe-8c6a-f48d63a94082 None None] Network 222ef755-edb7-4212-a06f-755fd574456e requested from dv-cinder-837542-8-smb {{(pid=128886) get_network_info /opt/stack/neutron/neutron/api/rpc/handlers/dhcp_rpc.py:191}}
Aug 31 09:58:57.870003 dv-cinder-837542-8-smb neutron-server[128885]: DEBUG dbcounter [-] [128885] Writing DB stats neutron:SELECT=84,neutron:INSERT=11,neutron:UPDATE=1,neutron:DELETE=4 {{(pid=128885) stat_writer /usr/local/lib/python3.8/dist-packages/dbcounter.py:114}}
Aug 31 09:58:58.253053 dv-cinder-837542-8-smb neutron-server[128884]: DEBUG neutron.wsgi [-] (128884) accepted ('10.222.0.43', 46076) {{(pid=128884) server /usr/local/lib/python3.8/dist-packages/eventlet/wsgi.py:1004}}
Aug 31 09:58:58.346112 dv-cinder-837542-8-smb neutron-server[128886]: DEBUG neutron.plugins.ml2.rpc [None req-ddd10e29-8a8c-42a0-8a7a-dcbf490075e1 None None] Device 4dcbc511-4b44-46d8-8a45-48417ae49359 no longer exists at agent hyperv_hv-cinder-83754 {{(pid=128886) update_device_down /opt/stack/neutron/neutron/plugins/ml2/rpc.py:259}}
Aug 31 09:58:58.350322 dv-cinder-837542-8-smb neutron-server[128884]: DEBUG neutron.pecan_wsgi.hooks.policy_enforcement [req-80206e07-ec8e-49cd-9fd6-07c3e98af89b req-762c6a34-d3ef-4360-8cde-5935f044c414 tempest-ServerRescueNegativeTestJSON-208866428 tempest-ServerRescueNegativeTestJSON-208866428-project] Attributes excluded by policy engine: ['standard_attr_id', 'binding:profile', 'binding:host_id', 'binding:vif_type', 'binding:vif_details'] {{(pid=128884) _exclude_attributes_by_policy /opt/stack/neutron/neutron/pecan_wsgi/hooks/policy_enforcement.py:259}}
Aug 31 09:58:58.351939 dv-cinder-837542-8-smb neutron-server[128884]: INFO neutron.wsgi [req-80206e07-ec8e-49cd-9fd6-07c3e98af89b req-762c6a34-d3ef-4360-8cde-5935f044c414 tempest-ServerRescueNegativeTestJSON-208866428 tempest-ServerRescueNegativeTestJSON-208866428-project] 10.222.0.43 "GET /networking/v2.0/ports?device_id=4f02f213-8af3-467d-9d01-ef1df246e5af HTTP/1.1" status: 200 len: 946 time: 0.0497248
Aug 31 09:58:58.396568 dv-cinder-837542-8-smb neutron-server[128886]: DEBUG neutron.plugins.ml2.plugin [None req-ddd10e29-8a8c-42a0-8a7a-dcbf490075e1 None None] No Port match for: 4dcbc511-4b44-46d8-8a45-48417ae49359 {{(pid=128886) port_bound_to_host /opt/stack/neutron/neutron/plugins/ml2/plugin.py:2386}}
Aug 31 09:58:58.397069 dv-cinder-837542-8-smb neutron-server[128886]: DEBUG neutron.plugins.ml2.rpc [None req-ddd10e29-8a8c-42a0-8a7a-dcbf490075e1 None None] Device 4dcbc511-4b44-46d8-8a45-48417ae49359 not bound to the agent host hv-cinder-83754 {{(pid=128886) update_device_down /opt/stack/neutron/neutron/plugins/ml2/rpc.py:269}}
Aug 31 09:58:58.444008 dv-cinder-837542-8-smb neutron-server[128884]: INFO neutron.wsgi [req-80206e07-ec8e-49cd-9fd6-07c3e98af89b req-f592f65d-6adb-4b5b-811b-de2c01d24416 tempest-ServerRescueNegativeTestJSON-208866428 tempest-ServerRescueNegativeTestJSON-208866428-project] 10.222.0.43 "GET /networking/v2.0/security-groups?id=f19a2498-467f-45c7-b1c3-9cc7a67ba702&fields=id&fields=name HTTP/1.1" status: 200 len: 286 time: 0.0834780
Aug 31 09:58:58.491726 dv-cinder-837542-8-smb neutron-server[128884]: DEBUG neutron_lib.callbacks.manager [None req-508d5353-3079-4544-a2c2-5bc5b72468e2 admin admin] Publish callbacks [] for security_group (None), before_create {{(pid=128884) _notify_loop /usr/local/lib/python3.8/dist-packages/neutron_lib/callbacks/manager.py:176}}
Aug 31 09:58:58.598627 dv-cinder-837542-8-smb neutron-server[128884]: DEBUG neutron_lib.callbacks.manager [None req-508d5353-3079-4544-a2c2-5bc5b72468e2 admin admin] Publish callbacks [] for security_group (40233975-866d-4876-8bad-bf5b1f2083ba), precommit_create {{(pid=128884) _notify_loop /usr/local/lib/python3.8/dist-packages/neutron_lib/callbacks/manager.py:176}}
Aug 31 09:58:58.634199 dv-cinder-837542-8-smb neutron-server[128885]: INFO neutron.wsgi [req-01e2b795-edfc-4a01-909c-9be623b90be7 req-91bca1bc-d4c1-4e19-83b9-c0284fe714c7 tempest-VolumesActionsTest-1831738601 tempest-VolumesActionsTest-1831738601-project] 10.222.0.43 "GET /networking/v2.0/ports?device_id=ed7ea270-ea98-4204-b1c5-15f9c82c636f HTTP/1.1" status: 200 len: 210 time: 0.0292883
Aug 31 09:58:58.755914 dv-cinder-837542-8-smb neutron-server[128884]: DEBUG neutron_lib.callbacks.manager [None req-508d5353-3079-4544-a2c2-5bc5b72468e2 admin admin] Publish callbacks ['neutron.plugins.ml2.ovo_rpc._ObjectChangeHandler.handle_event-604414'] for security_group (40233975-866d-4876-8bad-bf5b1f2083ba), after_create {{(pid=128884) _notify_loop /usr/local/lib/python3.8/dist-packages/neutron_lib/callbacks/manager.py:176}}
Aug 31 09:58:58.801999 dv-cinder-837542-8-smb neutron-server[128884]: DEBUG neutron.api.rpc.handlers.resources_rpc [None req-508d5353-3079-4544-a2c2-5bc5b72468e2 admin admin] Pushing event updated for resources: {'SecurityGroup': ['ID=40233975-866d-4876-8bad-bf5b1f2083ba,revision_number=1']} {{(pid=128884) push /opt/stack/neutron/neutron/api/rpc/handlers/resources_rpc.py:237}}
Aug 31 09:58:58.806747 dv-cinder-837542-8-smb neutron-server[128884]: INFO neutron.wsgi [None req-508d5353-3079-4544-a2c2-5bc5b72468e2 admin admin] 10.222.0.43 "GET /networking/v2.0/security-groups?tenant_id=d8a484f2c35046f9ace7e94298fd11e7&name=default HTTP/1.1" status: 200 len: 2996 time: 0.5517123
Aug 31 09:58:58.814112 dv-cinder-837542-8-smb neutron-server[128884]: DEBUG neutron.wsgi [-] (128884) accepted ('10.222.0.43', 46104) {{(pid=128884) server /usr/local/lib/python3.8/dist-packages/eventlet/wsgi.py:1004}}
Aug 31 09:58:58.884743 dv-cinder-837542-8-smb neutron-server[128884]: DEBUG neutron_lib.callbacks.manager [None req-9cfd5ab6-71a4-411d-8b20-4864cc0e5965 admin admin] Publish callbacks [] for security_group (40233975-866d-4876-8bad-bf5b1f2083ba), before_delete {{(pid=128884) _notify_loop /usr/local/lib/python3.8/dist-packages/neutron_lib/callbacks/manager.py:176}}
Aug 31 09:58:58.913189 dv-cinder-837542-8-smb neutron-server[128884]: DEBUG neutron_lib.callbacks.manager [None req-9cfd5ab6-71a4-411d-8b20-4864cc0e5965 admin admin] Publish callbacks [] for security_group (40233975-866d-4876-8bad-bf5b1f2083ba), precommit_delete {{(pid=128884) _notify_loop /usr/local/lib/python3.8/dist-packages/neutron_lib/callbacks/manager.py:176}}
Aug 31 09:58:59.070707 dv-cinder-837542-8-smb neutron-server[128884]: DEBUG neutron_lib.callbacks.manager [None req-9cfd5ab6-71a4-411d-8b20-4864cc0e5965 admin admin] Publish callbacks ['neutron.plugins.ml2.ovo_rpc._ObjectChangeHandler.handle_event-604414'] for security_group (40233975-866d-4876-8bad-bf5b1f2083ba), after_delete {{(pid=128884) _notify_loop /usr/local/lib/python3.8/dist-packages/neutron_lib/callbacks/manager.py:176}}
Aug 31 09:58:59.073284 dv-cinder-837542-8-smb neutron-server[128884]: DEBUG neutron_lib.callbacks.manager [None req-9cfd5ab6-71a4-411d-8b20-4864cc0e5965 admin admin] Publish callbacks [] for security_group (None), before_response {{(pid=128884) _notify_loop /usr/local/lib/python3.8/dist-packages/neutron_lib/callbacks/manager.py:176}}
Aug 31 09:58:59.074434 dv-cinder-837542-8-smb neutron-server[128884]: INFO neutron.wsgi [None req-9cfd5ab6-71a4-411d-8b20-4864cc0e5965 admin admin] 10.222.0.43 "DELETE /networking/v2.0/security-groups/40233975-866d-4876-8bad-bf5b1f2083ba HTTP/1.1" status: 204 len: 168 time: 0.2594395
Aug 31 09:58:59.084898 dv-cinder-837542-8-smb neutron-server[128884]: DEBUG neutron.api.rpc.handlers.resources_rpc [None req-9cfd5ab6-71a4-411d-8b20-4864cc0e5965 admin admin] Pushing event deleted for resources: {'SecurityGroup': ['ID=40233975-866d-4876-8bad-bf5b1f2083ba,revision_number=None']} {{(pid=128884) push /opt/stack/neutron/neutron/api/rpc/handlers/resources_rpc.py:237}}
Aug 31 09:58:59.092195 dv-cinder-837542-8-smb neutron-server[128884]: DEBUG neutron.wsgi [-] (128884) accepted ('10.222.0.43', 46118) {{(pid=128884) server /usr/local/lib/python3.8/dist-packages/eventlet/wsgi.py:1004}}
Aug 31 09:58:59.328819 dv-cinder-837542-8-smb neutron-server[128884]: DEBUG neutron_lib.callbacks.manager [None req-395a74e0-3a5c-4aa9-b839-0c512b17bdf8 admin admin] Publish callbacks [] for security_group (None), before_create {{(pid=128884) _notify_loop /usr/local/lib/python3.8/dist-packages/neutron_lib/callbacks/manager.py:176}}
Aug 31 09:58:59.418349 dv-cinder-837542-8-smb neutron-server[128884]: DEBUG neutron_lib.callbacks.manager [None req-395a74e0-3a5c-4aa9-b839-0c512b17bdf8 admin admin] Publish callbacks [] for security_group (80453fb9-5833-46d5-a3e3-de340d16e675), precommit_create {{(pid=128884) _notify_loop /usr/local/lib/python3.8/dist-packages/neutron_lib/callbacks/manager.py:176}}
Aug 31 09:58:59.507236 dv-cinder-837542-8-smb neutron-server[128884]: DEBUG neutron_lib.callbacks.manager [None req-395a74e0-3a5c-4aa9-b839-0c512b17bdf8 admin admin] Publish callbacks ['neutron.plugins.ml2.ovo_rpc._ObjectChangeHandler.handle_event-604414'] for security_group (80453fb9-5833-46d5-a3e3-de340d16e675), after_create {{(pid=128884) _notify_loop /usr/local/lib/python3.8/dist-packages/neutron_lib/callbacks/manager.py:176}}
Aug 31 09:58:59.576940 dv-cinder-837542-8-smb neutron-server[128884]: DEBUG neutron.api.rpc.handlers.resources_rpc [None req-395a74e0-3a5c-4aa9-b839-0c512b17bdf8 admin admin] Pushing event updated for resources: {'SecurityGroup': ['ID=80453fb9-5833-46d5-a3e3-de340d16e675,revision_number=1']} {{(pid=128884) push /opt/stack/neutron/neutron/api/rpc/handlers/resources_rpc.py:237}}
Aug 31 09:58:59.585834 dv-cinder-837542-8-smb neutron-server[128884]: INFO neutron.wsgi [None req-395a74e0-3a5c-4aa9-b839-0c512b17bdf8 admin admin] 10.222.0.43 "GET /networking/v2.0/security-groups?tenant_id=120bd942e1a9417b8a120249e110dc0c&name=default HTTP/1.1" status: 200 len: 2996 time: 0.4897695
Aug 31 09:58:59.586666 dv-cinder-837542-8-smb neutron-server[128884]: DEBUG neutron.wsgi [-] (128884) accepted ('10.222.0.43', 46134) {{(pid=128884) server /usr/local/lib/python3.8/dist-packages/eventlet/wsgi.py:1004}}
Aug 31 09:58:59.607026 dv-cinder-837542-8-smb neutron-server[128884]: DEBUG neutron.pecan_wsgi.hooks.policy_enforcement [req-36794638-e121-428a-ac34-30b55b135e75 req-18e12dc0-1d08-44c5-b398-1cfeb93ba427 tempest-ServerRescueNegativeTestJSON-208866428 tempest-ServerRescueNegativeTestJSON-208866428-project] Attributes excluded by policy engine: ['standard_attr_id', 'binding:profile', 'binding:host_id', 'binding:vif_type', 'binding:vif_details'] {{(pid=128884) _exclude_attributes_by_policy /opt/stack/neutron/neutron/pecan_wsgi/hooks/policy_enforcement.py:259}}
Aug 31 09:58:59.609173 dv-cinder-837542-8-smb neutron-server[128884]: INFO neutron.wsgi [req-36794638-e121-428a-ac34-30b55b135e75 req-18e12dc0-1d08-44c5-b398-1cfeb93ba427 tempest-ServerRescueNegativeTestJSON-208866428 tempest-ServerRescueNegativeTestJSON-208866428-project] 10.222.0.43 "GET /networking/v2.0/ports?device_id=4f02f213-8af3-467d-9d01-ef1df246e5af HTTP/1.1" status: 200 len: 946 time: 0.0903120
Aug 31 09:58:59.694453 dv-cinder-837542-8-smb neutron-server[128884]: DEBUG neutron_lib.callbacks.manager [None req-4576f93b-fafb-48d2-a97d-15e80a22b458 admin admin] Publish callbacks [] for security_group (80453fb9-5833-46d5-a3e3-de340d16e675), before_delete {{(pid=128884) _notify_loop /usr/local/lib/python3.8/dist-packages/neutron_lib/callbacks/manager.py:176}}
Aug 31 09:58:59.699131 dv-cinder-837542-8-smb neutron-server[128884]: INFO neutron.wsgi [req-36794638-e121-428a-ac34-30b55b135e75 req-2e30c204-6f4e-4778-8897-a899ca3ae95e tempest-ServerRescueNegativeTestJSON-208866428 tempest-ServerRescueNegativeTestJSON-208866428-project] 10.222.0.43 "GET /networking/v2.0/security-groups?id=f19a2498-467f-45c7-b1c3-9cc7a67ba702&fields=id&fields=name HTTP/1.1" status: 200 len: 286 time: 0.0777197
Aug 31 09:58:59.737884 dv-cinder-837542-8-smb neutron-server[128884]: DEBUG neutron_lib.callbacks.manager [None req-4576f93b-fafb-48d2-a97d-15e80a22b458 admin admin] Publish callbacks [] for security_group (80453fb9-5833-46d5-a3e3-de340d16e675), precommit_delete {{(pid=128884) _notify_loop /usr/local/lib/python3.8/dist-packages/neutron_lib/callbacks/manager.py:176}}
Aug 31 09:58:59.762375 dv-cinder-837542-8-smb neutron-server[128885]: INFO neutron.wsgi [req-b7c3e9ec-de8e-41df-b3e3-cf8284595c73 req-02de6bb0-aff1-4f11-9a4d-6d93bb3239f9 tempest-VolumesActionsTest-1831738601 tempest-VolumesActionsTest-1831738601-project] 10.222.0.43 "GET /networking/v2.0/ports?device_id=ed7ea270-ea98-4204-b1c5-15f9c82c636f HTTP/1.1" status: 200 len: 210 time: 0.0435867
Aug 31 09:58:59.882913 dv-cinder-837542-8-smb neutron-server[128884]: DEBUG neutron_lib.callbacks.manager [None req-4576f93b-fafb-48d2-a97d-15e80a22b458 admin admin] Publish callbacks ['neutron.plugins.ml2.ovo_rpc._ObjectChangeHandler.handle_event-604414'] for security_group (80453fb9-5833-46d5-a3e3-de340d16e675), after_delete {{(pid=128884) _notify_loop /usr/local/lib/python3.8/dist-packages/neutron_lib/callbacks/manager.py:176}}
Aug 31 09:58:59.885593 dv-cinder-837542-8-smb neutron-server[128884]: DEBUG neutron_lib.callbacks.manager [None req-4576f93b-fafb-48d2-a97d-15e80a22b458 admin admin] Publish callbacks [] for security_group (None), before_response {{(pid=128884) _notify_loop /usr/local/lib/python3.8/dist-packages/neutron_lib/callbacks/manager.py:176}}
Aug 31 09:58:59.889436 dv-cinder-837542-8-smb neutron-server[128884]: INFO neutron.wsgi [None req-4576f93b-fafb-48d2-a97d-15e80a22b458 admin admin] 10.222.0.43 "DELETE /networking/v2.0/security-groups/80453fb9-5833-46d5-a3e3-de340d16e675 HTTP/1.1" status: 204 len: 168 time: 0.2991433
Aug 31 09:58:59.892154 dv-cinder-837542-8-smb neutron-server[128885]: DEBUG neutron.wsgi [-] (128885) accepted ('10.222.0.43', 46142) {{(pid=128885) server /usr/local/lib/python3.8/dist-packages/eventlet/wsgi.py:1004}}
Aug 31 09:58:59.896383 dv-cinder-837542-8-smb neutron-server[128884]: DEBUG neutron.api.rpc.handlers.resources_rpc [None req-4576f93b-fafb-48d2-a97d-15e80a22b458 admin admin] Pushing event deleted for resources: {'SecurityGroup': ['ID=80453fb9-5833-46d5-a3e3-de340d16e675,revision_number=None']} {{(pid=128884) push /opt/stack/neutron/neutron/api/rpc/handlers/resources_rpc.py:237}}
Aug 31 09:58:59.906589 dv-cinder-837542-8-smb neutron-server[128885]: DEBUG neutron_lib.callbacks.manager [None req-09c10bd9-982e-46c3-827f-e7656cadcc72 admin admin] Publish callbacks [] for security_group (None), before_create {{(pid=128885) _notify_loop /usr/local/lib/python3.8/dist-packages/neutron_lib/callbacks/manager.py:176}}
Aug 31 09:59:00.067400 dv-cinder-837542-8-smb neutron-server[128885]: DEBUG neutron_lib.callbacks.manager [None req-09c10bd9-982e-46c3-827f-e7656cadcc72 admin admin] Publish callbacks [] for security_group (e90c8673-17f3-403a-bd99-24a6252dd074), precommit_create {{(pid=128885) _notify_loop /usr/local/lib/python3.8/dist-packages/neutron_lib/callbacks/manager.py:176}}
Aug 31 09:59:00.077246 dv-cinder-837542-8-smb neutron-server[128885]: DEBUG neutron.pecan_wsgi.hooks.policy_enforcement [req-6911e044-2201-4be6-88b4-60f276d891a6 req-e32f41db-40d5-4ab4-ba70-b62612ad213f tempest-VolumesActionsTest-1831738601 tempest-VolumesActionsTest-1831738601-project] Attributes excluded by policy engine: ['standard_attr_id', 'vlan_transparent', 'provider:network_type', 'provider:physical_network', 'provider:segmentation_id'] {{(pid=128885) _exclude_attributes_by_policy /opt/stack/neutron/neutron/pecan_wsgi/hooks/policy_enforcement.py:259}}
Aug 31 09:59:00.077586 dv-cinder-837542-8-smb neutron-server[128885]: INFO neutron.wsgi [req-6911e044-2201-4be6-88b4-60f276d891a6 req-e32f41db-40d5-4ab4-ba70-b62612ad213f tempest-VolumesActionsTest-1831738601 tempest-VolumesActionsTest-1831738601-project] 10.222.0.67 "GET /networking/v2.0/networks?id=e57e2ed7-7fa5-419b-a597-2c540d396087 HTTP/1.1" status: 200 len: 809 time: 0.1357622
Aug 31 09:59:00.101058 dv-cinder-837542-8-smb neutron-server[128885]: DEBUG neutron.api.v2.base [req-6911e044-2201-4be6-88b4-60f276d891a6 req-0f0e83a0-277a-4554-a536-ba52f0173cd7 tempest-VolumesActionsTest-1831738601 tempest-VolumesActionsTest-1831738601-project] Request body: {'port': {'device_id': 'ed7ea270-ea98-4204-b1c5-15f9c82c636f', 'network_id': 'e57e2ed7-7fa5-419b-a597-2c540d396087', 'admin_state_up': True, 'tenant_id': '28c80429865c4004998b1829a0dc64b4'}} {{(pid=128885) prepare_request_body /opt/stack/neutron/neutron/api/v2/base.py:730}}
Aug 31 09:59:00.187503 dv-cinder-837542-8-smb neutron-server[128885]: DEBUG neutron_lib.callbacks.manager [None req-09c10bd9-982e-46c3-827f-e7656cadcc72 admin admin] Publish callbacks ['neutron.plugins.ml2.ovo_rpc._ObjectChangeHandler.handle_event-604414'] for security_group (e90c8673-17f3-403a-bd99-24a6252dd074), after_create {{(pid=128885) _notify_loop /usr/local/lib/python3.8/dist-packages/neutron_lib/callbacks/manager.py:176}}
Aug 31 09:59:00.242421 dv-cinder-837542-8-smb neutron-server[128885]: INFO neutron.wsgi [None req-09c10bd9-982e-46c3-827f-e7656cadcc72 admin admin] 10.222.0.43 "GET /networking/v2.0/security-groups?tenant_id=e092cfa1701a427f92dd02369adcd281&name=default HTTP/1.1" status: 200 len: 2996 time: 0.3487587
Aug 31 09:59:00.244992 dv-cinder-837542-8-smb neutron-server[128885]: DEBUG neutron.wsgi [-] (128885) accepted ('10.222.0.43', 46148) {{(pid=128885) server /usr/local/lib/python3.8/dist-packages/eventlet/wsgi.py:1004}}
Aug 31 09:59:00.246886 dv-cinder-837542-8-smb neutron-server[128885]: DEBUG neutron.api.rpc.handlers.resources_rpc [None req-09c10bd9-982e-46c3-827f-e7656cadcc72 admin admin] Pushing event updated for resources: {'SecurityGroup': ['ID=e90c8673-17f3-403a-bd99-24a6252dd074,revision_number=1']} {{(pid=128885) push /opt/stack/neutron/neutron/api/rpc/handlers/resources_rpc.py:237}}
Aug 31 09:59:00.277397 dv-cinder-837542-8-smb neutron-server[128885]: DEBUG neutron.api.rpc.callbacks.version_manager [None req-09c10bd9-982e-46c3-827f-e7656cadcc72 admin admin] Version for resource type AddressGroup changed None to 1.2 on consumer Open vSwitch agent@dv-cinder-837542-8-smb {{(pid=128885) _set_version /opt/stack/neutron/neutron/api/rpc/callbacks/version_manager.py:113}}
Aug 31 09:59:00.277760 dv-cinder-837542-8-smb neutron-server[128885]: DEBUG neutron.api.rpc.callbacks.version_manager [None req-09c10bd9-982e-46c3-827f-e7656cadcc72 admin admin] Version for resource type Agent changed None to 1.1 on consumer Open vSwitch agent@dv-cinder-837542-8-smb {{(pid=128885) _set_version /opt/stack/neutron/neutron/api/rpc/callbacks/version_manager.py:113}}
Aug 31 09:59:00.278093 dv-cinder-837542-8-smb neutron-server[128885]: DEBUG neutron.api.rpc.callbacks.version_manager [None req-09c10bd9-982e-46c3-827f-e7656cadcc72 admin admin] Version for resource type ConntrackHelper changed None to 1.0 on consumer Open vSwitch agent@dv-cinder-837542-8-smb {{(pid=128885) _set_version /opt/stack/neutron/neutron/api/rpc/callbacks/version_manager.py:113}}
Aug 31 09:59:00.278432 dv-cinder-837542-8-smb neutron-server[128885]: DEBUG neutron.api.rpc.callbacks.version_manager [None req-09c10bd9-982e-46c3-827f-e7656cadcc72 admin admin] Version for resource type LocalIPAssociation changed None to 1.0 on consumer Open vSwitch agent@dv-cinder-837542-8-smb {{(pid=128885) _set_version /opt/stack/neutron/neutron/api/rpc/callbacks/version_manager.py:113}}
Aug 31 09:59:00.278765 dv-cinder-837542-8-smb neutron-server[128885]: DEBUG neutron.api.rpc.callbacks.version_manager [None req-09c10bd9-982e-46c3-827f-e7656cadcc72 admin admin] Version for resource type Log changed None to 1.0 on consumer Open vSwitch agent@dv-cinder-837542-8-smb {{(pid=128885) _set_version /opt/stack/neutron/neutron/api/rpc/callbacks/version_manager.py:113}}
Aug 31 09:59:00.279127 dv-cinder-837542-8-smb neutron-server[128885]: DEBUG neutron.api.rpc.callbacks.version_manager [None req-09c10bd9-982e-46c3-827f-e7656cadcc72 admin admin] Version for resource type NDPProxy changed None to 1.0 on consumer Open vSwitch agent@dv-cinder-837542-8-smb {{(pid=128885) _set_version /opt/stack/neutron/neutron/api/rpc/callbacks/version_manager.py:113}}
Aug 31 09:59:00.279633 dv-cinder-837542-8-smb neutron-server[128885]: DEBUG neutron.api.rpc.callbacks.version_manager [None req-09c10bd9-982e-46c3-827f-e7656cadcc72 admin admin] Version for resource type Network changed None to 1.1 on consumer Open vSwitch agent@dv-cinder-837542-8-smb {{(pid=128885) _set_version /opt/stack/neutron/neutron/api/rpc/callbacks/version_manager.py:113}}
Aug 31 09:59:00.279813 dv-cinder-837542-8-smb neutron-server[128885]: DEBUG neutron.api.rpc.callbacks.version_manager [None req-09c10bd9-982e-46c3-827f-e7656cadcc72 admin admin] Version for resource type Port changed None to 1.7 on consumer Open vSwitch agent@dv-cinder-837542-8-smb {{(pid=128885) _set_version /opt/stack/neutron/neutron/api/rpc/callbacks/version_manager.py:113}}
Aug 31 09:59:00.280143 dv-cinder-837542-8-smb neutron-server[128885]: DEBUG neutron.api.rpc.callbacks.version_manager [None req-09c10bd9-982e-46c3-827f-e7656cadcc72 admin admin] Version for resource type PortForwarding changed None to 1.3 on consumer Open vSwitch agent@dv-cinder-837542-8-smb {{(pid=128885) _set_version /opt/stack/neutron/neutron/api/rpc/callbacks/version_manager.py:113}}
Aug 31 09:59:00.280468 dv-cinder-837542-8-smb neutron-server[128885]: DEBUG neutron.api.rpc.callbacks.version_manager [None req-09c10bd9-982e-46c3-827f-e7656cadcc72 admin admin] Version for resource type QosPolicy changed None to 1.10 on consumer Open vSwitch agent@dv-cinder-837542-8-smb {{(pid=128885) _set_version /opt/stack/neutron/neutron/api/rpc/callbacks/version_manager.py:113}}
Aug 31 09:59:00.280823 dv-cinder-837542-8-smb neutron-server[128885]: DEBUG neutron.api.rpc.callbacks.version_manager [None req-09c10bd9-982e-46c3-827f-e7656cadcc72 admin admin] Version for resource type SecurityGroup changed None to 1.5 on consumer Open vSwitch agent@dv-cinder-837542-8-smb {{(pid=128885) _set_version /opt/stack/neutron/neutron/api/rpc/callbacks/version_manager.py:113}}
Aug 31 09:59:00.281265 dv-cinder-837542-8-smb neutron-server[128885]: DEBUG neutron.api.rpc.callbacks.version_manager [None req-09c10bd9-982e-46c3-827f-e7656cadcc72 admin admin] Version for resource type SecurityGroupRule changed None to 1.2 on consumer Open vSwitch agent@dv-cinder-837542-8-smb {{(pid=128885) _set_version /opt/stack/neutron/neutron/api/rpc/callbacks/version_manager.py:113}}
Aug 31 09:59:00.281461 dv-cinder-837542-8-smb neutron-server[128885]: DEBUG neutron.api.rpc.callbacks.version_manager [None req-09c10bd9-982e-46c3-827f-e7656cadcc72 admin admin] Version for resource type SubPort changed None to 1.0 on consumer Open vSwitch agent@dv-cinder-837542-8-smb {{(pid=128885) _set_version /opt/stack/neutron/neutron/api/rpc/callbacks/version_manager.py:113}}
Aug 31 09:59:00.281784 dv-cinder-837542-8-smb neutron-server[128885]: DEBUG neutron.api.rpc.callbacks.version_manager [None req-09c10bd9-982e-46c3-827f-e7656cadcc72 admin admin] Version for resource type Subnet changed None to 1.1 on consumer Open vSwitch agent@dv-cinder-837542-8-smb {{(pid=128885) _set_version /opt/stack/neutron/neutron/api/rpc/callbacks/version_manager.py:113}}
Aug 31 09:59:00.282104 dv-cinder-837542-8-smb neutron-server[128885]: DEBUG neutron.api.rpc.callbacks.version_manager [None req-09c10bd9-982e-46c3-827f-e7656cadcc72 admin admin] Version for resource type Trunk changed None to 1.1 on consumer Open vSwitch agent@dv-cinder-837542-8-smb {{(pid=128885) _set_version /opt/stack/neutron/neutron/api/rpc/callbacks/version_manager.py:113}}
Aug 31 09:59:00.330334 dv-cinder-837542-8-smb neutron-server[128885]: DEBUG neutron_lib.callbacks.manager [None req-f42cd66e-b4c1-40a1-a2f4-d71860c684b3 admin admin] Publish callbacks [] for security_group (e90c8673-17f3-403a-bd99-24a6252dd074), before_delete {{(pid=128885) _notify_loop /usr/local/lib/python3.8/dist-packages/neutron_lib/callbacks/manager.py:176}}
Aug 31 09:59:00.352211 dv-cinder-837542-8-smb neutron-server[128885]: DEBUG neutron_lib.callbacks.manager [None req-f42cd66e-b4c1-40a1-a2f4-d71860c684b3 admin admin] Publish callbacks [] for security_group (e90c8673-17f3-403a-bd99-24a6252dd074), precommit_delete {{(pid=128885) _notify_loop /usr/local/lib/python3.8/dist-packages/neutron_lib/callbacks/manager.py:176}}
Aug 31 09:59:00.379536 dv-cinder-837542-8-smb neutron-server[128885]: DEBUG neutron.pecan_wsgi.hooks.quota_enforcement [req-6911e044-2201-4be6-88b4-60f276d891a6 req-0f0e83a0-277a-4554-a536-ba52f0173cd7 tempest-VolumesActionsTest-1831738601 tempest-VolumesActionsTest-1831738601-project] Made reservation on behalf of 28c80429865c4004998b1829a0dc64b4 for: {'port': 1} {{(pid=128885) before /opt/stack/neutron/neutron/pecan_wsgi/hooks/quota_enforcement.py:53}}
Aug 31 09:59:00.383377 dv-cinder-837542-8-smb neutron-server[128885]: DEBUG neutron_lib.callbacks.manager [req-6911e044-2201-4be6-88b4-60f276d891a6 req-0f0e83a0-277a-4554-a536-ba52f0173cd7 tempest-VolumesActionsTest-1831738601 tempest-VolumesActionsTest-1831738601-project] Publish callbacks ['neutron.plugins.ml2.plugin.SecurityGroupDbMixin._ensure_default_security_group_handler-1628219'] for port (None), before_create {{(pid=128885) _notify_loop /usr/local/lib/python3.8/dist-packages/neutron_lib/callbacks/manager.py:176}}
Aug 31 09:59:00.529991 dv-cinder-837542-8-smb neutron-server[128885]: DEBUG neutron_lib.callbacks.manager [None req-f42cd66e-b4c1-40a1-a2f4-d71860c684b3 admin admin] Publish callbacks ['neutron.plugins.ml2.ovo_rpc._ObjectChangeHandler.handle_event-604414'] for security_group (e90c8673-17f3-403a-bd99-24a6252dd074), after_delete {{(pid=128885) _notify_loop /usr/local/lib/python3.8/dist-packages/neutron_lib/callbacks/manager.py:176}}
Aug 31 09:59:00.532443 dv-cinder-837542-8-smb neutron-server[128885]: DEBUG neutron_lib.callbacks.manager [None req-f42cd66e-b4c1-40a1-a2f4-d71860c684b3 admin admin] Publish callbacks [] for security_group (None), before_response {{(pid=128885) _notify_loop /usr/local/lib/python3.8/dist-packages/neutron_lib/callbacks/manager.py:176}}
Aug 31 09:59:00.533787 dv-cinder-837542-8-smb neutron-server[128885]: INFO neutron.wsgi [None req-f42cd66e-b4c1-40a1-a2f4-d71860c684b3 admin admin] 10.222.0.43 "DELETE /networking/v2.0/security-groups/e90c8673-17f3-403a-bd99-24a6252dd074 HTTP/1.1" status: 204 len: 168 time: 0.2877712
Aug 31 09:59:00.571022 dv-cinder-837542-8-smb neutron-server[128885]: DEBUG neutron.api.rpc.handlers.resources_rpc [None req-f42cd66e-b4c1-40a1-a2f4-d71860c684b3 admin admin] Pushing event deleted for resources: {'SecurityGroup': ['ID=e90c8673-17f3-403a-bd99-24a6252dd074,revision_number=None']} {{(pid=128885) push /opt/stack/neutron/neutron/api/rpc/handlers/resources_rpc.py:237}}
Aug 31 09:59:00.649778 dv-cinder-837542-8-smb neutron-server[128885]: DEBUG neutron.db.db_base_plugin_common [req-6911e044-2201-4be6-88b4-60f276d891a6 req-0f0e83a0-277a-4554-a536-ba52f0173cd7 tempest-VolumesActionsTest-1831738601 tempest-VolumesActionsTest-1831738601-project] Allocated IP 172.20.0.13 (e57e2ed7-7fa5-419b-a597-2c540d396087/1bd44f7e-1b73-486d-95b0-b71ec3f76187/3d23577b-a79c-4a23-b56d-9a460246e8ca) {{(pid=128885) _store_ip_allocation /opt/stack/neutron/neutron/db/db_base_plugin_common.py:131}}
Aug 31 09:59:00.758949 dv-cinder-837542-8-smb neutron-server[128885]: DEBUG dbcounter [-] [128885] Writing DB stats neutron:SELECT=100 {{(pid=128885) stat_writer /usr/local/lib/python3.8/dist-packages/dbcounter.py:114}}
Aug 31 09:59:00.809784 dv-cinder-837542-8-smb neutron-server[128885]: DEBUG neutron_lib.callbacks.manager [req-6911e044-2201-4be6-88b4-60f276d891a6 req-0f0e83a0-277a-4554-a536-ba52f0173cd7 tempest-VolumesActionsTest-1831738601 tempest-VolumesActionsTest-1831738601-project] Publish callbacks [] for port (3d23577b-a79c-4a23-b56d-9a460246e8ca), precommit_create {{(pid=128885) _notify_loop /usr/local/lib/python3.8/dist-packages/neutron_lib/callbacks/manager.py:176}}
Aug 31 09:59:00.849045 dv-cinder-837542-8-smb neutron-server[128885]: DEBUG neutron.wsgi [-] (128885) accepted ('10.222.0.43', 46168) {{(pid=128885) server /usr/local/lib/python3.8/dist-packages/eventlet/wsgi.py:1004}}
Aug 31 09:59:00.864454 dv-cinder-837542-8-smb neutron-server[128885]: DEBUG neutron_lib.callbacks.manager [None req-75a71ba9-4afc-45b1-9064-6f1b35fa8d80 admin admin] Publish callbacks [] for security_group (None), before_create {{(pid=128885) _notify_loop /usr/local/lib/python3.8/dist-packages/neutron_lib/callbacks/manager.py:176}}
Aug 31 09:59:00.880694 dv-cinder-837542-8-smb neutron-server[128884]: DEBUG neutron.pecan_wsgi.hooks.policy_enforcement [req-1d731718-0d0b-4cf4-82ba-359b66c2cf3f req-7902ef48-9858-4057-a445-b288da52b9f2 tempest-ServerRescueNegativeTestJSON-208866428 tempest-ServerRescueNegativeTestJSON-208866428-project] Attributes excluded by policy engine: ['standard_attr_id', 'binding:profile', 'binding:host_id', 'binding:vif_type', 'binding:vif_details'] {{(pid=128884) _exclude_attributes_by_policy /opt/stack/neutron/neutron/pecan_wsgi/hooks/policy_enforcement.py:259}}
Aug 31 09:59:00.883079 dv-cinder-837542-8-smb neutron-server[128884]: INFO neutron.wsgi [req-1d731718-0d0b-4cf4-82ba-359b66c2cf3f req-7902ef48-9858-4057-a445-b288da52b9f2 tempest-ServerRescueNegativeTestJSON-208866428 tempest-ServerRescueNegativeTestJSON-208866428-project] 10.222.0.43 "GET /networking/v2.0/ports?device_id=4f02f213-8af3-467d-9d01-ef1df246e5af HTTP/1.1" status: 200 len: 946 time: 0.0898602
Aug 31 09:59:00.899940 dv-cinder-837542-8-smb neutron-server[128884]: DEBUG dbcounter [-] [128884] Writing DB stats neutron:SELECT=92,neutron:DELETE=8 {{(pid=128884) stat_writer /usr/local/lib/python3.8/dist-packages/dbcounter.py:114}}
Aug 31 09:59:00.934958 dv-cinder-837542-8-smb neutron-server[128885]: INFO neutron.wsgi [req-7413efa4-67fa-4bb2-8e36-1e5190c2749d req-5e75f384-68a7-44f9-8a53-5d8ee9394526 tempest-VolumesActionsTest-1831738601 tempest-VolumesActionsTest-1831738601-project] 10.222.0.43 "GET /networking/v2.0/ports?device_id=ed7ea270-ea98-4204-b1c5-15f9c82c636f HTTP/1.1" status: 200 len: 210 time: 0.0384269
Aug 31 09:59:00.941526 dv-cinder-837542-8-smb neutron-server[128884]: INFO neutron.wsgi [req-1d731718-0d0b-4cf4-82ba-359b66c2cf3f req-9f6e43be-9e02-4601-9e96-87ef3981f53f tempest-ServerRescueNegativeTestJSON-208866428 tempest-ServerRescueNegativeTestJSON-208866428-project] 10.222.0.43 "GET /networking/v2.0/security-groups?id=f19a2498-467f-45c7-b1c3-9cc7a67ba702&fields=id&fields=name HTTP/1.1" status: 200 len: 286 time: 0.0512018
Aug 31 09:59:00.995826 dv-cinder-837542-8-smb neutron-server[128884]: DEBUG neutron.wsgi [-] (128884) accepted ('10.222.0.43', 46180) {{(pid=128884) server /usr/local/lib/python3.8/dist-packages/eventlet/wsgi.py:1004}}
Aug 31 09:59:01.005230 dv-cinder-837542-8-smb neutron-server[128885]: DEBUG neutron_lib.callbacks.manager [req-6911e044-2201-4be6-88b4-60f276d891a6 req-0f0e83a0-277a-4554-a536-ba52f0173cd7 tempest-VolumesActionsTest-1831738601 tempest-VolumesActionsTest-1831738601-project] Publish callbacks ['neutron.plugins.ml2.plugin.SecurityGroupServerNotifierRpcMixin._notify_sg_on_port_change-1628280', 'neutron.plugins.ml2.ovo_rpc._ObjectChangeHandler.handle_event-418636', 'neutron.api.rpc.agentnotifiers.dhcp_rpc_agent_api.DhcpAgentNotifyAPI._native_event_send_dhcp_notification-526956', 'neutron.db.l3_dvrscheduler_db._notify_l3_agent_new_port-8785364323350'] for port (3d23577b-a79c-4a23-b56d-9a460246e8ca), after_create {{(pid=128885) _notify_loop /usr/local/lib/python3.8/dist-packages/neutron_lib/callbacks/manager.py:176}}
Aug 31 09:59:01.059744 dv-cinder-837542-8-smb neutron-server[128885]: DEBUG neutron.scheduler.dhcp_agent_scheduler [req-6911e044-2201-4be6-88b4-60f276d891a6 req-0f0e83a0-277a-4554-a536-ba52f0173cd7 tempest-VolumesActionsTest-1831738601 tempest-VolumesActionsTest-1831738601-project] Network e57e2ed7-7fa5-419b-a597-2c540d396087 is already hosted by enough agents. {{(pid=128885) _get_dhcp_agents_hosting_network /opt/stack/neutron/neutron/scheduler/dhcp_agent_scheduler.py:275}}
Aug 31 09:59:01.062301 dv-cinder-837542-8-smb neutron-server[128885]: DEBUG neutron_lib.callbacks.manager [None req-75a71ba9-4afc-45b1-9064-6f1b35fa8d80 admin admin] Publish callbacks [] for security_group (3249d567-afc9-4dbf-9a63-259d21e5841f), precommit_create {{(pid=128885) _notify_loop /usr/local/lib/python3.8/dist-packages/neutron_lib/callbacks/manager.py:176}}
Aug 31 09:59:01.065613 dv-cinder-837542-8-smb neutron-server[128885]: DEBUG neutron.scheduler.base_scheduler [req-6911e044-2201-4be6-88b4-60f276d891a6 req-0f0e83a0-277a-4554-a536-ba52f0173cd7 tempest-VolumesActionsTest-1831738601 tempest-VolumesActionsTest-1831738601-project] Resources bound (agent type, host, resource id): {{(pid=128885) schedule /opt/stack/neutron/neutron/scheduler/base_scheduler.py:57}}
Aug 31 09:59:01.069793 dv-cinder-837542-8-smb neutron-server[128885]: DEBUG neutron.db.l3_dvrscheduler_db [req-6911e044-2201-4be6-88b4-60f276d891a6 req-0f0e83a0-277a-4554-a536-ba52f0173cd7 tempest-VolumesActionsTest-1831738601 tempest-VolumesActionsTest-1831738601-project] Received port after_create {{(pid=128885) _notify_l3_agent_new_port /opt/stack/neutron/neutron/db/l3_dvrscheduler_db.py:538}}
Aug 31 09:59:01.075254 dv-cinder-837542-8-smb neutron-server[128885]: DEBUG neutron.pecan_wsgi.hooks.policy_enforcement [req-6911e044-2201-4be6-88b4-60f276d891a6 req-0f0e83a0-277a-4554-a536-ba52f0173cd7 tempest-VolumesActionsTest-1831738601 tempest-VolumesActionsTest-1831738601-project] Attributes excluded by policy engine: ['standard_attr_id', 'binding:profile', 'binding:host_id', 'binding:vif_type', 'binding:vif_details', 'network'] {{(pid=128885) _exclude_attributes_by_policy /opt/stack/neutron/neutron/pecan_wsgi/hooks/policy_enforcement.py:259}}
Aug 31 09:59:01.076699 dv-cinder-837542-8-smb neutron-server[128885]: DEBUG neutron_lib.callbacks.manager [req-6911e044-2201-4be6-88b4-60f276d891a6 req-0f0e83a0-277a-4554-a536-ba52f0173cd7 tempest-VolumesActionsTest-1831738601 tempest-VolumesActionsTest-1831738601-project] Publish callbacks ['neutron.notifiers.nova.Notifier._send_nova_notification-115966'] for port (None), before_response {{(pid=128885) _notify_loop /usr/local/lib/python3.8/dist-packages/neutron_lib/callbacks/manager.py:176}}
Aug 31 09:59:01.102540 dv-cinder-837542-8-smb neutron-server[128885]: DEBUG neutron.api.rpc.handlers.resources_rpc [None req-0f0e83a0-277a-4554-a536-ba52f0173cd7 tempest-VolumesActionsTest-1831738601 tempest-VolumesActionsTest-1831738601-project] Pushing event updated for resources: {'Port': ['ID=3d23577b-a79c-4a23-b56d-9a460246e8ca,revision_number=1']} {{(pid=128885) push /opt/stack/neutron/neutron/api/rpc/handlers/resources_rpc.py:237}}
Aug 31 09:59:01.203979 dv-cinder-837542-8-smb neutron-server[128885]: DEBUG neutron_lib.callbacks.manager [None req-75a71ba9-4afc-45b1-9064-6f1b35fa8d80 admin admin] Publish callbacks ['neutron.plugins.ml2.ovo_rpc._ObjectChangeHandler.handle_event-604414'] for security_group (3249d567-afc9-4dbf-9a63-259d21e5841f), after_create {{(pid=128885) _notify_loop /usr/local/lib/python3.8/dist-packages/neutron_lib/callbacks/manager.py:176}}
Aug 31 09:59:01.251664 dv-cinder-837542-8-smb neutron-server[128885]: INFO neutron.wsgi [req-6911e044-2201-4be6-88b4-60f276d891a6 req-0f0e83a0-277a-4554-a536-ba52f0173cd7 tempest-VolumesActionsTest-1831738601 tempest-VolumesActionsTest-1831738601-project] 10.222.0.67 "POST /networking/v2.0/ports HTTP/1.1" status: 201 len: 934 time: 1.1555367
Aug 31 09:59:01.259703 dv-cinder-837542-8-smb neutron-server[128885]: INFO neutron.wsgi [None req-75a71ba9-4afc-45b1-9064-6f1b35fa8d80 admin admin] 10.222.0.43 "GET /networking/v2.0/security-groups?tenant_id=78b9ad1e415a4f91bb796378566d8ce9&name=default HTTP/1.1" status: 200 len: 2996 time: 0.4072545
Aug 31 09:59:01.259703 dv-cinder-837542-8-smb neutron-server[128885]: DEBUG neutron.api.rpc.handlers.resources_rpc [None req-75a71ba9-4afc-45b1-9064-6f1b35fa8d80 admin admin] Pushing event updated for resources: {'SecurityGroup': ['ID=3249d567-afc9-4dbf-9a63-259d21e5841f,revision_number=1']} {{(pid=128885) push /opt/stack/neutron/neutron/api/rpc/handlers/resources_rpc.py:237}}
Aug 31 09:59:01.260841 dv-cinder-837542-8-smb neutron-server[128885]: DEBUG neutron.wsgi [-] (128885) accepted ('10.222.0.43', 46196) {{(pid=128885) server /usr/local/lib/python3.8/dist-packages/eventlet/wsgi.py:1004}}
Aug 31 09:59:01.276289 dv-cinder-837542-8-smb neutron-server[128884]: DEBUG neutron.pecan_wsgi.hooks.policy_enforcement [req-bda6a88f-d10b-4f74-8d47-7bfdbcd40ef8 req-69f93115-d58a-46db-b3c8-95de08fc1bea tempest-VolumesActionsTest-1286023794 tempest-VolumesActionsTest-1286023794-project] Attributes excluded by policy engine: ['standard_attr_id', 'vlan_transparent', 'provider:network_type', 'provider:physical_network', 'provider:segmentation_id'] {{(pid=128884) _exclude_attributes_by_policy /opt/stack/neutron/neutron/pecan_wsgi/hooks/policy_enforcement.py:259}}
Aug 31 09:59:01.287947 dv-cinder-837542-8-smb neutron-server[128884]: INFO neutron.wsgi [req-bda6a88f-d10b-4f74-8d47-7bfdbcd40ef8 req-69f93115-d58a-46db-b3c8-95de08fc1bea tempest-VolumesActionsTest-1286023794 tempest-VolumesActionsTest-1286023794-project] 10.222.0.43 "GET /networking/v2.0/networks?id=222ef755-edb7-4212-a06f-755fd574456e HTTP/1.1" status: 200 len: 808 time: 0.2218747
Aug 31 09:59:01.289204 dv-cinder-837542-8-smb neutron-server[128885]: DEBUG neutron.api.v2.base [req-6911e044-2201-4be6-88b4-60f276d891a6 req-b57e3c34-d9ee-442f-acd9-0f33151b0dde service neutron] Request body: {'port': {'device_id': 'ed7ea270-ea98-4204-b1c5-15f9c82c636f', 'device_owner': 'compute:nova', 'binding:host_id': 'hv-cinder-83754'}} {{(pid=128885) prepare_request_body /opt/stack/neutron/neutron/api/v2/base.py:730}}
Aug 31 09:59:01.306850 dv-cinder-837542-8-smb neutron-server[128884]: INFO neutron.wsgi [req-bda6a88f-d10b-4f74-8d47-7bfdbcd40ef8 req-e862bd6d-167b-4d91-8101-03536a685957 tempest-VolumesActionsTest-1286023794 tempest-VolumesActionsTest-1286023794-project] 10.222.0.43 "GET /networking/v2.0/quotas/e3f34c83d7c147cb8a87247b406526a6 HTTP/1.1" status: 200 len: 375 time: 0.0224993
Aug 31 09:59:01.367205 dv-cinder-837542-8-smb neutron-server[128884]: INFO neutron.wsgi [req-bda6a88f-d10b-4f74-8d47-7bfdbcd40ef8 req-a1345f08-7979-4ba6-8347-a89bb0f57745 tempest-VolumesActionsTest-1286023794 tempest-VolumesActionsTest-1286023794-project] 10.222.0.43 "GET /networking/v2.0/ports?tenant_id=e3f34c83d7c147cb8a87247b406526a6&fields=id HTTP/1.1" status: 200 len: 210 time: 0.0592520
Aug 31 09:59:01.369711 dv-cinder-837542-8-smb neutron-server[128884]: DEBUG dbcounter [-] [128884] Writing DB stats neutron:SELECT=96,neutron:DELETE=4 {{(pid=128884) stat_writer /usr/local/lib/python3.8/dist-packages/dbcounter.py:114}}
Aug 31 09:59:01.374234 dv-cinder-837542-8-smb neutron-server[128885]: DEBUG neutron_lib.callbacks.manager [None req-e8a3dacd-bbb1-416d-bddd-8563c430d3ac admin admin] Publish callbacks [] for security_group (3249d567-afc9-4dbf-9a63-259d21e5841f), before_delete {{(pid=128885) _notify_loop /usr/local/lib/python3.8/dist-packages/neutron_lib/callbacks/manager.py:176}}
Aug 31 09:59:01.383903 dv-cinder-837542-8-smb neutron-server[128885]: DEBUG neutron_lib.callbacks.manager [req-6911e044-2201-4be6-88b4-60f276d891a6 req-b57e3c34-d9ee-442f-acd9-0f33151b0dde service neutron] Publish callbacks ['neutron.plugins.ml2.plugin.SecurityGroupDbMixin._ensure_default_security_group_handler-1628219'] for port (3d23577b-a79c-4a23-b56d-9a460246e8ca), before_update {{(pid=128885) _notify_loop /usr/local/lib/python3.8/dist-packages/neutron_lib/callbacks/manager.py:176}}
Aug 31 09:59:01.408141 dv-cinder-837542-8-smb neutron-server[128885]: DEBUG neutron_lib.callbacks.manager [None req-e8a3dacd-bbb1-416d-bddd-8563c430d3ac admin admin] Publish callbacks [] for security_group (3249d567-afc9-4dbf-9a63-259d21e5841f), precommit_delete {{(pid=128885) _notify_loop /usr/local/lib/python3.8/dist-packages/neutron_lib/callbacks/manager.py:176}}
Aug 31 09:59:01.444736 dv-cinder-837542-8-smb neutron-server[128885]: DEBUG dbcounter [-] [128885] Writing DB stats neutron:SELECT=81,neutron:INSERT=17,neutron:UPDATE=2 {{(pid=128885) stat_writer /usr/local/lib/python3.8/dist-packages/dbcounter.py:114}}
Aug 31 09:59:01.459516 dv-cinder-837542-8-smb neutron-server[128885]: DEBUG dbcounter [-] [128885] Writing DB stats neutron:SELECT=92,neutron:INSERT=5,neutron:UPDATE=1,neutron:DELETE=2 {{(pid=128885) stat_writer /usr/local/lib/python3.8/dist-packages/dbcounter.py:114}}
Aug 31 09:59:01.564084 dv-cinder-837542-8-smb neutron-server[128884]: INFO neutron.wsgi [req-bda6a88f-d10b-4f74-8d47-7bfdbcd40ef8 req-9c0e0e70-b841-40bd-aa5e-8a3b5f2bf1fd service neutron] 10.222.0.43 "GET /networking/v2.0/networks/222ef755-edb7-4212-a06f-755fd574456e?fields=segments HTTP/1.1" status: 200 len: 212 time: 0.1842120
Aug 31 09:59:01.631911 dv-cinder-837542-8-smb neutron-server[128885]: DEBUG neutron_lib.callbacks.manager [None req-e8a3dacd-bbb1-416d-bddd-8563c430d3ac admin admin] Publish callbacks ['neutron.plugins.ml2.ovo_rpc._ObjectChangeHandler.handle_event-604414'] for security_group (3249d567-afc9-4dbf-9a63-259d21e5841f), after_delete {{(pid=128885) _notify_loop /usr/local/lib/python3.8/dist-packages/neutron_lib/callbacks/manager.py:176}}
Aug 31 09:59:01.634930 dv-cinder-837542-8-smb neutron-server[128885]: DEBUG neutron_lib.callbacks.manager [None req-e8a3dacd-bbb1-416d-bddd-8563c430d3ac admin admin] Publish callbacks [] for security_group (None), before_response {{(pid=128885) _notify_loop /usr/local/lib/python3.8/dist-packages/neutron_lib/callbacks/manager.py:176}}
Aug 31 09:59:01.636792 dv-cinder-837542-8-smb neutron-server[128885]: INFO neutron.wsgi [None req-e8a3dacd-bbb1-416d-bddd-8563c430d3ac admin admin] 10.222.0.43 "DELETE /networking/v2.0/security-groups/3249d567-afc9-4dbf-9a63-259d21e5841f HTTP/1.1" status: 204 len: 168 time: 0.3743370
Aug 31 09:59:01.664092 dv-cinder-837542-8-smb neutron-server[128885]: DEBUG neutron.api.rpc.handlers.resources_rpc [None req-e8a3dacd-bbb1-416d-bddd-8563c430d3ac admin admin] Pushing event deleted for resources: {'SecurityGroup': ['ID=3249d567-afc9-4dbf-9a63-259d21e5841f,revision_number=None']} {{(pid=128885) push /opt/stack/neutron/neutron/api/rpc/handlers/resources_rpc.py:237}}
Aug 31 09:59:01.723654 dv-cinder-837542-8-smb neutron-server[128885]: DEBUG neutron.notifiers.nova [req-6911e044-2201-4be6-88b4-60f276d891a6 req-b57e3c34-d9ee-442f-acd9-0f33151b0dde service neutron] Ignoring state change previous_port_status: DOWN current_port_status: DOWN port_id 3d23577b-a79c-4a23-b56d-9a460246e8ca {{(pid=128885) record_port_status_changed /opt/stack/neutron/neutron/notifiers/nova.py:233}}
Aug 31 09:59:01.734253 dv-cinder-837542-8-smb neutron-server[128885]: DEBUG neutron_lib.callbacks.manager [req-6911e044-2201-4be6-88b4-60f276d891a6 req-b57e3c34-d9ee-442f-acd9-0f33151b0dde service neutron] Publish callbacks [] for port (3d23577b-a79c-4a23-b56d-9a460246e8ca), precommit_update {{(pid=128885) _notify_loop /usr/local/lib/python3.8/dist-packages/neutron_lib/callbacks/manager.py:176}}
Aug 31 09:59:01.750924 dv-cinder-837542-8-smb neutron-server[128885]: DEBUG neutron.db.provisioning_blocks [req-6911e044-2201-4be6-88b4-60f276d891a6 req-b57e3c34-d9ee-442f-acd9-0f33151b0dde service neutron] Transition to ACTIVE for port object 3d23577b-a79c-4a23-b56d-9a460246e8ca will not be triggered until provisioned by entity L2. {{(pid=128885) add_provisioning_component /opt/stack/neutron/neutron/db/provisioning_blocks.py:74}}
Aug 31 09:59:01.766876 dv-cinder-837542-8-smb neutron-server[128884]: DEBUG neutron_lib.callbacks.manager [None req-0042ae1c-5a7a-41d8-a8d9-d42a2cba0d78 admin admin] Publish callbacks ['neutron.services.l3_router.l3_router_plugin.DVRResourceOperationHandler._cache_related_dvr_routers_info_before_interface_removal-648085'] for router_interface (bd88603f-5087-4a4f-9da2-55cea69881d4), before_delete {{(pid=128884) _notify_loop /usr/local/lib/python3.8/dist-packages/neutron_lib/callbacks/manager.py:176}}
Aug 31 09:59:01.842931 dv-cinder-837542-8-smb neutron-server[128885]: DEBUG neutron_lib.callbacks.manager [req-6911e044-2201-4be6-88b4-60f276d891a6 req-b57e3c34-d9ee-442f-acd9-0f33151b0dde service neutron] Publish callbacks ['neutron.plugins.ml2.plugin.SecurityGroupServerNotifierRpcMixin._notify_sg_on_port_change-1628280', 'neutron.plugins.ml2.ovo_rpc._ObjectChangeHandler.handle_event-418636', 'neutron.api.rpc.agentnotifiers.dhcp_rpc_agent_api.DhcpAgentNotifyAPI._native_event_send_dhcp_notification-526956', 'neutron.db.l3_db.L3RpcNotifierMixin._notify_gateway_port_ip_changed-8785364701570', 'neutron.db.l3_dvrscheduler_db._notify_l3_agent_port_update-8785364323368', 'neutron.db.l3_hascheduler_db._notify_l3_agent_ha_port_update-8785364323386'] for port (3d23577b-a79c-4a23-b56d-9a460246e8ca), after_update {{(pid=128885) _notify_loop /usr/local/lib/python3.8/dist-packages/neutron_lib/callbacks/manager.py:176}}
Aug 31 09:59:01.913852 dv-cinder-837542-8-smb neutron-server[128885]: DEBUG neutron.api.rpc.handlers.resources_rpc [None req-b57e3c34-d9ee-442f-acd9-0f33151b0dde service neutron] Pushing event updated for resources: {'Port': ['ID=3d23577b-a79c-4a23-b56d-9a460246e8ca,revision_number=2']} {{(pid=128885) push /opt/stack/neutron/neutron/api/rpc/handlers/resources_rpc.py:237}}
Aug 31 09:59:01.927360 dv-cinder-837542-8-smb neutron-server[128885]: DEBUG neutron.plugins.ml2.managers [req-6911e044-2201-4be6-88b4-60f276d891a6 req-b57e3c34-d9ee-442f-acd9-0f33151b0dde service neutron] Attempting to bind port 3d23577b-a79c-4a23-b56d-9a460246e8ca on host hv-cinder-83754 for vnic_type normal with profile {{(pid=128885) bind_port /opt/stack/neutron/neutron/plugins/ml2/managers.py:810}}
Aug 31 09:59:01.927696 dv-cinder-837542-8-smb neutron-server[128885]: DEBUG neutron.plugins.ml2.managers [req-6911e044-2201-4be6-88b4-60f276d891a6 req-b57e3c34-d9ee-442f-acd9-0f33151b0dde service neutron] Attempting to bind port 3d23577b-a79c-4a23-b56d-9a460246e8ca by drivers openvswitch,hyperv on host hv-cinder-83754 at level 0 using segments [{'id': '8f2f57f4-22cd-41f5-b18b-9fbfa389cf1d', 'network_type': 'vlan', 'physical_network': 'physnet1', 'segmentation_id': 776, 'network_id': 'e57e2ed7-7fa5-419b-a597-2c540d396087'}] {{(pid=128885) _bind_port_level /opt/stack/neutron/neutron/plugins/ml2/managers.py:835}}
Aug 31 09:59:01.928030 dv-cinder-837542-8-smb neutron-server[128885]: DEBUG neutron.plugins.ml2.drivers.mech_agent [req-6911e044-2201-4be6-88b4-60f276d891a6 req-b57e3c34-d9ee-442f-acd9-0f33151b0dde service neutron] Attempting to bind port 3d23577b-a79c-4a23-b56d-9a460246e8ca on network e57e2ed7-7fa5-419b-a597-2c540d396087 {{(pid=128885) bind_port /opt/stack/neutron/neutron/plugins/ml2/drivers/mech_agent.py:91}}
Aug 31 09:59:01.932970 dv-cinder-837542-8-smb neutron-server[128885]: DEBUG neutron.plugins.ml2.drivers.mech_agent [req-6911e044-2201-4be6-88b4-60f276d891a6 req-b57e3c34-d9ee-442f-acd9-0f33151b0dde service neutron] Port 3d23577b-a79c-4a23-b56d-9a460246e8ca on network e57e2ed7-7fa5-419b-a597-2c540d396087 not bound, no agent of type Open vSwitch agent registered on host hv-cinder-83754 {{(pid=128885) bind_port /opt/stack/neutron/neutron/plugins/ml2/drivers/mech_agent.py:103}}
Aug 31 09:59:01.937108 dv-cinder-837542-8-smb neutron-server[128885]: DEBUG neutron.plugins.ml2.drivers.mech_agent [req-6911e044-2201-4be6-88b4-60f276d891a6 req-b57e3c34-d9ee-442f-acd9-0f33151b0dde service neutron] Attempting to bind port 3d23577b-a79c-4a23-b56d-9a460246e8ca on network e57e2ed7-7fa5-419b-a597-2c540d396087 {{(pid=128885) bind_port /opt/stack/neutron/neutron/plugins/ml2/drivers/mech_agent.py:91}}
