Aug 31 09:58:33.832239 dv-cinder-837542-8-smb devstack@c-api.service[135924]: /usr/local/lib/python3.8/dist-packages/oslo_context/context.py:100: DeprecationWarning: Policy enforcement is depending on the value of is_admin. This key is deprecated. Please update your policy file to use the standard policy values.
Aug 31 09:58:33.832239 dv-cinder-837542-8-smb devstack@c-api.service[135924]: warnings.warn('Policy enforcement is depending on the value of '
Aug 31 09:58:33.839588 dv-cinder-837542-8-smb devstack@c-api.service[135924]: INFO cinder.volume.api [None req-8575a8c4-c902-4686-8a24-eff1233474c6 tempest-GroupsTest-1340591323 tempest-GroupsTest-1340591323-project] Volume info retrieved successfully.
Aug 31 09:58:33.841061 dv-cinder-837542-8-smb devstack@c-api.service[135924]: WARNING stevedore.named [None req-8575a8c4-c902-4686-8a24-eff1233474c6 tempest-GroupsTest-1340591323 tempest-GroupsTest-1340591323-project] Could not load cinder.keymgr.conf_key_mgr.ConfKeyManager
Aug 31 09:58:33.844802 dv-cinder-837542-8-smb devstack@c-api.service[135924]: WARNING castellan.key_manager [None req-8575a8c4-c902-4686-8a24-eff1233474c6 tempest-GroupsTest-1340591323 tempest-GroupsTest-1340591323-project] Deprecation Warning : cinder.keymgr.conf_key_mgr.ConfKeyManager is not a stevedore based driver, trying to load it as a class: stevedore.exception.NoMatches: No 'castellan.drivers' driver found, looking for 'cinder.keymgr.conf_key_mgr.ConfKeyManager'
Aug 31 09:58:33.851571 dv-cinder-837542-8-smb devstack@c-api.service[135924]: DEBUG oslo_db.sqlalchemy.engines [None req-8575a8c4-c902-4686-8a24-eff1233474c6 tempest-GroupsTest-1340591323 tempest-GroupsTest-1340591323-project] MySQL server mode set to STRICT_TRANS_TABLES,STRICT_ALL_TABLES,NO_ZERO_IN_DATE,NO_ZERO_DATE,ERROR_FOR_DIVISION_BY_ZERO,TRADITIONAL,NO_ENGINE_SUBSTITUTION {{(pid=135924) _check_effective_sql_mode /usr/local/lib/python3.8/dist-packages/oslo_db/sqlalchemy/engines.py:314}}
Aug 31 09:58:33.858788 dv-cinder-837542-8-smb devstack@c-api.service[135924]: /usr/local/lib/python3.8/dist-packages/oslo_context/context.py:100: DeprecationWarning: Policy enforcement is depending on the value of is_admin. This key is deprecated. Please update your policy file to use the standard policy values.
Aug 31 09:58:33.858788 dv-cinder-837542-8-smb devstack@c-api.service[135924]: warnings.warn('Policy enforcement is depending on the value of '
Aug 31 09:58:33.881454 dv-cinder-837542-8-smb devstack@c-api.service[135924]: INFO cinder.api.openstack.wsgi [None req-8575a8c4-c902-4686-8a24-eff1233474c6 tempest-GroupsTest-1340591323 tempest-GroupsTest-1340591323-project] http://10.222.0.43/volume/v3/54008c19c0174b61831b52057d19b155/volumes/7c112a42-6f94-47a8-8bc8-4940388c88d3 returned with HTTP 200
Aug 31 09:58:33.895415 dv-cinder-837542-8-smb devstack@c-api.service[135924]: [pid: 135924|app: 0|req: 108/229] 10.222.0.43 () {60 vars in 1366 bytes} [Wed Aug 31 09:58:33 2022] GET /volume/v3/54008c19c0174b61831b52057d19b155/volumes/7c112a42-6f94-47a8-8bc8-4940388c88d3 => generated 958 bytes in 91 msecs (HTTP/1.1 200) 7 headers in 286 bytes (1 switches on core 0)
Aug 31 09:58:33.897228 dv-cinder-837542-8-smb devstack@c-api.service[135924]: DEBUG cinder.api.middleware.request_id [None req-750f3c73-2235-4494-b383-c1bc367d4646 None None] RequestId filter calling following filter/app {{(pid=135924) _context_setter /opt/stack/cinder/cinder/api/middleware/request_id.py:62}}
Aug 31 09:58:33.927649 dv-cinder-837542-8-smb devstack@c-api.service[135923]: INFO cinder.api.openstack.wsgi [None req-3ee51934-938c-4cf9-b8c0-866c0db4c7a2 tempest-VolumeSnapshotQuotasNegativeTestJSON-1832348048 tempest-VolumeSnapshotQuotasNegativeTestJSON-1832348048-project-admin] http://10.222.0.43/volume/v3/0dabd8dd505f41dbb8993f154ca8f27e/os-quota-sets/416a803d93da4b6bbbeb15a89060cf5d returned with HTTP 200
Aug 31 09:58:33.928543 dv-cinder-837542-8-smb devstack@c-api.service[135923]: [pid: 135923|app: 0|req: 122/230] 10.222.0.43 () {60 vars in 1351 bytes} [Wed Aug 31 09:58:33 2022] PUT /volume/v3/0dabd8dd505f41dbb8993f154ca8f27e/os-quota-sets/416a803d93da4b6bbbeb15a89060cf5d => generated 658 bytes in 328 msecs (HTTP/1.1 200) 7 headers in 285 bytes (2 switches on core 0)
Aug 31 09:58:33.937293 dv-cinder-837542-8-smb devstack@c-api.service[135923]: DEBUG cinder.api.middleware.request_id [None req-efcec580-1b36-4cb3-93aa-c561ec2d1d4a None None] RequestId filter calling following filter/app {{(pid=135923) _context_setter /opt/stack/cinder/cinder/api/middleware/request_id.py:62}}
Aug 31 09:58:34.127383 dv-cinder-837542-8-smb devstack@c-api.service[135924]: INFO cinder.api.openstack.wsgi [None req-750f3c73-2235-4494-b383-c1bc367d4646 tempest-VolumeManageAdminTest-1222327062 tempest-VolumeManageAdminTest-1222327062-project] POST http://10.222.0.43/volume/v3/4757c05262304db8ae82ddaab51c8e0c/volumes
Aug 31 09:58:34.129162 dv-cinder-837542-8-smb devstack@c-api.service[135924]: DEBUG cinder.api.openstack.wsgi [None req-750f3c73-2235-4494-b383-c1bc367d4646 tempest-VolumeManageAdminTest-1222327062 tempest-VolumeManageAdminTest-1222327062-project] Action: 'create', calling method: create, body: {"volume": {"size": 1, "name": "tempest-VolumeManageAdminTest-Volume-1194818182"}} {{(pid=135924) _process_stack /opt/stack/cinder/cinder/api/openstack/wsgi.py:866}}
Aug 31 09:58:34.133884 dv-cinder-837542-8-smb devstack@c-api.service[135924]: DEBUG cinder.api.v3.volumes [None req-750f3c73-2235-4494-b383-c1bc367d4646 tempest-VolumeManageAdminTest-1222327062 tempest-VolumeManageAdminTest-1222327062-project] Create volume request body: {'volume': {'size': 1, 'name': 'tempest-VolumeManageAdminTest-Volume-1194818182'}} {{(pid=135924) create /opt/stack/cinder/cinder/api/v3/volumes.py:298}}
Aug 31 09:58:34.134534 dv-cinder-837542-8-smb devstack@c-api.service[135924]: INFO cinder.api.v3.volumes [None req-750f3c73-2235-4494-b383-c1bc367d4646 tempest-VolumeManageAdminTest-1222327062 tempest-VolumeManageAdminTest-1222327062-project] Create volume of 1 GB
Aug 31 09:58:34.147507 dv-cinder-837542-8-smb devstack@c-api.service[135924]: INFO cinder.volume.api [None req-750f3c73-2235-4494-b383-c1bc367d4646 tempest-VolumeManageAdminTest-1222327062 tempest-VolumeManageAdminTest-1222327062-project] Availability Zones retrieved successfully.
Aug 31 09:58:34.177438 dv-cinder-837542-8-smb devstack@c-api.service[135924]: DEBUG cinder.volume.api [None req-750f3c73-2235-4494-b383-c1bc367d4646 tempest-VolumeManageAdminTest-1222327062 tempest-VolumeManageAdminTest-1222327062-project] Flow 'volume_create_api' (0c0e8d76-370d-4a2a-a07b-a6e57811d563) transitioned into state 'RUNNING' from state 'PENDING' {{(pid=135924) _flow_receiver /usr/local/lib/python3.8/dist-packages/taskflow/listeners/logging.py:141}}
Aug 31 09:58:34.182988 dv-cinder-837542-8-smb devstack@c-api.service[135924]: DEBUG cinder.volume.api [None req-750f3c73-2235-4494-b383-c1bc367d4646 tempest-VolumeManageAdminTest-1222327062 tempest-VolumeManageAdminTest-1222327062-project] Task 'cinder.volume.flows.api.create_volume.ExtractVolumeRequestTask;volume:create' (88f499fe-0807-4b67-806d-e2c185c36ade) transitioned into state 'RUNNING' from state 'PENDING' {{(pid=135924) _task_receiver /usr/local/lib/python3.8/dist-packages/taskflow/listeners/logging.py:190}}
Aug 31 09:58:34.187673 dv-cinder-837542-8-smb devstack@c-api.service[135924]: DEBUG cinder.volume.flows.api.create_volume [None req-750f3c73-2235-4494-b383-c1bc367d4646 tempest-VolumeManageAdminTest-1222327062 tempest-VolumeManageAdminTest-1222327062-project] Validating volume size '1' using validate_int {{(pid=135924) _extract_size /opt/stack/cinder/cinder/volume/flows/api/create_volume.py:228}}
Aug 31 09:58:34.218349 dv-cinder-837542-8-smb devstack@c-api.service[135923]: INFO cinder.api.openstack.wsgi [None req-efcec580-1b36-4cb3-93aa-c561ec2d1d4a tempest-VolumeSnapshotQuotasNegativeTestJSON-766301233 tempest-VolumeSnapshotQuotasNegativeTestJSON-766301233-project] POST http://10.222.0.43/volume/v3/416a803d93da4b6bbbeb15a89060cf5d/volumes
Aug 31 09:58:34.222350 dv-cinder-837542-8-smb devstack@c-api.service[135923]: DEBUG cinder.api.openstack.wsgi [None req-efcec580-1b36-4cb3-93aa-c561ec2d1d4a tempest-VolumeSnapshotQuotasNegativeTestJSON-766301233 tempest-VolumeSnapshotQuotasNegativeTestJSON-766301233-project] Action: 'create', calling method: create, body: {"volume": {"size": 1, "name": "tempest-VolumeSnapshotQuotasNegativeTestJSON-Volume-1059847760"}} {{(pid=135923) _process_stack /opt/stack/cinder/cinder/api/openstack/wsgi.py:866}}
Aug 31 09:58:34.222350 dv-cinder-837542-8-smb devstack@c-api.service[135923]: DEBUG cinder.api.v3.volumes [None req-efcec580-1b36-4cb3-93aa-c561ec2d1d4a tempest-VolumeSnapshotQuotasNegativeTestJSON-766301233 tempest-VolumeSnapshotQuotasNegativeTestJSON-766301233-project] Create volume request body: {'volume': {'size': 1, 'name': 'tempest-VolumeSnapshotQuotasNegativeTestJSON-Volume-1059847760'}} {{(pid=135923) create /opt/stack/cinder/cinder/api/v3/volumes.py:298}}
Aug 31 09:58:34.222350 dv-cinder-837542-8-smb devstack@c-api.service[135923]: INFO cinder.api.v3.volumes [None req-efcec580-1b36-4cb3-93aa-c561ec2d1d4a tempest-VolumeSnapshotQuotasNegativeTestJSON-766301233 tempest-VolumeSnapshotQuotasNegativeTestJSON-766301233-project] Create volume of 1 GB
Aug 31 09:58:34.231064 dv-cinder-837542-8-smb devstack@c-api.service[135923]: INFO cinder.volume.api [None req-efcec580-1b36-4cb3-93aa-c561ec2d1d4a tempest-VolumeSnapshotQuotasNegativeTestJSON-766301233 tempest-VolumeSnapshotQuotasNegativeTestJSON-766301233-project] Availability Zones retrieved successfully.
Aug 31 09:58:34.238997 dv-cinder-837542-8-smb devstack@c-api.service[135924]: DEBUG cinder.volume.api [None req-750f3c73-2235-4494-b383-c1bc367d4646 tempest-VolumeManageAdminTest-1222327062 tempest-VolumeManageAdminTest-1222327062-project] Task 'cinder.volume.flows.api.create_volume.ExtractVolumeRequestTask;volume:create' (88f499fe-0807-4b67-806d-e2c185c36ade) transitioned into state 'SUCCESS' from state 'RUNNING' with result '{'size': 1, 'snapshot_id': None, 'source_volid': None, 'volume_type': VolumeType(created_at=2022-08-31T09:42:38Z,deleted=False,deleted_at=None,description='Default Volume Type',extra_specs={},id=79907a1e-d786-41dc-9bbd-9608fdd6af4d,is_public=True,name='__DEFAULT__',projects=[],qos_specs=,qos_specs_id=None,updated_at=2022-08-31T09:42:38Z), 'volume_type_id': '79907a1e-d786-41dc-9bbd-9608fdd6af4d', 'encryption_key_id': None, 'qos_specs': None, 'consistencygroup_id': None, 'cgsnapshot_id': None, 'group_id': None, 'replication_status': 'disabled', 'refresh_az': False, 'backup_id': None, 'multiattach': False, 'availability_zones': ['nova']}' {{(pid=135924) _task_receiver /usr/local/lib/python3.8/dist-packages/taskflow/listeners/logging.py:178}}
Aug 31 09:58:34.241180 dv-cinder-837542-8-smb devstack@c-api.service[135924]: DEBUG cinder.volume.api [None req-750f3c73-2235-4494-b383-c1bc367d4646 tempest-VolumeManageAdminTest-1222327062 tempest-VolumeManageAdminTest-1222327062-project] Task 'cinder.volume.flows.api.create_volume.QuotaReserveTask;volume:create' (737d2807-8a1d-4b04-ac39-d92bdb97e07a) transitioned into state 'RUNNING' from state 'PENDING' {{(pid=135924) _task_receiver /usr/local/lib/python3.8/dist-packages/taskflow/listeners/logging.py:190}}
Aug 31 09:58:34.250515 dv-cinder-837542-8-smb devstack@c-api.service[135923]: DEBUG cinder.volume.api [None req-efcec580-1b36-4cb3-93aa-c561ec2d1d4a tempest-VolumeSnapshotQuotasNegativeTestJSON-766301233 tempest-VolumeSnapshotQuotasNegativeTestJSON-766301233-project] Flow 'volume_create_api' (b021703a-a9c8-4f34-9dd2-b9888ee4ddb1) transitioned into state 'RUNNING' from state 'PENDING' {{(pid=135923) _flow_receiver /usr/local/lib/python3.8/dist-packages/taskflow/listeners/logging.py:141}}
Aug 31 09:58:34.253307 dv-cinder-837542-8-smb devstack@c-api.service[135923]: DEBUG cinder.volume.api [None req-efcec580-1b36-4cb3-93aa-c561ec2d1d4a tempest-VolumeSnapshotQuotasNegativeTestJSON-766301233 tempest-VolumeSnapshotQuotasNegativeTestJSON-766301233-project] Task 'cinder.volume.flows.api.create_volume.ExtractVolumeRequestTask;volume:create' (62a077b8-247d-488b-b1c9-7e75e2021221) transitioned into state 'RUNNING' from state 'PENDING' {{(pid=135923) _task_receiver /usr/local/lib/python3.8/dist-packages/taskflow/listeners/logging.py:190}}
Aug 31 09:58:34.255923 dv-cinder-837542-8-smb devstack@c-api.service[135923]: DEBUG cinder.volume.flows.api.create_volume [None req-efcec580-1b36-4cb3-93aa-c561ec2d1d4a tempest-VolumeSnapshotQuotasNegativeTestJSON-766301233 tempest-VolumeSnapshotQuotasNegativeTestJSON-766301233-project] Validating volume size '1' using validate_int {{(pid=135923) _extract_size /opt/stack/cinder/cinder/volume/flows/api/create_volume.py:228}}
Aug 31 09:58:34.290427 dv-cinder-837542-8-smb devstack@c-api.service[135923]: DEBUG cinder.volume.api [None req-efcec580-1b36-4cb3-93aa-c561ec2d1d4a tempest-VolumeSnapshotQuotasNegativeTestJSON-766301233 tempest-VolumeSnapshotQuotasNegativeTestJSON-766301233-project] Task 'cinder.volume.flows.api.create_volume.ExtractVolumeRequestTask;volume:create' (62a077b8-247d-488b-b1c9-7e75e2021221) transitioned into state 'SUCCESS' from state 'RUNNING' with result '{'size': 1, 'snapshot_id': None, 'source_volid': None, 'volume_type': VolumeType(created_at=2022-08-31T09:42:38Z,deleted=False,deleted_at=None,description='Default Volume Type',extra_specs={},id=79907a1e-d786-41dc-9bbd-9608fdd6af4d,is_public=True,name='__DEFAULT__',projects=[],qos_specs=,qos_specs_id=None,updated_at=2022-08-31T09:42:38Z), 'volume_type_id': '79907a1e-d786-41dc-9bbd-9608fdd6af4d', 'encryption_key_id': None, 'qos_specs': None, 'consistencygroup_id': None, 'cgsnapshot_id': None, 'group_id': None, 'replication_status': 'disabled', 'refresh_az': False, 'backup_id': None, 'multiattach': False, 'availability_zones': ['nova']}' {{(pid=135923) _task_receiver /usr/local/lib/python3.8/dist-packages/taskflow/listeners/logging.py:178}}
Aug 31 09:58:34.292726 dv-cinder-837542-8-smb devstack@c-api.service[135923]: DEBUG cinder.volume.api [None req-efcec580-1b36-4cb3-93aa-c561ec2d1d4a tempest-VolumeSnapshotQuotasNegativeTestJSON-766301233 tempest-VolumeSnapshotQuotasNegativeTestJSON-766301233-project] Task 'cinder.volume.flows.api.create_volume.QuotaReserveTask;volume:create' (f8e90ff0-2298-4619-bdb3-8c0db7c34d29) transitioned into state 'RUNNING' from state 'PENDING' {{(pid=135923) _task_receiver /usr/local/lib/python3.8/dist-packages/taskflow/listeners/logging.py:190}}
Aug 31 09:58:34.501677 dv-cinder-837542-8-smb devstack@c-api.service[135924]: DEBUG dbcounter [-] [135924] Writing DB stats cinder:SELECT=80,cinder:INSERT=8,cinder:UPDATE=12 {{(pid=135924) stat_writer /usr/local/lib/python3.8/dist-packages/dbcounter.py:114}}
Aug 31 09:58:34.508688 dv-cinder-837542-8-smb devstack@c-api.service[135924]: DEBUG cinder.quota [None req-750f3c73-2235-4494-b383-c1bc367d4646 tempest-VolumeManageAdminTest-1222327062 tempest-VolumeManageAdminTest-1222327062-project] Created reservations ['d3829a12-9455-4948-a80a-aa6a1c6ba4b1', '4ead93b8-56ad-4173-8fba-c09f4568069b', '0ede1665-3967-4939-8579-0ba004131f78', '20faee04-8b03-42b0-8bf0-2f62cb0b26b9'] {{(pid=135924) reserve /opt/stack/cinder/cinder/quota.py:755}}
Aug 31 09:58:34.511454 dv-cinder-837542-8-smb devstack@c-api.service[135924]: DEBUG cinder.volume.api [None req-750f3c73-2235-4494-b383-c1bc367d4646 tempest-VolumeManageAdminTest-1222327062 tempest-VolumeManageAdminTest-1222327062-project] Task 'cinder.volume.flows.api.create_volume.QuotaReserveTask;volume:create' (737d2807-8a1d-4b04-ac39-d92bdb97e07a) transitioned into state 'SUCCESS' from state 'RUNNING' with result '{'reservations': ['d3829a12-9455-4948-a80a-aa6a1c6ba4b1', '4ead93b8-56ad-4173-8fba-c09f4568069b', '0ede1665-3967-4939-8579-0ba004131f78', '20faee04-8b03-42b0-8bf0-2f62cb0b26b9']}' {{(pid=135924) _task_receiver /usr/local/lib/python3.8/dist-packages/taskflow/listeners/logging.py:178}}
Aug 31 09:58:34.518464 dv-cinder-837542-8-smb devstack@c-api.service[135924]: DEBUG cinder.volume.api [None req-750f3c73-2235-4494-b383-c1bc367d4646 tempest-VolumeManageAdminTest-1222327062 tempest-VolumeManageAdminTest-1222327062-project] Task 'cinder.volume.flows.api.create_volume.EntryCreateTask;volume:create' (0abef90a-9164-44fe-80c7-95883da5e543) transitioned into state 'RUNNING' from state 'PENDING' {{(pid=135924) _task_receiver /usr/local/lib/python3.8/dist-packages/taskflow/listeners/logging.py:190}}
Aug 31 09:58:34.611925 dv-cinder-837542-8-smb devstack@c-api.service[135924]: DEBUG cinder.volume.api [None req-750f3c73-2235-4494-b383-c1bc367d4646 tempest-VolumeManageAdminTest-1222327062 tempest-VolumeManageAdminTest-1222327062-project] Task 'cinder.volume.flows.api.create_volume.EntryCreateTask;volume:create' (0abef90a-9164-44fe-80c7-95883da5e543) transitioned into state 'SUCCESS' from state 'RUNNING' with result '{'volume_id': 'e8c96f7e-6701-4036-b7b5-0eb51bee0293', 'volume_properties': VolumeProperties(attach_status='detached',availability_zone='nova',cgsnapshot_id=None,consistencygroup_id=None,display_description=None,display_name='tempest-VolumeManageAdminTest-Volume-1194818182',encryption_key_id=None,group_id=None,group_type_id=,metadata={},multiattach=False,project_id='4757c05262304db8ae82ddaab51c8e0c',qos_specs=None,replication_status=,reservations=['d3829a12-9455-4948-a80a-aa6a1c6ba4b1','4ead93b8-56ad-4173-8fba-c09f4568069b','0ede1665-3967-4939-8579-0ba004131f78','20faee04-8b03-42b0-8bf0-2f62cb0b26b9'],size=1,snapshot_id=None,source_replicaid=,source_volid=None,status='creating',user_id='bab7104771e846ddbf79edc76533030a',volume_type_id=79907a1e-d786-41dc-9bbd-9608fdd6af4d), 'volume': Volume(_name_id=None,admin_metadata=,attach_status='detached',availability_zone='nova',bootable=False,cluster=,cluster_name=None,consistencygroup=,consistencygroup_id=None,created_at=2022-08-31T09:58:34Z,deleted=False,deleted_at=None,display_description=None,display_name='tempest-VolumeManageAdminTest-Volume-1194818182',ec2_id=None,encryption_key_id=None,glance_metadata=,group=,group_id=None,host=None,id=e8c96f7e-6701-4036-b7b5-0eb51bee0293,launched_at=None,metadata={},migration_status=None,multiattach=False,previous_status=None,project_id='4757c05262304db8ae82ddaab51c8e0c',provider_auth=None,provider_geometry=None,provider_id=None,provider_location=None,replication_driver_data=None,replication_extended_status=None,replication_status=None,scheduled_at=None,service_uuid=None,shared_targets=True,size=1,snapshot_id=None,snapshots=,source_volid=None,status='creating',terminated_at=None,updated_at=None,use_quota=True,user_id='bab7104771e846ddbf79edc76533030a',volume_attachment=VolumeAttachmentList,volume_type=VolumeType(79907a1e-d786-41dc-9bbd-9608fdd6af4d),volume_type_id=79907a1e-d786-41dc-9bbd-9608fdd6af4d)}' {{(pid=135924) _task_receiver /usr/local/lib/python3.8/dist-packages/taskflow/listeners/logging.py:178}}
Aug 31 09:58:34.617741 dv-cinder-837542-8-smb devstack@c-api.service[135924]: DEBUG cinder.volume.api [None req-750f3c73-2235-4494-b383-c1bc367d4646 tempest-VolumeManageAdminTest-1222327062 tempest-VolumeManageAdminTest-1222327062-project] Task 'cinder.volume.flows.api.create_volume.QuotaCommitTask;volume:create' (88e46c2a-7946-4d99-8964-b33b12fc9da5) transitioned into state 'RUNNING' from state 'PENDING' {{(pid=135924) _task_receiver /usr/local/lib/python3.8/dist-packages/taskflow/listeners/logging.py:190}}
Aug 31 09:58:34.682518 dv-cinder-837542-8-smb devstack@c-api.service[135923]: DEBUG cinder.quota [None req-efcec580-1b36-4cb3-93aa-c561ec2d1d4a tempest-VolumeSnapshotQuotasNegativeTestJSON-766301233 tempest-VolumeSnapshotQuotasNegativeTestJSON-766301233-project] Created reservations ['c7163ba3-2506-432d-b762-67b213799327', '60565967-d712-4201-add5-b3dd32d587c7', '664816c6-bb7f-450c-a806-738b862298e5', 'db9df752-fef1-4f73-8a90-57f90f2b7259'] {{(pid=135923) reserve /opt/stack/cinder/cinder/quota.py:755}}
Aug 31 09:58:34.685023 dv-cinder-837542-8-smb devstack@c-api.service[135923]: DEBUG cinder.volume.api [None req-efcec580-1b36-4cb3-93aa-c561ec2d1d4a tempest-VolumeSnapshotQuotasNegativeTestJSON-766301233 tempest-VolumeSnapshotQuotasNegativeTestJSON-766301233-project] Task 'cinder.volume.flows.api.create_volume.QuotaReserveTask;volume:create' (f8e90ff0-2298-4619-bdb3-8c0db7c34d29) transitioned into state 'SUCCESS' from state 'RUNNING' with result '{'reservations': ['c7163ba3-2506-432d-b762-67b213799327', '60565967-d712-4201-add5-b3dd32d587c7', '664816c6-bb7f-450c-a806-738b862298e5', 'db9df752-fef1-4f73-8a90-57f90f2b7259']}' {{(pid=135923) _task_receiver /usr/local/lib/python3.8/dist-packages/taskflow/listeners/logging.py:178}}
Aug 31 09:58:34.687070 dv-cinder-837542-8-smb devstack@c-api.service[135923]: DEBUG cinder.volume.api [None req-efcec580-1b36-4cb3-93aa-c561ec2d1d4a tempest-VolumeSnapshotQuotasNegativeTestJSON-766301233 tempest-VolumeSnapshotQuotasNegativeTestJSON-766301233-project] Task 'cinder.volume.flows.api.create_volume.EntryCreateTask;volume:create' (06cb122a-f234-4734-8617-f083f0119c28) transitioned into state 'RUNNING' from state 'PENDING' {{(pid=135923) _task_receiver /usr/local/lib/python3.8/dist-packages/taskflow/listeners/logging.py:190}}
Aug 31 09:58:34.810020 dv-cinder-837542-8-smb devstack@c-api.service[135924]: DEBUG cinder.volume.api [None req-750f3c73-2235-4494-b383-c1bc367d4646 tempest-VolumeManageAdminTest-1222327062 tempest-VolumeManageAdminTest-1222327062-project] Task 'cinder.volume.flows.api.create_volume.QuotaCommitTask;volume:create' (88e46c2a-7946-4d99-8964-b33b12fc9da5) transitioned into state 'SUCCESS' from state 'RUNNING' with result '{'volume_properties': VolumeProperties(attach_status='detached',availability_zone='nova',cgsnapshot_id=None,consistencygroup_id=None,display_description=None,display_name='tempest-VolumeManageAdminTest-Volume-1194818182',encryption_key_id=None,group_id=None,group_type_id=,metadata={},multiattach=False,project_id='4757c05262304db8ae82ddaab51c8e0c',qos_specs=None,replication_status=,reservations=['d3829a12-9455-4948-a80a-aa6a1c6ba4b1','4ead93b8-56ad-4173-8fba-c09f4568069b','0ede1665-3967-4939-8579-0ba004131f78','20faee04-8b03-42b0-8bf0-2f62cb0b26b9'],size=1,snapshot_id=None,source_replicaid=,source_volid=None,status='creating',user_id='bab7104771e846ddbf79edc76533030a',volume_type_id=79907a1e-d786-41dc-9bbd-9608fdd6af4d)}' {{(pid=135924) _task_receiver /usr/local/lib/python3.8/dist-packages/taskflow/listeners/logging.py:178}}
Aug 31 09:58:34.812641 dv-cinder-837542-8-smb devstack@c-api.service[135924]: DEBUG cinder.volume.api [None req-750f3c73-2235-4494-b383-c1bc367d4646 tempest-VolumeManageAdminTest-1222327062 tempest-VolumeManageAdminTest-1222327062-project] Task 'cinder.volume.flows.api.create_volume.VolumeCastTask;volume:create' (a9693a9b-c0e2-4fae-bed2-60a1c1afeb7a) transitioned into state 'RUNNING' from state 'PENDING' {{(pid=135924) _task_receiver /usr/local/lib/python3.8/dist-packages/taskflow/listeners/logging.py:190}}
Aug 31 09:58:34.823020 dv-cinder-837542-8-smb devstack@c-api.service[135923]: DEBUG cinder.volume.api [None req-efcec580-1b36-4cb3-93aa-c561ec2d1d4a tempest-VolumeSnapshotQuotasNegativeTestJSON-766301233 tempest-VolumeSnapshotQuotasNegativeTestJSON-766301233-project] Task 'cinder.volume.flows.api.create_volume.EntryCreateTask;volume:create' (06cb122a-f234-4734-8617-f083f0119c28) transitioned into state 'SUCCESS' from state 'RUNNING' with result '{'volume_id': 'b6e1e635-f10b-4135-90c5-999f4d304dfb', 'volume_properties': VolumeProperties(attach_status='detached',availability_zone='nova',cgsnapshot_id=None,consistencygroup_id=None,display_description=None,display_name='tempest-VolumeSnapshotQuotasNegativeTestJSON-Volume-1059847760',encryption_key_id=None,group_id=None,group_type_id=,metadata={},multiattach=False,project_id='416a803d93da4b6bbbeb15a89060cf5d',qos_specs=None,replication_status=,reservations=['c7163ba3-2506-432d-b762-67b213799327','60565967-d712-4201-add5-b3dd32d587c7','664816c6-bb7f-450c-a806-738b862298e5','db9df752-fef1-4f73-8a90-57f90f2b7259'],size=1,snapshot_id=None,source_replicaid=,source_volid=None,status='creating',user_id='3ca77d292f84409186e2d64f159ddee1',volume_type_id=79907a1e-d786-41dc-9bbd-9608fdd6af4d), 'volume': Volume(_name_id=None,admin_metadata=,attach_status='detached',availability_zone='nova',bootable=False,cluster=,cluster_name=None,consistencygroup=,consistencygroup_id=None,created_at=2022-08-31T09:58:34Z,deleted=False,deleted_at=None,display_description=None,display_name='tempest-VolumeSnapshotQuotasNegativeTestJSON-Volume-1059847760',ec2_id=None,encryption_key_id=None,glance_metadata=,group=,group_id=None,host=None,id=b6e1e635-f10b-4135-90c5-999f4d304dfb,launched_at=None,metadata={},migration_status=None,multiattach=False,previous_status=None,project_id='416a803d93da4b6bbbeb15a89060cf5d',provider_auth=None,provider_geometry=None,provider_id=None,provider_location=None,replication_driver_data=None,replication_extended_status=None,replication_status=None,scheduled_at=None,service_uuid=None,shared_targets=True,size=1,snapshot_id=None,snapshots=,source_volid=None,status='creating',terminated_at=None,updated_at=None,use_quota=True,user_id='3ca77d292f84409186e2d64f159ddee1',volume_attachment=VolumeAttachmentList,volume_type=VolumeType(79907a1e-d786-41dc-9bbd-9608fdd6af4d),volume_type_id=79907a1e-d786-41dc-9bbd-9608fdd6af4d)}' {{(pid=135923) _task_receiver /usr/local/lib/python3.8/dist-packages/taskflow/listeners/logging.py:178}}
Aug 31 09:58:34.825526 dv-cinder-837542-8-smb devstack@c-api.service[135923]: DEBUG cinder.volume.api [None req-efcec580-1b36-4cb3-93aa-c561ec2d1d4a tempest-VolumeSnapshotQuotasNegativeTestJSON-766301233 tempest-VolumeSnapshotQuotasNegativeTestJSON-766301233-project] Task 'cinder.volume.flows.api.create_volume.QuotaCommitTask;volume:create' (b8cbd69b-e7b2-465b-9257-b4d6f3e3e178) transitioned into state 'RUNNING' from state 'PENDING' {{(pid=135923) _task_receiver /usr/local/lib/python3.8/dist-packages/taskflow/listeners/logging.py:190}}
Aug 31 09:58:34.907561 dv-cinder-837542-8-smb devstack@c-api.service[135924]: DEBUG cinder.volume.api [None req-750f3c73-2235-4494-b383-c1bc367d4646 tempest-VolumeManageAdminTest-1222327062 tempest-VolumeManageAdminTest-1222327062-project] Task 'cinder.volume.flows.api.create_volume.VolumeCastTask;volume:create' (a9693a9b-c0e2-4fae-bed2-60a1c1afeb7a) transitioned into state 'SUCCESS' from state 'RUNNING' with result 'None' {{(pid=135924) _task_receiver /usr/local/lib/python3.8/dist-packages/taskflow/listeners/logging.py:178}}
Aug 31 09:58:34.912161 dv-cinder-837542-8-smb devstack@c-api.service[135924]: DEBUG cinder.volume.api [None req-750f3c73-2235-4494-b383-c1bc367d4646 tempest-VolumeManageAdminTest-1222327062 tempest-VolumeManageAdminTest-1222327062-project] Flow 'volume_create_api' (0c0e8d76-370d-4a2a-a07b-a6e57811d563) transitioned into state 'SUCCESS' from state 'RUNNING' {{(pid=135924) _flow_receiver /usr/local/lib/python3.8/dist-packages/taskflow/listeners/logging.py:141}}
Aug 31 09:58:34.912161 dv-cinder-837542-8-smb devstack@c-api.service[135924]: INFO cinder.volume.api [None req-750f3c73-2235-4494-b383-c1bc367d4646 tempest-VolumeManageAdminTest-1222327062 tempest-VolumeManageAdminTest-1222327062-project] Create volume request issued successfully.
Aug 31 09:58:34.912161 dv-cinder-837542-8-smb devstack@c-api.service[135924]: INFO cinder.api.openstack.wsgi [None req-750f3c73-2235-4494-b383-c1bc367d4646 tempest-VolumeManageAdminTest-1222327062 tempest-VolumeManageAdminTest-1222327062-project] http://10.222.0.43/volume/v3/4757c05262304db8ae82ddaab51c8e0c/volumes returned with HTTP 202
Aug 31 09:58:34.923414 dv-cinder-837542-8-smb devstack@c-api.service[135924]: [pid: 135924|app: 0|req: 109/231] 10.222.0.43 () {60 vars in 1235 bytes} [Wed Aug 31 09:58:33 2022] POST /volume/v3/4757c05262304db8ae82ddaab51c8e0c/volumes => generated 821 bytes in 1017 msecs (HTTP/1.1 202) 7 headers in 291 bytes (1 switches on core 0)
Aug 31 09:58:34.923414 dv-cinder-837542-8-smb devstack@c-api.service[135924]: DEBUG cinder.api.middleware.request_id [None req-efbdf426-4491-4b2f-ab69-9738d974f224 None None] RequestId filter calling following filter/app {{(pid=135924) _context_setter /opt/stack/cinder/cinder/api/middleware/request_id.py:62}}
Aug 31 09:58:34.934080 dv-cinder-837542-8-smb devstack@c-api.service[135923]: DEBUG cinder.volume.api [None req-efcec580-1b36-4cb3-93aa-c561ec2d1d4a tempest-VolumeSnapshotQuotasNegativeTestJSON-766301233 tempest-VolumeSnapshotQuotasNegativeTestJSON-766301233-project] Task 'cinder.volume.flows.api.create_volume.QuotaCommitTask;volume:create' (b8cbd69b-e7b2-465b-9257-b4d6f3e3e178) transitioned into state 'SUCCESS' from state 'RUNNING' with result '{'volume_properties': VolumeProperties(attach_status='detached',availability_zone='nova',cgsnapshot_id=None,consistencygroup_id=None,display_description=None,display_name='tempest-VolumeSnapshotQuotasNegativeTestJSON-Volume-1059847760',encryption_key_id=None,group_id=None,group_type_id=,metadata={},multiattach=False,project_id='416a803d93da4b6bbbeb15a89060cf5d',qos_specs=None,replication_status=,reservations=['c7163ba3-2506-432d-b762-67b213799327','60565967-d712-4201-add5-b3dd32d587c7','664816c6-bb7f-450c-a806-738b862298e5','db9df752-fef1-4f73-8a90-57f90f2b7259'],size=1,snapshot_id=None,source_replicaid=,source_volid=None,status='creating',user_id='3ca77d292f84409186e2d64f159ddee1',volume_type_id=79907a1e-d786-41dc-9bbd-9608fdd6af4d)}' {{(pid=135923) _task_receiver /usr/local/lib/python3.8/dist-packages/taskflow/listeners/logging.py:178}}
Aug 31 09:58:34.940363 dv-cinder-837542-8-smb devstack@c-api.service[135923]: DEBUG cinder.volume.api [None req-efcec580-1b36-4cb3-93aa-c561ec2d1d4a tempest-VolumeSnapshotQuotasNegativeTestJSON-766301233 tempest-VolumeSnapshotQuotasNegativeTestJSON-766301233-project] Task 'cinder.volume.flows.api.create_volume.VolumeCastTask;volume:create' (c32d4824-6220-4f0c-99a1-c6babc56f635) transitioned into state 'RUNNING' from state 'PENDING' {{(pid=135923) _task_receiver /usr/local/lib/python3.8/dist-packages/taskflow/listeners/logging.py:190}}
Aug 31 09:58:35.049146 dv-cinder-837542-8-smb devstack@c-api.service[135923]: DEBUG cinder.volume.api [None req-efcec580-1b36-4cb3-93aa-c561ec2d1d4a tempest-VolumeSnapshotQuotasNegativeTestJSON-766301233 tempest-VolumeSnapshotQuotasNegativeTestJSON-766301233-project] Task 'cinder.volume.flows.api.create_volume.VolumeCastTask;volume:create' (c32d4824-6220-4f0c-99a1-c6babc56f635) transitioned into state 'SUCCESS' from state 'RUNNING' with result 'None' {{(pid=135923) _task_receiver /usr/local/lib/python3.8/dist-packages/taskflow/listeners/logging.py:178}}
Aug 31 09:58:35.052129 dv-cinder-837542-8-smb devstack@c-api.service[135923]: DEBUG cinder.volume.api [None req-efcec580-1b36-4cb3-93aa-c561ec2d1d4a tempest-VolumeSnapshotQuotasNegativeTestJSON-766301233 tempest-VolumeSnapshotQuotasNegativeTestJSON-766301233-project] Flow 'volume_create_api' (b021703a-a9c8-4f34-9dd2-b9888ee4ddb1) transitioned into state 'SUCCESS' from state 'RUNNING' {{(pid=135923) _flow_receiver /usr/local/lib/python3.8/dist-packages/taskflow/listeners/logging.py:141}}
Aug 31 09:58:35.052920 dv-cinder-837542-8-smb devstack@c-api.service[135923]: INFO cinder.volume.api [None req-efcec580-1b36-4cb3-93aa-c561ec2d1d4a tempest-VolumeSnapshotQuotasNegativeTestJSON-766301233 tempest-VolumeSnapshotQuotasNegativeTestJSON-766301233-project] Create volume request issued successfully.
Aug 31 09:58:35.054267 dv-cinder-837542-8-smb devstack@c-api.service[135923]: INFO cinder.api.openstack.wsgi [None req-efcec580-1b36-4cb3-93aa-c561ec2d1d4a tempest-VolumeSnapshotQuotasNegativeTestJSON-766301233 tempest-VolumeSnapshotQuotasNegativeTestJSON-766301233-project] http://10.222.0.43/volume/v3/416a803d93da4b6bbbeb15a89060cf5d/volumes returned with HTTP 202
Aug 31 09:58:35.065879 dv-cinder-837542-8-smb devstack@c-api.service[135923]: [pid: 135923|app: 0|req: 123/232] 10.222.0.43 () {60 vars in 1235 bytes} [Wed Aug 31 09:58:33 2022] POST /volume/v3/416a803d93da4b6bbbeb15a89060cf5d/volumes => generated 836 bytes in 1131 msecs (HTTP/1.1 202) 7 headers in 291 bytes (2 switches on core 0)
Aug 31 09:58:35.071441 dv-cinder-837542-8-smb devstack@c-api.service[135923]: DEBUG cinder.api.middleware.request_id [None req-f417bfa3-635c-4108-aae8-571d55c94bd0 None None] RequestId filter calling following filter/app {{(pid=135923) _context_setter /opt/stack/cinder/cinder/api/middleware/request_id.py:62}}
Aug 31 09:58:35.076374 dv-cinder-837542-8-smb devstack@c-api.service[135923]: INFO cinder.api.openstack.wsgi [None req-f417bfa3-635c-4108-aae8-571d55c94bd0 tempest-GroupsTest-1340591323 tempest-GroupsTest-1340591323-project] GET http://10.222.0.43/volume/v3/54008c19c0174b61831b52057d19b155/volumes/7c112a42-6f94-47a8-8bc8-4940388c88d3
Aug 31 09:58:35.077186 dv-cinder-837542-8-smb devstack@c-api.service[135923]: DEBUG cinder.api.openstack.wsgi [None req-f417bfa3-635c-4108-aae8-571d55c94bd0 tempest-GroupsTest-1340591323 tempest-GroupsTest-1340591323-project] Empty body provided in request {{(pid=135923) get_body /opt/stack/cinder/cinder/api/openstack/wsgi.py:715}}
Aug 31 09:58:35.077797 dv-cinder-837542-8-smb devstack@c-api.service[135923]: DEBUG cinder.api.openstack.wsgi [None req-f417bfa3-635c-4108-aae8-571d55c94bd0 tempest-GroupsTest-1340591323 tempest-GroupsTest-1340591323-project] Calling method 'show' {{(pid=135923) _process_stack /opt/stack/cinder/cinder/api/openstack/wsgi.py:868}}
Aug 31 09:58:35.096149 dv-cinder-837542-8-smb devstack@c-api.service[135923]: /usr/local/lib/python3.8/dist-packages/oslo_context/context.py:100: DeprecationWarning: Policy enforcement is depending on the value of is_admin. This key is deprecated. Please update your policy file to use the standard policy values.
Aug 31 09:58:35.096149 dv-cinder-837542-8-smb devstack@c-api.service[135923]: warnings.warn('Policy enforcement is depending on the value of '
Aug 31 09:58:35.104525 dv-cinder-837542-8-smb devstack@c-api.service[135923]: INFO cinder.volume.api [None req-f417bfa3-635c-4108-aae8-571d55c94bd0 tempest-GroupsTest-1340591323 tempest-GroupsTest-1340591323-project] Volume info retrieved successfully.
Aug 31 09:58:35.106160 dv-cinder-837542-8-smb devstack@c-api.service[135923]: WARNING stevedore.named [None req-f417bfa3-635c-4108-aae8-571d55c94bd0 tempest-GroupsTest-1340591323 tempest-GroupsTest-1340591323-project] Could not load cinder.keymgr.conf_key_mgr.ConfKeyManager
Aug 31 09:58:35.106525 dv-cinder-837542-8-smb devstack@c-api.service[135923]: WARNING castellan.key_manager [None req-f417bfa3-635c-4108-aae8-571d55c94bd0 tempest-GroupsTest-1340591323 tempest-GroupsTest-1340591323-project] Deprecation Warning : cinder.keymgr.conf_key_mgr.ConfKeyManager is not a stevedore based driver, trying to load it as a class: stevedore.exception.NoMatches: No 'castellan.drivers' driver found, looking for 'cinder.keymgr.conf_key_mgr.ConfKeyManager'
Aug 31 09:58:35.115223 dv-cinder-837542-8-smb devstack@c-api.service[135923]: DEBUG oslo_db.sqlalchemy.engines [None req-f417bfa3-635c-4108-aae8-571d55c94bd0 tempest-GroupsTest-1340591323 tempest-GroupsTest-1340591323-project] MySQL server mode set to STRICT_TRANS_TABLES,STRICT_ALL_TABLES,NO_ZERO_IN_DATE,NO_ZERO_DATE,ERROR_FOR_DIVISION_BY_ZERO,TRADITIONAL,NO_ENGINE_SUBSTITUTION {{(pid=135923) _check_effective_sql_mode /usr/local/lib/python3.8/dist-packages/oslo_db/sqlalchemy/engines.py:314}}
Aug 31 09:58:35.121270 dv-cinder-837542-8-smb devstack@c-api.service[135923]: /usr/local/lib/python3.8/dist-packages/oslo_context/context.py:100: DeprecationWarning: Policy enforcement is depending on the value of is_admin. This key is deprecated. Please update your policy file to use the standard policy values.
Aug 31 09:58:35.121270 dv-cinder-837542-8-smb devstack@c-api.service[135923]: warnings.warn('Policy enforcement is depending on the value of '
Aug 31 09:58:35.136009 dv-cinder-837542-8-smb devstack@c-api.service[135923]: INFO cinder.api.openstack.wsgi [None req-f417bfa3-635c-4108-aae8-571d55c94bd0 tempest-GroupsTest-1340591323 tempest-GroupsTest-1340591323-project] http://10.222.0.43/volume/v3/54008c19c0174b61831b52057d19b155/volumes/7c112a42-6f94-47a8-8bc8-4940388c88d3 returned with HTTP 200
Aug 31 09:58:35.136786 dv-cinder-837542-8-smb devstack@c-api.service[135923]: [pid: 135923|app: 0|req: 124/233] 10.222.0.43 () {60 vars in 1366 bytes} [Wed Aug 31 09:58:35 2022] GET /volume/v3/54008c19c0174b61831b52057d19b155/volumes/7c112a42-6f94-47a8-8bc8-4940388c88d3 => generated 983 bytes in 70 msecs (HTTP/1.1 200) 7 headers in 286 bytes (1 switches on core 0)
Aug 31 09:58:35.137993 dv-cinder-837542-8-smb devstack@c-api.service[135923]: DEBUG cinder.api.middleware.request_id [None req-d561d14f-ae10-4256-aeb3-3bf6f5c73d3a None None] RequestId filter calling following filter/app {{(pid=135923) _context_setter /opt/stack/cinder/cinder/api/middleware/request_id.py:62}}
Aug 31 09:58:35.142450 dv-cinder-837542-8-smb devstack@c-api.service[135923]: INFO cinder.api.openstack.wsgi [None req-d561d14f-ae10-4256-aeb3-3bf6f5c73d3a tempest-VolumeManageAdminTest-1222327062 tempest-VolumeManageAdminTest-1222327062-project] GET http://10.222.0.43/volume/v3/4757c05262304db8ae82ddaab51c8e0c/volumes/e8c96f7e-6701-4036-b7b5-0eb51bee0293
Aug 31 09:58:35.142895 dv-cinder-837542-8-smb devstack@c-api.service[135923]: DEBUG cinder.api.openstack.wsgi [None req-d561d14f-ae10-4256-aeb3-3bf6f5c73d3a tempest-VolumeManageAdminTest-1222327062 tempest-VolumeManageAdminTest-1222327062-project] Empty body provided in request {{(pid=135923) get_body /opt/stack/cinder/cinder/api/openstack/wsgi.py:715}}
Aug 31 09:58:35.143345 dv-cinder-837542-8-smb devstack@c-api.service[135923]: DEBUG cinder.api.openstack.wsgi [None req-d561d14f-ae10-4256-aeb3-3bf6f5c73d3a tempest-VolumeManageAdminTest-1222327062 tempest-VolumeManageAdminTest-1222327062-project] Calling method 'show' {{(pid=135923) _process_stack /opt/stack/cinder/cinder/api/openstack/wsgi.py:868}}
Aug 31 09:58:35.158620 dv-cinder-837542-8-smb devstack@c-api.service[135923]: /usr/local/lib/python3.8/dist-packages/oslo_context/context.py:100: DeprecationWarning: Policy enforcement is depending on the value of is_admin. This key is deprecated. Please update your policy file to use the standard policy values.
Aug 31 09:58:35.158620 dv-cinder-837542-8-smb devstack@c-api.service[135923]: warnings.warn('Policy enforcement is depending on the value of '
Aug 31 09:58:35.161558 dv-cinder-837542-8-smb devstack@c-api.service[135924]: INFO cinder.api.openstack.wsgi [None req-efbdf426-4491-4b2f-ab69-9738d974f224 tempest-VolumesServicesTestJSON-528718302 tempest-VolumesServicesTestJSON-528718302-project-admin] GET http://10.222.0.43/volume/v3/eb4ec257168c4a6db8eaad4b06ed836e/os-services
Aug 31 09:58:35.162047 dv-cinder-837542-8-smb devstack@c-api.service[135924]: DEBUG cinder.api.openstack.wsgi [None req-efbdf426-4491-4b2f-ab69-9738d974f224 tempest-VolumesServicesTestJSON-528718302 tempest-VolumesServicesTestJSON-528718302-project-admin] Empty body provided in request {{(pid=135924) get_body /opt/stack/cinder/cinder/api/openstack/wsgi.py:715}}
Aug 31 09:58:35.162458 dv-cinder-837542-8-smb devstack@c-api.service[135924]: DEBUG cinder.api.openstack.wsgi [None req-efbdf426-4491-4b2f-ab69-9738d974f224 tempest-VolumesServicesTestJSON-528718302 tempest-VolumesServicesTestJSON-528718302-project-admin] Calling method 'index' {{(pid=135924) _process_stack /opt/stack/cinder/cinder/api/openstack/wsgi.py:868}}
Aug 31 09:58:35.163228 dv-cinder-837542-8-smb devstack@c-api.service[135924]: /usr/local/lib/python3.8/dist-packages/oslo_context/context.py:100: DeprecationWarning: Policy enforcement is depending on the value of is_admin. This key is deprecated. Please update your policy file to use the standard policy values.
Aug 31 09:58:35.163228 dv-cinder-837542-8-smb devstack@c-api.service[135924]: warnings.warn('Policy enforcement is depending on the value of '
Aug 31 09:58:35.164576 dv-cinder-837542-8-smb devstack@c-api.service[135923]: INFO cinder.volume.api [None req-d561d14f-ae10-4256-aeb3-3bf6f5c73d3a tempest-VolumeManageAdminTest-1222327062 tempest-VolumeManageAdminTest-1222327062-project] Volume info retrieved successfully.
Aug 31 09:58:35.170385 dv-cinder-837542-8-smb devstack@c-api.service[135924]: INFO cinder.api.openstack.wsgi [None req-efbdf426-4491-4b2f-ab69-9738d974f224 tempest-VolumesServicesTestJSON-528718302 tempest-VolumesServicesTestJSON-528718302-project-admin] http://10.222.0.43/volume/v3/eb4ec257168c4a6db8eaad4b06ed836e/os-services returned with HTTP 200
Aug 31 09:58:35.171875 dv-cinder-837542-8-smb devstack@c-api.service[135924]: [pid: 135924|app: 0|req: 110/234] 10.222.0.43 () {58 vars in 1226 bytes} [Wed Aug 31 09:58:34 2022] GET /volume/v3/eb4ec257168c4a6db8eaad4b06ed836e/os-services => generated 640 bytes in 258 msecs (HTTP/1.1 200) 7 headers in 285 bytes (1 switches on core 0)
Aug 31 09:58:35.173486 dv-cinder-837542-8-smb devstack@c-api.service[135924]: DEBUG cinder.api.middleware.request_id [None req-ae9213d1-df45-4354-a945-5a6f4394fd27 None None] RequestId filter calling following filter/app {{(pid=135924) _context_setter /opt/stack/cinder/cinder/api/middleware/request_id.py:62}}
Aug 31 09:58:35.173603 dv-cinder-837542-8-smb devstack@c-api.service[135923]: INFO cinder.api.openstack.wsgi [None req-d561d14f-ae10-4256-aeb3-3bf6f5c73d3a tempest-VolumeManageAdminTest-1222327062 tempest-VolumeManageAdminTest-1222327062-project] http://10.222.0.43/volume/v3/4757c05262304db8ae82ddaab51c8e0c/volumes/e8c96f7e-6701-4036-b7b5-0eb51bee0293 returned with HTTP 200
Aug 31 09:58:35.183258 dv-cinder-837542-8-smb devstack@c-api.service[135923]: [pid: 135923|app: 0|req: 125/235] 10.222.0.43 () {58 vars in 1325 bytes} [Wed Aug 31 09:58:35 2022] GET /volume/v3/4757c05262304db8ae82ddaab51c8e0c/volumes/e8c96f7e-6701-4036-b7b5-0eb51bee0293 => generated 889 bytes in 37 msecs (HTTP/1.1 200) 7 headers in 285 bytes (1 switches on core 0)
Aug 31 09:58:35.183258 dv-cinder-837542-8-smb devstack@c-api.service[135923]: DEBUG cinder.api.middleware.request_id [None req-5e0f9b1e-98a4-4d9e-85c1-1947b6f046f7 None None] RequestId filter calling following filter/app {{(pid=135923) _context_setter /opt/stack/cinder/cinder/api/middleware/request_id.py:62}}
Aug 31 09:58:35.183258 dv-cinder-837542-8-smb devstack@c-api.service[135923]: INFO cinder.api.openstack.wsgi [None req-5e0f9b1e-98a4-4d9e-85c1-1947b6f046f7 tempest-GroupsTest-1340591323 tempest-GroupsTest-1340591323-project] POST http://10.222.0.43/volume/v3/54008c19c0174b61831b52057d19b155/volumes
Aug 31 09:58:35.183258 dv-cinder-837542-8-smb devstack@c-api.service[135923]: DEBUG cinder.api.openstack.wsgi [None req-5e0f9b1e-98a4-4d9e-85c1-1947b6f046f7 tempest-GroupsTest-1340591323 tempest-GroupsTest-1340591323-project] Action: 'create', calling method: create, body: {"volume": {"volume_type": "ef887dec-d368-44ae-b0e0-8eab5ec31529", "group_id": "3b67d5b5-cd5c-4402-baed-7ddde7cb899d", "size": 1, "name": "tempest-GroupsTest-Volume-488670785"}} {{(pid=135923) _process_stack /opt/stack/cinder/cinder/api/openstack/wsgi.py:866}}
Aug 31 09:58:35.183681 dv-cinder-837542-8-smb devstack@c-api.service[135924]: INFO cinder.api.openstack.wsgi [None req-ae9213d1-df45-4354-a945-5a6f4394fd27 tempest-VolumeSnapshotQuotasNegativeTestJSON-766301233 tempest-VolumeSnapshotQuotasNegativeTestJSON-766301233-project] GET http://10.222.0.43/volume/v3/416a803d93da4b6bbbeb15a89060cf5d/volumes/b6e1e635-f10b-4135-90c5-999f4d304dfb
Aug 31 09:58:35.183681 dv-cinder-837542-8-smb devstack@c-api.service[135924]: DEBUG cinder.api.openstack.wsgi [None req-ae9213d1-df45-4354-a945-5a6f4394fd27 tempest-VolumeSnapshotQuotasNegativeTestJSON-766301233 tempest-VolumeSnapshotQuotasNegativeTestJSON-766301233-project] Empty body provided in request {{(pid=135924) get_body /opt/stack/cinder/cinder/api/openstack/wsgi.py:715}}
Aug 31 09:58:35.183681 dv-cinder-837542-8-smb devstack@c-api.service[135924]: DEBUG cinder.api.openstack.wsgi [None req-ae9213d1-df45-4354-a945-5a6f4394fd27 tempest-VolumeSnapshotQuotasNegativeTestJSON-766301233 tempest-VolumeSnapshotQuotasNegativeTestJSON-766301233-project] Calling method 'show' {{(pid=135924) _process_stack /opt/stack/cinder/cinder/api/openstack/wsgi.py:868}}
Aug 31 09:58:35.183916 dv-cinder-837542-8-smb devstack@c-api.service[135923]: DEBUG cinder.api.v3.volumes [None req-5e0f9b1e-98a4-4d9e-85c1-1947b6f046f7 tempest-GroupsTest-1340591323 tempest-GroupsTest-1340591323-project] Create volume request body: {'volume': {'volume_type': 'ef887dec-d368-44ae-b0e0-8eab5ec31529', 'group_id': '3b67d5b5-cd5c-4402-baed-7ddde7cb899d', 'size': 1, 'name': 'tempest-GroupsTest-Volume-488670785'}} {{(pid=135923) create /opt/stack/cinder/cinder/api/v3/volumes.py:298}}
Aug 31 09:58:35.195566 dv-cinder-837542-8-smb devstack@c-api.service[135923]: /usr/local/lib/python3.8/dist-packages/oslo_context/context.py:100: DeprecationWarning: Policy enforcement is depending on the value of is_admin. This key is deprecated. Please update your policy file to use the standard policy values.
Aug 31 09:58:35.195566 dv-cinder-837542-8-smb devstack@c-api.service[135923]: warnings.warn('Policy enforcement is depending on the value of '
Aug 31 09:58:35.196538 dv-cinder-837542-8-smb devstack@c-api.service[135923]: INFO cinder.api.v3.volumes [None req-5e0f9b1e-98a4-4d9e-85c1-1947b6f046f7 tempest-GroupsTest-1340591323 tempest-GroupsTest-1340591323-project] Create volume of 1 GB
Aug 31 09:58:35.196764 dv-cinder-837542-8-smb devstack@c-api.service[135924]: /usr/local/lib/python3.8/dist-packages/oslo_context/context.py:100: DeprecationWarning: Policy enforcement is depending on the value of is_admin. This key is deprecated. Please update your policy file to use the standard policy values.
Aug 31 09:58:35.196764 dv-cinder-837542-8-smb devstack@c-api.service[135924]: warnings.warn('Policy enforcement is depending on the value of '
Aug 31 09:58:35.203847 dv-cinder-837542-8-smb devstack@c-api.service[135924]: INFO cinder.volume.api [None req-ae9213d1-df45-4354-a945-5a6f4394fd27 tempest-VolumeSnapshotQuotasNegativeTestJSON-766301233 tempest-VolumeSnapshotQuotasNegativeTestJSON-766301233-project] Volume info retrieved successfully.
Aug 31 09:58:35.206599 dv-cinder-837542-8-smb devstack@c-api.service[135923]: INFO cinder.volume.api [None req-5e0f9b1e-98a4-4d9e-85c1-1947b6f046f7 tempest-GroupsTest-1340591323 tempest-GroupsTest-1340591323-project] Availability Zones retrieved successfully.
Aug 31 09:58:35.213014 dv-cinder-837542-8-smb devstack@c-api.service[135924]: INFO cinder.api.openstack.wsgi [None req-ae9213d1-df45-4354-a945-5a6f4394fd27 tempest-VolumeSnapshotQuotasNegativeTestJSON-766301233 tempest-VolumeSnapshotQuotasNegativeTestJSON-766301233-project] http://10.222.0.43/volume/v3/416a803d93da4b6bbbeb15a89060cf5d/volumes/b6e1e635-f10b-4135-90c5-999f4d304dfb returned with HTTP 200
Aug 31 09:58:35.213808 dv-cinder-837542-8-smb devstack@c-api.service[135924]: [pid: 135924|app: 0|req: 111/236] 10.222.0.43 () {58 vars in 1325 bytes} [Wed Aug 31 09:58:35 2022] GET /volume/v3/416a803d93da4b6bbbeb15a89060cf5d/volumes/b6e1e635-f10b-4135-90c5-999f4d304dfb => generated 904 bytes in 42 msecs (HTTP/1.1 200) 7 headers in 285 bytes (1 switches on core 0)
Aug 31 09:58:35.215110 dv-cinder-837542-8-smb devstack@c-api.service[135924]: DEBUG cinder.api.middleware.request_id [None req-e1f5b089-5d9a-4767-a5ae-29ab27cf2804 None None] RequestId filter calling following filter/app {{(pid=135924) _context_setter /opt/stack/cinder/cinder/api/middleware/request_id.py:62}}
Aug 31 09:58:35.220162 dv-cinder-837542-8-smb devstack@c-api.service[135924]: INFO cinder.api.openstack.wsgi [None req-e1f5b089-5d9a-4767-a5ae-29ab27cf2804 tempest-VolumesServicesTestJSON-528718302 tempest-VolumesServicesTestJSON-528718302-project-admin] GET http://10.222.0.43/volume/v3/eb4ec257168c4a6db8eaad4b06ed836e/os-services?host=dv-cinder-837542-8-smb
Aug 31 09:58:35.220784 dv-cinder-837542-8-smb devstack@c-api.service[135924]: DEBUG cinder.api.openstack.wsgi [None req-e1f5b089-5d9a-4767-a5ae-29ab27cf2804 tempest-VolumesServicesTestJSON-528718302 tempest-VolumesServicesTestJSON-528718302-project-admin] Empty body provided in request {{(pid=135924) get_body /opt/stack/cinder/cinder/api/openstack/wsgi.py:715}}
Aug 31 09:58:35.221389 dv-cinder-837542-8-smb devstack@c-api.service[135924]: DEBUG cinder.api.openstack.wsgi [None req-e1f5b089-5d9a-4767-a5ae-29ab27cf2804 tempest-VolumesServicesTestJSON-528718302 tempest-VolumesServicesTestJSON-528718302-project-admin] Calling method 'index' {{(pid=135924) _process_stack /opt/stack/cinder/cinder/api/openstack/wsgi.py:868}}
Aug 31 09:58:35.221885 dv-cinder-837542-8-smb devstack@c-api.service[135923]: DEBUG cinder.volume.api [None req-5e0f9b1e-98a4-4d9e-85c1-1947b6f046f7 tempest-GroupsTest-1340591323 tempest-GroupsTest-1340591323-project] Flow 'volume_create_api' (601ae551-c63d-406b-8403-a0e040cb7ff9) transitioned into state 'RUNNING' from state 'PENDING' {{(pid=135923) _flow_receiver /usr/local/lib/python3.8/dist-packages/taskflow/listeners/logging.py:141}}
Aug 31 09:58:35.225541 dv-cinder-837542-8-smb devstack@c-api.service[135923]: DEBUG cinder.volume.api [None req-5e0f9b1e-98a4-4d9e-85c1-1947b6f046f7 tempest-GroupsTest-1340591323 tempest-GroupsTest-1340591323-project] Task 'cinder.volume.flows.api.create_volume.ExtractVolumeRequestTask;volume:create' (cfd7e2e9-c3ef-4586-82af-b4e6fd124af1) transitioned into state 'RUNNING' from state 'PENDING' {{(pid=135923) _task_receiver /usr/local/lib/python3.8/dist-packages/taskflow/listeners/logging.py:190}}
Aug 31 09:58:35.227125 dv-cinder-837542-8-smb devstack@c-api.service[135923]: /usr/local/lib/python3.8/dist-packages/oslo_context/context.py:100: DeprecationWarning: Policy enforcement is depending on the value of is_admin. This key is deprecated. Please update your policy file to use the standard policy values.
