Aug 31 09:46:15.977368 dv-cinder-837542-8-iscsi neutron-server[118258]: DEBUG neutron_lib.callbacks.manager [None req-6ce940f2-bb2a-48f8-9674-29d6000e7751 admin admin] Publish callbacks ['neutron.plugins.ml2.ovo_rpc._ObjectChangeHandler.handle_event-1611000'] for security_group (9743a4ae-c67d-49f2-8353-65b69edb0a64), after_create {{(pid=118258) _notify_loop /usr/local/lib/python3.8/dist-packages/neutron_lib/callbacks/manager.py:176}}
Aug 31 09:46:16.039053 dv-cinder-837542-8-iscsi neutron-server[118260]: DEBUG neutron.api.rpc.handlers.resources_rpc [None req-4c935a24-d324-4122-a565-8260a59f022a None None] Pushing event updated for resources: {'Port': ['ID=f00797d3-7da7-4b04-aba6-a8984c372d02,revision_number=2']} {{(pid=118260) push /opt/stack/neutron/neutron/api/rpc/handlers/resources_rpc.py:237}}
Aug 31 09:46:16.062276 dv-cinder-837542-8-iscsi neutron-server[118258]: DEBUG neutron.plugins.ml2.drivers.helpers [None req-460e6713-0cb7-4c14-ab15-fa4997b30912 admin admin] vlan segment allocate from pool success with {'vlan_id': 827, 'physical_network': 'physnet1'} {{(pid=118258) allocate_partially_specified_segment /opt/stack/neutron/neutron/plugins/ml2/drivers/helpers.py:153}}
Aug 31 09:46:16.073670 dv-cinder-837542-8-iscsi neutron-server[118258]: DEBUG neutron_lib.callbacks.manager [None req-460e6713-0cb7-4c14-ab15-fa4997b30912 admin admin] Publish callbacks ['neutron.plugins.ml2.plugin.Ml2Plugin._handle_segment_change-747380'] for segment (3580a54c-c0b1-4d14-a912-6124d8d1dc56), precommit_create {{(pid=118258) _notify_loop /usr/local/lib/python3.8/dist-packages/neutron_lib/callbacks/manager.py:176}}
Aug 31 09:46:16.074180 dv-cinder-837542-8-iscsi neutron-server[118258]: INFO neutron.db.segments_db [None req-460e6713-0cb7-4c14-ab15-fa4997b30912 admin admin] Added segment 3580a54c-c0b1-4d14-a912-6124d8d1dc56 of type vlan for network 69822186-16f7-448b-8ff0-bb87c58671c7
Aug 31 09:46:16.078294 dv-cinder-837542-8-iscsi neutron-server[118260]: DEBUG neutron.api.rpc.callbacks.version_manager [None req-4c935a24-d324-4122-a565-8260a59f022a None None] Version for resource type AddressGroup changed None to 1.2 on consumer Open vSwitch agent@dv-cinder-837542-8-iscsi {{(pid=118260) _set_version /opt/stack/neutron/neutron/api/rpc/callbacks/version_manager.py:113}}
Aug 31 09:46:16.081881 dv-cinder-837542-8-iscsi neutron-server[118260]: DEBUG neutron.api.rpc.callbacks.version_manager [None req-4c935a24-d324-4122-a565-8260a59f022a None None] Version for resource type Agent changed None to 1.1 on consumer Open vSwitch agent@dv-cinder-837542-8-iscsi {{(pid=118260) _set_version /opt/stack/neutron/neutron/api/rpc/callbacks/version_manager.py:113}}
Aug 31 09:46:16.084076 dv-cinder-837542-8-iscsi neutron-server[118260]: DEBUG neutron.api.rpc.callbacks.version_manager [None req-4c935a24-d324-4122-a565-8260a59f022a None None] Version for resource type ConntrackHelper changed None to 1.0 on consumer Open vSwitch agent@dv-cinder-837542-8-iscsi {{(pid=118260) _set_version /opt/stack/neutron/neutron/api/rpc/callbacks/version_manager.py:113}}
Aug 31 09:46:16.085580 dv-cinder-837542-8-iscsi neutron-server[118260]: DEBUG neutron.api.rpc.callbacks.version_manager [None req-4c935a24-d324-4122-a565-8260a59f022a None None] Version for resource type LocalIPAssociation changed None to 1.0 on consumer Open vSwitch agent@dv-cinder-837542-8-iscsi {{(pid=118260) _set_version /opt/stack/neutron/neutron/api/rpc/callbacks/version_manager.py:113}}
Aug 31 09:46:16.089389 dv-cinder-837542-8-iscsi neutron-server[118260]: DEBUG neutron.api.rpc.callbacks.version_manager [None req-4c935a24-d324-4122-a565-8260a59f022a None None] Version for resource type Log changed None to 1.0 on consumer Open vSwitch agent@dv-cinder-837542-8-iscsi {{(pid=118260) _set_version /opt/stack/neutron/neutron/api/rpc/callbacks/version_manager.py:113}}
Aug 31 09:46:16.090711 dv-cinder-837542-8-iscsi neutron-server[118260]: DEBUG neutron.api.rpc.callbacks.version_manager [None req-4c935a24-d324-4122-a565-8260a59f022a None None] Version for resource type NDPProxy changed None to 1.0 on consumer Open vSwitch agent@dv-cinder-837542-8-iscsi {{(pid=118260) _set_version /opt/stack/neutron/neutron/api/rpc/callbacks/version_manager.py:113}}
Aug 31 09:46:16.091813 dv-cinder-837542-8-iscsi neutron-server[118260]: DEBUG neutron.api.rpc.callbacks.version_manager [None req-4c935a24-d324-4122-a565-8260a59f022a None None] Version for resource type Network changed None to 1.1 on consumer Open vSwitch agent@dv-cinder-837542-8-iscsi {{(pid=118260) _set_version /opt/stack/neutron/neutron/api/rpc/callbacks/version_manager.py:113}}
Aug 31 09:46:16.092377 dv-cinder-837542-8-iscsi neutron-server[118260]: DEBUG neutron.api.rpc.callbacks.version_manager [None req-4c935a24-d324-4122-a565-8260a59f022a None None] Version for resource type Port changed None to 1.7 on consumer Open vSwitch agent@dv-cinder-837542-8-iscsi {{(pid=118260) _set_version /opt/stack/neutron/neutron/api/rpc/callbacks/version_manager.py:113}}
Aug 31 09:46:16.095138 dv-cinder-837542-8-iscsi neutron-server[118260]: DEBUG neutron.api.rpc.callbacks.version_manager [None req-4c935a24-d324-4122-a565-8260a59f022a None None] Version for resource type PortForwarding changed None to 1.3 on consumer Open vSwitch agent@dv-cinder-837542-8-iscsi {{(pid=118260) _set_version /opt/stack/neutron/neutron/api/rpc/callbacks/version_manager.py:113}}
Aug 31 09:46:16.096978 dv-cinder-837542-8-iscsi neutron-server[118260]: DEBUG neutron.api.rpc.callbacks.version_manager [None req-4c935a24-d324-4122-a565-8260a59f022a None None] Version for resource type QosPolicy changed None to 1.10 on consumer Open vSwitch agent@dv-cinder-837542-8-iscsi {{(pid=118260) _set_version /opt/stack/neutron/neutron/api/rpc/callbacks/version_manager.py:113}}
Aug 31 09:46:16.097690 dv-cinder-837542-8-iscsi neutron-server[118260]: DEBUG neutron.api.rpc.callbacks.version_manager [None req-4c935a24-d324-4122-a565-8260a59f022a None None] Version for resource type SecurityGroup changed None to 1.5 on consumer Open vSwitch agent@dv-cinder-837542-8-iscsi {{(pid=118260) _set_version /opt/stack/neutron/neutron/api/rpc/callbacks/version_manager.py:113}}
Aug 31 09:46:16.098825 dv-cinder-837542-8-iscsi neutron-server[118260]: DEBUG neutron.api.rpc.callbacks.version_manager [None req-4c935a24-d324-4122-a565-8260a59f022a None None] Version for resource type SecurityGroupRule changed None to 1.2 on consumer Open vSwitch agent@dv-cinder-837542-8-iscsi {{(pid=118260) _set_version /opt/stack/neutron/neutron/api/rpc/callbacks/version_manager.py:113}}
Aug 31 09:46:16.101338 dv-cinder-837542-8-iscsi neutron-server[118260]: DEBUG neutron.api.rpc.callbacks.version_manager [None req-4c935a24-d324-4122-a565-8260a59f022a None None] Version for resource type SubPort changed None to 1.0 on consumer Open vSwitch agent@dv-cinder-837542-8-iscsi {{(pid=118260) _set_version /opt/stack/neutron/neutron/api/rpc/callbacks/version_manager.py:113}}
Aug 31 09:46:16.102692 dv-cinder-837542-8-iscsi neutron-server[118260]: DEBUG neutron.api.rpc.callbacks.version_manager [None req-4c935a24-d324-4122-a565-8260a59f022a None None] Version for resource type Subnet changed None to 1.1 on consumer Open vSwitch agent@dv-cinder-837542-8-iscsi {{(pid=118260) _set_version /opt/stack/neutron/neutron/api/rpc/callbacks/version_manager.py:113}}
Aug 31 09:46:16.104493 dv-cinder-837542-8-iscsi neutron-server[118260]: DEBUG neutron.api.rpc.callbacks.version_manager [None req-4c935a24-d324-4122-a565-8260a59f022a None None] Version for resource type Trunk changed None to 1.1 on consumer Open vSwitch agent@dv-cinder-837542-8-iscsi {{(pid=118260) _set_version /opt/stack/neutron/neutron/api/rpc/callbacks/version_manager.py:113}}
Aug 31 09:46:16.109231 dv-cinder-837542-8-iscsi neutron-server[118260]: DEBUG neutron.api.rpc.callbacks.version_manager [None req-4c935a24-d324-4122-a565-8260a59f022a None None] Tracked resource versions report:
Aug 31 09:46:16.109231 dv-cinder-837542-8-iscsi neutron-server[118260]: pushed versions:
Aug 31 09:46:16.109231 dv-cinder-837542-8-iscsi neutron-server[118260]: { 'AddressGroup': {'1.2'},
Aug 31 09:46:16.109231 dv-cinder-837542-8-iscsi neutron-server[118260]: 'Agent': {'1.1'},
Aug 31 09:46:16.109231 dv-cinder-837542-8-iscsi neutron-server[118260]: 'ConntrackHelper': {'1.0'},
Aug 31 09:46:16.109231 dv-cinder-837542-8-iscsi neutron-server[118260]: 'LocalIPAssociation': {'1.0'},
Aug 31 09:46:16.109231 dv-cinder-837542-8-iscsi neutron-server[118260]: 'Log': {'1.0'},
Aug 31 09:46:16.109231 dv-cinder-837542-8-iscsi neutron-server[118260]: 'NDPProxy': {'1.0'},
Aug 31 09:46:16.109231 dv-cinder-837542-8-iscsi neutron-server[118260]: 'Network': {'1.1'},
Aug 31 09:46:16.109231 dv-cinder-837542-8-iscsi neutron-server[118260]: 'Port': {'1.7'},
Aug 31 09:46:16.109231 dv-cinder-837542-8-iscsi neutron-server[118260]: 'PortForwarding': {'1.3'},
Aug 31 09:46:16.109231 dv-cinder-837542-8-iscsi neutron-server[118260]: 'QosPolicy': {'1.10'},
Aug 31 09:46:16.109231 dv-cinder-837542-8-iscsi neutron-server[118260]: 'SecurityGroup': {'1.5'},
Aug 31 09:46:16.109231 dv-cinder-837542-8-iscsi neutron-server[118260]: 'SecurityGroupRule': {'1.2'},
Aug 31 09:46:16.109231 dv-cinder-837542-8-iscsi neutron-server[118260]: 'SubPort': {'1.0'},
Aug 31 09:46:16.109231 dv-cinder-837542-8-iscsi neutron-server[118260]: 'Subnet': {'1.1'},
Aug 31 09:46:16.109231 dv-cinder-837542-8-iscsi neutron-server[118260]: 'Trunk': {'1.1'}}
Aug 31 09:46:16.109231 dv-cinder-837542-8-iscsi neutron-server[118260]: consumer versions:
Aug 31 09:46:16.109231 dv-cinder-837542-8-iscsi neutron-server[118260]: { DHCP agent@dv-cinder-837542-8-iscsi: {},
Aug 31 09:46:16.109231 dv-cinder-837542-8-iscsi neutron-server[118260]: HyperV agent@hv-cinder-83754: {},
Aug 31 09:46:16.109231 dv-cinder-837542-8-iscsi neutron-server[118260]: L3 agent@dv-cinder-837542-8-iscsi: {},
Aug 31 09:46:16.109231 dv-cinder-837542-8-iscsi neutron-server[118260]: Metadata agent@dv-cinder-837542-8-iscsi: {},
Aug 31 09:46:16.109231 dv-cinder-837542-8-iscsi neutron-server[118260]: Metering agent@dv-cinder-837542-8-iscsi: {},
Aug 31 09:46:16.109231 dv-cinder-837542-8-iscsi neutron-server[118260]: Open vSwitch agent@dv-cinder-837542-8-iscsi: { 'AddressGroup': '1.2',
Aug 31 09:46:16.109231 dv-cinder-837542-8-iscsi neutron-server[118260]: 'Agent': '1.1',
Aug 31 09:46:16.109231 dv-cinder-837542-8-iscsi neutron-server[118260]: 'ConntrackHelper': '1.0',
Aug 31 09:46:16.109231 dv-cinder-837542-8-iscsi neutron-server[118260]: 'LocalIPAssociation': '1.0',
Aug 31 09:46:16.109231 dv-cinder-837542-8-iscsi neutron-server[118260]: 'Log': '1.0',
Aug 31 09:46:16.109231 dv-cinder-837542-8-iscsi neutron-server[118260]: 'NDPProxy': '1.0',
Aug 31 09:46:16.109231 dv-cinder-837542-8-iscsi neutron-server[118260]: 'Network': '1.1',
Aug 31 09:46:16.109231 dv-cinder-837542-8-iscsi neutron-server[118260]: 'Port': '1.7',
Aug 31 09:46:16.109231 dv-cinder-837542-8-iscsi neutron-server[118260]: 'PortForwarding': '1.3',
Aug 31 09:46:16.109231 dv-cinder-837542-8-iscsi neutron-server[118260]: 'QosPolicy': '1.10',
Aug 31 09:46:16.109231 dv-cinder-837542-8-iscsi neutron-server[118260]: 'SecurityGroup': '1.5',
Aug 31 09:46:16.109231 dv-cinder-837542-8-iscsi neutron-server[118260]: 'SecurityGroupRule': '1.2',
Aug 31 09:46:16.109231 dv-cinder-837542-8-iscsi neutron-server[118260]: 'SubPort': '1.0',
Aug 31 09:46:16.109231 dv-cinder-837542-8-iscsi neutron-server[118260]: 'Subnet': '1.1',
Aug 31 09:46:16.109231 dv-cinder-837542-8-iscsi neutron-server[118260]: 'Trunk': '1.1'}}
Aug 31 09:46:16.109231 dv-cinder-837542-8-iscsi neutron-server[118260]: {{(pid=118260) report /opt/stack/neutron/neutron/api/rpc/callbacks/version_manager.py:175}}
Aug 31 09:46:16.118879 dv-cinder-837542-8-iscsi neutron-server[118258]: DEBUG neutron_lib.callbacks.manager [None req-460e6713-0cb7-4c14-ab15-fa4997b30912 admin admin] Publish callbacks ['neutron.services.auto_allocate.db._ensure_external_network_default_value_callback-8773157492574'] for network (69822186-16f7-448b-8ff0-bb87c58671c7), precommit_create {{(pid=118258) _notify_loop /usr/local/lib/python3.8/dist-packages/neutron_lib/callbacks/manager.py:176}}
Aug 31 09:46:16.144559 dv-cinder-837542-8-iscsi neutron-server[118259]: DEBUG neutron.db.provisioning_blocks [None req-ea478068-d838-49b5-82ca-b9b8b352c95a None None] Provisioning complete for port 2f151b56-05d0-4190-aff4-0d9c4615e3c8 triggered by entity L2. {{(pid=118259) provisioning_complete /opt/stack/neutron/neutron/db/provisioning_blocks.py:144}}
Aug 31 09:46:16.144907 dv-cinder-837542-8-iscsi neutron-server[118259]: DEBUG neutron_lib.callbacks.manager [None req-ea478068-d838-49b5-82ca-b9b8b352c95a None None] Publish callbacks ['neutron.plugins.ml2.plugin.Ml2Plugin._port_provisioned-747629'] for port (2f151b56-05d0-4190-aff4-0d9c4615e3c8), provisioning_complete {{(pid=118259) _notify_loop /usr/local/lib/python3.8/dist-packages/neutron_lib/callbacks/manager.py:176}}
Aug 31 09:46:16.154515 dv-cinder-837542-8-iscsi neutron-server[118258]: DEBUG neutron_lib.callbacks.manager [None req-cc34ae89-eddd-4ce7-8fc3-0cf746439793 admin admin] Publish callbacks [] for security_group (c78f3c6d-86ab-488b-8722-37fdd85386e7), precommit_create {{(pid=118258) _notify_loop /usr/local/lib/python3.8/dist-packages/neutron_lib/callbacks/manager.py:176}}
Aug 31 09:46:16.160286 dv-cinder-837542-8-iscsi neutron-server[118258]: DEBUG neutron_lib.callbacks.manager [None req-f75df79b-ff79-4d8c-b9bc-73be11ceedf1 admin admin] Publish callbacks ['neutron.plugins.ml2.ovo_rpc._ObjectChangeHandler.handle_event-1630550', 'neutron.api.rpc.agentnotifiers.dhcp_rpc_agent_api.DhcpAgentNotifyAPI._native_event_send_dhcp_notification-1604950'] for network (d4ac3a0a-2c56-408a-aeab-d333315fe587), after_create {{(pid=118258) _notify_loop /usr/local/lib/python3.8/dist-packages/neutron_lib/callbacks/manager.py:176}}
Aug 31 09:46:16.161339 dv-cinder-837542-8-iscsi neutron-server[118258]: DEBUG neutron.pecan_wsgi.hooks.policy_enforcement [None req-f75df79b-ff79-4d8c-b9bc-73be11ceedf1 admin admin] Attributes excluded by policy engine: ['standard_attr_id', 'vlan_transparent'] {{(pid=118258) _exclude_attributes_by_policy /opt/stack/neutron/neutron/pecan_wsgi/hooks/policy_enforcement.py:259}}
Aug 31 09:46:16.161913 dv-cinder-837542-8-iscsi neutron-server[118258]: DEBUG neutron_lib.callbacks.manager [None req-f75df79b-ff79-4d8c-b9bc-73be11ceedf1 admin admin] Publish callbacks ['neutron.api.rpc.agentnotifiers.dhcp_rpc_agent_api.DhcpAgentNotifyAPI._send_dhcp_notification-1604932'] for network (None), before_response {{(pid=118258) _notify_loop /usr/local/lib/python3.8/dist-packages/neutron_lib/callbacks/manager.py:176}}
Aug 31 09:46:16.182572 dv-cinder-837542-8-iscsi neutron-server[118258]: DEBUG neutron_lib.callbacks.manager [None req-460e6713-0cb7-4c14-ab15-fa4997b30912 admin admin] Publish callbacks ['neutron.plugins.ml2.ovo_rpc._ObjectChangeHandler.handle_event-1630550', 'neutron.api.rpc.agentnotifiers.dhcp_rpc_agent_api.DhcpAgentNotifyAPI._native_event_send_dhcp_notification-1604950'] for network (69822186-16f7-448b-8ff0-bb87c58671c7), after_create {{(pid=118258) _notify_loop /usr/local/lib/python3.8/dist-packages/neutron_lib/callbacks/manager.py:176}}
Aug 31 09:46:16.184475 dv-cinder-837542-8-iscsi neutron-server[118258]: DEBUG neutron.pecan_wsgi.hooks.policy_enforcement [None req-460e6713-0cb7-4c14-ab15-fa4997b30912 admin admin] Attributes excluded by policy engine: ['standard_attr_id', 'vlan_transparent'] {{(pid=118258) _exclude_attributes_by_policy /opt/stack/neutron/neutron/pecan_wsgi/hooks/policy_enforcement.py:259}}
Aug 31 09:46:16.185418 dv-cinder-837542-8-iscsi neutron-server[118258]: DEBUG neutron_lib.callbacks.manager [None req-460e6713-0cb7-4c14-ab15-fa4997b30912 admin admin] Publish callbacks ['neutron.api.rpc.agentnotifiers.dhcp_rpc_agent_api.DhcpAgentNotifyAPI._send_dhcp_notification-1604932'] for network (None), before_response {{(pid=118258) _notify_loop /usr/local/lib/python3.8/dist-packages/neutron_lib/callbacks/manager.py:176}}
Aug 31 09:46:16.190496 dv-cinder-837542-8-iscsi neutron-server[118260]: DEBUG neutron.plugins.ml2.db [None req-57aa933d-73d0-4a81-a99b-8a4aa36694a0 None None] For port f00797d3-7da7-4b04-aba6-a8984c372d02, host dv-cinder-837542-8-iscsi, cleared binding levels {{(pid=118260) clear_binding_levels /opt/stack/neutron/neutron/plugins/ml2/db.py:87}}
Aug 31 09:46:16.198111 dv-cinder-837542-8-iscsi neutron-server[118260]: DEBUG neutron.plugins.ml2.db [None req-57aa933d-73d0-4a81-a99b-8a4aa36694a0 None None] For port f00797d3-7da7-4b04-aba6-a8984c372d02, host dv-cinder-837542-8-iscsi, set binding levels [PortBindingLevel(driver='openvswitch',host='dv-cinder-837542-8-iscsi',level=0,port_id=f00797d3-7da7-4b04-aba6-a8984c372d02,segment=NetworkSegment(fde7142b-ebdf-4d0b-a4d5-f05146c9e09b),segment_id=fde7142b-ebdf-4d0b-a4d5-f05146c9e09b)] {{(pid=118260) set_binding_levels /opt/stack/neutron/neutron/plugins/ml2/db.py:59}}
Aug 31 09:46:16.203952 dv-cinder-837542-8-iscsi neutron-server[118258]: INFO neutron.wsgi [None req-f75df79b-ff79-4d8c-b9bc-73be11ceedf1 admin admin] 10.222.0.25 "POST /networking/v2.0/networks HTTP/1.1" status: 201 len: 883 time: 2.0552385
Aug 31 09:46:16.207105 dv-cinder-837542-8-iscsi neutron-server[118258]: DEBUG neutron.wsgi [-] (118258) accepted ('10.222.0.25', 48620) {{(pid=118258) server /usr/local/lib/python3.8/dist-packages/eventlet/wsgi.py:1004}}
Aug 31 09:46:16.211649 dv-cinder-837542-8-iscsi neutron-server[118260]: DEBUG neutron_lib.callbacks.manager [None req-57aa933d-73d0-4a81-a99b-8a4aa36694a0 None None] Publish callbacks ['neutron.plugins.ml2.plugin.SecurityGroupServerNotifierRpcMixin._notify_sg_on_port_change-543615', 'neutron.plugins.ml2.ovo_rpc._ObjectChangeHandler.handle_event-205139', 'neutron.api.rpc.agentnotifiers.dhcp_rpc_agent_api.DhcpAgentNotifyAPI._native_event_send_dhcp_notification-1604950', 'neutron.db.l3_db.L3RpcNotifierMixin._notify_gateway_port_ip_changed-8773157853314', 'neutron.db.l3_dvrscheduler_db._notify_l3_agent_port_update-8773157474362', 'neutron.db.l3_hascheduler_db._notify_l3_agent_ha_port_update-8773157474380'] for port (f00797d3-7da7-4b04-aba6-a8984c372d02), after_update {{(pid=118260) _notify_loop /usr/local/lib/python3.8/dist-packages/neutron_lib/callbacks/manager.py:176}}
Aug 31 09:46:16.212195 dv-cinder-837542-8-iscsi neutron-server[118258]: DEBUG neutron.plugins.ml2.drivers.helpers [None req-6ce940f2-bb2a-48f8-9674-29d6000e7751 admin admin] vlan segment allocate from pool success with {'vlan_id': 808, 'physical_network': 'physnet1'} {{(pid=118258) allocate_partially_specified_segment /opt/stack/neutron/neutron/plugins/ml2/drivers/helpers.py:153}}
Aug 31 09:46:16.217121 dv-cinder-837542-8-iscsi neutron-server[118258]: DEBUG neutron_lib.callbacks.manager [None req-cc34ae89-eddd-4ce7-8fc3-0cf746439793 admin admin] Publish callbacks ['neutron.plugins.ml2.ovo_rpc._ObjectChangeHandler.handle_event-1611000'] for security_group (c78f3c6d-86ab-488b-8722-37fdd85386e7), after_create {{(pid=118258) _notify_loop /usr/local/lib/python3.8/dist-packages/neutron_lib/callbacks/manager.py:176}}
Aug 31 09:46:16.236102 dv-cinder-837542-8-iscsi neutron-server[118258]: DEBUG neutron.api.v2.base [None req-ad8e4425-9401-4564-9499-316b9e49615d admin admin] Request body: {'subnet': {'network_id': 'd4ac3a0a-2c56-408a-aeab-d333315fe587', 'cidr': '172.20.0.0/28', 'name': 'tempest-AttachVolumeTestJSON-943443053-subnet', 'tenant_id': '3fd1bef8389445f0a8cfe492cbf22f8c', 'enable_dhcp': True, 'ip_version': 4}} {{(pid=118258) prepare_request_body /opt/stack/neutron/neutron/api/v2/base.py:730}}
Aug 31 09:46:16.260544 dv-cinder-837542-8-iscsi neutron-server[118258]: DEBUG dbcounter [-] [118258] Writing DB stats neutron:SELECT=64,neutron:INSERT=31,neutron:UPDATE=5 {{(pid=118258) stat_writer /usr/local/lib/python3.8/dist-packages/dbcounter.py:114}}
Aug 31 09:46:16.267242 dv-cinder-837542-8-iscsi neutron-server[118258]: DEBUG neutron.api.rpc.handlers.resources_rpc [None req-460e6713-0cb7-4c14-ab15-fa4997b30912 admin admin] Pushing event updated for resources: {'SecurityGroup': ['ID=d038eb22-989c-4a55-b8c9-351f21aaff54,revision_number=1']} {{(pid=118258) push /opt/stack/neutron/neutron/api/rpc/handlers/resources_rpc.py:237}}
Aug 31 09:46:16.274727 dv-cinder-837542-8-iscsi neutron-server[118258]: DEBUG neutron.pecan_wsgi.hooks.quota_enforcement [None req-ad8e4425-9401-4564-9499-316b9e49615d admin admin] Made reservation on behalf of 3fd1bef8389445f0a8cfe492cbf22f8c for: {'subnet': 1} {{(pid=118258) before /opt/stack/neutron/neutron/pecan_wsgi/hooks/quota_enforcement.py:53}}
Aug 31 09:46:16.278026 dv-cinder-837542-8-iscsi neutron-server[118258]: DEBUG neutron_lib.callbacks.manager [None req-ad8e4425-9401-4564-9499-316b9e49615d admin admin] Publish callbacks [] for subnet (None), before_create {{(pid=118258) _notify_loop /usr/local/lib/python3.8/dist-packages/neutron_lib/callbacks/manager.py:176}}
Aug 31 09:46:16.316039 dv-cinder-837542-8-iscsi neutron-server[118260]: DEBUG neutron.db.l3_dvrscheduler_db [None req-57aa933d-73d0-4a81-a99b-8a4aa36694a0 None None] Routers {'475849f9-4493-4a9a-a42d-e72e411bce56'} bound to L3 agent in host dv-cinder-837542-8-iscsi {{(pid=118260) _get_router_ids_for_agent /opt/stack/neutron/neutron/db/l3_dvrscheduler_db.py:422}}
Aug 31 09:46:16.316674 dv-cinder-837542-8-iscsi neutron-server[118260]: DEBUG neutron.db.l3_hamode_db [None req-57aa933d-73d0-4a81-a99b-8a4aa36694a0 None None] neutron.services.l3_router.l3_router_plugin.L3RouterPlugin method get_ha_sync_data_for_host called with arguments (, 'dv-cinder-837542-8-iscsi', Agent(admin_state_up=True,agent_type='L3 agent',availability_zone='nova',binary='neutron-l3-agent',configurations={"agent_mode": "legacy", "ex_gw_ports": 1, "extensions": [], "floating_ips": 0, "handle_internal_only_routers": true, "interface_driver": "openvswitch", "interfaces": 1, "log_agent_heartbeats": false, "routers": 1},created_at=2022-08-31T09:38:09Z,description=,heartbeat_timestamp=2022-08-31T09:46:09Z,host='dv-cinder-837542-8-iscsi',id=655363c7-e2d3-436d-85f3-3b5d59d48e7f,load=0,resource_versions=,resources_synced=,started_at=2022-08-31T09:38:09Z,topic='l3_agent')) {'router_ids': ['475849f9-4493-4a9a-a42d-e72e411bce56'], 'active': True} {{(pid=118260) wrapper /usr/local/lib/python3.8/dist-packages/oslo_log/helpers.py:65}}
Aug 31 09:46:16.321043 dv-cinder-837542-8-iscsi neutron-server[118259]: DEBUG neutron.plugins.ml2.plugin [None req-ea478068-d838-49b5-82ca-b9b8b352c95a None None] Current status of the port 2f151b56-05d0-4190-aff4-0d9c4615e3c8 is: ACTIVE; New status is: ACTIVE {{(pid=118259) _update_individual_port_db_status /opt/stack/neutron/neutron/plugins/ml2/plugin.py:2302}}
Aug 31 09:46:16.346480 dv-cinder-837542-8-iscsi neutron-server[118258]: DEBUG neutron_lib.callbacks.manager [None req-6ce940f2-bb2a-48f8-9674-29d6000e7751 admin admin] Publish callbacks ['neutron.plugins.ml2.plugin.Ml2Plugin._handle_segment_change-747380'] for segment (67289576-334e-41e5-b82c-37ba9e9a2db3), precommit_create {{(pid=118258) _notify_loop /usr/local/lib/python3.8/dist-packages/neutron_lib/callbacks/manager.py:176}}
Aug 31 09:46:16.347068 dv-cinder-837542-8-iscsi neutron-server[118257]: DEBUG neutron_lib.callbacks.manager [None req-af4c7ec1-9833-43d0-bf5f-d47ffe49f7f7 admin admin] Publish callbacks [] for port (3f6e3957-85fa-4340-9406-f09321e0841d), precommit_create {{(pid=118257) _notify_loop /usr/local/lib/python3.8/dist-packages/neutron_lib/callbacks/manager.py:176}}
Aug 31 09:46:16.347183 dv-cinder-837542-8-iscsi neutron-server[118258]: INFO neutron.db.segments_db [None req-6ce940f2-bb2a-48f8-9674-29d6000e7751 admin admin] Added segment 67289576-334e-41e5-b82c-37ba9e9a2db3 of type vlan for network 4b6d2520-ca00-45ac-9b4b-f6bfa9e50f0e
Aug 31 09:46:16.354963 dv-cinder-837542-8-iscsi neutron-server[118258]: INFO neutron.wsgi [None req-460e6713-0cb7-4c14-ab15-fa4997b30912 admin admin] 10.222.0.25 "POST /networking/v2.0/networks HTTP/1.1" status: 201 len: 890 time: 2.2610896
Aug 31 09:46:16.395130 dv-cinder-837542-8-iscsi neutron-server[118257]: DEBUG dbcounter [-] [118257] Writing DB stats neutron:SELECT=90,neutron:INSERT=7,neutron:UPDATE=3 {{(pid=118257) stat_writer /usr/local/lib/python3.8/dist-packages/dbcounter.py:114}}
Aug 31 09:46:16.396780 dv-cinder-837542-8-iscsi neutron-server[118257]: DEBUG neutron.wsgi [-] (118257) accepted ('10.222.0.25', 48628) {{(pid=118257) server /usr/local/lib/python3.8/dist-packages/eventlet/wsgi.py:1004}}
Aug 31 09:46:16.418390 dv-cinder-837542-8-iscsi neutron-server[118257]: DEBUG neutron.api.v2.base [None req-7060a8d0-b2f9-4b50-9551-9fe412d396af admin admin] Request body: {'subnet': {'network_id': '69822186-16f7-448b-8ff0-bb87c58671c7', 'cidr': '172.20.0.0/28', 'name': 'tempest-AttachVolumeShelveTestJSON-1960852780-subnet', 'tenant_id': 'd16af15e86174ab1b9344d35ffe0844d', 'enable_dhcp': True, 'ip_version': 4}} {{(pid=118257) prepare_request_body /opt/stack/neutron/neutron/api/v2/base.py:730}}
Aug 31 09:46:16.420243 dv-cinder-837542-8-iscsi neutron-server[118258]: DEBUG neutron.plugins.ml2.drivers.helpers [None req-cc34ae89-eddd-4ce7-8fc3-0cf746439793 admin admin] vlan segment allocate from pool success with {'vlan_id': 825, 'physical_network': 'physnet1'} {{(pid=118258) allocate_partially_specified_segment /opt/stack/neutron/neutron/plugins/ml2/drivers/helpers.py:153}}
Aug 31 09:46:16.432626 dv-cinder-837542-8-iscsi neutron-server[118258]: DEBUG dbcounter [-] [118258] Writing DB stats neutron:SELECT=81,neutron:INSERT=8,neutron:UPDATE=7,neutron:DELETE=4 {{(pid=118258) stat_writer /usr/local/lib/python3.8/dist-packages/dbcounter.py:114}}
Aug 31 09:46:16.442150 dv-cinder-837542-8-iscsi neutron-server[118260]: DEBUG neutron.api.rpc.handlers.resources_rpc [None req-4c935a24-d324-4122-a565-8260a59f022a None None] Pushing event updated for resources: {'Port': ['ID=f00797d3-7da7-4b04-aba6-a8984c372d02,revision_number=3']} {{(pid=118260) push /opt/stack/neutron/neutron/api/rpc/handlers/resources_rpc.py:237}}
Aug 31 09:46:16.445670 dv-cinder-837542-8-iscsi neutron-server[118257]: DEBUG neutron_lib.callbacks.manager [None req-d17c7996-21d8-4917-9d4b-1df4f9b42761 admin admin] Publish callbacks ['neutron.plugins.ml2.ovo_rpc._ObjectChangeHandler.handle_event-477277', 'neutron.api.rpc.agentnotifiers.dhcp_rpc_agent_api.DhcpAgentNotifyAPI._native_event_send_dhcp_notification-1604950'] for subnet (aac29fe9-d47e-4944-b827-3af0edc092dc), after_create {{(pid=118257) _notify_loop /usr/local/lib/python3.8/dist-packages/neutron_lib/callbacks/manager.py:176}}
Aug 31 09:46:16.458533 dv-cinder-837542-8-iscsi neutron-server[118257]: DEBUG neutron_lib.callbacks.manager [None req-af4c7ec1-9833-43d0-bf5f-d47ffe49f7f7 admin admin] Publish callbacks ['neutron.plugins.ml2.plugin.SecurityGroupServerNotifierRpcMixin._notify_sg_on_port_change-543615', 'neutron.plugins.ml2.ovo_rpc._ObjectChangeHandler.handle_event-205139', 'neutron.api.rpc.agentnotifiers.dhcp_rpc_agent_api.DhcpAgentNotifyAPI._native_event_send_dhcp_notification-1604950', 'neutron.db.l3_dvrscheduler_db._notify_l3_agent_new_port-8773157474344'] for port (3f6e3957-85fa-4340-9406-f09321e0841d), after_create {{(pid=118257) _notify_loop /usr/local/lib/python3.8/dist-packages/neutron_lib/callbacks/manager.py:176}}
Aug 31 09:46:16.465248 dv-cinder-837542-8-iscsi neutron-server[118258]: DEBUG neutron.api.rpc.handlers.resources_rpc [None req-f75df79b-ff79-4d8c-b9bc-73be11ceedf1 admin admin] Pushing event updated for resources: {'Network': ['ID=d4ac3a0a-2c56-408a-aeab-d333315fe587,revision_number=1']} {{(pid=118258) push /opt/stack/neutron/neutron/api/rpc/handlers/resources_rpc.py:237}}
Aug 31 09:46:16.473437 dv-cinder-837542-8-iscsi neutron-server[118258]: DEBUG neutron.api.rpc.handlers.resources_rpc [None req-6ce940f2-bb2a-48f8-9674-29d6000e7751 admin admin] Pushing event updated for resources: {'SecurityGroup': ['ID=9743a4ae-c67d-49f2-8353-65b69edb0a64,revision_number=1']} {{(pid=118258) push /opt/stack/neutron/neutron/api/rpc/handlers/resources_rpc.py:237}}
Aug 31 09:46:16.479940 dv-cinder-837542-8-iscsi neutron-server[118259]: DEBUG neutron.plugins.ml2.rpc [None req-ea478068-d838-49b5-82ca-b9b8b352c95a None None] Network d4ac3a0a-2c56-408a-aeab-d333315fe587 details requested by agent ovs-agent-dv-cinder-837542-8-iscsi with host dv-cinder-837542-8-iscsi {{(pid=118259) get_network_details /opt/stack/neutron/neutron/plugins/ml2/rpc.py:248}}
Aug 31 09:46:16.551118 dv-cinder-837542-8-iscsi neutron-server[118257]: DEBUG neutron.scheduler.dhcp_agent_scheduler [None req-af4c7ec1-9833-43d0-bf5f-d47ffe49f7f7 admin admin] Network 9a2fd03d-da80-43be-9a53-ef4e7f627be5 is already hosted by enough agents. {{(pid=118257) _get_dhcp_agents_hosting_network /opt/stack/neutron/neutron/scheduler/dhcp_agent_scheduler.py:275}}
Aug 31 09:46:16.586641 dv-cinder-837542-8-iscsi neutron-server[118260]: DEBUG dbcounter [-] [118260] Writing DB stats neutron:SELECT=97,neutron:UPDATE=3 {{(pid=118260) stat_writer /usr/local/lib/python3.8/dist-packages/dbcounter.py:114}}
Aug 31 09:46:16.604052 dv-cinder-837542-8-iscsi neutron-server[118258]: DEBUG neutron_lib.callbacks.manager [None req-6ce940f2-bb2a-48f8-9674-29d6000e7751 admin admin] Publish callbacks ['neutron.services.auto_allocate.db._ensure_external_network_default_value_callback-8773157492574'] for network (4b6d2520-ca00-45ac-9b4b-f6bfa9e50f0e), precommit_create {{(pid=118258) _notify_loop /usr/local/lib/python3.8/dist-packages/neutron_lib/callbacks/manager.py:176}}
Aug 31 09:46:16.632223 dv-cinder-837542-8-iscsi neutron-server[118258]: DEBUG neutron_lib.callbacks.manager [None req-cc34ae89-eddd-4ce7-8fc3-0cf746439793 admin admin] Publish callbacks ['neutron.plugins.ml2.plugin.Ml2Plugin._handle_segment_change-747380'] for segment (a88b6ab1-3c95-49cd-9b39-a2b6e2e48768), precommit_create {{(pid=118258) _notify_loop /usr/local/lib/python3.8/dist-packages/neutron_lib/callbacks/manager.py:176}}
Aug 31 09:46:16.632873 dv-cinder-837542-8-iscsi neutron-server[118258]: INFO neutron.db.segments_db [None req-cc34ae89-eddd-4ce7-8fc3-0cf746439793 admin admin] Added segment a88b6ab1-3c95-49cd-9b39-a2b6e2e48768 of type vlan for network b7ee7ccc-0c6c-4664-a1eb-32f4b3ca2837
Aug 31 09:46:16.636328 dv-cinder-837542-8-iscsi neutron-server[118257]: DEBUG neutron.scheduler.base_scheduler [None req-af4c7ec1-9833-43d0-bf5f-d47ffe49f7f7 admin admin] Resources bound (agent type, host, resource id): {{(pid=118257) schedule /opt/stack/neutron/neutron/scheduler/base_scheduler.py:57}}
Aug 31 09:46:16.640697 dv-cinder-837542-8-iscsi neutron-server[118257]: DEBUG neutron.pecan_wsgi.hooks.quota_enforcement [None req-7060a8d0-b2f9-4b50-9551-9fe412d396af admin admin] Made reservation on behalf of d16af15e86174ab1b9344d35ffe0844d for: {'subnet': 1} {{(pid=118257) before /opt/stack/neutron/neutron/pecan_wsgi/hooks/quota_enforcement.py:53}}
Aug 31 09:46:16.647435 dv-cinder-837542-8-iscsi neutron-server[118257]: DEBUG neutron_lib.callbacks.manager [None req-7060a8d0-b2f9-4b50-9551-9fe412d396af admin admin] Publish callbacks [] for subnet (None), before_create {{(pid=118257) _notify_loop /usr/local/lib/python3.8/dist-packages/neutron_lib/callbacks/manager.py:176}}
Aug 31 09:46:16.647575 dv-cinder-837542-8-iscsi neutron-server[118258]: DEBUG neutron_lib.callbacks.manager [None req-6ce940f2-bb2a-48f8-9674-29d6000e7751 admin admin] Publish callbacks ['neutron.plugins.ml2.ovo_rpc._ObjectChangeHandler.handle_event-1630550', 'neutron.api.rpc.agentnotifiers.dhcp_rpc_agent_api.DhcpAgentNotifyAPI._native_event_send_dhcp_notification-1604950'] for network (4b6d2520-ca00-45ac-9b4b-f6bfa9e50f0e), after_create {{(pid=118258) _notify_loop /usr/local/lib/python3.8/dist-packages/neutron_lib/callbacks/manager.py:176}}
Aug 31 09:46:16.648482 dv-cinder-837542-8-iscsi neutron-server[118258]: DEBUG neutron.pecan_wsgi.hooks.policy_enforcement [None req-6ce940f2-bb2a-48f8-9674-29d6000e7751 admin admin] Attributes excluded by policy engine: ['standard_attr_id', 'vlan_transparent'] {{(pid=118258) _exclude_attributes_by_policy /opt/stack/neutron/neutron/pecan_wsgi/hooks/policy_enforcement.py:259}}
Aug 31 09:46:16.649137 dv-cinder-837542-8-iscsi neutron-server[118258]: DEBUG neutron_lib.callbacks.manager [None req-6ce940f2-bb2a-48f8-9674-29d6000e7751 admin admin] Publish callbacks ['neutron.api.rpc.agentnotifiers.dhcp_rpc_agent_api.DhcpAgentNotifyAPI._send_dhcp_notification-1604932'] for network (None), before_response {{(pid=118258) _notify_loop /usr/local/lib/python3.8/dist-packages/neutron_lib/callbacks/manager.py:176}}
Aug 31 09:46:16.690387 dv-cinder-837542-8-iscsi neutron-server[118260]: DEBUG neutron.db.l3_dvr_db [None req-57aa933d-73d0-4a81-a99b-8a4aa36694a0 None None] Set router 475849f9-4493-4a9a-a42d-e72e411bce56 gateway port host: dv-cinder-837542-8-iscsi {{(pid=118260) _build_routers_list /opt/stack/neutron/neutron/db/l3_dvr_db.py:907}}
Aug 31 09:46:16.767062 dv-cinder-837542-8-iscsi neutron-server[118260]: DEBUG dbcounter [-] [118260] Writing DB stats neutron:SELECT=97,neutron:UPDATE=2,neutron:INSERT=1 {{(pid=118260) stat_writer /usr/local/lib/python3.8/dist-packages/dbcounter.py:114}}
Aug 31 09:46:16.802711 dv-cinder-837542-8-iscsi neutron-server[118258]: DEBUG neutron_lib.callbacks.manager [None req-cc34ae89-eddd-4ce7-8fc3-0cf746439793 admin admin] Publish callbacks ['neutron.services.auto_allocate.db._ensure_external_network_default_value_callback-8773157492574'] for network (b7ee7ccc-0c6c-4664-a1eb-32f4b3ca2837), precommit_create {{(pid=118258) _notify_loop /usr/local/lib/python3.8/dist-packages/neutron_lib/callbacks/manager.py:176}}
Aug 31 09:46:16.855713 dv-cinder-837542-8-iscsi neutron-server[118258]: INFO neutron.wsgi [None req-6ce940f2-bb2a-48f8-9674-29d6000e7751 admin admin] 10.222.0.25 "POST /networking/v2.0/networks HTTP/1.1" status: 201 len: 887 time: 2.7435617
Aug 31 09:46:16.857305 dv-cinder-837542-8-iscsi neutron-server[118258]: DEBUG neutron_lib.callbacks.manager [None req-cc34ae89-eddd-4ce7-8fc3-0cf746439793 admin admin] Publish callbacks ['neutron.plugins.ml2.ovo_rpc._ObjectChangeHandler.handle_event-1630550', 'neutron.api.rpc.agentnotifiers.dhcp_rpc_agent_api.DhcpAgentNotifyAPI._native_event_send_dhcp_notification-1604950'] for network (b7ee7ccc-0c6c-4664-a1eb-32f4b3ca2837), after_create {{(pid=118258) _notify_loop /usr/local/lib/python3.8/dist-packages/neutron_lib/callbacks/manager.py:176}}
Aug 31 09:46:16.858255 dv-cinder-837542-8-iscsi neutron-server[118258]: DEBUG neutron.pecan_wsgi.hooks.policy_enforcement [None req-cc34ae89-eddd-4ce7-8fc3-0cf746439793 admin admin] Attributes excluded by policy engine: ['standard_attr_id', 'vlan_transparent'] {{(pid=118258) _exclude_attributes_by_policy /opt/stack/neutron/neutron/pecan_wsgi/hooks/policy_enforcement.py:259}}
Aug 31 09:46:16.858817 dv-cinder-837542-8-iscsi neutron-server[118258]: DEBUG neutron_lib.callbacks.manager [None req-cc34ae89-eddd-4ce7-8fc3-0cf746439793 admin admin] Publish callbacks ['neutron.api.rpc.agentnotifiers.dhcp_rpc_agent_api.DhcpAgentNotifyAPI._send_dhcp_notification-1604932'] for network (None), before_response {{(pid=118258) _notify_loop /usr/local/lib/python3.8/dist-packages/neutron_lib/callbacks/manager.py:176}}
Aug 31 09:46:16.862664 dv-cinder-837542-8-iscsi neutron-server[118258]: DEBUG neutron.wsgi [-] (118258) accepted ('10.222.0.25', 48646) {{(pid=118258) server /usr/local/lib/python3.8/dist-packages/eventlet/wsgi.py:1004}}
Aug 31 09:46:16.869246 dv-cinder-837542-8-iscsi neutron-server[118258]: DEBUG neutron.api.rpc.handlers.resources_rpc [None req-460e6713-0cb7-4c14-ab15-fa4997b30912 admin admin] Pushing event updated for resources: {'Network': ['ID=69822186-16f7-448b-8ff0-bb87c58671c7,revision_number=1']} {{(pid=118258) push /opt/stack/neutron/neutron/api/rpc/handlers/resources_rpc.py:237}}
Aug 31 09:46:16.871012 dv-cinder-837542-8-iscsi neutron-server[118257]: DEBUG neutron.api.rpc.handlers.resources_rpc [None req-af4c7ec1-9833-43d0-bf5f-d47ffe49f7f7 admin admin] Pushing event updated for resources: {'Port': ['ID=3f6e3957-85fa-4340-9406-f09321e0841d,revision_number=1']} {{(pid=118257) push /opt/stack/neutron/neutron/api/rpc/handlers/resources_rpc.py:237}}
Aug 31 09:46:16.891337 dv-cinder-837542-8-iscsi neutron-server[118259]: DEBUG neutron.plugins.ml2.rpc [None req-ea478068-d838-49b5-82ca-b9b8b352c95a None None] Network 69822186-16f7-448b-8ff0-bb87c58671c7 details requested by agent ovs-agent-dv-cinder-837542-8-iscsi with host dv-cinder-837542-8-iscsi {{(pid=118259) get_network_details /opt/stack/neutron/neutron/plugins/ml2/rpc.py:248}}
Aug 31 09:46:16.901244 dv-cinder-837542-8-iscsi neutron-server[118258]: DEBUG neutron.api.v2.base [None req-0b6e4e9b-29da-450e-89e4-6bbb2e8f1473 admin admin] Request body: {'subnet': {'network_id': '4b6d2520-ca00-45ac-9b4b-f6bfa9e50f0e', 'cidr': '172.20.0.0/28', 'name': 'tempest-AttachVolumeNegativeTest-548727963-subnet', 'tenant_id': '1e3cef1ca6964f3dbae8e170ff530811', 'enable_dhcp': True, 'ip_version': 4}} {{(pid=118258) prepare_request_body /opt/stack/neutron/neutron/api/v2/base.py:730}}
Aug 31 09:46:16.954477 dv-cinder-837542-8-iscsi neutron-server[118257]: DEBUG neutron.db.l3_dvrscheduler_db [None req-af4c7ec1-9833-43d0-bf5f-d47ffe49f7f7 admin admin] Received port after_create {{(pid=118257) _notify_l3_agent_new_port /opt/stack/neutron/neutron/db/l3_dvrscheduler_db.py:538}}
Aug 31 09:46:16.955068 dv-cinder-837542-8-iscsi neutron-server[118257]: DEBUG neutron_lib.callbacks.manager [None req-af4c7ec1-9833-43d0-bf5f-d47ffe49f7f7 admin admin] Publish callbacks ['neutron.services.l3_router.l3_router_plugin.DVRResourceOperationHandler._add_csnat_on_interface_create-1654448'] for router_interface (475849f9-4493-4a9a-a42d-e72e411bce56), before_create {{(pid=118257) _notify_loop /usr/local/lib/python3.8/dist-packages/neutron_lib/callbacks/manager.py:176}}
Aug 31 09:46:16.960367 dv-cinder-837542-8-iscsi neutron-server[118257]: DEBUG neutron.api.rpc.handlers.resources_rpc [None req-d17c7996-21d8-4917-9d4b-1df4f9b42761 admin admin] Pushing event updated for resources: {'Subnet': ['ID=aac29fe9-d47e-4944-b827-3af0edc092dc,revision_number=0']} {{(pid=118257) push /opt/stack/neutron/neutron/api/rpc/handlers/resources_rpc.py:237}}
Aug 31 09:46:16.964890 dv-cinder-837542-8-iscsi neutron-server[118259]: DEBUG dbcounter [-] [118259] Writing DB stats neutron:SELECT=98,neutron:UPDATE=2 {{(pid=118259) stat_writer /usr/local/lib/python3.8/dist-packages/dbcounter.py:114}}
Aug 31 09:46:16.973328 dv-cinder-837542-8-iscsi neutron-server[118257]: DEBUG neutron_lib.callbacks.manager [None req-7060a8d0-b2f9-4b50-9551-9fe412d396af admin admin] Publish callbacks ['neutron.plugins.ml2.ovo_rpc._ObjectChangeHandler.handle_event-477277', 'neutron.api.rpc.agentnotifiers.dhcp_rpc_agent_api.DhcpAgentNotifyAPI._native_event_send_dhcp_notification-1604950'] for subnet (9eea04a7-e08c-4348-b93e-3cb5240e10cc), after_create {{(pid=118257) _notify_loop /usr/local/lib/python3.8/dist-packages/neutron_lib/callbacks/manager.py:176}}
Aug 31 09:46:16.995311 dv-cinder-837542-8-iscsi neutron-server[118259]: DEBUG neutron.db.provisioning_blocks [None req-065c2ed4-1824-4cda-81e2-b14a0512fa45 None None] Provisioning complete for port 3f6e3957-85fa-4340-9406-f09321e0841d triggered by entity DHCP. {{(pid=118259) provisioning_complete /opt/stack/neutron/neutron/db/provisioning_blocks.py:144}}
Aug 31 09:46:16.995700 dv-cinder-837542-8-iscsi neutron-server[118259]: DEBUG neutron_lib.callbacks.manager [None req-065c2ed4-1824-4cda-81e2-b14a0512fa45 None None] Publish callbacks ['neutron.plugins.ml2.plugin.Ml2Plugin._port_provisioned-747629'] for port (3f6e3957-85fa-4340-9406-f09321e0841d), provisioning_complete {{(pid=118259) _notify_loop /usr/local/lib/python3.8/dist-packages/neutron_lib/callbacks/manager.py:176}}
Aug 31 09:46:17.037119 dv-cinder-837542-8-iscsi neutron-server[118259]: DEBUG neutron.plugins.ml2.plugin [None req-065c2ed4-1824-4cda-81e2-b14a0512fa45 None None] Port 3f6e3957-85fa-4340-9406-f09321e0841d cannot update to ACTIVE because it is not bound. {{(pid=118259) _port_provisioned /opt/stack/neutron/neutron/plugins/ml2/plugin.py:348}}
Aug 31 09:46:17.065331 dv-cinder-837542-8-iscsi neutron-server[118260]: DEBUG neutron.db.l3_hamode_db [None req-57aa933d-73d0-4a81-a99b-8a4aa36694a0 None None] neutron.services.l3_router.l3_router_plugin.L3RouterPlugin method _process_sync_ha_data called with arguments (, [{'id': '475849f9-4493-4a9a-a42d-e72e411bce56', 'name': 'tempest-DeleteServersTestJSON-830159799-router', 'tenant_id': '3f3531fb48774df8a26ee722f3eb837e', 'admin_state_up': True, 'status': 'ACTIVE', 'external_gateway_info': {'network_id': '8e57669a-4b39-4b66-bd03-868df29b73d9', 'external_fixed_ips': [{'subnet_id': '6bc56673-d049-4e9d-bd71-9c186981cc91', 'ip_address': '172.27.1.42'}], 'enable_snat': True}, 'gw_port_id': 'f00797d3-7da7-4b04-aba6-a8984c372d02', 'description': '', 'availability_zones': ['nova'], 'distributed': False, 'ha': False, 'ha_vr_id': 0, 'availability_zone_hints': [], 'routes': [], 'flavor_id': None, 'tags': [], 'created_at': '2022-08-31T09:46:12Z', 'updated_at': '2022-08-31T09:46:13Z', 'revision_number': 3, 'project_id': '3f3531fb48774df8a26ee722f3eb837e', 'gw_port': {'id': 'f00797d3-7da7-4b04-aba6-a8984c372d02', 'name': '', 'network_id': '8e57669a-4b39-4b66-bd03-868df29b73d9', 'tenant_id': '', 'mac_address': 'fa:16:3e:58:9c:6e', 'admin_state_up': True, 'status': 'DOWN', 'device_id': '475849f9-4493-4a9a-a42d-e72e411bce56', 'device_owner': 'network:router_gateway', 'standard_attr_id': 41, 'fixed_ips': [{'subnet_id': '6bc56673-d049-4e9d-bd71-9c186981cc91', 'ip_address': '172.27.1.42', 'prefixlen': 24}], 'allowed_address_pairs': [], 'extra_dhcp_opts': [], 'security_groups': [], 'description': '', 'binding:vnic_type': 'normal', 'binding:profile': {}, 'binding:host_id': 'dv-cinder-837542-8-iscsi', 'binding:vif_type': 'ovs', 'binding:vif_details': {'connectivity': 'l2', 'port_filter': True, 'ovs_hybrid_plug': False, 'datapath_type': 'system', 'bridge_name': 'br-int', 'bound_drivers': {'0': 'openvswitch'}}, 'port_security_enabled': False, 'tags': [], 'created_at': '2022-08-31T09:46:13Z', 'updated_at': '2022-08-31T09:46:16Z', 'revision_number': 3, 'project_id': '', 'subnets': [{'id': '6bc56673-d049-4e9d-bd71-9c186981cc91', 'cidr': '172.27.1.0/24', 'gateway_ip': '172.27.1.1', 'dns_nameservers': [], 'ipv6_ra_mode': None, 'subnetpool_id': None}], 'extra_subnets': [], 'address_scopes': {4: None, 6: None}, 'mtu': 1500}, 'enable_snat': True, 'gw_port_host': 'dv-cinder-837542-8-iscsi'}], 'dv-cinder-837542-8-iscsi', False) {} {{(pid=118260) wrapper /usr/local/lib/python3.8/dist-packages/oslo_log/helpers.py:65}}
Aug 31 09:46:17.090722 dv-cinder-837542-8-iscsi neutron-server[118258]: DEBUG dbcounter [-] [118258] Writing DB stats neutron:SELECT=82,neutron:INSERT=11,neutron:UPDATE=3,neutron:DELETE=4 {{(pid=118258) stat_writer /usr/local/lib/python3.8/dist-packages/dbcounter.py:114}}
Aug 31 09:46:17.091972 dv-cinder-837542-8-iscsi neutron-server[118258]: DEBUG neutron.api.rpc.handlers.resources_rpc [None req-cc34ae89-eddd-4ce7-8fc3-0cf746439793 admin admin] Pushing event updated for resources: {'SecurityGroup': ['ID=c78f3c6d-86ab-488b-8722-37fdd85386e7,revision_number=1']} {{(pid=118258) push /opt/stack/neutron/neutron/api/rpc/handlers/resources_rpc.py:237}}
Aug 31 09:46:17.102353 dv-cinder-837542-8-iscsi neutron-server[118258]: DEBUG neutron_lib.callbacks.manager [None req-ad8e4425-9401-4564-9499-316b9e49615d admin admin] Publish callbacks ['neutron.plugins.ml2.ovo_rpc._ObjectChangeHandler.handle_event-477277', 'neutron.api.rpc.agentnotifiers.dhcp_rpc_agent_api.DhcpAgentNotifyAPI._native_event_send_dhcp_notification-1604950'] for subnet (ceb85dd1-00a2-448b-9cbf-3757636db994), after_create {{(pid=118258) _notify_loop /usr/local/lib/python3.8/dist-packages/neutron_lib/callbacks/manager.py:176}}
Aug 31 09:46:17.109208 dv-cinder-837542-8-iscsi neutron-server[118258]: INFO neutron.wsgi [None req-cc34ae89-eddd-4ce7-8fc3-0cf746439793 admin admin] 10.222.0.25 "POST /networking/v2.0/networks HTTP/1.1" status: 201 len: 892 time: 2.4870267
Aug 31 09:46:17.125202 dv-cinder-837542-8-iscsi neutron-server[118260]: DEBUG neutron.api.rpc.handlers.l3_rpc [None req-57aa933d-73d0-4a81-a99b-8a4aa36694a0 None None] The sync data for ids ['475849f9-4493-4a9a-a42d-e72e411bce56'] in dv-cinder-837542-8-iscsi is: [{'id': '475849f9-4493-4a9a-a42d-e72e411bce56', 'name': 'tempest-DeleteServersTestJSON-830159799-router', 'tenant_id': '3f3531fb48774df8a26ee722f3eb837e', 'admin_state_up': True, 'status': 'ACTIVE', 'external_gateway_info': {'network_id': '8e57669a-4b39-4b66-bd03-868df29b73d9', 'external_fixed_ips': [{'subnet_id': '6bc56673-d049-4e9d-bd71-9c186981cc91', 'ip_address': '172.27.1.42'}], 'enable_snat': True}, 'gw_port_id': 'f00797d3-7da7-4b04-aba6-a8984c372d02', 'description': '', 'availability_zones': ['nova'], 'distributed': False, 'ha': False, 'ha_vr_id': 0, 'availability_zone_hints': [], 'routes': [], 'flavor_id': None, 'tags': [], 'created_at': '2022-08-31T09:46:12Z', 'updated_at': '2022-08-31T09:46:13Z', 'revision_number': 3, 'project_id': '3f3531fb48774df8a26ee722f3eb837e', 'gw_port': {'id': 'f00797d3-7da7-4b04-aba6-a8984c372d02', 'name': '', 'network_id': '8e57669a-4b39-4b66-bd03-868df29b73d9', 'tenant_id': '', 'mac_address': 'fa:16:3e:58:9c:6e', 'admin_state_up': True, 'status': 'DOWN', 'device_id': '475849f9-4493-4a9a-a42d-e72e411bce56', 'device_owner': 'network:router_gateway', 'standard_attr_id': 41, 'fixed_ips': [{'subnet_id': '6bc56673-d049-4e9d-bd71-9c186981cc91', 'ip_address': '172.27.1.42', 'prefixlen': 24}], 'allowed_address_pairs': [], 'extra_dhcp_opts': [], 'security_groups': [], 'description': '', 'binding:vnic_type': 'normal', 'binding:profile': {}, 'binding:host_id': 'dv-cinder-837542-8-iscsi', 'binding:vif_type': 'ovs', 'binding:vif_details': {'connectivity': 'l2', 'port_filter': True, 'ovs_hybrid_plug': False, 'datapath_type': 'system', 'bridge_name': 'br-int', 'bound_drivers': {'0': 'openvswitch'}}, 'port_security_enabled': False, 'tags': [], 'created_at': '2022-08-31T09:46:13Z', 'updated_at': '2022-08-31T09:46:16Z', 'revision_number': 3, 'project_id': '', 'subnets': [{'id': '6bc56673-d049-4e9d-bd71-9c186981cc91', 'cidr': '172.27.1.0/24', 'gateway_ip': '172.27.1.1', 'dns_nameservers': [], 'ipv6_ra_mode': None, 'subnetpool_id': None}], 'extra_subnets': [], 'address_scopes': {4: None, 6: None}, 'mtu': 1500}, 'enable_snat': True, 'gw_port_host': 'dv-cinder-837542-8-iscsi'}] {{(pid=118260) sync_routers /opt/stack/neutron/neutron/api/rpc/handlers/l3_rpc.py:137}}
Aug 31 09:46:17.144842 dv-cinder-837542-8-iscsi neutron-server[118258]: DEBUG neutron.pecan_wsgi.hooks.quota_enforcement [None req-0b6e4e9b-29da-450e-89e4-6bbb2e8f1473 admin admin] Made reservation on behalf of 1e3cef1ca6964f3dbae8e170ff530811 for: {'subnet': 1} {{(pid=118258) before /opt/stack/neutron/neutron/pecan_wsgi/hooks/quota_enforcement.py:53}}
Aug 31 09:46:17.151649 dv-cinder-837542-8-iscsi neutron-server[118258]: DEBUG neutron_lib.callbacks.manager [None req-0b6e4e9b-29da-450e-89e4-6bbb2e8f1473 admin admin] Publish callbacks [] for subnet (None), before_create {{(pid=118258) _notify_loop /usr/local/lib/python3.8/dist-packages/neutron_lib/callbacks/manager.py:176}}
Aug 31 09:46:17.197235 dv-cinder-837542-8-iscsi neutron-server[118257]: DEBUG neutron.api.rpc.handlers.resources_rpc [None req-7060a8d0-b2f9-4b50-9551-9fe412d396af admin admin] Pushing event updated for resources: {'Subnet': ['ID=9eea04a7-e08c-4348-b93e-3cb5240e10cc,revision_number=0']} {{(pid=118257) push /opt/stack/neutron/neutron/api/rpc/handlers/resources_rpc.py:237}}
Aug 31 09:46:17.199203 dv-cinder-837542-8-iscsi neutron-server[118257]: DEBUG neutron.wsgi [-] (118257) accepted ('10.222.0.25', 48648) {{(pid=118257) server /usr/local/lib/python3.8/dist-packages/eventlet/wsgi.py:1004}}
Aug 31 09:46:17.224520 dv-cinder-837542-8-iscsi neutron-server[118257]: DEBUG neutron.api.v2.base [None req-f4b4ac42-94b7-4985-998b-20c7b33f880d admin admin] Request body: {'subnet': {'network_id': 'b7ee7ccc-0c6c-4664-a1eb-32f4b3ca2837', 'cidr': '172.20.0.0/28', 'name': 'tempest-ServerRescueNegativeTestJSON-1083526737-subnet', 'tenant_id': '089a845bce2542969b7e6f013b28d928', 'enable_dhcp': True, 'ip_version': 4}} {{(pid=118257) prepare_request_body /opt/stack/neutron/neutron/api/v2/base.py:730}}
Aug 31 09:46:17.294385 dv-cinder-837542-8-iscsi neutron-server[118258]: DEBUG neutron.api.rpc.handlers.resources_rpc [None req-6ce940f2-bb2a-48f8-9674-29d6000e7751 admin admin] Pushing event updated for resources: {'Network': ['ID=4b6d2520-ca00-45ac-9b4b-f6bfa9e50f0e,revision_number=1']} {{(pid=118258) push /opt/stack/neutron/neutron/api/rpc/handlers/resources_rpc.py:237}}
Aug 31 09:46:17.306939 dv-cinder-837542-8-iscsi neutron-server[118259]: DEBUG neutron.plugins.ml2.rpc [None req-ea478068-d838-49b5-82ca-b9b8b352c95a None None] Network 4b6d2520-ca00-45ac-9b4b-f6bfa9e50f0e details requested by agent ovs-agent-dv-cinder-837542-8-iscsi with host dv-cinder-837542-8-iscsi {{(pid=118259) get_network_details /opt/stack/neutron/neutron/plugins/ml2/rpc.py:248}}
Aug 31 09:46:17.373022 dv-cinder-837542-8-iscsi neutron-server[118257]: DEBUG neutron.plugins.ml2.drivers.mech_agent [None req-d17c7996-21d8-4917-9d4b-1df4f9b42761 admin admin] Checking segment: {'id': 'afe0aba8-a7e8-44cd-b03c-6bad1922bcb1', 'network_type': 'vlan', 'physical_network': 'physnet1', 'segmentation_id': 807, 'network_id': '6cd4f001-c3fa-441f-9c01-84d0d6c160af'} for mappings: {'physnet1': 'br-data'} with network types: ['local', 'flat', 'vlan'] {{(pid=118257) check_segment_for_agent /opt/stack/neutron/neutron/plugins/ml2/drivers/mech_agent.py:373}}
