Jul 18 16:32:40.064856 dv-cinder-837542-6-smb devstack@c-api.service[110817]: DEBUG cinder.volume.api [None req-f3fcc69f-ceb7-47e3-a87a-881f1a8e75ef tempest-VolumeQuotasNegativeTestJSON-1432937857 tempest-VolumeQuotasNegativeTestJSON-1432937857-project] Task 'cinder.volume.flows.api.create_volume.QuotaCommitTask;volume:create' (e2d7751d-f4f0-4834-8d7d-b1426e57f63e) transitioned into state 'SUCCESS' from state 'RUNNING' with result '{'volume_properties': VolumeProperties(attach_status='detached',availability_zone='nova',cgsnapshot_id=None,consistencygroup_id=None,display_description=None,display_name='tempest-VolumeQuotasNegativeTestJSON-Volume-203411726',encryption_key_id=None,group_id=None,group_type_id=,metadata={},multiattach=False,project_id='241c84927852472893561b0e0fb51c32',qos_specs=None,replication_status=,reservations=['8bca8241-69be-4dad-bf54-efa9420f4fe3','b607a453-bd94-461c-ace5-6c24a1c50774','d334218c-1c2a-4ee4-bbd3-8d28a41ff92f','b96fcf45-a510-497c-97bb-b87cfc36a9a1'],size=1,snapshot_id=None,source_replicaid=,source_volid=None,status='creating',user_id='fa6046416d1140108e3f1cac00b7a1f3',volume_type_id=8a7b61c7-4445-46d6-8163-b155ca75cb59)}' {{(pid=110817) _task_receiver /usr/local/lib/python3.8/dist-packages/taskflow/listeners/logging.py:178}}
Jul 18 16:32:40.066046 dv-cinder-837542-6-smb devstack@c-api.service[110816]: INFO cinder.volume.api [None req-73509a4c-9a25-4afe-a673-332d398e0371 tempest-GroupsTest-1411420820 tempest-GroupsTest-1411420820-project] Get all volumes completed successfully.
Jul 18 16:32:40.067364 dv-cinder-837542-6-smb devstack@c-api.service[110817]: DEBUG cinder.volume.api [None req-f3fcc69f-ceb7-47e3-a87a-881f1a8e75ef tempest-VolumeQuotasNegativeTestJSON-1432937857 tempest-VolumeQuotasNegativeTestJSON-1432937857-project] Task 'cinder.volume.flows.api.create_volume.VolumeCastTask;volume:create' (025e5b73-30d5-41ce-b21f-95a9ede73983) transitioned into state 'RUNNING' from state 'PENDING' {{(pid=110817) _task_receiver /usr/local/lib/python3.8/dist-packages/taskflow/listeners/logging.py:190}}
Jul 18 16:32:40.071552 dv-cinder-837542-6-smb devstack@c-api.service[110816]: INFO cinder.api.openstack.wsgi [None req-73509a4c-9a25-4afe-a673-332d398e0371 tempest-GroupsTest-1411420820 tempest-GroupsTest-1411420820-project] http://10.222.0.50/volume/v3/79ed1f9820e64cb6950049ba960a5e90/volumes/detail returned with HTTP 200
Jul 18 16:32:40.073272 dv-cinder-837542-6-smb devstack@c-api.service[110816]: [pid: 110816|app: 0|req: 138/242] 10.222.0.50 () {60 vars in 1275 bytes} [Mon Jul 18 16:32:39 2022] GET /volume/v3/79ed1f9820e64cb6950049ba960a5e90/volumes/detail => generated 15 bytes in 115 msecs (HTTP/1.1 200) 7 headers in 285 bytes (1 switches on core 0)
Jul 18 16:32:40.075179 dv-cinder-837542-6-smb devstack@c-api.service[110816]: DEBUG cinder.api.middleware.request_id [None req-6a32d152-d1d2-4f78-90cb-a07c8e6c3e0c None None] RequestId filter calling following filter/app {{(pid=110816) _context_setter /opt/stack/cinder/cinder/api/middleware/request_id.py:62}}
Jul 18 16:32:40.088634 dv-cinder-837542-6-smb devstack@c-api.service[110816]: INFO cinder.api.openstack.wsgi [None req-6a32d152-d1d2-4f78-90cb-a07c8e6c3e0c tempest-SnapshotsActionsTest-1135148582 tempest-SnapshotsActionsTest-1135148582-project-admin] POST http://10.222.0.50/volume/v3/ca91703338ba413fa5dcb425363174ee/snapshots/2741d9a9-c4c2-4aad-9e19-8c106cd73348/action
Jul 18 16:32:40.090653 dv-cinder-837542-6-smb devstack@c-api.service[110816]: DEBUG cinder.api.openstack.wsgi [None req-6a32d152-d1d2-4f78-90cb-a07c8e6c3e0c tempest-SnapshotsActionsTest-1135148582 tempest-SnapshotsActionsTest-1135148582-project-admin] Action body: b'{"os-reset_status": {"status": "available"}}' {{(pid=110816) get_method /opt/stack/cinder/cinder/api/openstack/wsgi.py:983}}
Jul 18 16:32:40.091042 dv-cinder-837542-6-smb devstack@c-api.service[110816]: DEBUG cinder.api.openstack.wsgi [None req-6a32d152-d1d2-4f78-90cb-a07c8e6c3e0c tempest-SnapshotsActionsTest-1135148582 tempest-SnapshotsActionsTest-1135148582-project-admin] Action: 'action', calling method: _reset_status, body: {"os-reset_status": {"status": "available"}} {{(pid=110816) _process_stack /opt/stack/cinder/cinder/api/openstack/wsgi.py:866}}
Jul 18 16:32:40.091938 dv-cinder-837542-6-smb devstack@c-api.service[110816]: DEBUG cinder.api.contrib.admin_actions [None req-6a32d152-d1d2-4f78-90cb-a07c8e6c3e0c tempest-SnapshotsActionsTest-1135148582 tempest-SnapshotsActionsTest-1135148582-project-admin] Updating snapshot '2741d9a9-c4c2-4aad-9e19-8c106cd73348' with '{'status': 'available'}' {{(pid=110816) _reset_status /opt/stack/cinder/cinder/api/contrib/admin_actions.py:100}}
Jul 18 16:32:40.098402 dv-cinder-837542-6-smb devstack@c-api.service[110817]: DEBUG cinder.volume.api [None req-f3fcc69f-ceb7-47e3-a87a-881f1a8e75ef tempest-VolumeQuotasNegativeTestJSON-1432937857 tempest-VolumeQuotasNegativeTestJSON-1432937857-project] Task 'cinder.volume.flows.api.create_volume.VolumeCastTask;volume:create' (025e5b73-30d5-41ce-b21f-95a9ede73983) transitioned into state 'SUCCESS' from state 'RUNNING' with result 'None' {{(pid=110817) _task_receiver /usr/local/lib/python3.8/dist-packages/taskflow/listeners/logging.py:178}}
Jul 18 16:32:40.101269 dv-cinder-837542-6-smb devstack@c-api.service[110817]: DEBUG cinder.volume.api [None req-f3fcc69f-ceb7-47e3-a87a-881f1a8e75ef tempest-VolumeQuotasNegativeTestJSON-1432937857 tempest-VolumeQuotasNegativeTestJSON-1432937857-project] Flow 'volume_create_api' (49cd3cff-3b8e-4979-a2cd-bebd6586affd) transitioned into state 'SUCCESS' from state 'RUNNING' {{(pid=110817) _flow_receiver /usr/local/lib/python3.8/dist-packages/taskflow/listeners/logging.py:141}}
Jul 18 16:32:40.102124 dv-cinder-837542-6-smb devstack@c-api.service[110817]: INFO cinder.volume.api [None req-f3fcc69f-ceb7-47e3-a87a-881f1a8e75ef tempest-VolumeQuotasNegativeTestJSON-1432937857 tempest-VolumeQuotasNegativeTestJSON-1432937857-project] Create volume request issued successfully.
Jul 18 16:32:40.103431 dv-cinder-837542-6-smb devstack@c-api.service[110817]: INFO cinder.api.openstack.wsgi [None req-f3fcc69f-ceb7-47e3-a87a-881f1a8e75ef tempest-VolumeQuotasNegativeTestJSON-1432937857 tempest-VolumeQuotasNegativeTestJSON-1432937857-project] http://10.222.0.50/volume/v3/241c84927852472893561b0e0fb51c32/volumes returned with HTTP 202
Jul 18 16:32:40.114768 dv-cinder-837542-6-smb devstack@c-api.service[110817]: [pid: 110817|app: 0|req: 105/243] 10.222.0.50 () {60 vars in 1234 bytes} [Mon Jul 18 16:32:39 2022] POST /volume/v3/241c84927852472893561b0e0fb51c32/volumes => generated 827 bytes in 476 msecs (HTTP/1.1 202) 7 headers in 291 bytes (1 switches on core 0)
Jul 18 16:32:40.116512 dv-cinder-837542-6-smb devstack@c-api.service[110817]: DEBUG cinder.api.middleware.request_id [None req-5500b1a9-228a-4763-9477-b35e8034a78a None None] RequestId filter calling following filter/app {{(pid=110817) _context_setter /opt/stack/cinder/cinder/api/middleware/request_id.py:62}}
Jul 18 16:32:40.122338 dv-cinder-837542-6-smb devstack@c-api.service[110817]: INFO cinder.api.openstack.wsgi [None req-5500b1a9-228a-4763-9477-b35e8034a78a tempest-GroupsV320Test-1427566414 tempest-GroupsV320Test-1427566414-project-admin] POST http://10.222.0.50/volume/v3/7563d1255d104cb5aa17a29b69fa7f33/groups/5f27f7ed-03ba-4e24-b263-2683f1f4c52a/action
Jul 18 16:32:40.123124 dv-cinder-837542-6-smb devstack@c-api.service[110817]: DEBUG cinder.api.openstack.wsgi [None req-5500b1a9-228a-4763-9477-b35e8034a78a tempest-GroupsV320Test-1427566414 tempest-GroupsV320Test-1427566414-project-admin] Action body: b'{"reset_status": {"status": "available"}}' {{(pid=110817) get_method /opt/stack/cinder/cinder/api/openstack/wsgi.py:983}}
Jul 18 16:32:40.123446 dv-cinder-837542-6-smb devstack@c-api.service[110817]: DEBUG cinder.api.openstack.wsgi [None req-5500b1a9-228a-4763-9477-b35e8034a78a tempest-GroupsV320Test-1427566414 tempest-GroupsV320Test-1427566414-project-admin] Action: 'action', calling method: reset_status, body: {"reset_status": {"status": "available"}} {{(pid=110817) _process_stack /opt/stack/cinder/cinder/api/openstack/wsgi.py:866}}
Jul 18 16:32:40.124564 dv-cinder-837542-6-smb devstack@c-api.service[110817]: DEBUG cinder.api.v3.groups [None req-5500b1a9-228a-4763-9477-b35e8034a78a tempest-GroupsV320Test-1427566414 tempest-GroupsV320Test-1427566414-project-admin] Updating group '5f27f7ed-03ba-4e24-b263-2683f1f4c52a' with 'available' {{(pid=110817) _reset_status /opt/stack/cinder/cinder/api/v3/groups.py:82}}
Jul 18 16:32:40.131681 dv-cinder-837542-6-smb devstack@c-api.service[110817]: /usr/local/lib/python3.8/dist-packages/oslo_context/context.py:100: DeprecationWarning: Policy enforcement is depending on the value of is_admin. This key is deprecated. Please update your policy file to use the standard policy values.
Jul 18 16:32:40.131681 dv-cinder-837542-6-smb devstack@c-api.service[110817]: warnings.warn('Policy enforcement is depending on the value of '
Jul 18 16:32:40.145157 dv-cinder-837542-6-smb devstack@c-api.service[110817]: INFO cinder.api.openstack.wsgi [None req-5500b1a9-228a-4763-9477-b35e8034a78a tempest-GroupsV320Test-1427566414 tempest-GroupsV320Test-1427566414-project-admin] http://10.222.0.50/volume/v3/7563d1255d104cb5aa17a29b69fa7f33/groups/5f27f7ed-03ba-4e24-b263-2683f1f4c52a/action returned with HTTP 202
Jul 18 16:32:40.150021 dv-cinder-837542-6-smb devstack@c-api.service[110817]: [pid: 110817|app: 0|req: 106/244] 10.222.0.50 () {62 vars in 1404 bytes} [Mon Jul 18 16:32:40 2022] POST /volume/v3/7563d1255d104cb5aa17a29b69fa7f33/groups/5f27f7ed-03ba-4e24-b263-2683f1f4c52a/action => generated 0 bytes in 34 msecs (HTTP/1.1 202) 6 headers in 234 bytes (1 switches on core 0)
Jul 18 16:32:40.152019 dv-cinder-837542-6-smb devstack@c-api.service[110817]: DEBUG cinder.api.middleware.request_id [None req-30ec1bda-cc1d-42a6-8f6d-c0ca857df503 None None] RequestId filter calling following filter/app {{(pid=110817) _context_setter /opt/stack/cinder/cinder/api/middleware/request_id.py:62}}
Jul 18 16:32:40.153235 dv-cinder-837542-6-smb devstack@c-api.service[110816]: /usr/local/lib/python3.8/dist-packages/oslo_context/context.py:100: DeprecationWarning: Policy enforcement is depending on the value of is_admin. This key is deprecated. Please update your policy file to use the standard policy values.
Jul 18 16:32:40.153235 dv-cinder-837542-6-smb devstack@c-api.service[110816]: warnings.warn('Policy enforcement is depending on the value of '
Jul 18 16:32:40.156459 dv-cinder-837542-6-smb devstack@c-api.service[110817]: INFO cinder.api.openstack.wsgi [None req-30ec1bda-cc1d-42a6-8f6d-c0ca857df503 tempest-UserMessagesTest-1780415804 tempest-UserMessagesTest-1780415804-project-admin] DELETE http://10.222.0.50/volume/v3/7ab137372d034a8d8619f9b5e32e28d4/types/2e41b80c-6864-4083-aee7-4e38e96822f6
Jul 18 16:32:40.156919 dv-cinder-837542-6-smb devstack@c-api.service[110817]: DEBUG cinder.api.openstack.wsgi [None req-30ec1bda-cc1d-42a6-8f6d-c0ca857df503 tempest-UserMessagesTest-1780415804 tempest-UserMessagesTest-1780415804-project-admin] Empty body provided in request {{(pid=110817) get_body /opt/stack/cinder/cinder/api/openstack/wsgi.py:715}}
Jul 18 16:32:40.157527 dv-cinder-837542-6-smb devstack@c-api.service[110817]: DEBUG cinder.api.openstack.wsgi [None req-30ec1bda-cc1d-42a6-8f6d-c0ca857df503 tempest-UserMessagesTest-1780415804 tempest-UserMessagesTest-1780415804-project-admin] Calling method '_delete' {{(pid=110817) _process_stack /opt/stack/cinder/cinder/api/openstack/wsgi.py:868}}
Jul 18 16:32:40.180936 dv-cinder-837542-6-smb devstack@c-api.service[110817]: DEBUG dbcounter [-] [110817] Writing DB stats cinder:SELECT=74,cinder:UPDATE=15,cinder:DELETE=1,cinder:INSERT=10 {{(pid=110817) stat_writer /usr/local/lib/python3.8/dist-packages/dbcounter.py:114}}
Jul 18 16:32:40.214652 dv-cinder-837542-6-smb devstack@c-api.service[110816]: INFO cinder.api.openstack.wsgi [None req-6a32d152-d1d2-4f78-90cb-a07c8e6c3e0c tempest-SnapshotsActionsTest-1135148582 tempest-SnapshotsActionsTest-1135148582-project-admin] http://10.222.0.50/volume/v3/ca91703338ba413fa5dcb425363174ee/snapshots/2741d9a9-c4c2-4aad-9e19-8c106cd73348/action returned with HTTP 202
Jul 18 16:32:40.219545 dv-cinder-837542-6-smb devstack@c-api.service[110816]: [pid: 110816|app: 0|req: 139/245] 10.222.0.50 () {60 vars in 1372 bytes} [Mon Jul 18 16:32:40 2022] POST /volume/v3/ca91703338ba413fa5dcb425363174ee/snapshots/2741d9a9-c4c2-4aad-9e19-8c106cd73348/action => generated 0 bytes in 145 msecs (HTTP/1.1 202) 7 headers in 289 bytes (1 switches on core 0)
Jul 18 16:32:40.220853 dv-cinder-837542-6-smb devstack@c-api.service[110816]: DEBUG cinder.api.middleware.request_id [None req-aeb9ccdf-41c0-4371-916e-1628e5c92541 None None] RequestId filter calling following filter/app {{(pid=110816) _context_setter /opt/stack/cinder/cinder/api/middleware/request_id.py:62}}
Jul 18 16:32:40.227066 dv-cinder-837542-6-smb devstack@c-api.service[110816]: INFO cinder.api.openstack.wsgi [None req-aeb9ccdf-41c0-4371-916e-1628e5c92541 tempest-GroupsTest-1411420820 tempest-GroupsTest-1411420820-project] POST http://10.222.0.50/volume/v3/79ed1f9820e64cb6950049ba960a5e90/groups/cbef47f1-1173-438b-9678-269f42a0c66d/action
Jul 18 16:32:40.227850 dv-cinder-837542-6-smb devstack@c-api.service[110816]: DEBUG cinder.api.openstack.wsgi [None req-aeb9ccdf-41c0-4371-916e-1628e5c92541 tempest-GroupsTest-1411420820 tempest-GroupsTest-1411420820-project] Action body: b'{"delete": {"delete-volumes": true}}' {{(pid=110816) get_method /opt/stack/cinder/cinder/api/openstack/wsgi.py:983}}
Jul 18 16:32:40.228241 dv-cinder-837542-6-smb devstack@c-api.service[110816]: DEBUG cinder.api.openstack.wsgi [None req-aeb9ccdf-41c0-4371-916e-1628e5c92541 tempest-GroupsTest-1411420820 tempest-GroupsTest-1411420820-project] Action: 'action', calling method: delete_group, body: {"delete": {"delete-volumes": true}} {{(pid=110816) _process_stack /opt/stack/cinder/cinder/api/openstack/wsgi.py:866}}
Jul 18 16:32:40.233642 dv-cinder-837542-6-smb devstack@c-api.service[110816]: DEBUG cinder.api.v3.groups [None req-aeb9ccdf-41c0-4371-916e-1628e5c92541 tempest-GroupsTest-1411420820 tempest-GroupsTest-1411420820-project] delete called for group cbef47f1-1173-438b-9678-269f42a0c66d {{(pid=110816) _delete /opt/stack/cinder/cinder/api/v3/groups.py:117}}
Jul 18 16:32:40.233972 dv-cinder-837542-6-smb devstack@c-api.service[110816]: INFO cinder.api.v3.groups [None req-aeb9ccdf-41c0-4371-916e-1628e5c92541 tempest-GroupsTest-1411420820 tempest-GroupsTest-1411420820-project] Delete group with id: cbef47f1-1173-438b-9678-269f42a0c66d
Jul 18 16:32:40.250654 dv-cinder-837542-6-smb devstack@c-api.service[110816]: INFO cinder.api.openstack.wsgi [None req-aeb9ccdf-41c0-4371-916e-1628e5c92541 tempest-GroupsTest-1411420820 tempest-GroupsTest-1411420820-project] http://10.222.0.50/volume/v3/79ed1f9820e64cb6950049ba960a5e90/groups/cbef47f1-1173-438b-9678-269f42a0c66d/action returned with HTTP 404
Jul 18 16:32:40.254456 dv-cinder-837542-6-smb devstack@c-api.service[110817]: INFO cinder.api.openstack.wsgi [None req-30ec1bda-cc1d-42a6-8f6d-c0ca857df503 tempest-UserMessagesTest-1780415804 tempest-UserMessagesTest-1780415804-project-admin] http://10.222.0.50/volume/v3/7ab137372d034a8d8619f9b5e32e28d4/types/2e41b80c-6864-4083-aee7-4e38e96822f6 returned with HTTP 202
Jul 18 16:32:40.255334 dv-cinder-837542-6-smb devstack@c-api.service[110817]: [pid: 110817|app: 0|req: 107/247] 10.222.0.50 () {58 vars in 1321 bytes} [Mon Jul 18 16:32:40 2022] DELETE /volume/v3/7ab137372d034a8d8619f9b5e32e28d4/types/2e41b80c-6864-4083-aee7-4e38e96822f6 => generated 0 bytes in 105 msecs (HTTP/1.1 202) 6 headers in 233 bytes (1 switches on core 0)
Jul 18 16:32:40.257460 dv-cinder-837542-6-smb devstack@c-api.service[110817]: DEBUG cinder.api.middleware.request_id [None req-6c648a17-7d13-4af3-81bf-73037ecf4e68 None None] RequestId filter calling following filter/app {{(pid=110817) _context_setter /opt/stack/cinder/cinder/api/middleware/request_id.py:62}}
Jul 18 16:32:40.258509 dv-cinder-837542-6-smb devstack@c-api.service[110816]: [pid: 110816|app: 0|req: 140/247] 10.222.0.50 () {62 vars in 1404 bytes} [Mon Jul 18 16:32:40 2022] POST /volume/v3/79ed1f9820e64cb6950049ba960a5e90/groups/cbef47f1-1173-438b-9678-269f42a0c66d/action => generated 108 bytes in 35 msecs (HTTP/1.1 404) 7 headers in 293 bytes (1 switches on core 0)
Jul 18 16:32:40.260259 dv-cinder-837542-6-smb devstack@c-api.service[110816]: DEBUG cinder.api.middleware.request_id [None req-ecda3199-4885-41ce-bc1e-8c6b3f012a76 None None] RequestId filter calling following filter/app {{(pid=110816) _context_setter /opt/stack/cinder/cinder/api/middleware/request_id.py:62}}
Jul 18 16:32:40.267194 dv-cinder-837542-6-smb devstack@c-api.service[110817]: INFO cinder.api.openstack.wsgi [None req-6c648a17-7d13-4af3-81bf-73037ecf4e68 tempest-VolumeQuotasNegativeTestJSON-1432937857 tempest-VolumeQuotasNegativeTestJSON-1432937857-project] GET http://10.222.0.50/volume/v3/241c84927852472893561b0e0fb51c32/volumes/88b3ee65-53d6-45e0-8361-92ed8d1add5d
Jul 18 16:32:40.268739 dv-cinder-837542-6-smb devstack@c-api.service[110817]: DEBUG cinder.api.openstack.wsgi [None req-6c648a17-7d13-4af3-81bf-73037ecf4e68 tempest-VolumeQuotasNegativeTestJSON-1432937857 tempest-VolumeQuotasNegativeTestJSON-1432937857-project] Empty body provided in request {{(pid=110817) get_body /opt/stack/cinder/cinder/api/openstack/wsgi.py:715}}
Jul 18 16:32:40.270213 dv-cinder-837542-6-smb devstack@c-api.service[110817]: DEBUG cinder.api.openstack.wsgi [None req-6c648a17-7d13-4af3-81bf-73037ecf4e68 tempest-VolumeQuotasNegativeTestJSON-1432937857 tempest-VolumeQuotasNegativeTestJSON-1432937857-project] Calling method 'show' {{(pid=110817) _process_stack /opt/stack/cinder/cinder/api/openstack/wsgi.py:868}}
Jul 18 16:32:40.281730 dv-cinder-837542-6-smb devstack@c-api.service[110816]: INFO cinder.api.openstack.wsgi [None req-ecda3199-4885-41ce-bc1e-8c6b3f012a76 tempest-GroupsV320Test-179959531 tempest-GroupsV320Test-179959531-project] GET http://10.222.0.50/volume/v3/8d165a2008f6498d9fca646792b395f9/groups/5f27f7ed-03ba-4e24-b263-2683f1f4c52a
Jul 18 16:32:40.283542 dv-cinder-837542-6-smb devstack@c-api.service[110816]: DEBUG cinder.api.openstack.wsgi [None req-ecda3199-4885-41ce-bc1e-8c6b3f012a76 tempest-GroupsV320Test-179959531 tempest-GroupsV320Test-179959531-project] Empty body provided in request {{(pid=110816) get_body /opt/stack/cinder/cinder/api/openstack/wsgi.py:715}}
Jul 18 16:32:40.284471 dv-cinder-837542-6-smb devstack@c-api.service[110816]: DEBUG cinder.api.openstack.wsgi [None req-ecda3199-4885-41ce-bc1e-8c6b3f012a76 tempest-GroupsV320Test-179959531 tempest-GroupsV320Test-179959531-project] Calling method 'version_select' {{(pid=110816) _process_stack /opt/stack/cinder/cinder/api/openstack/wsgi.py:868}}
Jul 18 16:32:40.284821 dv-cinder-837542-6-smb devstack@c-api.service[110816]: DEBUG cinder.api.v3.groups [None req-ecda3199-4885-41ce-bc1e-8c6b3f012a76 tempest-GroupsV320Test-179959531 tempest-GroupsV320Test-179959531-project] show called for member 5f27f7ed-03ba-4e24-b263-2683f1f4c52a {{(pid=110816) show /opt/stack/cinder/cinder/api/v3/groups.py:58}}
Jul 18 16:32:40.306190 dv-cinder-837542-6-smb devstack@c-api.service[110817]: /usr/local/lib/python3.8/dist-packages/oslo_context/context.py:100: DeprecationWarning: Policy enforcement is depending on the value of is_admin. This key is deprecated. Please update your policy file to use the standard policy values.
Jul 18 16:32:40.306190 dv-cinder-837542-6-smb devstack@c-api.service[110817]: warnings.warn('Policy enforcement is depending on the value of '
Jul 18 16:32:40.307330 dv-cinder-837542-6-smb devstack@c-api.service[110816]: /usr/local/lib/python3.8/dist-packages/oslo_context/context.py:100: DeprecationWarning: Policy enforcement is depending on the value of is_admin. This key is deprecated. Please update your policy file to use the standard policy values.
Jul 18 16:32:40.307330 dv-cinder-837542-6-smb devstack@c-api.service[110816]: warnings.warn('Policy enforcement is depending on the value of '
Jul 18 16:32:40.313552 dv-cinder-837542-6-smb devstack@c-api.service[110817]: INFO cinder.volume.api [None req-6c648a17-7d13-4af3-81bf-73037ecf4e68 tempest-VolumeQuotasNegativeTestJSON-1432937857 tempest-VolumeQuotasNegativeTestJSON-1432937857-project] Volume info retrieved successfully.
Jul 18 16:32:40.334370 dv-cinder-837542-6-smb devstack@c-api.service[110816]: INFO cinder.api.openstack.wsgi [None req-ecda3199-4885-41ce-bc1e-8c6b3f012a76 tempest-GroupsV320Test-179959531 tempest-GroupsV320Test-179959531-project] http://10.222.0.50/volume/v3/8d165a2008f6498d9fca646792b395f9/groups/5f27f7ed-03ba-4e24-b263-2683f1f4c52a returned with HTTP 200
Jul 18 16:32:40.337085 dv-cinder-837542-6-smb devstack@c-api.service[110817]: INFO cinder.api.openstack.wsgi [None req-6c648a17-7d13-4af3-81bf-73037ecf4e68 tempest-VolumeQuotasNegativeTestJSON-1432937857 tempest-VolumeQuotasNegativeTestJSON-1432937857-project] http://10.222.0.50/volume/v3/241c84927852472893561b0e0fb51c32/volumes/88b3ee65-53d6-45e0-8361-92ed8d1add5d returned with HTTP 200
Jul 18 16:32:40.347398 dv-cinder-837542-6-smb devstack@c-api.service[110817]: [pid: 110817|app: 0|req: 108/248] 10.222.0.50 () {58 vars in 1324 bytes} [Mon Jul 18 16:32:40 2022] GET /volume/v3/241c84927852472893561b0e0fb51c32/volumes/88b3ee65-53d6-45e0-8361-92ed8d1add5d => generated 919 bytes in 82 msecs (HTTP/1.1 200) 7 headers in 285 bytes (1 switches on core 0)
Jul 18 16:32:40.347398 dv-cinder-837542-6-smb devstack@c-api.service[110817]: DEBUG cinder.api.middleware.request_id [None req-36f859c5-554e-44f1-8dae-e3dd25061719 None None] RequestId filter calling following filter/app {{(pid=110817) _context_setter /opt/stack/cinder/cinder/api/middleware/request_id.py:62}}
Jul 18 16:32:40.347682 dv-cinder-837542-6-smb devstack@c-api.service[110816]: [pid: 110816|app: 0|req: 141/249] 10.222.0.50 () {60 vars in 1362 bytes} [Mon Jul 18 16:32:40 2022] GET /volume/v3/8d165a2008f6498d9fca646792b395f9/groups/5f27f7ed-03ba-4e24-b263-2683f1f4c52a => generated 389 bytes in 84 msecs (HTTP/1.1 200) 7 headers in 286 bytes (1 switches on core 0)
Jul 18 16:32:40.347761 dv-cinder-837542-6-smb devstack@c-api.service[110817]: INFO cinder.api.openstack.wsgi [None req-36f859c5-554e-44f1-8dae-e3dd25061719 tempest-SnapshotsActionsTest-1644122897 tempest-SnapshotsActionsTest-1644122897-project] GET http://10.222.0.50/volume/v3/ba76415408b449edaa64e1c83da39ec9/snapshots/2741d9a9-c4c2-4aad-9e19-8c106cd73348
Jul 18 16:32:40.347761 dv-cinder-837542-6-smb devstack@c-api.service[110817]: DEBUG cinder.api.openstack.wsgi [None req-36f859c5-554e-44f1-8dae-e3dd25061719 tempest-SnapshotsActionsTest-1644122897 tempest-SnapshotsActionsTest-1644122897-project] Empty body provided in request {{(pid=110817) get_body /opt/stack/cinder/cinder/api/openstack/wsgi.py:715}}
Jul 18 16:32:40.347761 dv-cinder-837542-6-smb devstack@c-api.service[110817]: DEBUG cinder.api.openstack.wsgi [None req-36f859c5-554e-44f1-8dae-e3dd25061719 tempest-SnapshotsActionsTest-1644122897 tempest-SnapshotsActionsTest-1644122897-project] Calling method 'show' {{(pid=110817) _process_stack /opt/stack/cinder/cinder/api/openstack/wsgi.py:868}}
Jul 18 16:32:40.347942 dv-cinder-837542-6-smb devstack@c-api.service[110816]: DEBUG cinder.api.middleware.request_id [None req-bf951466-f55d-4e00-a5ac-d131bce28cef None None] RequestId filter calling following filter/app {{(pid=110816) _context_setter /opt/stack/cinder/cinder/api/middleware/request_id.py:62}}
Jul 18 16:32:40.355484 dv-cinder-837542-6-smb devstack@c-api.service[110817]: /usr/local/lib/python3.8/dist-packages/oslo_context/context.py:100: DeprecationWarning: Policy enforcement is depending on the value of is_admin. This key is deprecated. Please update your policy file to use the standard policy values.
Jul 18 16:32:40.355484 dv-cinder-837542-6-smb devstack@c-api.service[110817]: warnings.warn('Policy enforcement is depending on the value of '
Jul 18 16:32:40.356596 dv-cinder-837542-6-smb devstack@c-api.service[110817]: INFO cinder.volume.api [None req-36f859c5-554e-44f1-8dae-e3dd25061719 tempest-SnapshotsActionsTest-1644122897 tempest-SnapshotsActionsTest-1644122897-project] Snapshot retrieved successfully.
Jul 18 16:32:40.358472 dv-cinder-837542-6-smb devstack@c-api.service[110817]: INFO cinder.api.openstack.wsgi [None req-36f859c5-554e-44f1-8dae-e3dd25061719 tempest-SnapshotsActionsTest-1644122897 tempest-SnapshotsActionsTest-1644122897-project] http://10.222.0.50/volume/v3/ba76415408b449edaa64e1c83da39ec9/snapshots/2741d9a9-c4c2-4aad-9e19-8c106cd73348 returned with HTTP 200
Jul 18 16:32:40.359521 dv-cinder-837542-6-smb devstack@c-api.service[110817]: [pid: 110817|app: 0|req: 109/250] 10.222.0.50 () {58 vars in 1330 bytes} [Mon Jul 18 16:32:40 2022] GET /volume/v3/ba76415408b449edaa64e1c83da39ec9/snapshots/2741d9a9-c4c2-4aad-9e19-8c106cd73348 => generated 531 bytes in 21 msecs (HTTP/1.1 200) 7 headers in 285 bytes (1 switches on core 0)
Jul 18 16:32:40.360719 dv-cinder-837542-6-smb devstack@c-api.service[110817]: DEBUG cinder.api.middleware.request_id [None req-41959c45-5558-424d-afcc-dd67af03bbdb None None] RequestId filter calling following filter/app {{(pid=110817) _context_setter /opt/stack/cinder/cinder/api/middleware/request_id.py:62}}
Jul 18 16:32:40.367721 dv-cinder-837542-6-smb devstack@c-api.service[110816]: INFO cinder.api.openstack.wsgi [None req-bf951466-f55d-4e00-a5ac-d131bce28cef tempest-GroupsTest-1411420820 tempest-GroupsTest-1411420820-project] GET http://10.222.0.50/volume/v3/79ed1f9820e64cb6950049ba960a5e90/volumes/detail
Jul 18 16:32:40.368514 dv-cinder-837542-6-smb devstack@c-api.service[110816]: DEBUG cinder.api.openstack.wsgi [None req-bf951466-f55d-4e00-a5ac-d131bce28cef tempest-GroupsTest-1411420820 tempest-GroupsTest-1411420820-project] Empty body provided in request {{(pid=110816) get_body /opt/stack/cinder/cinder/api/openstack/wsgi.py:715}}
Jul 18 16:32:40.369004 dv-cinder-837542-6-smb devstack@c-api.service[110816]: DEBUG cinder.api.openstack.wsgi [None req-bf951466-f55d-4e00-a5ac-d131bce28cef tempest-GroupsTest-1411420820 tempest-GroupsTest-1411420820-project] Calling method 'detail' {{(pid=110816) _process_stack /opt/stack/cinder/cinder/api/openstack/wsgi.py:868}}
Jul 18 16:32:40.369578 dv-cinder-837542-6-smb devstack@c-api.service[110816]: DEBUG cinder.api.api_utils [None req-bf951466-f55d-4e00-a5ac-d131bce28cef tempest-GroupsTest-1411420820 tempest-GroupsTest-1411420820-project] Removing options '' from query. {{(pid=110816) remove_invalid_filter_options /opt/stack/cinder/cinder/api/api_utils.py:83}}
Jul 18 16:32:40.370420 dv-cinder-837542-6-smb devstack@c-api.service[110816]: /usr/local/lib/python3.8/dist-packages/oslo_context/context.py:100: DeprecationWarning: Policy enforcement is depending on the value of is_admin. This key is deprecated. Please update your policy file to use the standard policy values.
Jul 18 16:32:40.370420 dv-cinder-837542-6-smb devstack@c-api.service[110816]: warnings.warn('Policy enforcement is depending on the value of '
Jul 18 16:32:40.371379 dv-cinder-837542-6-smb devstack@c-api.service[110816]: DEBUG cinder.volume.api [None req-bf951466-f55d-4e00-a5ac-d131bce28cef tempest-GroupsTest-1411420820 tempest-GroupsTest-1411420820-project] Searching by: MultiDict([('no_migration_targets', True)]). {{(pid=110816) get_all /opt/stack/cinder/cinder/volume/api.py:664}}
Jul 18 16:32:40.374448 dv-cinder-837542-6-smb devstack@c-api.service[110817]: INFO cinder.api.openstack.wsgi [None req-41959c45-5558-424d-afcc-dd67af03bbdb tempest-UserMessagesTest-1780415804 tempest-UserMessagesTest-1780415804-project-admin] GET http://10.222.0.50/volume/v3/7ab137372d034a8d8619f9b5e32e28d4/types/2e41b80c-6864-4083-aee7-4e38e96822f6
Jul 18 16:32:40.377692 dv-cinder-837542-6-smb devstack@c-api.service[110817]: DEBUG cinder.api.openstack.wsgi [None req-41959c45-5558-424d-afcc-dd67af03bbdb tempest-UserMessagesTest-1780415804 tempest-UserMessagesTest-1780415804-project-admin] Empty body provided in request {{(pid=110817) get_body /opt/stack/cinder/cinder/api/openstack/wsgi.py:715}}
Jul 18 16:32:40.378231 dv-cinder-837542-6-smb devstack@c-api.service[110817]: DEBUG cinder.api.openstack.wsgi [None req-41959c45-5558-424d-afcc-dd67af03bbdb tempest-UserMessagesTest-1780415804 tempest-UserMessagesTest-1780415804-project-admin] Calling method 'show' {{(pid=110817) _process_stack /opt/stack/cinder/cinder/api/openstack/wsgi.py:868}}
Jul 18 16:32:40.384118 dv-cinder-837542-6-smb devstack@c-api.service[110817]: INFO cinder.api.openstack.wsgi [None req-41959c45-5558-424d-afcc-dd67af03bbdb tempest-UserMessagesTest-1780415804 tempest-UserMessagesTest-1780415804-project-admin] http://10.222.0.50/volume/v3/7ab137372d034a8d8619f9b5e32e28d4/types/2e41b80c-6864-4083-aee7-4e38e96822f6 returned with HTTP 404
Jul 18 16:32:40.385543 dv-cinder-837542-6-smb devstack@c-api.service[110817]: [pid: 110817|app: 0|req: 110/251] 10.222.0.50 () {58 vars in 1318 bytes} [Mon Jul 18 16:32:40 2022] GET /volume/v3/7ab137372d034a8d8619f9b5e32e28d4/types/2e41b80c-6864-4083-aee7-4e38e96822f6 => generated 114 bytes in 25 msecs (HTTP/1.1 404) 7 headers in 292 bytes (1 switches on core 0)
Jul 18 16:32:40.391703 dv-cinder-837542-6-smb devstack@c-api.service[110817]: DEBUG cinder.api.middleware.request_id [None req-e11c3d4b-7c4d-456c-971e-d482e03f0f78 None None] RequestId filter calling following filter/app {{(pid=110817) _context_setter /opt/stack/cinder/cinder/api/middleware/request_id.py:62}}
Jul 18 16:32:40.396006 dv-cinder-837542-6-smb devstack@c-api.service[110817]: INFO cinder.api.openstack.wsgi [None req-e11c3d4b-7c4d-456c-971e-d482e03f0f78 tempest-GroupsV320Test-1427566414 tempest-GroupsV320Test-1427566414-project-admin] POST http://10.222.0.50/volume/v3/7563d1255d104cb5aa17a29b69fa7f33/groups/5f27f7ed-03ba-4e24-b263-2683f1f4c52a/action
Jul 18 16:32:40.396769 dv-cinder-837542-6-smb devstack@c-api.service[110817]: DEBUG cinder.api.openstack.wsgi [None req-e11c3d4b-7c4d-456c-971e-d482e03f0f78 tempest-GroupsV320Test-1427566414 tempest-GroupsV320Test-1427566414-project-admin] Action body: b'{"reset_status": {"status": "error"}}' {{(pid=110817) get_method /opt/stack/cinder/cinder/api/openstack/wsgi.py:983}}
Jul 18 16:32:40.397086 dv-cinder-837542-6-smb devstack@c-api.service[110817]: DEBUG cinder.api.openstack.wsgi [None req-e11c3d4b-7c4d-456c-971e-d482e03f0f78 tempest-GroupsV320Test-1427566414 tempest-GroupsV320Test-1427566414-project-admin] Action: 'action', calling method: reset_status, body: {"reset_status": {"status": "error"}} {{(pid=110817) _process_stack /opt/stack/cinder/cinder/api/openstack/wsgi.py:866}}
Jul 18 16:32:40.397917 dv-cinder-837542-6-smb devstack@c-api.service[110817]: DEBUG cinder.api.v3.groups [None req-e11c3d4b-7c4d-456c-971e-d482e03f0f78 tempest-GroupsV320Test-1427566414 tempest-GroupsV320Test-1427566414-project-admin] Updating group '5f27f7ed-03ba-4e24-b263-2683f1f4c52a' with 'error' {{(pid=110817) _reset_status /opt/stack/cinder/cinder/api/v3/groups.py:82}}
Jul 18 16:32:40.404400 dv-cinder-837542-6-smb devstack@c-api.service[110817]: /usr/local/lib/python3.8/dist-packages/oslo_context/context.py:100: DeprecationWarning: Policy enforcement is depending on the value of is_admin. This key is deprecated. Please update your policy file to use the standard policy values.
Jul 18 16:32:40.404400 dv-cinder-837542-6-smb devstack@c-api.service[110817]: warnings.warn('Policy enforcement is depending on the value of '
Jul 18 16:32:40.416280 dv-cinder-837542-6-smb devstack@c-api.service[110817]: INFO cinder.api.openstack.wsgi [None req-e11c3d4b-7c4d-456c-971e-d482e03f0f78 tempest-GroupsV320Test-1427566414 tempest-GroupsV320Test-1427566414-project-admin] http://10.222.0.50/volume/v3/7563d1255d104cb5aa17a29b69fa7f33/groups/5f27f7ed-03ba-4e24-b263-2683f1f4c52a/action returned with HTTP 202
Jul 18 16:32:40.418403 dv-cinder-837542-6-smb devstack@c-api.service[110817]: [pid: 110817|app: 0|req: 111/252] 10.222.0.50 () {62 vars in 1404 bytes} [Mon Jul 18 16:32:40 2022] POST /volume/v3/7563d1255d104cb5aa17a29b69fa7f33/groups/5f27f7ed-03ba-4e24-b263-2683f1f4c52a/action => generated 0 bytes in 32 msecs (HTTP/1.1 202) 6 headers in 234 bytes (1 switches on core 0)
Jul 18 16:32:40.423785 dv-cinder-837542-6-smb devstack@c-api.service[110817]: DEBUG cinder.api.middleware.request_id [None req-931046fe-001b-4ad9-8385-c3400dcfa011 None None] RequestId filter calling following filter/app {{(pid=110817) _context_setter /opt/stack/cinder/cinder/api/middleware/request_id.py:62}}
Jul 18 16:32:40.429925 dv-cinder-837542-6-smb devstack@c-api.service[110817]: INFO cinder.api.openstack.wsgi [None req-931046fe-001b-4ad9-8385-c3400dcfa011 tempest-SnapshotsActionsTest-1644122897 tempest-SnapshotsActionsTest-1644122897-project] POST http://10.222.0.50/volume/v3/ba76415408b449edaa64e1c83da39ec9/snapshots
Jul 18 16:32:40.431497 dv-cinder-837542-6-smb devstack@c-api.service[110817]: DEBUG cinder.api.openstack.wsgi [None req-931046fe-001b-4ad9-8385-c3400dcfa011 tempest-SnapshotsActionsTest-1644122897 tempest-SnapshotsActionsTest-1644122897-project] Action: 'create', calling method: create, body: {"snapshot": {"volume_id": "35757987-4233-4027-be25-5276e8d332ec", "name": "tempest-SnapshotsActionsTest-Snapshot-1768541270"}} {{(pid=110817) _process_stack /opt/stack/cinder/cinder/api/openstack/wsgi.py:866}}
Jul 18 16:32:40.452315 dv-cinder-837542-6-smb devstack@c-api.service[110817]: /usr/local/lib/python3.8/dist-packages/oslo_context/context.py:100: DeprecationWarning: Policy enforcement is depending on the value of is_admin. This key is deprecated. Please update your policy file to use the standard policy values.
Jul 18 16:32:40.452315 dv-cinder-837542-6-smb devstack@c-api.service[110817]: warnings.warn('Policy enforcement is depending on the value of '
Jul 18 16:32:40.458995 dv-cinder-837542-6-smb devstack@c-api.service[110817]: INFO cinder.volume.api [None req-931046fe-001b-4ad9-8385-c3400dcfa011 tempest-SnapshotsActionsTest-1644122897 tempest-SnapshotsActionsTest-1644122897-project] Volume info retrieved successfully.
Jul 18 16:32:40.459619 dv-cinder-837542-6-smb devstack@c-api.service[110817]: INFO cinder.api.v3.snapshots [None req-931046fe-001b-4ad9-8385-c3400dcfa011 tempest-SnapshotsActionsTest-1644122897 tempest-SnapshotsActionsTest-1644122897-project] Create snapshot from volume 35757987-4233-4027-be25-5276e8d332ec
Jul 18 16:32:40.502287 dv-cinder-837542-6-smb devstack@c-api.service[110816]: INFO cinder.volume.api [None req-bf951466-f55d-4e00-a5ac-d131bce28cef tempest-GroupsTest-1411420820 tempest-GroupsTest-1411420820-project] Get all volumes completed successfully.
Jul 18 16:32:40.507289 dv-cinder-837542-6-smb devstack@c-api.service[110816]: INFO cinder.api.openstack.wsgi [None req-bf951466-f55d-4e00-a5ac-d131bce28cef tempest-GroupsTest-1411420820 tempest-GroupsTest-1411420820-project] http://10.222.0.50/volume/v3/79ed1f9820e64cb6950049ba960a5e90/volumes/detail returned with HTTP 200
Jul 18 16:32:40.518489 dv-cinder-837542-6-smb devstack@c-api.service[110816]: [pid: 110816|app: 0|req: 142/253] 10.222.0.50 () {60 vars in 1275 bytes} [Mon Jul 18 16:32:40 2022] GET /volume/v3/79ed1f9820e64cb6950049ba960a5e90/volumes/detail => generated 15 bytes in 175 msecs (HTTP/1.1 200) 7 headers in 285 bytes (1 switches on core 0)
Jul 18 16:32:40.519869 dv-cinder-837542-6-smb devstack@c-api.service[110816]: DEBUG cinder.api.middleware.request_id [None req-4a9657db-9af8-40c0-9a33-d14b0fe90327 None None] RequestId filter calling following filter/app {{(pid=110816) _context_setter /opt/stack/cinder/cinder/api/middleware/request_id.py:62}}
Jul 18 16:32:40.523978 dv-cinder-837542-6-smb devstack@c-api.service[110816]: INFO cinder.api.openstack.wsgi [None req-4a9657db-9af8-40c0-9a33-d14b0fe90327 tempest-GroupsV320Test-179959531 tempest-GroupsV320Test-179959531-project] GET http://10.222.0.50/volume/v3/8d165a2008f6498d9fca646792b395f9/groups/5f27f7ed-03ba-4e24-b263-2683f1f4c52a
Jul 18 16:32:40.524462 dv-cinder-837542-6-smb devstack@c-api.service[110816]: DEBUG cinder.api.openstack.wsgi [None req-4a9657db-9af8-40c0-9a33-d14b0fe90327 tempest-GroupsV320Test-179959531 tempest-GroupsV320Test-179959531-project] Empty body provided in request {{(pid=110816) get_body /opt/stack/cinder/cinder/api/openstack/wsgi.py:715}}
Jul 18 16:32:40.524955 dv-cinder-837542-6-smb devstack@c-api.service[110816]: DEBUG cinder.api.openstack.wsgi [None req-4a9657db-9af8-40c0-9a33-d14b0fe90327 tempest-GroupsV320Test-179959531 tempest-GroupsV320Test-179959531-project] Calling method 'version_select' {{(pid=110816) _process_stack /opt/stack/cinder/cinder/api/openstack/wsgi.py:868}}
Jul 18 16:32:40.525353 dv-cinder-837542-6-smb devstack@c-api.service[110816]: DEBUG cinder.api.v3.groups [None req-4a9657db-9af8-40c0-9a33-d14b0fe90327 tempest-GroupsV320Test-179959531 tempest-GroupsV320Test-179959531-project] show called for member 5f27f7ed-03ba-4e24-b263-2683f1f4c52a {{(pid=110816) show /opt/stack/cinder/cinder/api/v3/groups.py:58}}
Jul 18 16:32:40.534256 dv-cinder-837542-6-smb devstack@c-api.service[110816]: /usr/local/lib/python3.8/dist-packages/oslo_context/context.py:100: DeprecationWarning: Policy enforcement is depending on the value of is_admin. This key is deprecated. Please update your policy file to use the standard policy values.
Jul 18 16:32:40.534256 dv-cinder-837542-6-smb devstack@c-api.service[110816]: warnings.warn('Policy enforcement is depending on the value of '
Jul 18 16:32:40.543075 dv-cinder-837542-6-smb devstack@c-api.service[110817]: DEBUG cinder.quota [None req-931046fe-001b-4ad9-8385-c3400dcfa011 tempest-SnapshotsActionsTest-1644122897 tempest-SnapshotsActionsTest-1644122897-project] Created reservations ['05d28206-936f-4127-9a3e-906dc62418a4', '4794e93a-df88-482a-a785-2e3e1ad663d1', '8e8d2c25-4764-4488-a21b-add3d9ba8b96', '99cb8d2f-c4a1-48c4-80c4-c080436fdfe0'] {{(pid=110817) reserve /opt/stack/cinder/cinder/quota.py:755}}
Jul 18 16:32:40.551484 dv-cinder-837542-6-smb devstack@c-api.service[110816]: INFO cinder.api.openstack.wsgi [None req-4a9657db-9af8-40c0-9a33-d14b0fe90327 tempest-GroupsV320Test-179959531 tempest-GroupsV320Test-179959531-project] http://10.222.0.50/volume/v3/8d165a2008f6498d9fca646792b395f9/groups/5f27f7ed-03ba-4e24-b263-2683f1f4c52a returned with HTTP 200
Jul 18 16:32:40.552473 dv-cinder-837542-6-smb devstack@c-api.service[110816]: [pid: 110816|app: 0|req: 143/254] 10.222.0.50 () {60 vars in 1362 bytes} [Mon Jul 18 16:32:40 2022] GET /volume/v3/8d165a2008f6498d9fca646792b395f9/groups/5f27f7ed-03ba-4e24-b263-2683f1f4c52a => generated 385 bytes in 34 msecs (HTTP/1.1 200) 7 headers in 286 bytes (1 switches on core 0)
Jul 18 16:32:40.553932 dv-cinder-837542-6-smb devstack@c-api.service[110816]: DEBUG cinder.api.middleware.request_id [None req-fe9739df-9be0-4a60-9580-90e563b3db08 None None] RequestId filter calling following filter/app {{(pid=110816) _context_setter /opt/stack/cinder/cinder/api/middleware/request_id.py:62}}
Jul 18 16:32:40.565268 dv-cinder-837542-6-smb devstack@c-api.service[110816]: INFO cinder.api.openstack.wsgi [None req-fe9739df-9be0-4a60-9580-90e563b3db08 tempest-GroupsTest-1411420820 tempest-GroupsTest-1411420820-project] POST http://10.222.0.50/volume/v3/79ed1f9820e64cb6950049ba960a5e90/groups/777ade6f-a9cb-4bbc-a401-ed16bbbee2a1/action
Jul 18 16:32:40.566118 dv-cinder-837542-6-smb devstack@c-api.service[110816]: DEBUG cinder.api.openstack.wsgi [None req-fe9739df-9be0-4a60-9580-90e563b3db08 tempest-GroupsTest-1411420820 tempest-GroupsTest-1411420820-project] Action body: b'{"delete": {"delete-volumes": true}}' {{(pid=110816) get_method /opt/stack/cinder/cinder/api/openstack/wsgi.py:983}}
Jul 18 16:32:40.566450 dv-cinder-837542-6-smb devstack@c-api.service[110816]: DEBUG cinder.api.openstack.wsgi [None req-fe9739df-9be0-4a60-9580-90e563b3db08 tempest-GroupsTest-1411420820 tempest-GroupsTest-1411420820-project] Action: 'action', calling method: delete_group, body: {"delete": {"delete-volumes": true}} {{(pid=110816) _process_stack /opt/stack/cinder/cinder/api/openstack/wsgi.py:866}}
Jul 18 16:32:40.567295 dv-cinder-837542-6-smb devstack@c-api.service[110816]: DEBUG cinder.api.v3.groups [None req-fe9739df-9be0-4a60-9580-90e563b3db08 tempest-GroupsTest-1411420820 tempest-GroupsTest-1411420820-project] delete called for group 777ade6f-a9cb-4bbc-a401-ed16bbbee2a1 {{(pid=110816) _delete /opt/stack/cinder/cinder/api/v3/groups.py:117}}
Jul 18 16:32:40.567700 dv-cinder-837542-6-smb devstack@c-api.service[110816]: INFO cinder.api.v3.groups [None req-fe9739df-9be0-4a60-9580-90e563b3db08 tempest-GroupsTest-1411420820 tempest-GroupsTest-1411420820-project] Delete group with id: 777ade6f-a9cb-4bbc-a401-ed16bbbee2a1
Jul 18 16:32:40.573621 dv-cinder-837542-6-smb devstack@c-api.service[110816]: INFO cinder.api.openstack.wsgi [None req-fe9739df-9be0-4a60-9580-90e563b3db08 tempest-GroupsTest-1411420820 tempest-GroupsTest-1411420820-project] http://10.222.0.50/volume/v3/79ed1f9820e64cb6950049ba960a5e90/groups/777ade6f-a9cb-4bbc-a401-ed16bbbee2a1/action returned with HTTP 404
Jul 18 16:32:40.578270 dv-cinder-837542-6-smb devstack@c-api.service[110816]: [pid: 110816|app: 0|req: 144/255] 10.222.0.50 () {62 vars in 1404 bytes} [Mon Jul 18 16:32:40 2022] POST /volume/v3/79ed1f9820e64cb6950049ba960a5e90/groups/777ade6f-a9cb-4bbc-a401-ed16bbbee2a1/action => generated 108 bytes in 25 msecs (HTTP/1.1 404) 7 headers in 293 bytes (1 switches on core 0)
Jul 18 16:32:40.579835 dv-cinder-837542-6-smb devstack@c-api.service[110816]: DEBUG cinder.api.middleware.request_id [None req-16ca5609-a663-42eb-85c1-4aa9c66c5478 None None] RequestId filter calling following filter/app {{(pid=110816) _context_setter /opt/stack/cinder/cinder/api/middleware/request_id.py:62}}
Jul 18 16:32:40.584189 dv-cinder-837542-6-smb devstack@c-api.service[110816]: INFO cinder.api.openstack.wsgi [None req-16ca5609-a663-42eb-85c1-4aa9c66c5478 tempest-GroupsV320Test-1427566414 tempest-GroupsV320Test-1427566414-project-admin] POST http://10.222.0.50/volume/v3/7563d1255d104cb5aa17a29b69fa7f33/groups/5f27f7ed-03ba-4e24-b263-2683f1f4c52a/action
Jul 18 16:32:40.584945 dv-cinder-837542-6-smb devstack@c-api.service[110816]: DEBUG cinder.api.openstack.wsgi [None req-16ca5609-a663-42eb-85c1-4aa9c66c5478 tempest-GroupsV320Test-1427566414 tempest-GroupsV320Test-1427566414-project-admin] Action body: b'{"reset_status": {"status": "available"}}' {{(pid=110816) get_method /opt/stack/cinder/cinder/api/openstack/wsgi.py:983}}
Jul 18 16:32:40.586028 dv-cinder-837542-6-smb devstack@c-api.service[110816]: DEBUG cinder.api.openstack.wsgi [None req-16ca5609-a663-42eb-85c1-4aa9c66c5478 tempest-GroupsV320Test-1427566414 tempest-GroupsV320Test-1427566414-project-admin] Action: 'action', calling method: version_select, body: {"reset_status": {"status": "available"}} {{(pid=110816) _process_stack /opt/stack/cinder/cinder/api/openstack/wsgi.py:866}}
Jul 18 16:32:40.586897 dv-cinder-837542-6-smb devstack@c-api.service[110816]: DEBUG cinder.api.v3.groups [None req-16ca5609-a663-42eb-85c1-4aa9c66c5478 tempest-GroupsV320Test-1427566414 tempest-GroupsV320Test-1427566414-project-admin] Updating group '5f27f7ed-03ba-4e24-b263-2683f1f4c52a' with 'available' {{(pid=110816) _reset_status /opt/stack/cinder/cinder/api/v3/groups.py:82}}
Jul 18 16:32:40.596485 dv-cinder-837542-6-smb devstack@c-api.service[110816]: /usr/local/lib/python3.8/dist-packages/oslo_context/context.py:100: DeprecationWarning: Policy enforcement is depending on the value of is_admin. This key is deprecated. Please update your policy file to use the standard policy values.
Jul 18 16:32:40.596485 dv-cinder-837542-6-smb devstack@c-api.service[110816]: warnings.warn('Policy enforcement is depending on the value of '
Jul 18 16:32:40.615884 dv-cinder-837542-6-smb devstack@c-api.service[110816]: INFO cinder.api.openstack.wsgi [None req-16ca5609-a663-42eb-85c1-4aa9c66c5478 tempest-GroupsV320Test-1427566414 tempest-GroupsV320Test-1427566414-project-admin] http://10.222.0.50/volume/v3/7563d1255d104cb5aa17a29b69fa7f33/groups/5f27f7ed-03ba-4e24-b263-2683f1f4c52a/action returned with HTTP 202
Jul 18 16:32:40.621220 dv-cinder-837542-6-smb devstack@c-api.service[110816]: [pid: 110816|app: 0|req: 145/256] 10.222.0.50 () {62 vars in 1404 bytes} [Mon Jul 18 16:32:40 2022] POST /volume/v3/7563d1255d104cb5aa17a29b69fa7f33/groups/5f27f7ed-03ba-4e24-b263-2683f1f4c52a/action => generated 0 bytes in 42 msecs (HTTP/1.1 202) 6 headers in 234 bytes (1 switches on core 0)
Jul 18 16:32:40.622637 dv-cinder-837542-6-smb devstack@c-api.service[110816]: DEBUG cinder.api.middleware.request_id [None req-b89f693a-d9d6-4357-a2bc-ceb4d8bd06ee None None] RequestId filter calling following filter/app {{(pid=110816) _context_setter /opt/stack/cinder/cinder/api/middleware/request_id.py:62}}
Jul 18 16:32:40.627035 dv-cinder-837542-6-smb devstack@c-api.service[110816]: INFO cinder.api.openstack.wsgi [None req-b89f693a-d9d6-4357-a2bc-ceb4d8bd06ee tempest-GroupsTest-295355520 tempest-GroupsTest-295355520-project-admin] DELETE http://10.222.0.50/volume/v3/f44da065331c41128884528657cc69d5/group_types/849dfefa-2990-4697-8a8f-f4390f687528
Jul 18 16:32:40.627527 dv-cinder-837542-6-smb devstack@c-api.service[110816]: DEBUG cinder.api.openstack.wsgi [None req-b89f693a-d9d6-4357-a2bc-ceb4d8bd06ee tempest-GroupsTest-295355520 tempest-GroupsTest-295355520-project-admin] Empty body provided in request {{(pid=110816) get_body /opt/stack/cinder/cinder/api/openstack/wsgi.py:715}}
Jul 18 16:32:40.627970 dv-cinder-837542-6-smb devstack@c-api.service[110816]: DEBUG cinder.api.openstack.wsgi [None req-b89f693a-d9d6-4357-a2bc-ceb4d8bd06ee tempest-GroupsTest-295355520 tempest-GroupsTest-295355520-project-admin] Calling method 'version_select' {{(pid=110816) _process_stack /opt/stack/cinder/cinder/api/openstack/wsgi.py:868}}
Jul 18 16:32:40.644026 dv-cinder-837542-6-smb devstack@c-api.service[110817]: INFO cinder.volume.api [None req-931046fe-001b-4ad9-8385-c3400dcfa011 tempest-SnapshotsActionsTest-1644122897 tempest-SnapshotsActionsTest-1644122897-project] Snapshot create request issued successfully.
Jul 18 16:32:40.644940 dv-cinder-837542-6-smb devstack@c-api.service[110817]: INFO cinder.api.openstack.wsgi [None req-931046fe-001b-4ad9-8385-c3400dcfa011 tempest-SnapshotsActionsTest-1644122897 tempest-SnapshotsActionsTest-1644122897-project] http://10.222.0.50/volume/v3/ba76415408b449edaa64e1c83da39ec9/snapshots returned with HTTP 202
Jul 18 16:32:40.646325 dv-cinder-837542-6-smb devstack@c-api.service[110817]: [pid: 110817|app: 0|req: 112/257] 10.222.0.50 () {60 vars in 1241 bytes} [Mon Jul 18 16:32:40 2022] POST /volume/v3/ba76415408b449edaa64e1c83da39ec9/snapshots => generated 307 bytes in 227 msecs (HTTP/1.1 202) 7 headers in 291 bytes (1 switches on core 0)
Jul 18 16:32:40.649614 dv-cinder-837542-6-smb devstack@c-api.service[110817]: DEBUG cinder.api.middleware.request_id [None req-a804e804-1f6f-492d-8b1d-735429a19caf None None] RequestId filter calling following filter/app {{(pid=110817) _context_setter /opt/stack/cinder/cinder/api/middleware/request_id.py:62}}
Jul 18 16:32:40.655008 dv-cinder-837542-6-smb devstack@c-api.service[110817]: INFO cinder.api.openstack.wsgi [None req-a804e804-1f6f-492d-8b1d-735429a19caf tempest-GroupsV320Test-179959531 tempest-GroupsV320Test-179959531-project] GET http://10.222.0.50/volume/v3/8d165a2008f6498d9fca646792b395f9/groups/5f27f7ed-03ba-4e24-b263-2683f1f4c52a
Jul 18 16:32:40.656439 dv-cinder-837542-6-smb devstack@c-api.service[110817]: DEBUG cinder.api.openstack.wsgi [None req-a804e804-1f6f-492d-8b1d-735429a19caf tempest-GroupsV320Test-179959531 tempest-GroupsV320Test-179959531-project] Empty body provided in request {{(pid=110817) get_body /opt/stack/cinder/cinder/api/openstack/wsgi.py:715}}
Jul 18 16:32:40.675408 dv-cinder-837542-6-smb devstack@c-api.service[110817]: DEBUG cinder.api.openstack.wsgi [None req-a804e804-1f6f-492d-8b1d-735429a19caf tempest-GroupsV320Test-179959531 tempest-GroupsV320Test-179959531-project] Calling method 'version_select' {{(pid=110817) _process_stack /opt/stack/cinder/cinder/api/openstack/wsgi.py:868}}
Jul 18 16:32:40.681598 dv-cinder-837542-6-smb devstack@c-api.service[110817]: DEBUG cinder.api.v3.groups [None req-a804e804-1f6f-492d-8b1d-735429a19caf tempest-GroupsV320Test-179959531 tempest-GroupsV320Test-179959531-project] show called for member 5f27f7ed-03ba-4e24-b263-2683f1f4c52a {{(pid=110817) show /opt/stack/cinder/cinder/api/v3/groups.py:58}}
Jul 18 16:32:40.681739 dv-cinder-837542-6-smb devstack@c-api.service[110816]: INFO cinder.api.openstack.wsgi [None req-b89f693a-d9d6-4357-a2bc-ceb4d8bd06ee tempest-GroupsTest-295355520 tempest-GroupsTest-295355520-project-admin] http://10.222.0.50/volume/v3/f44da065331c41128884528657cc69d5/group_types/849dfefa-2990-4697-8a8f-f4390f687528 returned with HTTP 202
Jul 18 16:32:40.681739 dv-cinder-837542-6-smb devstack@c-api.service[110816]: [pid: 110816|app: 0|req: 146/258] 10.222.0.50 () {60 vars in 1380 bytes} [Mon Jul 18 16:32:40 2022] DELETE /volume/v3/f44da065331c41128884528657cc69d5/group_types/849dfefa-2990-4697-8a8f-f4390f687528 => generated 0 bytes in 58 msecs (HTTP/1.1 202) 6 headers in 234 bytes (1 switches on core 0)
Jul 18 16:32:40.681739 dv-cinder-837542-6-smb devstack@c-api.service[110816]: DEBUG cinder.api.middleware.request_id [None req-e4de88f8-c5dc-492a-8c7d-8b2866189fa7 None None] RequestId filter calling following filter/app {{(pid=110816) _context_setter /opt/stack/cinder/cinder/api/middleware/request_id.py:62}}
Jul 18 16:32:40.685347 dv-cinder-837542-6-smb devstack@c-api.service[110817]: /usr/local/lib/python3.8/dist-packages/oslo_context/context.py:100: DeprecationWarning: Policy enforcement is depending on the value of is_admin. This key is deprecated. Please update your policy file to use the standard policy values.
