Jun 17 12:42:46.476209 dv-cinder-837542-5-smb neutron-server[110526]: DEBUG neutron_lib.callbacks.manager [req-e67f366d-1263-42e5-9526-4032a6c9912e req-ad256b96-241d-40b0-a44f-3a48e6de7703 tempest-ServerRescueNegativeTestJSON-508630549 tempest-ServerRescueNegativeTestJSON-508630549-project] Publish callbacks ['neutron.plugins.ml2.plugin.SecurityGroupServerNotifierRpcMixin._notify_sg_on_port_change-1439550', 'neutron.plugins.ml2.ovo_rpc._ObjectChangeHandler.handle_event-41525', 'neutron.api.rpc.agentnotifiers.dhcp_rpc_agent_api.DhcpAgentNotifyAPI._native_event_send_dhcp_notification-568216', 'neutron.db.l3_dvrscheduler_db._notify_l3_agent_new_port-8792714951711', 'neutron.services.segments.plugin.NovaSegmentNotifier._notify_port_created_or_deleted-2920318'] for port (628b09bc-fbe8-4e13-bfa5-7752909733ae), after_create {{(pid=110526) _notify_loop /usr/local/lib/python3.8/dist-packages/neutron_lib/callbacks/manager.py:176}}
Jun 17 12:42:46.759494 dv-cinder-837542-5-smb neutron-server[110526]: DEBUG neutron_lib.callbacks.manager [None req-762b10dc-c480-422c-b144-d776979a0b23 admin admin] Publish callbacks [] for security_group (5414b3fe-1f93-45ae-81fe-d1aa12cc2391), precommit_create {{(pid=110526) _notify_loop /usr/local/lib/python3.8/dist-packages/neutron_lib/callbacks/manager.py:176}}
Jun 17 12:42:46.815061 dv-cinder-837542-5-smb neutron-server[110525]: DEBUG dbcounter [-] [110525] Writing DB stats neutron:SELECT=90,neutron:UPDATE=5,neutron:DELETE=5 {{(pid=110525) stat_writer /usr/local/lib/python3.8/dist-packages/dbcounter.py:114}}
Jun 17 12:42:46.824134 dv-cinder-837542-5-smb neutron-server[110528]: DEBUG neutron.db.agents_db [None req-3273bb18-fe88-410e-9526-42e4dc0a3d13 None None] Agent healthcheck: found 6 active agents {{(pid=110528) agent_health_check /opt/stack/neutron/neutron/db/agents_db.py:317}}
Jun 17 12:42:46.874317 dv-cinder-837542-5-smb neutron-server[110525]: DEBUG neutron.notifiers.nova [req-38e7698e-b33d-42e0-8fb5-80269858fde4 req-29e1f45a-ada9-4a53-b0ae-2aa7ae717d7e service neutron] Ignoring state change previous_port_status: DOWN current_port_status: DOWN port_id 18bcd6fd-9b4e-4b26-94e1-bcd4167db573 {{(pid=110525) record_port_status_changed /opt/stack/neutron/neutron/notifiers/nova.py:233}}
Jun 17 12:42:46.906499 dv-cinder-837542-5-smb neutron-server[110526]: DEBUG neutron_lib.callbacks.manager [None req-762b10dc-c480-422c-b144-d776979a0b23 admin admin] Publish callbacks ['neutron.plugins.ml2.ovo_rpc._ObjectChangeHandler.handle_event-731772'] for security_group (5414b3fe-1f93-45ae-81fe-d1aa12cc2391), after_create {{(pid=110526) _notify_loop /usr/local/lib/python3.8/dist-packages/neutron_lib/callbacks/manager.py:176}}
Jun 17 12:42:46.922736 dv-cinder-837542-5-smb neutron-server[110525]: DEBUG neutron_lib.callbacks.manager [req-38e7698e-b33d-42e0-8fb5-80269858fde4 req-29e1f45a-ada9-4a53-b0ae-2aa7ae717d7e service neutron] Publish callbacks [] for port (18bcd6fd-9b4e-4b26-94e1-bcd4167db573), precommit_update {{(pid=110525) _notify_loop /usr/local/lib/python3.8/dist-packages/neutron_lib/callbacks/manager.py:176}}
Jun 17 12:42:46.941787 dv-cinder-837542-5-smb neutron-server[110525]: DEBUG neutron.notifiers.nova [req-0973144f-a44d-430b-9880-80ae6a8f7bbb req-4d345923-e62e-4df0-b7a9-2b920660cbb4 service neutron] Ignoring state change previous_port_status: DOWN current_port_status: DOWN port_id 9095b4dd-13db-4755-89d3-7dfadaec4984 {{(pid=110525) record_port_status_changed /opt/stack/neutron/neutron/notifiers/nova.py:233}}
Jun 17 12:42:46.949389 dv-cinder-837542-5-smb neutron-server[110525]: DEBUG neutron.wsgi [-] (110525) accepted ('10.222.0.81', 59868) {{(pid=110525) server /usr/local/lib/python3.8/dist-packages/eventlet/wsgi.py:1004}}
Jun 17 12:42:46.986939 dv-cinder-837542-5-smb neutron-server[110525]: DEBUG neutron_lib.callbacks.manager [req-0973144f-a44d-430b-9880-80ae6a8f7bbb req-4d345923-e62e-4df0-b7a9-2b920660cbb4 service neutron] Publish callbacks [] for port (9095b4dd-13db-4755-89d3-7dfadaec4984), precommit_update {{(pid=110525) _notify_loop /usr/local/lib/python3.8/dist-packages/neutron_lib/callbacks/manager.py:176}}
Jun 17 12:42:46.987698 dv-cinder-837542-5-smb neutron-server[110526]: DEBUG neutron.scheduler.dhcp_agent_scheduler [req-e67f366d-1263-42e5-9526-4032a6c9912e req-ad256b96-241d-40b0-a44f-3a48e6de7703 tempest-ServerRescueNegativeTestJSON-508630549 tempest-ServerRescueNegativeTestJSON-508630549-project] Network 2fbfc5c9-030b-4edc-8cb7-0393bba48f0f is already hosted by enough agents. {{(pid=110526) _get_dhcp_agents_hosting_network /opt/stack/neutron/neutron/scheduler/dhcp_agent_scheduler.py:275}}
Jun 17 12:42:46.999053 dv-cinder-837542-5-smb neutron-server[110526]: DEBUG neutron.db.db_base_plugin_common [req-f9b8c846-e213-4202-bf55-125f0531d3fd req-15c11de1-73ac-44b2-acd9-ded64b1423a6 tempest-AttachVolumeTestJSON-1537353565 tempest-AttachVolumeTestJSON-1537353565-project] Allocated IP 172.20.0.8 (89a8feac-f8be-4192-acbf-70f098cbd9db/ff240b4c-e764-4ec0-9705-091a2ddd0fcc/dac15676-c162-493b-b52f-6b86fd4afcc4) {{(pid=110526) _store_ip_allocation /opt/stack/neutron/neutron/db/db_base_plugin_common.py:131}}
Jun 17 12:42:47.026276 dv-cinder-837542-5-smb neutron-server[110526]: INFO neutron.wsgi [None req-762b10dc-c480-422c-b144-d776979a0b23 admin admin] 10.222.0.81 "GET /v2.0/security-groups?tenant_id=7f5cda13241a4a6ea193a8c46bea336b&name=default HTTP/1.1" status: 200 len: 2996 time: 2.0359399
Jun 17 12:42:47.027957 dv-cinder-837542-5-smb neutron-server[110526]: DEBUG neutron.scheduler.base_scheduler [req-e67f366d-1263-42e5-9526-4032a6c9912e req-ad256b96-241d-40b0-a44f-3a48e6de7703 tempest-ServerRescueNegativeTestJSON-508630549 tempest-ServerRescueNegativeTestJSON-508630549-project] Resources bound (agent type, host, resource id): {{(pid=110526) schedule /opt/stack/neutron/neutron/scheduler/base_scheduler.py:57}}
Jun 17 12:42:47.057911 dv-cinder-837542-5-smb neutron-server[110525]: DEBUG neutron.wsgi [-] (110525) accepted ('10.222.0.81', 59872) {{(pid=110525) server /usr/local/lib/python3.8/dist-packages/eventlet/wsgi.py:1004}}
Jun 17 12:42:47.088185 dv-cinder-837542-5-smb neutron-server[110525]: DEBUG neutron_lib.callbacks.manager [None req-de53b7dc-1633-4e03-bf57-00832c183160 admin admin] Publish callbacks [] for security_group (None), before_create {{(pid=110525) _notify_loop /usr/local/lib/python3.8/dist-packages/neutron_lib/callbacks/manager.py:176}}
Jun 17 12:42:47.105188 dv-cinder-837542-5-smb neutron-server[110525]: DEBUG neutron.db.provisioning_blocks [req-38e7698e-b33d-42e0-8fb5-80269858fde4 req-29e1f45a-ada9-4a53-b0ae-2aa7ae717d7e service neutron] Transition to ACTIVE for port object 18bcd6fd-9b4e-4b26-94e1-bcd4167db573 will not be triggered until provisioned by entity L2. {{(pid=110525) add_provisioning_component /opt/stack/neutron/neutron/db/provisioning_blocks.py:75}}
Jun 17 12:42:47.112588 dv-cinder-837542-5-smb neutron-server[110526]: DEBUG neutron.db.l3_dvrscheduler_db [req-e67f366d-1263-42e5-9526-4032a6c9912e req-ad256b96-241d-40b0-a44f-3a48e6de7703 tempest-ServerRescueNegativeTestJSON-508630549 tempest-ServerRescueNegativeTestJSON-508630549-project] Received port after_create {{(pid=110526) _notify_l3_agent_new_port /opt/stack/neutron/neutron/db/l3_dvrscheduler_db.py:542}}
Jun 17 12:42:47.150507 dv-cinder-837542-5-smb neutron-server[110525]: DEBUG neutron_lib.callbacks.manager [req-38e7698e-b33d-42e0-8fb5-80269858fde4 req-29e1f45a-ada9-4a53-b0ae-2aa7ae717d7e service neutron] Publish callbacks ['neutron.plugins.ml2.plugin.SecurityGroupServerNotifierRpcMixin._notify_sg_on_port_change-1439550', 'neutron.plugins.ml2.ovo_rpc._ObjectChangeHandler.handle_event-41525', 'neutron.api.rpc.agentnotifiers.dhcp_rpc_agent_api.DhcpAgentNotifyAPI._native_event_send_dhcp_notification-568216', 'neutron.db.l3_db.L3RpcNotifierMixin._notify_gateway_port_ip_changed-8792715319902', 'neutron.db.l3_dvrscheduler_db._notify_l3_agent_port_update-8792714951729', 'neutron.db.l3_hascheduler_db._notify_l3_agent_ha_port_update-8792714951747'] for port (18bcd6fd-9b4e-4b26-94e1-bcd4167db573), after_update {{(pid=110525) _notify_loop /usr/local/lib/python3.8/dist-packages/neutron_lib/callbacks/manager.py:176}}
Jun 17 12:42:47.178176 dv-cinder-837542-5-smb neutron-server[110525]: DEBUG neutron.db.provisioning_blocks [req-0973144f-a44d-430b-9880-80ae6a8f7bbb req-4d345923-e62e-4df0-b7a9-2b920660cbb4 service neutron] Transition to ACTIVE for port object 9095b4dd-13db-4755-89d3-7dfadaec4984 will not be triggered until provisioned by entity L2. {{(pid=110525) add_provisioning_component /opt/stack/neutron/neutron/db/provisioning_blocks.py:75}}
Jun 17 12:42:47.316939 dv-cinder-837542-5-smb neutron-server[110525]: DEBUG neutron.api.rpc.handlers.resources_rpc [None req-29e1f45a-ada9-4a53-b0ae-2aa7ae717d7e service neutron] Pushing event updated for resources: {'Port': ['ID=18bcd6fd-9b4e-4b26-94e1-bcd4167db573,revision_number=2']} {{(pid=110525) push /opt/stack/neutron/neutron/api/rpc/handlers/resources_rpc.py:237}}
Jun 17 12:42:47.370253 dv-cinder-837542-5-smb neutron-server[110526]: INFO neutron.wsgi [req-a2c848c5-8c89-4902-be7d-33b306e07a4a req-14fc74fa-ac03-44c2-a84d-a34a81bfcef2 tempest-DeleteServersTestJSON-1320948945 tempest-DeleteServersTestJSON-1320948945-project] 10.222.0.81 "GET /v2.0/security-groups?id=aa8eb5c8-356d-4ed4-8f4c-b578f272c811&fields=id&fields=name HTTP/1.1" status: 200 len: 286 time: 0.9708807
Jun 17 12:42:47.371170 dv-cinder-837542-5-smb neutron-server[110526]: DEBUG neutron.api.rpc.handlers.resources_rpc [None req-ad256b96-241d-40b0-a44f-3a48e6de7703 tempest-ServerRescueNegativeTestJSON-508630549 tempest-ServerRescueNegativeTestJSON-508630549-project] Pushing event updated for resources: {'Port': ['ID=628b09bc-fbe8-4e13-bfa5-7752909733ae,revision_number=1']} {{(pid=110526) push /opt/stack/neutron/neutron/api/rpc/handlers/resources_rpc.py:237}}
Jun 17 12:42:47.433620 dv-cinder-837542-5-smb neutron-server[110525]: DEBUG neutron_lib.callbacks.manager [req-0973144f-a44d-430b-9880-80ae6a8f7bbb req-4d345923-e62e-4df0-b7a9-2b920660cbb4 service neutron] Publish callbacks ['neutron.plugins.ml2.plugin.SecurityGroupServerNotifierRpcMixin._notify_sg_on_port_change-1439550', 'neutron.plugins.ml2.ovo_rpc._ObjectChangeHandler.handle_event-41525', 'neutron.api.rpc.agentnotifiers.dhcp_rpc_agent_api.DhcpAgentNotifyAPI._native_event_send_dhcp_notification-568216', 'neutron.db.l3_db.L3RpcNotifierMixin._notify_gateway_port_ip_changed-8792715319902', 'neutron.db.l3_dvrscheduler_db._notify_l3_agent_port_update-8792714951729', 'neutron.db.l3_hascheduler_db._notify_l3_agent_ha_port_update-8792714951747'] for port (9095b4dd-13db-4755-89d3-7dfadaec4984), after_update {{(pid=110525) _notify_loop /usr/local/lib/python3.8/dist-packages/neutron_lib/callbacks/manager.py:176}}
Jun 17 12:42:47.570629 dv-cinder-837542-5-smb neutron-server[110526]: INFO neutron.wsgi [req-ecc87691-4f05-42ba-b295-b0b0a8a9d3da req-f717a3b7-3e1c-4c99-9fcc-072364ca1599 tempest-AttachVolumeTestJSON-1537353565 tempest-AttachVolumeTestJSON-1537353565-project] 10.222.0.81 "GET /v2.0/ports?device_id=f3fa92b0-d5fb-4959-ba83-06f3f91823fd HTTP/1.1" status: 200 len: 210 time: 0.5663655
Jun 17 12:42:47.618828 dv-cinder-837542-5-smb neutron-server[110526]: DEBUG neutron.api.rpc.handlers.resources_rpc [None req-762b10dc-c480-422c-b144-d776979a0b23 admin admin] Pushing event updated for resources: {'SecurityGroup': ['ID=5414b3fe-1f93-45ae-81fe-d1aa12cc2391,revision_number=1']} {{(pid=110526) push /opt/stack/neutron/neutron/api/rpc/handlers/resources_rpc.py:237}}
Jun 17 12:42:47.686643 dv-cinder-837542-5-smb neutron-server[110525]: DEBUG dbcounter [-] [110525] Writing DB stats neutron:SELECT=94,neutron:DELETE=1,neutron:UPDATE=4,neutron:INSERT=1 {{(pid=110525) stat_writer /usr/local/lib/python3.8/dist-packages/dbcounter.py:114}}
Jun 17 12:42:47.689145 dv-cinder-837542-5-smb neutron-server[110527]: DEBUG neutron.db.provisioning_blocks [None req-74d210a6-819c-49a7-80e5-3f47b1609d96 None None] Provisioning complete for port 628b09bc-fbe8-4e13-bfa5-7752909733ae triggered by entity DHCP. {{(pid=110527) provisioning_complete /opt/stack/neutron/neutron/db/provisioning_blocks.py:145}}
Jun 17 12:42:47.692167 dv-cinder-837542-5-smb neutron-server[110527]: DEBUG neutron_lib.callbacks.manager [None req-74d210a6-819c-49a7-80e5-3f47b1609d96 None None] Publish callbacks ['neutron.plugins.ml2.plugin.Ml2Plugin._port_provisioned-1513707'] for port (628b09bc-fbe8-4e13-bfa5-7752909733ae), provisioning_complete {{(pid=110527) _notify_loop /usr/local/lib/python3.8/dist-packages/neutron_lib/callbacks/manager.py:176}}
Jun 17 12:42:47.692551 dv-cinder-837542-5-smb neutron-server[110525]: DEBUG neutron.api.rpc.handlers.resources_rpc [None req-4d345923-e62e-4df0-b7a9-2b920660cbb4 service neutron] Pushing event updated for resources: {'Port': ['ID=9095b4dd-13db-4755-89d3-7dfadaec4984,revision_number=2']} {{(pid=110525) push /opt/stack/neutron/neutron/api/rpc/handlers/resources_rpc.py:237}}
Jun 17 12:42:47.878264 dv-cinder-837542-5-smb neutron-server[110527]: DEBUG neutron.plugins.ml2.plugin [None req-74d210a6-819c-49a7-80e5-3f47b1609d96 None None] Port 628b09bc-fbe8-4e13-bfa5-7752909733ae cannot update to ACTIVE because it is not bound. {{(pid=110527) _port_provisioned /opt/stack/neutron/neutron/plugins/ml2/plugin.py:354}}
Jun 17 12:42:47.893627 dv-cinder-837542-5-smb neutron-server[110526]: DEBUG neutron.pecan_wsgi.hooks.policy_enforcement [req-e67f366d-1263-42e5-9526-4032a6c9912e req-ad256b96-241d-40b0-a44f-3a48e6de7703 tempest-ServerRescueNegativeTestJSON-508630549 tempest-ServerRescueNegativeTestJSON-508630549-project] Attributes excluded by policy engine: ['standard_attr_id', 'binding:profile', 'binding:host_id', 'binding:vif_type', 'binding:vif_details', 'network'] {{(pid=110526) _exclude_attributes_by_policy /opt/stack/neutron/neutron/pecan_wsgi/hooks/policy_enforcement.py:259}}
Jun 17 12:42:47.894693 dv-cinder-837542-5-smb neutron-server[110526]: DEBUG neutron_lib.callbacks.manager [req-e67f366d-1263-42e5-9526-4032a6c9912e req-ad256b96-241d-40b0-a44f-3a48e6de7703 tempest-ServerRescueNegativeTestJSON-508630549 tempest-ServerRescueNegativeTestJSON-508630549-project] Publish callbacks ['neutron.notifiers.nova.Notifier._send_nova_notification-198926', 'neutron.api.rpc.agentnotifiers.dhcp_rpc_agent_api.DhcpAgentNotifyAPI._send_dhcp_notification-568206'] for port (None), before_response {{(pid=110526) _notify_loop /usr/local/lib/python3.8/dist-packages/neutron_lib/callbacks/manager.py:176}}
Jun 17 12:42:47.943513 dv-cinder-837542-5-smb neutron-server[110526]: INFO neutron.wsgi [req-e67f366d-1263-42e5-9526-4032a6c9912e req-ad256b96-241d-40b0-a44f-3a48e6de7703 tempest-ServerRescueNegativeTestJSON-508630549 tempest-ServerRescueNegativeTestJSON-508630549-project] 10.222.0.84 "POST /v2.0/ports HTTP/1.1" status: 201 len: 933 time: 6.8911252
Jun 17 12:42:47.990799 dv-cinder-837542-5-smb neutron-server[110526]: DEBUG neutron.api.v2.base [req-e67f366d-1263-42e5-9526-4032a6c9912e req-279f85e9-e702-4797-945b-05e640a6a08a service neutron] Request body: {'port': {'device_id': 'e7d58bef-88c8-434f-980d-4ce13cc1e0e9', 'device_owner': 'compute:nova', 'binding:host_id': 'hv-cinder-83754'}} {{(pid=110526) prepare_request_body /opt/stack/neutron/neutron/api/v2/base.py:730}}
Jun 17 12:42:48.035651 dv-cinder-837542-5-smb neutron-server[110525]: DEBUG neutron_lib.callbacks.manager [None req-de53b7dc-1633-4e03-bf57-00832c183160 admin admin] Publish callbacks [] for security_group (900f9597-8318-4e48-8ca5-683a18a134fc), precommit_create {{(pid=110525) _notify_loop /usr/local/lib/python3.8/dist-packages/neutron_lib/callbacks/manager.py:176}}
Jun 17 12:42:48.059147 dv-cinder-837542-5-smb neutron-server[110525]: DEBUG neutron_lib.callbacks.manager [None req-de53b7dc-1633-4e03-bf57-00832c183160 admin admin] Publish callbacks ['neutron.plugins.ml2.ovo_rpc._ObjectChangeHandler.handle_event-731772'] for security_group (900f9597-8318-4e48-8ca5-683a18a134fc), after_create {{(pid=110525) _notify_loop /usr/local/lib/python3.8/dist-packages/neutron_lib/callbacks/manager.py:176}}
Jun 17 12:42:48.065946 dv-cinder-837542-5-smb neutron-server[110525]: DEBUG neutron.plugins.ml2.managers [req-38e7698e-b33d-42e0-8fb5-80269858fde4 req-29e1f45a-ada9-4a53-b0ae-2aa7ae717d7e service neutron] Attempting to bind port 18bcd6fd-9b4e-4b26-94e1-bcd4167db573 on host hv-cinder-83754 for vnic_type normal with profile {{(pid=110525) bind_port /opt/stack/neutron/neutron/plugins/ml2/managers.py:811}}
Jun 17 12:42:48.066370 dv-cinder-837542-5-smb neutron-server[110525]: DEBUG neutron.plugins.ml2.managers [req-38e7698e-b33d-42e0-8fb5-80269858fde4 req-29e1f45a-ada9-4a53-b0ae-2aa7ae717d7e service neutron] Attempting to bind port 18bcd6fd-9b4e-4b26-94e1-bcd4167db573 by drivers openvswitch,hyperv on host hv-cinder-83754 at level 0 using segments [{'id': '88c3dbba-45f7-43a1-af81-39ea21ecce69', 'network_type': 'vlan', 'physical_network': 'physnet1', 'segmentation_id': 1102, 'network_id': 'e42f2ff7-1272-4671-8c6a-645ce4576717'}] {{(pid=110525) _bind_port_level /opt/stack/neutron/neutron/plugins/ml2/managers.py:836}}
Jun 17 12:42:48.066854 dv-cinder-837542-5-smb neutron-server[110525]: DEBUG neutron.plugins.ml2.drivers.mech_agent [req-38e7698e-b33d-42e0-8fb5-80269858fde4 req-29e1f45a-ada9-4a53-b0ae-2aa7ae717d7e service neutron] Attempting to bind port 18bcd6fd-9b4e-4b26-94e1-bcd4167db573 on network e42f2ff7-1272-4671-8c6a-645ce4576717 {{(pid=110525) bind_port /opt/stack/neutron/neutron/plugins/ml2/drivers/mech_agent.py:91}}
Jun 17 12:42:48.097798 dv-cinder-837542-5-smb neutron-server[110526]: DEBUG neutron.pecan_wsgi.hooks.policy_enforcement [req-f61f9930-93f4-42a4-8651-11982227deb1 req-3b8cf644-35ed-4d77-8138-11ec2faec2e6 tempest-ServerRescueNegativeTestJSON-508630549 tempest-ServerRescueNegativeTestJSON-508630549-project] Attributes excluded by policy engine: ['standard_attr_id', 'binding:profile', 'binding:host_id', 'binding:vif_type', 'binding:vif_details'] {{(pid=110526) _exclude_attributes_by_policy /opt/stack/neutron/neutron/pecan_wsgi/hooks/policy_enforcement.py:259}}
Jun 17 12:42:48.101851 dv-cinder-837542-5-smb neutron-server[110526]: INFO neutron.wsgi [req-f61f9930-93f4-42a4-8651-11982227deb1 req-3b8cf644-35ed-4d77-8138-11ec2faec2e6 tempest-ServerRescueNegativeTestJSON-508630549 tempest-ServerRescueNegativeTestJSON-508630549-project] 10.222.0.81 "GET /v2.0/ports?device_id=e7d58bef-88c8-434f-980d-4ce13cc1e0e9 HTTP/1.1" status: 200 len: 931 time: 0.4632537
Jun 17 12:42:48.170585 dv-cinder-837542-5-smb neutron-server[110525]: DEBUG neutron.plugins.ml2.drivers.mech_agent [req-38e7698e-b33d-42e0-8fb5-80269858fde4 req-29e1f45a-ada9-4a53-b0ae-2aa7ae717d7e service neutron] Port 18bcd6fd-9b4e-4b26-94e1-bcd4167db573 on network e42f2ff7-1272-4671-8c6a-645ce4576717 not bound, no agent of type Open vSwitch agent registered on host hv-cinder-83754 {{(pid=110525) bind_port /opt/stack/neutron/neutron/plugins/ml2/drivers/mech_agent.py:103}}
Jun 17 12:42:48.171028 dv-cinder-837542-5-smb neutron-server[110525]: DEBUG neutron.plugins.ml2.drivers.mech_agent [req-38e7698e-b33d-42e0-8fb5-80269858fde4 req-29e1f45a-ada9-4a53-b0ae-2aa7ae717d7e service neutron] Attempting to bind port 18bcd6fd-9b4e-4b26-94e1-bcd4167db573 on network e42f2ff7-1272-4671-8c6a-645ce4576717 {{(pid=110525) bind_port /opt/stack/neutron/neutron/plugins/ml2/drivers/mech_agent.py:91}}
Jun 17 12:42:48.285462 dv-cinder-837542-5-smb neutron-server[110525]: INFO neutron.wsgi [None req-de53b7dc-1633-4e03-bf57-00832c183160 admin admin] 10.222.0.81 "GET /v2.0/security-groups?tenant_id=7f35bb223ee1476ca43390263481ae03&name=default HTTP/1.1" status: 200 len: 2996 time: 1.3118694
Jun 17 12:42:48.286554 dv-cinder-837542-5-smb neutron-server[110525]: DEBUG neutron.wsgi [-] (110525) accepted ('10.222.0.81', 59910) {{(pid=110525) server /usr/local/lib/python3.8/dist-packages/eventlet/wsgi.py:1004}}
Jun 17 12:42:48.290721 dv-cinder-837542-5-smb neutron-server[110526]: DEBUG neutron_lib.callbacks.manager [req-e67f366d-1263-42e5-9526-4032a6c9912e req-279f85e9-e702-4797-945b-05e640a6a08a service neutron] Publish callbacks ['neutron.plugins.ml2.plugin.SecurityGroupDbMixin._ensure_default_security_group_handler-1439737'] for port (628b09bc-fbe8-4e13-bfa5-7752909733ae), before_update {{(pid=110526) _notify_loop /usr/local/lib/python3.8/dist-packages/neutron_lib/callbacks/manager.py:176}}
Jun 17 12:42:48.302890 dv-cinder-837542-5-smb neutron-server[110525]: DEBUG neutron.plugins.ml2.drivers.mech_agent [req-38e7698e-b33d-42e0-8fb5-80269858fde4 req-29e1f45a-ada9-4a53-b0ae-2aa7ae717d7e service neutron] Checking agent: {'id': 'dd39fdc0-6cfc-4119-9a37-9bd4bb245110', 'agent_type': 'HyperV agent', 'binary': 'neutron-hyperv-agent', 'topic': 'N/A', 'host': 'hv-cinder-83754', 'admin_state_up': True, 'created_at': datetime.datetime(2022, 6, 17, 12, 40, 16), 'started_at': datetime.datetime(2022, 6, 17, 12, 40, 16), 'heartbeat_timestamp': datetime.datetime(2022, 6, 17, 12, 42, 46), 'description': None, 'resources_synced': None, 'availability_zone': None, 'alive': True, 'configurations': {'vswitch_mappings': {'physnet1$': 'br-data'}}, 'resource_versions': {}} {{(pid=110525) bind_port /opt/stack/neutron/neutron/plugins/ml2/drivers/mech_agent.py:110}}
Jun 17 12:42:48.317954 dv-cinder-837542-5-smb neutron-server[110525]: DEBUG neutron.plugins.ml2.drivers.mech_agent [req-38e7698e-b33d-42e0-8fb5-80269858fde4 req-29e1f45a-ada9-4a53-b0ae-2aa7ae717d7e service neutron] Checking segment: {'id': '88c3dbba-45f7-43a1-af81-39ea21ecce69', 'network_type': 'vlan', 'physical_network': 'physnet1', 'segmentation_id': 1102, 'network_id': 'e42f2ff7-1272-4671-8c6a-645ce4576717'} for mappings: {'physnet1$': 'br-data'} with network types: ['local', 'flat', 'vlan'] {{(pid=110525) check_segment_for_agent /opt/stack/neutron/neutron/plugins/ml2/drivers/mech_agent.py:373}}
Jun 17 12:42:48.318849 dv-cinder-837542-5-smb neutron-server[110525]: DEBUG neutron.plugins.ml2.drivers.mech_agent [req-38e7698e-b33d-42e0-8fb5-80269858fde4 req-29e1f45a-ada9-4a53-b0ae-2aa7ae717d7e service neutron] Bound using segment: {'id': '88c3dbba-45f7-43a1-af81-39ea21ecce69', 'network_type': 'vlan', 'physical_network': 'physnet1', 'segmentation_id': 1102, 'network_id': 'e42f2ff7-1272-4671-8c6a-645ce4576717'} {{(pid=110525) bind_port /opt/stack/neutron/neutron/plugins/ml2/drivers/mech_agent.py:120}}
Jun 17 12:42:48.320241 dv-cinder-837542-5-smb neutron-server[110525]: DEBUG neutron.plugins.ml2.managers [req-38e7698e-b33d-42e0-8fb5-80269858fde4 req-29e1f45a-ada9-4a53-b0ae-2aa7ae717d7e service neutron] Bound port: 18bcd6fd-9b4e-4b26-94e1-bcd4167db573, host: hv-cinder-83754, vif_type: hyperv, vif_details: {"connectivity": "legacy", "port_filter": false}, binding_levels: [{'bound_driver': 'hyperv', 'bound_segment': {'id': '88c3dbba-45f7-43a1-af81-39ea21ecce69', 'network_type': 'vlan', 'physical_network': 'physnet1', 'segmentation_id': 1102, 'network_id': 'e42f2ff7-1272-4671-8c6a-645ce4576717'}}] {{(pid=110525) _bind_port_level /opt/stack/neutron/neutron/plugins/ml2/managers.py:948}}
Jun 17 12:42:48.320241 dv-cinder-837542-5-smb neutron-server[110525]: DEBUG neutron_lib.callbacks.manager [req-38e7698e-b33d-42e0-8fb5-80269858fde4 req-29e1f45a-ada9-4a53-b0ae-2aa7ae717d7e service neutron] Publish callbacks ['neutron.plugins.ml2.plugin.SecurityGroupDbMixin._ensure_default_security_group_handler-1439737'] for port (18bcd6fd-9b4e-4b26-94e1-bcd4167db573), before_update {{(pid=110525) _notify_loop /usr/local/lib/python3.8/dist-packages/neutron_lib/callbacks/manager.py:176}}
Jun 17 12:42:48.323794 dv-cinder-837542-5-smb neutron-server[110525]: DEBUG neutron.api.rpc.handlers.resources_rpc [None req-de53b7dc-1633-4e03-bf57-00832c183160 admin admin] Pushing event updated for resources: {'SecurityGroup': ['ID=900f9597-8318-4e48-8ca5-683a18a134fc,revision_number=1']} {{(pid=110525) push /opt/stack/neutron/neutron/api/rpc/handlers/resources_rpc.py:237}}
Jun 17 12:42:48.378439 dv-cinder-837542-5-smb neutron-server[110526]: DEBUG dbcounter [-] [110526] Writing DB stats neutron:SELECT=87,neutron:INSERT=10,neutron:UPDATE=3 {{(pid=110526) stat_writer /usr/local/lib/python3.8/dist-packages/dbcounter.py:114}}
Jun 17 12:42:48.471849 dv-cinder-837542-5-smb neutron-server[110525]: DEBUG neutron_lib.callbacks.manager [None req-8ab8cd70-7e68-4f7b-8246-6b00cbec5b26 admin admin] Publish callbacks [] for security_group (5414b3fe-1f93-45ae-81fe-d1aa12cc2391), before_delete {{(pid=110525) _notify_loop /usr/local/lib/python3.8/dist-packages/neutron_lib/callbacks/manager.py:176}}
Jun 17 12:42:48.529234 dv-cinder-837542-5-smb neutron-server[110527]: DEBUG neutron_lib.callbacks.manager [None req-28cb18c6-9a45-4278-a1e8-52f2153222f5 None None] Publish callbacks ['neutron.services.segments.db._update_segment_host_mapping_for_agent-8792715475438', 'neutron.plugins.ml2.plugin.Ml2Plugin._retry_binding_revived_agents-1513485'] for agent (117bb017-c4c5-470c-8a93-37498ef0b03b), after_update {{(pid=110527) _notify_loop /usr/local/lib/python3.8/dist-packages/neutron_lib/callbacks/manager.py:176}}
Jun 17 12:42:48.553391 dv-cinder-837542-5-smb neutron-server[110526]: INFO neutron.wsgi [req-f61f9930-93f4-42a4-8651-11982227deb1 req-a9bc5ba6-b80a-45c2-a95c-8c891392e7c7 tempest-ServerRescueNegativeTestJSON-508630549 tempest-ServerRescueNegativeTestJSON-508630549-project] 10.222.0.81 "GET /v2.0/security-groups?id=7ddd84fc-c22e-4a8c-b3e4-70b639c8ce57&fields=id&fields=name HTTP/1.1" status: 200 len: 286 time: 0.3747482
Jun 17 12:42:48.564854 dv-cinder-837542-5-smb neutron-server[110525]: DEBUG neutron_lib.callbacks.manager [None req-8ab8cd70-7e68-4f7b-8246-6b00cbec5b26 admin admin] Publish callbacks [] for security_group (5414b3fe-1f93-45ae-81fe-d1aa12cc2391), precommit_delete {{(pid=110525) _notify_loop /usr/local/lib/python3.8/dist-packages/neutron_lib/callbacks/manager.py:176}}
Jun 17 12:42:48.694125 dv-cinder-837542-5-smb neutron-server[110526]: DEBUG neutron_lib.callbacks.manager [req-f9b8c846-e213-4202-bf55-125f0531d3fd req-15c11de1-73ac-44b2-acd9-ded64b1423a6 tempest-AttachVolumeTestJSON-1537353565 tempest-AttachVolumeTestJSON-1537353565-project] Publish callbacks [] for port (dac15676-c162-493b-b52f-6b86fd4afcc4), precommit_create {{(pid=110526) _notify_loop /usr/local/lib/python3.8/dist-packages/neutron_lib/callbacks/manager.py:176}}
Jun 17 12:42:48.744747 dv-cinder-837542-5-smb neutron-server[110525]: DEBUG neutron.plugins.ml2.managers [req-0973144f-a44d-430b-9880-80ae6a8f7bbb req-4d345923-e62e-4df0-b7a9-2b920660cbb4 service neutron] Attempting to bind port 9095b4dd-13db-4755-89d3-7dfadaec4984 on host hv-cinder-83754 for vnic_type normal with profile {{(pid=110525) bind_port /opt/stack/neutron/neutron/plugins/ml2/managers.py:811}}
Jun 17 12:42:48.745286 dv-cinder-837542-5-smb neutron-server[110525]: DEBUG neutron.plugins.ml2.managers [req-0973144f-a44d-430b-9880-80ae6a8f7bbb req-4d345923-e62e-4df0-b7a9-2b920660cbb4 service neutron] Attempting to bind port 9095b4dd-13db-4755-89d3-7dfadaec4984 by drivers openvswitch,hyperv on host hv-cinder-83754 at level 0 using segments [{'id': 'c4d99a43-dc1e-432c-b39c-b959b4f977f0', 'network_type': 'vlan', 'physical_network': 'physnet1', 'segmentation_id': 1101, 'network_id': '2fbfc5c9-030b-4edc-8cb7-0393bba48f0f'}] {{(pid=110525) _bind_port_level /opt/stack/neutron/neutron/plugins/ml2/managers.py:836}}
Jun 17 12:42:48.745782 dv-cinder-837542-5-smb neutron-server[110525]: DEBUG neutron.plugins.ml2.drivers.mech_agent [req-0973144f-a44d-430b-9880-80ae6a8f7bbb req-4d345923-e62e-4df0-b7a9-2b920660cbb4 service neutron] Attempting to bind port 9095b4dd-13db-4755-89d3-7dfadaec4984 on network 2fbfc5c9-030b-4edc-8cb7-0393bba48f0f {{(pid=110525) bind_port /opt/stack/neutron/neutron/plugins/ml2/drivers/mech_agent.py:91}}
Jun 17 12:42:48.752369 dv-cinder-837542-5-smb neutron-server[110525]: DEBUG neutron_lib.callbacks.manager [None req-8ab8cd70-7e68-4f7b-8246-6b00cbec5b26 admin admin] Publish callbacks ['neutron.plugins.ml2.ovo_rpc._ObjectChangeHandler.handle_event-731772'] for security_group (5414b3fe-1f93-45ae-81fe-d1aa12cc2391), after_delete {{(pid=110525) _notify_loop /usr/local/lib/python3.8/dist-packages/neutron_lib/callbacks/manager.py:176}}
Jun 17 12:42:48.755155 dv-cinder-837542-5-smb neutron-server[110525]: DEBUG neutron_lib.callbacks.manager [None req-8ab8cd70-7e68-4f7b-8246-6b00cbec5b26 admin admin] Publish callbacks [] for security_group (None), before_response {{(pid=110525) _notify_loop /usr/local/lib/python3.8/dist-packages/neutron_lib/callbacks/manager.py:176}}
Jun 17 12:42:48.756552 dv-cinder-837542-5-smb neutron-server[110525]: INFO neutron.wsgi [None req-8ab8cd70-7e68-4f7b-8246-6b00cbec5b26 admin admin] 10.222.0.81 "DELETE /v2.0/security-groups/5414b3fe-1f93-45ae-81fe-d1aa12cc2391 HTTP/1.1" status: 204 len: 168 time: 1.6944530
Jun 17 12:42:48.830771 dv-cinder-837542-5-smb neutron-server[110525]: DEBUG neutron.plugins.ml2.db [req-38e7698e-b33d-42e0-8fb5-80269858fde4 req-29e1f45a-ada9-4a53-b0ae-2aa7ae717d7e service neutron] For port 18bcd6fd-9b4e-4b26-94e1-bcd4167db573, host hv-cinder-83754, cleared binding levels {{(pid=110525) clear_binding_levels /opt/stack/neutron/neutron/plugins/ml2/db.py:87}}
Jun 17 12:42:48.855769 dv-cinder-837542-5-smb neutron-server[110525]: DEBUG neutron.plugins.ml2.db [req-38e7698e-b33d-42e0-8fb5-80269858fde4 req-29e1f45a-ada9-4a53-b0ae-2aa7ae717d7e service neutron] For port 18bcd6fd-9b4e-4b26-94e1-bcd4167db573, host hv-cinder-83754, set binding levels [PortBindingLevel(driver='hyperv',host='hv-cinder-83754',level=0,port_id=18bcd6fd-9b4e-4b26-94e1-bcd4167db573,segment=NetworkSegment(88c3dbba-45f7-43a1-af81-39ea21ecce69),segment_id=88c3dbba-45f7-43a1-af81-39ea21ecce69)] {{(pid=110525) set_binding_levels /opt/stack/neutron/neutron/plugins/ml2/db.py:59}}
Jun 17 12:42:48.865138 dv-cinder-837542-5-smb neutron-server[110525]: DEBUG dbcounter [-] [110525] Writing DB stats neutron:SELECT=86,neutron:UPDATE=2,neutron:INSERT=12 {{(pid=110525) stat_writer /usr/local/lib/python3.8/dist-packages/dbcounter.py:114}}
Jun 17 12:42:48.875589 dv-cinder-837542-5-smb neutron-server[110525]: DEBUG neutron_lib.callbacks.manager [req-38e7698e-b33d-42e0-8fb5-80269858fde4 req-29e1f45a-ada9-4a53-b0ae-2aa7ae717d7e service neutron] Publish callbacks ['neutron.plugins.ml2.plugin.SecurityGroupServerNotifierRpcMixin._notify_sg_on_port_change-1439550', 'neutron.plugins.ml2.ovo_rpc._ObjectChangeHandler.handle_event-41525', 'neutron.api.rpc.agentnotifiers.dhcp_rpc_agent_api.DhcpAgentNotifyAPI._native_event_send_dhcp_notification-568216', 'neutron.db.l3_db.L3RpcNotifierMixin._notify_gateway_port_ip_changed-8792715319902', 'neutron.db.l3_dvrscheduler_db._notify_l3_agent_port_update-8792714951729', 'neutron.db.l3_hascheduler_db._notify_l3_agent_ha_port_update-8792714951747'] for port (18bcd6fd-9b4e-4b26-94e1-bcd4167db573), after_update {{(pid=110525) _notify_loop /usr/local/lib/python3.8/dist-packages/neutron_lib/callbacks/manager.py:176}}
Jun 17 12:42:48.931838 dv-cinder-837542-5-smb neutron-server[110525]: DEBUG neutron.plugins.ml2.drivers.mech_agent [req-0973144f-a44d-430b-9880-80ae6a8f7bbb req-4d345923-e62e-4df0-b7a9-2b920660cbb4 service neutron] Port 9095b4dd-13db-4755-89d3-7dfadaec4984 on network 2fbfc5c9-030b-4edc-8cb7-0393bba48f0f not bound, no agent of type Open vSwitch agent registered on host hv-cinder-83754 {{(pid=110525) bind_port /opt/stack/neutron/neutron/plugins/ml2/drivers/mech_agent.py:103}}
Jun 17 12:42:48.932382 dv-cinder-837542-5-smb neutron-server[110525]: DEBUG neutron.plugins.ml2.drivers.mech_agent [req-0973144f-a44d-430b-9880-80ae6a8f7bbb req-4d345923-e62e-4df0-b7a9-2b920660cbb4 service neutron] Attempting to bind port 9095b4dd-13db-4755-89d3-7dfadaec4984 on network 2fbfc5c9-030b-4edc-8cb7-0393bba48f0f {{(pid=110525) bind_port /opt/stack/neutron/neutron/plugins/ml2/drivers/mech_agent.py:91}}
Jun 17 12:42:48.946058 dv-cinder-837542-5-smb neutron-server[110525]: DEBUG neutron.api.rpc.handlers.resources_rpc [None req-8ab8cd70-7e68-4f7b-8246-6b00cbec5b26 admin admin] Pushing event deleted for resources: {'SecurityGroup': ['ID=5414b3fe-1f93-45ae-81fe-d1aa12cc2391,revision_number=None']} {{(pid=110525) push /opt/stack/neutron/neutron/api/rpc/handlers/resources_rpc.py:237}}
Jun 17 12:42:48.971242 dv-cinder-837542-5-smb neutron-server[110525]: DEBUG neutron.api.rpc.handlers.resources_rpc [None req-29e1f45a-ada9-4a53-b0ae-2aa7ae717d7e service neutron] Pushing event updated for resources: {'Port': ['ID=18bcd6fd-9b4e-4b26-94e1-bcd4167db573,revision_number=3']} {{(pid=110525) push /opt/stack/neutron/neutron/api/rpc/handlers/resources_rpc.py:237}}
Jun 17 12:42:48.985523 dv-cinder-837542-5-smb neutron-server[110525]: DEBUG neutron.plugins.ml2.drivers.mech_agent [req-0973144f-a44d-430b-9880-80ae6a8f7bbb req-4d345923-e62e-4df0-b7a9-2b920660cbb4 service neutron] Checking agent: {'id': 'dd39fdc0-6cfc-4119-9a37-9bd4bb245110', 'agent_type': 'HyperV agent', 'binary': 'neutron-hyperv-agent', 'topic': 'N/A', 'host': 'hv-cinder-83754', 'admin_state_up': True, 'created_at': datetime.datetime(2022, 6, 17, 12, 40, 16), 'started_at': datetime.datetime(2022, 6, 17, 12, 40, 16), 'heartbeat_timestamp': datetime.datetime(2022, 6, 17, 12, 42, 46), 'description': None, 'resources_synced': None, 'availability_zone': None, 'alive': True, 'configurations': {'vswitch_mappings': {'physnet1$': 'br-data'}}, 'resource_versions': {}} {{(pid=110525) bind_port /opt/stack/neutron/neutron/plugins/ml2/drivers/mech_agent.py:110}}
Jun 17 12:42:48.986515 dv-cinder-837542-5-smb neutron-server[110525]: DEBUG neutron.plugins.ml2.drivers.mech_agent [req-0973144f-a44d-430b-9880-80ae6a8f7bbb req-4d345923-e62e-4df0-b7a9-2b920660cbb4 service neutron] Checking segment: {'id': 'c4d99a43-dc1e-432c-b39c-b959b4f977f0', 'network_type': 'vlan', 'physical_network': 'physnet1', 'segmentation_id': 1101, 'network_id': '2fbfc5c9-030b-4edc-8cb7-0393bba48f0f'} for mappings: {'physnet1$': 'br-data'} with network types: ['local', 'flat', 'vlan'] {{(pid=110525) check_segment_for_agent /opt/stack/neutron/neutron/plugins/ml2/drivers/mech_agent.py:373}}
Jun 17 12:42:48.987120 dv-cinder-837542-5-smb neutron-server[110525]: DEBUG neutron.plugins.ml2.drivers.mech_agent [req-0973144f-a44d-430b-9880-80ae6a8f7bbb req-4d345923-e62e-4df0-b7a9-2b920660cbb4 service neutron] Bound using segment: {'id': 'c4d99a43-dc1e-432c-b39c-b959b4f977f0', 'network_type': 'vlan', 'physical_network': 'physnet1', 'segmentation_id': 1101, 'network_id': '2fbfc5c9-030b-4edc-8cb7-0393bba48f0f'} {{(pid=110525) bind_port /opt/stack/neutron/neutron/plugins/ml2/drivers/mech_agent.py:120}}
Jun 17 12:42:48.987758 dv-cinder-837542-5-smb neutron-server[110525]: DEBUG neutron.plugins.ml2.managers [req-0973144f-a44d-430b-9880-80ae6a8f7bbb req-4d345923-e62e-4df0-b7a9-2b920660cbb4 service neutron] Bound port: 9095b4dd-13db-4755-89d3-7dfadaec4984, host: hv-cinder-83754, vif_type: hyperv, vif_details: {"connectivity": "legacy", "port_filter": false}, binding_levels: [{'bound_driver': 'hyperv', 'bound_segment': {'id': 'c4d99a43-dc1e-432c-b39c-b959b4f977f0', 'network_type': 'vlan', 'physical_network': 'physnet1', 'segmentation_id': 1101, 'network_id': '2fbfc5c9-030b-4edc-8cb7-0393bba48f0f'}}] {{(pid=110525) _bind_port_level /opt/stack/neutron/neutron/plugins/ml2/managers.py:948}}
Jun 17 12:42:48.988292 dv-cinder-837542-5-smb neutron-server[110525]: DEBUG neutron_lib.callbacks.manager [req-0973144f-a44d-430b-9880-80ae6a8f7bbb req-4d345923-e62e-4df0-b7a9-2b920660cbb4 service neutron] Publish callbacks ['neutron.plugins.ml2.plugin.SecurityGroupDbMixin._ensure_default_security_group_handler-1439737'] for port (9095b4dd-13db-4755-89d3-7dfadaec4984), before_update {{(pid=110525) _notify_loop /usr/local/lib/python3.8/dist-packages/neutron_lib/callbacks/manager.py:176}}
Jun 17 12:42:49.065287 dv-cinder-837542-5-smb neutron-server[110525]: DEBUG neutron.pecan_wsgi.hooks.policy_enforcement [req-38e7698e-b33d-42e0-8fb5-80269858fde4 req-29e1f45a-ada9-4a53-b0ae-2aa7ae717d7e service neutron] Attributes excluded by policy engine: ['standard_attr_id'] {{(pid=110525) _exclude_attributes_by_policy /opt/stack/neutron/neutron/pecan_wsgi/hooks/policy_enforcement.py:259}}
Jun 17 12:42:49.065836 dv-cinder-837542-5-smb neutron-server[110525]: DEBUG neutron_lib.callbacks.manager [req-38e7698e-b33d-42e0-8fb5-80269858fde4 req-29e1f45a-ada9-4a53-b0ae-2aa7ae717d7e service neutron] Publish callbacks ['neutron.notifiers.nova.Notifier._send_nova_notification-198926', 'neutron.api.rpc.agentnotifiers.dhcp_rpc_agent_api.DhcpAgentNotifyAPI._send_dhcp_notification-568206'] for port (None), before_response {{(pid=110525) _notify_loop /usr/local/lib/python3.8/dist-packages/neutron_lib/callbacks/manager.py:176}}
Jun 17 12:42:49.067417 dv-cinder-837542-5-smb neutron-server[110525]: INFO neutron.wsgi [req-38e7698e-b33d-42e0-8fb5-80269858fde4 req-29e1f45a-ada9-4a53-b0ae-2aa7ae717d7e service neutron] 10.222.0.84 "PUT /v2.0/ports/18bcd6fd-9b4e-4b26-94e1-bcd4167db573 HTTP/1.1" status: 200 len: 1093 time: 3.8352849
Jun 17 12:42:49.069928 dv-cinder-837542-5-smb neutron-server[110525]: DEBUG neutron.notifiers.nova [-] Sending events: [{'name': 'network-changed', 'server_uuid': 'ac4bba28-fb16-495f-9c9f-fb244ace732b', 'tag': '18bcd6fd-9b4e-4b26-94e1-bcd4167db573'}] {{(pid=110525) send_events /opt/stack/neutron/neutron/notifiers/nova.py:271}}
Jun 17 12:42:49.328338 dv-cinder-837542-5-smb neutron-server[110525]: DEBUG neutron_lib.callbacks.manager [None req-77f56b33-4dbb-449a-b0b4-ee19fa983814 admin admin] Publish callbacks [] for security_group (900f9597-8318-4e48-8ca5-683a18a134fc), before_delete {{(pid=110525) _notify_loop /usr/local/lib/python3.8/dist-packages/neutron_lib/callbacks/manager.py:176}}
Jun 17 12:42:49.409454 dv-cinder-837542-5-smb neutron-server[110526]: INFO neutron.wsgi [req-6126d92f-17f2-4a5a-a316-c698c09da3d9 req-e489dd03-11bc-4a94-a168-4677396f2f3a tempest-AttachVolumeTestJSON-1537353565 tempest-AttachVolumeTestJSON-1537353565-project] 10.222.0.81 "GET /v2.0/ports?device_id=f3fa92b0-d5fb-4959-ba83-06f3f91823fd HTTP/1.1" status: 200 len: 210 time: 0.2640536
Jun 17 12:42:49.411238 dv-cinder-837542-5-smb neutron-server[110525]: DEBUG neutron_lib.callbacks.manager [None req-77f56b33-4dbb-449a-b0b4-ee19fa983814 admin admin] Publish callbacks [] for security_group (900f9597-8318-4e48-8ca5-683a18a134fc), precommit_delete {{(pid=110525) _notify_loop /usr/local/lib/python3.8/dist-packages/neutron_lib/callbacks/manager.py:176}}
Jun 17 12:42:49.450544 dv-cinder-837542-5-smb neutron-server[110525]: DEBUG neutron.wsgi [-] (110525) accepted ('10.222.0.81', 59946) {{(pid=110525) server /usr/local/lib/python3.8/dist-packages/eventlet/wsgi.py:1004}}
Jun 17 12:42:49.518253 dv-cinder-837542-5-smb neutron-server[110526]: DEBUG neutron.pecan_wsgi.hooks.policy_enforcement [req-c322976f-7cd4-46f2-b415-363f57ea9768 req-ab2d7a87-6635-4b05-b9f9-64b2e494b1b8 tempest-DeleteServersTestJSON-1320948945 tempest-DeleteServersTestJSON-1320948945-project] Attributes excluded by policy engine: ['standard_attr_id', 'binding:profile', 'binding:host_id', 'binding:vif_type', 'binding:vif_details'] {{(pid=110526) _exclude_attributes_by_policy /opt/stack/neutron/neutron/pecan_wsgi/hooks/policy_enforcement.py:259}}
Jun 17 12:42:49.520632 dv-cinder-837542-5-smb neutron-server[110526]: INFO neutron.wsgi [req-c322976f-7cd4-46f2-b415-363f57ea9768 req-ab2d7a87-6635-4b05-b9f9-64b2e494b1b8 tempest-DeleteServersTestJSON-1320948945 tempest-DeleteServersTestJSON-1320948945-project] 10.222.0.81 "GET /v2.0/ports?device_id=ac4bba28-fb16-495f-9c9f-fb244ace732b HTTP/1.1" status: 200 len: 943 time: 0.8788950
Jun 17 12:42:49.641457 dv-cinder-837542-5-smb neutron-server[110526]: DEBUG dbcounter [-] [110526] Writing DB stats neutron:SELECT=92,neutron:INSERT=3,neutron:UPDATE=3,neutron:DELETE=2 {{(pid=110526) stat_writer /usr/local/lib/python3.8/dist-packages/dbcounter.py:114}}
Jun 17 12:42:49.713516 dv-cinder-837542-5-smb neutron-server[110525]: DEBUG neutron.plugins.ml2.db [req-0973144f-a44d-430b-9880-80ae6a8f7bbb req-4d345923-e62e-4df0-b7a9-2b920660cbb4 service neutron] For port 9095b4dd-13db-4755-89d3-7dfadaec4984, host hv-cinder-83754, cleared binding levels {{(pid=110525) clear_binding_levels /opt/stack/neutron/neutron/plugins/ml2/db.py:87}}
Jun 17 12:42:49.727184 dv-cinder-837542-5-smb neutron-server[110525]: DEBUG neutron.plugins.ml2.db [req-0973144f-a44d-430b-9880-80ae6a8f7bbb req-4d345923-e62e-4df0-b7a9-2b920660cbb4 service neutron] For port 9095b4dd-13db-4755-89d3-7dfadaec4984, host hv-cinder-83754, set binding levels [PortBindingLevel(driver='hyperv',host='hv-cinder-83754',level=0,port_id=9095b4dd-13db-4755-89d3-7dfadaec4984,segment=NetworkSegment(c4d99a43-dc1e-432c-b39c-b959b4f977f0),segment_id=c4d99a43-dc1e-432c-b39c-b959b4f977f0)] {{(pid=110525) set_binding_levels /opt/stack/neutron/neutron/plugins/ml2/db.py:59}}
Jun 17 12:42:49.782856 dv-cinder-837542-5-smb neutron-server[110526]: DEBUG neutron_lib.callbacks.manager [req-f9b8c846-e213-4202-bf55-125f0531d3fd req-15c11de1-73ac-44b2-acd9-ded64b1423a6 tempest-AttachVolumeTestJSON-1537353565 tempest-AttachVolumeTestJSON-1537353565-project] Publish callbacks ['neutron.plugins.ml2.plugin.SecurityGroupServerNotifierRpcMixin._notify_sg_on_port_change-1439550', 'neutron.plugins.ml2.ovo_rpc._ObjectChangeHandler.handle_event-41525', 'neutron.api.rpc.agentnotifiers.dhcp_rpc_agent_api.DhcpAgentNotifyAPI._native_event_send_dhcp_notification-568216', 'neutron.db.l3_dvrscheduler_db._notify_l3_agent_new_port-8792714951711', 'neutron.services.segments.plugin.NovaSegmentNotifier._notify_port_created_or_deleted-2920318'] for port (dac15676-c162-493b-b52f-6b86fd4afcc4), after_create {{(pid=110526) _notify_loop /usr/local/lib/python3.8/dist-packages/neutron_lib/callbacks/manager.py:176}}
Jun 17 12:42:49.870098 dv-cinder-837542-5-smb neutron-server[110525]: DEBUG neutron_lib.callbacks.manager [req-0973144f-a44d-430b-9880-80ae6a8f7bbb req-4d345923-e62e-4df0-b7a9-2b920660cbb4 service neutron] Publish callbacks ['neutron.plugins.ml2.plugin.SecurityGroupServerNotifierRpcMixin._notify_sg_on_port_change-1439550', 'neutron.plugins.ml2.ovo_rpc._ObjectChangeHandler.handle_event-41525', 'neutron.api.rpc.agentnotifiers.dhcp_rpc_agent_api.DhcpAgentNotifyAPI._native_event_send_dhcp_notification-568216', 'neutron.db.l3_db.L3RpcNotifierMixin._notify_gateway_port_ip_changed-8792715319902', 'neutron.db.l3_dvrscheduler_db._notify_l3_agent_port_update-8792714951729', 'neutron.db.l3_hascheduler_db._notify_l3_agent_ha_port_update-8792714951747'] for port (9095b4dd-13db-4755-89d3-7dfadaec4984), after_update {{(pid=110525) _notify_loop /usr/local/lib/python3.8/dist-packages/neutron_lib/callbacks/manager.py:176}}
Jun 17 12:42:49.898986 dv-cinder-837542-5-smb neutron-server[110526]: DEBUG neutron.api.rpc.handlers.resources_rpc [None req-15c11de1-73ac-44b2-acd9-ded64b1423a6 tempest-AttachVolumeTestJSON-1537353565 tempest-AttachVolumeTestJSON-1537353565-project] Pushing event updated for resources: {'Port': ['ID=dac15676-c162-493b-b52f-6b86fd4afcc4,revision_number=1']} {{(pid=110526) push /opt/stack/neutron/neutron/api/rpc/handlers/resources_rpc.py:237}}
Jun 17 12:42:49.916662 dv-cinder-837542-5-smb neutron-server[110526]: INFO neutron.wsgi [req-c322976f-7cd4-46f2-b415-363f57ea9768 req-7c3a428c-5f4d-43e7-a764-3cfdc9743f51 tempest-DeleteServersTestJSON-1320948945 tempest-DeleteServersTestJSON-1320948945-project] 10.222.0.81 "GET /v2.0/security-groups?id=aa8eb5c8-356d-4ed4-8f4c-b578f272c811&fields=id&fields=name HTTP/1.1" status: 200 len: 286 time: 0.3851130
Jun 17 12:42:49.956945 dv-cinder-837542-5-smb neutron-server[110526]: DEBUG neutron.scheduler.dhcp_agent_scheduler [req-f9b8c846-e213-4202-bf55-125f0531d3fd req-15c11de1-73ac-44b2-acd9-ded64b1423a6 tempest-AttachVolumeTestJSON-1537353565 tempest-AttachVolumeTestJSON-1537353565-project] Network 89a8feac-f8be-4192-acbf-70f098cbd9db is already hosted by enough agents. {{(pid=110526) _get_dhcp_agents_hosting_network /opt/stack/neutron/neutron/scheduler/dhcp_agent_scheduler.py:275}}
Jun 17 12:42:49.972534 dv-cinder-837542-5-smb neutron-server[110526]: DEBUG neutron.pecan_wsgi.hooks.policy_enforcement [req-a591d6b8-ac2d-4f9c-8427-2b6248eabf8d req-837a6bd2-b8a0-49af-8295-1bce48c14524 tempest-ServerRescueNegativeTestJSON-508630549 tempest-ServerRescueNegativeTestJSON-508630549-project] Attributes excluded by policy engine: ['standard_attr_id', 'binding:profile', 'binding:host_id', 'binding:vif_type', 'binding:vif_details'] {{(pid=110526) _exclude_attributes_by_policy /opt/stack/neutron/neutron/pecan_wsgi/hooks/policy_enforcement.py:259}}
Jun 17 12:42:49.974528 dv-cinder-837542-5-smb neutron-server[110526]: INFO neutron.wsgi [req-a591d6b8-ac2d-4f9c-8427-2b6248eabf8d req-837a6bd2-b8a0-49af-8295-1bce48c14524 tempest-ServerRescueNegativeTestJSON-508630549 tempest-ServerRescueNegativeTestJSON-508630549-project] 10.222.0.81 "GET /v2.0/ports?device_id=e7d58bef-88c8-434f-980d-4ce13cc1e0e9 HTTP/1.1" status: 200 len: 931 time: 0.2331727
Jun 17 12:42:49.996919 dv-cinder-837542-5-smb neutron-server[110526]: DEBUG neutron.scheduler.base_scheduler [req-f9b8c846-e213-4202-bf55-125f0531d3fd req-15c11de1-73ac-44b2-acd9-ded64b1423a6 tempest-AttachVolumeTestJSON-1537353565 tempest-AttachVolumeTestJSON-1537353565-project] Resources bound (agent type, host, resource id): {{(pid=110526) schedule /opt/stack/neutron/neutron/scheduler/base_scheduler.py:57}}
Jun 17 12:42:50.002594 dv-cinder-837542-5-smb neutron-server[110526]: DEBUG neutron.db.l3_dvrscheduler_db [req-f9b8c846-e213-4202-bf55-125f0531d3fd req-15c11de1-73ac-44b2-acd9-ded64b1423a6 tempest-AttachVolumeTestJSON-1537353565 tempest-AttachVolumeTestJSON-1537353565-project] Received port after_create {{(pid=110526) _notify_l3_agent_new_port /opt/stack/neutron/neutron/db/l3_dvrscheduler_db.py:542}}
Jun 17 12:42:50.086848 dv-cinder-837542-5-smb neutron-server[110525]: DEBUG neutron_lib.callbacks.manager [None req-77f56b33-4dbb-449a-b0b4-ee19fa983814 admin admin] Publish callbacks ['neutron.plugins.ml2.ovo_rpc._ObjectChangeHandler.handle_event-731772'] for security_group (900f9597-8318-4e48-8ca5-683a18a134fc), after_delete {{(pid=110525) _notify_loop /usr/local/lib/python3.8/dist-packages/neutron_lib/callbacks/manager.py:176}}
Jun 17 12:42:50.089758 dv-cinder-837542-5-smb neutron-server[110525]: DEBUG neutron_lib.callbacks.manager [None req-77f56b33-4dbb-449a-b0b4-ee19fa983814 admin admin] Publish callbacks [] for security_group (None), before_response {{(pid=110525) _notify_loop /usr/local/lib/python3.8/dist-packages/neutron_lib/callbacks/manager.py:176}}
Jun 17 12:42:50.091050 dv-cinder-837542-5-smb neutron-server[110525]: INFO neutron.wsgi [None req-77f56b33-4dbb-449a-b0b4-ee19fa983814 admin admin] 10.222.0.81 "DELETE /v2.0/security-groups/900f9597-8318-4e48-8ca5-683a18a134fc HTTP/1.1" status: 204 len: 168 time: 1.7606106
Jun 17 12:42:50.114943 dv-cinder-837542-5-smb neutron-server[110525]: DEBUG neutron.api.rpc.handlers.resources_rpc [None req-4d345923-e62e-4df0-b7a9-2b920660cbb4 service neutron] Pushing event updated for resources: {'Port': ['ID=9095b4dd-13db-4755-89d3-7dfadaec4984,revision_number=3']} {{(pid=110525) push /opt/stack/neutron/neutron/api/rpc/handlers/resources_rpc.py:237}}
Jun 17 12:42:50.142610 dv-cinder-837542-5-smb neutron-server[110525]: DEBUG dbcounter [-] [110525] Writing DB stats neutron:SELECT=93,neutron:DELETE=4,neutron:UPDATE=2,neutron:INSERT=1 {{(pid=110525) stat_writer /usr/local/lib/python3.8/dist-packages/dbcounter.py:114}}
Jun 17 12:42:50.193586 dv-cinder-837542-5-smb neutron-server[110526]: DEBUG neutron.pecan_wsgi.hooks.policy_enforcement [req-f9b8c846-e213-4202-bf55-125f0531d3fd req-15c11de1-73ac-44b2-acd9-ded64b1423a6 tempest-AttachVolumeTestJSON-1537353565 tempest-AttachVolumeTestJSON-1537353565-project] Attributes excluded by policy engine: ['standard_attr_id', 'binding:profile', 'binding:host_id', 'binding:vif_type', 'binding:vif_details', 'network'] {{(pid=110526) _exclude_attributes_by_policy /opt/stack/neutron/neutron/pecan_wsgi/hooks/policy_enforcement.py:259}}
Jun 17 12:42:50.194425 dv-cinder-837542-5-smb neutron-server[110526]: DEBUG neutron_lib.callbacks.manager [req-f9b8c846-e213-4202-bf55-125f0531d3fd req-15c11de1-73ac-44b2-acd9-ded64b1423a6 tempest-AttachVolumeTestJSON-1537353565 tempest-AttachVolumeTestJSON-1537353565-project] Publish callbacks ['neutron.notifiers.nova.Notifier._send_nova_notification-198926', 'neutron.api.rpc.agentnotifiers.dhcp_rpc_agent_api.DhcpAgentNotifyAPI._send_dhcp_notification-568206'] for port (None), before_response {{(pid=110526) _notify_loop /usr/local/lib/python3.8/dist-packages/neutron_lib/callbacks/manager.py:176}}
Jun 17 12:42:50.249568 dv-cinder-837542-5-smb neutron-server[110525]: DEBUG neutron.api.rpc.handlers.resources_rpc [None req-77f56b33-4dbb-449a-b0b4-ee19fa983814 admin admin] Pushing event deleted for resources: {'SecurityGroup': ['ID=900f9597-8318-4e48-8ca5-683a18a134fc,revision_number=None']} {{(pid=110525) push /opt/stack/neutron/neutron/api/rpc/handlers/resources_rpc.py:237}}
Jun 17 12:42:50.263738 dv-cinder-837542-5-smb neutron-server[110525]: DEBUG neutron.pecan_wsgi.hooks.policy_enforcement [req-38e7698e-b33d-42e0-8fb5-80269858fde4 req-31b720e8-d789-43ce-95c7-7351eae0e706 service neutron] Attributes excluded by policy engine: ['standard_attr_id'] {{(pid=110525) _exclude_attributes_by_policy /opt/stack/neutron/neutron/pecan_wsgi/hooks/policy_enforcement.py:259}}
Jun 17 12:42:50.266166 dv-cinder-837542-5-smb neutron-server[110525]: INFO neutron.wsgi [req-38e7698e-b33d-42e0-8fb5-80269858fde4 req-31b720e8-d789-43ce-95c7-7351eae0e706 service neutron] 10.222.0.84 "GET /v2.0/ports?tenant_id=a91165b0e643467fb16987965fa40e60&device_id=ac4bba28-fb16-495f-9c9f-fb244ace732b HTTP/1.1" status: 200 len: 1127 time: 0.8125675
