Jun 17 12:42:20.375215 dv-cinder-837542-5-smb neutron-server[110527]: DEBUG neutron_lib.callbacks.manager [None req-5623ae41-cad5-4b82-b717-0d8bca1c612e None None] Publish callbacks ['neutron.plugins.ml2.plugin.SecurityGroupServerNotifierRpcMixin._notify_sg_on_port_change-1439550', 'neutron.plugins.ml2.ovo_rpc._ObjectChangeHandler.handle_event-41525', 'neutron.api.rpc.agentnotifiers.dhcp_rpc_agent_api.DhcpAgentNotifyAPI._native_event_send_dhcp_notification-568216', 'neutron.db.l3_db.L3RpcNotifierMixin._notify_gateway_port_ip_changed-8792715319902', 'neutron.db.l3_dvrscheduler_db._notify_l3_agent_port_update-8792714951729', 'neutron.db.l3_hascheduler_db._notify_l3_agent_ha_port_update-8792714951747'] for port (59bd4a11-5a25-4e69-ae2f-bc84626d7592), after_update {{(pid=110527) _notify_loop /usr/local/lib/python3.8/dist-packages/neutron_lib/callbacks/manager.py:176}}
Jun 17 12:42:20.381381 dv-cinder-837542-5-smb neutron-server[110526]: DEBUG neutron_lib.callbacks.manager [None req-3ba67c75-b2be-4c81-89fd-ce30e5d151bb admin admin] Publish callbacks ['neutron.plugins.ml2.plugin.Ml2Plugin._subnet_delete_precommit_handler-1515283'] for subnet (756ad0bd-2273-4a42-a296-00bacd4400ca), precommit_delete {{(pid=110526) _notify_loop /usr/local/lib/python3.8/dist-packages/neutron_lib/callbacks/manager.py:176}}
Jun 17 12:42:20.408149 dv-cinder-837542-5-smb neutron-server[110528]: DEBUG neutron.db.l3_hamode_db [None req-ffbbf0db-c6a1-4bd4-bf06-153772a214e7 None None] neutron.services.l3_router.l3_router_plugin.L3RouterPlugin method _process_sync_ha_data called with arguments (, [{'id': 'a6520650-2ce3-42e1-a399-8501f069d767', 'name': 'tempest-ServerRescueNegativeTestJSON-114553497-router', 'tenant_id': '71fc7e1ba530493597df71a3690d12a5', 'admin_state_up': True, 'status': 'ACTIVE', 'external_gateway_info': {'network_id': '2e04e74c-f612-4d17-bed6-99fc090c54f0', 'external_fixed_ips': [{'subnet_id': 'cb202940-cacd-4a07-9739-1b4ea8ce743d', 'ip_address': '172.28.2.153'}], 'enable_snat': True}, 'gw_port_id': 'b7774fe5-2edf-4855-b7da-826ea4838259', 'description': '', 'availability_zones': ['nova'], 'distributed': False, 'ha': False, 'ha_vr_id': 0, 'availability_zone_hints': [], 'routes': [], 'flavor_id': None, 'tags': [], 'created_at': '2022-06-17T12:42:14Z', 'updated_at': '2022-06-17T12:42:18Z', 'revision_number': 3, 'project_id': '71fc7e1ba530493597df71a3690d12a5', 'gw_port': {'id': 'b7774fe5-2edf-4855-b7da-826ea4838259', 'name': '', 'network_id': '2e04e74c-f612-4d17-bed6-99fc090c54f0', 'tenant_id': '', 'mac_address': 'fa:16:3e:11:da:df', 'admin_state_up': True, 'status': 'DOWN', 'device_id': 'a6520650-2ce3-42e1-a399-8501f069d767', 'device_owner': 'network:router_gateway', 'standard_attr_id': 72, 'fixed_ips': [{'subnet_id': 'cb202940-cacd-4a07-9739-1b4ea8ce743d', 'ip_address': '172.28.2.153', 'prefixlen': 24}], 'allowed_address_pairs': [], 'extra_dhcp_opts': [], 'security_groups': [], 'description': '', 'binding:vnic_type': 'normal', 'binding:profile': {}, 'binding:host_id': '', 'binding:vif_type': 'unbound', 'binding:vif_details': {}, 'port_security_enabled': False, 'tags': [], 'created_at': '2022-06-17T12:42:16Z', 'updated_at': '2022-06-17T12:42:16Z', 'revision_number': 1, 'project_id': '', 'subnets': [{'id': 'cb202940-cacd-4a07-9739-1b4ea8ce743d', 'cidr': '172.28.2.0/24', 'gateway_ip': '172.28.2.1', 'dns_nameservers': [], 'ipv6_ra_mode': None, 'subnetpool_id': None}], 'extra_subnets': [], 'address_scopes': {4: None, 6: None}, 'mtu': 1500}, 'enable_snat': True, 'gw_port_host': 'dv-cinder-837542-5-smb'}], 'dv-cinder-837542-5-smb', False) {} {{(pid=110528) wrapper /usr/local/lib/python3.8/dist-packages/oslo_log/helpers.py:65}}
Jun 17 12:42:20.481745 dv-cinder-837542-5-smb neutron-server[110528]: DEBUG neutron.api.rpc.handlers.l3_rpc [None req-ffbbf0db-c6a1-4bd4-bf06-153772a214e7 None None] Checking router: a6520650-2ce3-42e1-a399-8501f069d767 for host: dv-cinder-837542-5-smb {{(pid=110528) _ensure_host_set_on_ports /opt/stack/neutron/neutron/api/rpc/handlers/l3_rpc.py:155}}
Jun 17 12:42:20.483289 dv-cinder-837542-5-smb neutron-server[110528]: DEBUG neutron.api.rpc.handlers.l3_rpc [None req-ffbbf0db-c6a1-4bd4-bf06-153772a214e7 None None] Updating router a6520650-2ce3-42e1-a399-8501f069d767 port b7774fe5-2edf-4855-b7da-826ea4838259 binding host dv-cinder-837542-5-smb {{(pid=110528) _ensure_host_set_on_port /opt/stack/neutron/neutron/api/rpc/handlers/l3_rpc.py:205}}
Jun 17 12:42:20.513319 dv-cinder-837542-5-smb neutron-server[110527]: DEBUG dbcounter [-] [110527] Writing DB stats neutron:SELECT=95,neutron:UPDATE=4,neutron:INSERT=1 {{(pid=110527) stat_writer /usr/local/lib/python3.8/dist-packages/dbcounter.py:114}}
Jun 17 12:42:20.513776 dv-cinder-837542-5-smb neutron-server[110526]: DEBUG dbcounter [-] [110526] Writing DB stats neutron:SELECT=99,neutron:INSERT=1 {{(pid=110526) stat_writer /usr/local/lib/python3.8/dist-packages/dbcounter.py:114}}
Jun 17 12:42:20.537348 dv-cinder-837542-5-smb neutron-server[110527]: DEBUG neutron.api.rpc.handlers.resources_rpc [None req-5623ae41-cad5-4b82-b717-0d8bca1c612e None None] Pushing event updated for resources: {'Port': ['ID=59bd4a11-5a25-4e69-ae2f-bc84626d7592,revision_number=3']} {{(pid=110527) push /opt/stack/neutron/neutron/api/rpc/handlers/resources_rpc.py:237}}
Jun 17 12:42:20.553545 dv-cinder-837542-5-smb neutron-server[110528]: DEBUG neutron_lib.callbacks.manager [None req-ffbbf0db-c6a1-4bd4-bf06-153772a214e7 None None] Publish callbacks ['neutron.plugins.ml2.plugin.SecurityGroupDbMixin._ensure_default_security_group_handler-1439737'] for port (b7774fe5-2edf-4855-b7da-826ea4838259), before_update {{(pid=110528) _notify_loop /usr/local/lib/python3.8/dist-packages/neutron_lib/callbacks/manager.py:176}}
Jun 17 12:42:20.664363 dv-cinder-837542-5-smb neutron-server[110525]: DEBUG neutron_lib.callbacks.manager [None req-9315e6a4-f744-42b3-ada6-eeeef038308d admin admin] Publish callbacks ['neutron.plugins.ml2.plugin.SecurityGroupServerNotifierRpcMixin._notify_sg_on_port_change-1439550', 'neutron.plugins.ml2.ovo_rpc._ObjectChangeHandler.handle_event-41525', 'neutron.api.rpc.agentnotifiers.dhcp_rpc_agent_api.DhcpAgentNotifyAPI._native_event_send_dhcp_notification-568216', 'neutron.db.l3_dvrscheduler_db._notify_l3_agent_new_port-8792714951711'] for port (c0a1419a-a162-41e2-b548-c4d2e488aaa7), after_create {{(pid=110525) _notify_loop /usr/local/lib/python3.8/dist-packages/neutron_lib/callbacks/manager.py:176}}
Jun 17 12:42:20.796643 dv-cinder-837542-5-smb neutron-server[110525]: DEBUG neutron.scheduler.dhcp_agent_scheduler [None req-9315e6a4-f744-42b3-ada6-eeeef038308d admin admin] Network 2e04e74c-f612-4d17-bed6-99fc090c54f0 is already hosted by enough agents. {{(pid=110525) _get_dhcp_agents_hosting_network /opt/stack/neutron/neutron/scheduler/dhcp_agent_scheduler.py:275}}
Jun 17 12:42:20.807127 dv-cinder-837542-5-smb neutron-server[110525]: DEBUG neutron.scheduler.base_scheduler [None req-9315e6a4-f744-42b3-ada6-eeeef038308d admin admin] Resources bound (agent type, host, resource id): {{(pid=110525) schedule /opt/stack/neutron/neutron/scheduler/base_scheduler.py:57}}
Jun 17 12:42:20.811896 dv-cinder-837542-5-smb neutron-server[110525]: DEBUG neutron.db.l3_dvrscheduler_db [None req-9315e6a4-f744-42b3-ada6-eeeef038308d admin admin] Received port after_create {{(pid=110525) _notify_l3_agent_new_port /opt/stack/neutron/neutron/db/l3_dvrscheduler_db.py:542}}
Jun 17 12:42:20.897311 dv-cinder-837542-5-smb neutron-server[110527]: DEBUG neutron_lib.db.api [None req-d5234da8-c0f6-4a70-ab84-86593f9d281d None None] Retry wrapper got retriable exception: UPDATE statement on table 'standardattributes' expected to update 1 row(s); 0 were matched. {{(pid=110527) wrapped /usr/local/lib/python3.8/dist-packages/neutron_lib/db/api.py:188}}
Jun 17 12:42:20.897876 dv-cinder-837542-5-smb neutron-server[110527]: DEBUG oslo_db.api [None req-d5234da8-c0f6-4a70-ab84-86593f9d281d None None] Performing DB retry for function neutron.plugins.ml2.plugin.Ml2Plugin.update_port_statuses {{(pid=110527) wrapper /usr/local/lib/python3.8/dist-packages/oslo_db/api.py:155}}
Jun 17 12:42:20.898842 dv-cinder-837542-5-smb neutron-server[110527]: DEBUG neutron.plugins.ml2.rpc [None req-5623ae41-cad5-4b82-b717-0d8bca1c612e None None] Device 00b2ccfa-ea76-454f-b0b6-25b8f9628f96 up at agent ovs-agent-dv-cinder-837542-5-smb {{(pid=110527) update_device_up /opt/stack/neutron/neutron/plugins/ml2/rpc.py:296}}
Jun 17 12:42:20.966147 dv-cinder-837542-5-smb neutron-server[110526]: DEBUG neutron_lib.callbacks.manager [None req-3ba67c75-b2be-4c81-89fd-ce30e5d151bb admin admin] Publish callbacks ['neutron.plugins.ml2.plugin.Ml2Plugin._subnet_delete_after_delete_handler-1515290', 'neutron.plugins.ml2.ovo_rpc._ObjectChangeHandler.handle_event-731844', 'neutron.api.rpc.agentnotifiers.dhcp_rpc_agent_api.DhcpAgentNotifyAPI._native_event_send_dhcp_notification-568216'] for subnet (756ad0bd-2273-4a42-a296-00bacd4400ca), after_delete {{(pid=110526) _notify_loop /usr/local/lib/python3.8/dist-packages/neutron_lib/callbacks/manager.py:176}}
Jun 17 12:42:20.994600 dv-cinder-837542-5-smb neutron-server[110527]: DEBUG neutron.api.rpc.handlers.dhcp_rpc [None req-a79cfc97-b946-4ce0-9257-167ab8e26920 None None] Network 89a8feac-f8be-4192-acbf-70f098cbd9db requested from dv-cinder-837542-5-smb {{(pid=110527) get_network_info /opt/stack/neutron/neutron/api/rpc/handlers/dhcp_rpc.py:191}}
Jun 17 12:42:21.068380 dv-cinder-837542-5-smb neutron-server[110528]: DEBUG neutron_lib.callbacks.manager [None req-ffbbf0db-c6a1-4bd4-bf06-153772a214e7 None None] Publish callbacks [] for port (b7774fe5-2edf-4855-b7da-826ea4838259), precommit_update {{(pid=110528) _notify_loop /usr/local/lib/python3.8/dist-packages/neutron_lib/callbacks/manager.py:176}}
Jun 17 12:42:21.077750 dv-cinder-837542-5-smb neutron-server[110528]: DEBUG neutron_lib.callbacks.manager [None req-ffbbf0db-c6a1-4bd4-bf06-153772a214e7 None None] Publish callbacks ['neutron.plugins.ml2.plugin.SecurityGroupServerNotifierRpcMixin._notify_sg_on_port_change-1439550', 'neutron.plugins.ml2.ovo_rpc._ObjectChangeHandler.handle_event-41525', 'neutron.api.rpc.agentnotifiers.dhcp_rpc_agent_api.DhcpAgentNotifyAPI._native_event_send_dhcp_notification-568216', 'neutron.db.l3_db.L3RpcNotifierMixin._notify_gateway_port_ip_changed-8792715319902', 'neutron.db.l3_dvrscheduler_db._notify_l3_agent_port_update-8792714951729', 'neutron.db.l3_hascheduler_db._notify_l3_agent_ha_port_update-8792714951747'] for port (b7774fe5-2edf-4855-b7da-826ea4838259), after_update {{(pid=110528) _notify_loop /usr/local/lib/python3.8/dist-packages/neutron_lib/callbacks/manager.py:176}}
Jun 17 12:42:21.094202 dv-cinder-837542-5-smb neutron-server[110525]: DEBUG neutron.api.rpc.handlers.resources_rpc [None req-9315e6a4-f744-42b3-ada6-eeeef038308d admin admin] Pushing event updated for resources: {'Port': ['ID=c0a1419a-a162-41e2-b548-c4d2e488aaa7,revision_number=1']} {{(pid=110525) push /opt/stack/neutron/neutron/api/rpc/handlers/resources_rpc.py:237}}
Jun 17 12:42:21.197746 dv-cinder-837542-5-smb neutron-server[110527]: DEBUG neutron_lib.callbacks.manager [None req-792bfc8f-0489-4ded-adfd-62257f17c1a7 None None] Publish callbacks ['neutron.services.segments.db._update_segment_host_mapping_for_agent-8792715475438', 'neutron.plugins.ml2.plugin.Ml2Plugin._retry_binding_revived_agents-1513485'] for agent (e3acd155-58b3-4f7a-bfaa-3f5a7300f974), after_update {{(pid=110527) _notify_loop /usr/local/lib/python3.8/dist-packages/neutron_lib/callbacks/manager.py:176}}
Jun 17 12:42:21.212005 dv-cinder-837542-5-smb neutron-server[110526]: DEBUG neutron_lib.callbacks.manager [None req-49258041-9b84-4f31-9131-8c413f8f0255 admin admin] Publish callbacks [] for security_group (0411ea24-810d-4907-8689-5387ab6462c1), before_delete {{(pid=110526) _notify_loop /usr/local/lib/python3.8/dist-packages/neutron_lib/callbacks/manager.py:176}}
Jun 17 12:42:21.221776 dv-cinder-837542-5-smb neutron-server[110527]: DEBUG neutron.db.provisioning_blocks [None req-5623ae41-cad5-4b82-b717-0d8bca1c612e None None] Provisioning complete for port 00b2ccfa-ea76-454f-b0b6-25b8f9628f96 triggered by entity L2. {{(pid=110527) provisioning_complete /opt/stack/neutron/neutron/db/provisioning_blocks.py:145}}
Jun 17 12:42:21.222172 dv-cinder-837542-5-smb neutron-server[110527]: DEBUG neutron_lib.callbacks.manager [None req-5623ae41-cad5-4b82-b717-0d8bca1c612e None None] Publish callbacks ['neutron.plugins.ml2.plugin.Ml2Plugin._port_provisioned-1513707'] for port (00b2ccfa-ea76-454f-b0b6-25b8f9628f96), provisioning_complete {{(pid=110527) _notify_loop /usr/local/lib/python3.8/dist-packages/neutron_lib/callbacks/manager.py:176}}
Jun 17 12:42:21.224205 dv-cinder-837542-5-smb neutron-server[110528]: DEBUG neutron.api.rpc.handlers.resources_rpc [None req-1ab7875d-fbb7-4738-a464-1090e792f2de None None] Pushing event updated for resources: {'Port': ['ID=b7774fe5-2edf-4855-b7da-826ea4838259,revision_number=2']} {{(pid=110528) push /opt/stack/neutron/neutron/api/rpc/handlers/resources_rpc.py:237}}
Jun 17 12:42:21.231369 dv-cinder-837542-5-smb neutron-server[110528]: DEBUG neutron.plugins.ml2.managers [None req-ffbbf0db-c6a1-4bd4-bf06-153772a214e7 None None] Attempting to bind port b7774fe5-2edf-4855-b7da-826ea4838259 on host dv-cinder-837542-5-smb for vnic_type normal with profile {{(pid=110528) bind_port /opt/stack/neutron/neutron/plugins/ml2/managers.py:811}}
Jun 17 12:42:21.232119 dv-cinder-837542-5-smb neutron-server[110528]: DEBUG neutron.plugins.ml2.managers [None req-ffbbf0db-c6a1-4bd4-bf06-153772a214e7 None None] Attempting to bind port b7774fe5-2edf-4855-b7da-826ea4838259 by drivers openvswitch,hyperv on host dv-cinder-837542-5-smb at level 0 using segments [{'id': 'c8b6582a-4d86-4e62-842b-3952a3b0968b', 'network_type': 'flat', 'physical_network': 'physnet1', 'segmentation_id': None, 'network_id': '2e04e74c-f612-4d17-bed6-99fc090c54f0'}] {{(pid=110528) _bind_port_level /opt/stack/neutron/neutron/plugins/ml2/managers.py:836}}
Jun 17 12:42:21.232489 dv-cinder-837542-5-smb neutron-server[110528]: DEBUG neutron.plugins.ml2.drivers.mech_agent [None req-ffbbf0db-c6a1-4bd4-bf06-153772a214e7 None None] Attempting to bind port b7774fe5-2edf-4855-b7da-826ea4838259 on network 2e04e74c-f612-4d17-bed6-99fc090c54f0 {{(pid=110528) bind_port /opt/stack/neutron/neutron/plugins/ml2/drivers/mech_agent.py:91}}
Jun 17 12:42:21.240735 dv-cinder-837542-5-smb neutron-server[110525]: DEBUG neutron_lib.callbacks.manager [None req-5fa15eb7-3d52-4d8c-844f-c33dd0e22c9b admin admin] Publish callbacks ['neutron.services.l3_router.l3_router_plugin.L3_HA_NAT_db_mixin._after_router_create-690735', 'neutron.services.l3_router.l3_router_plugin.DVRResourceOperationHandler._create_snat_interfaces_after_change-689755'] for router (6b84b173-12ca-4fe6-9f74-28d7c1bfa7b5), after_create {{(pid=110525) _notify_loop /usr/local/lib/python3.8/dist-packages/neutron_lib/callbacks/manager.py:176}}
Jun 17 12:42:21.245729 dv-cinder-837542-5-smb neutron-server[110528]: DEBUG neutron.plugins.ml2.drivers.mech_agent [None req-ffbbf0db-c6a1-4bd4-bf06-153772a214e7 None None] Checking agent: {'id': '280123de-bc23-472a-a544-bf01314123ca', 'agent_type': 'Open vSwitch agent', 'binary': 'neutron-openvswitch-agent', 'topic': 'N/A', 'host': 'dv-cinder-837542-5-smb', 'admin_state_up': True, 'created_at': datetime.datetime(2022, 6, 17, 12, 33, 54), 'started_at': datetime.datetime(2022, 6, 17, 12, 34, 24), 'heartbeat_timestamp': datetime.datetime(2022, 6, 17, 12, 41, 54), 'description': None, 'resources_synced': None, 'availability_zone': None, 'alive': True, 'configurations': {'arp_responder_enabled': False, 'baremetal_smartnic': False, 'bridge_mappings': {'physnet1': 'br-data'}, 'datapath_type': 'system', 'devices': 0, 'enable_distributed_routing': False, 'extensions': [], 'in_distributed_mode': False, 'integration_bridge': 'br-int', 'l2_population': False, 'log_agent_heartbeats': False, 'ovs_capabilities': {'datapath_types': ['netdev', 'system'], 'iface_types': ['erspan', 'geneve', 'gre', 'internal', 'ip6erspan', 'ip6gre', 'lisp', 'patch', 'stt', 'system', 'tap', 'vxlan']}, 'ovs_hybrid_plug': False, 'resource_provider_bandwidths': {}, 'resource_provider_hypervisors': {'br-data': 'dv-cinder-837542-5-smb'}, 'resource_provider_inventory_defaults': {'allocation_ratio': 1.0, 'min_unit': 1, 'step_size': 1, 'reserved': 0}, 'resource_provider_packet_processing_inventory_defaults': {'allocation_ratio': 1.0, 'min_unit': 1, 'step_size': 1, 'reserved': 0}, 'resource_provider_packet_processing_with_direction': {}, 'resource_provider_packet_processing_without_direction': {}, 'tunnel_types': [], 'tunneling_ip': None, 'vhostuser_socket_dir': '/var/run/openvswitch'}, 'resource_versions': {'AddressGroup': '1.2', 'Agent': '1.1', 'ConntrackHelper': '1.0', 'LocalIPAssociation': '1.0', 'Log': '1.0', 'NDPProxy': '1.0', 'Network': '1.1', 'Port': '1.7', 'PortForwarding': '1.3', 'QosPolicy': '1.10', 'SecurityGroup': '1.5', 'SecurityGroupRule': '1.2', 'SubPort': '1.0', 'Subnet': '1.1', 'Trunk': '1.1'}} {{(pid=110528) bind_port /opt/stack/neutron/neutron/plugins/ml2/drivers/mech_agent.py:110}}
Jun 17 12:42:21.246504 dv-cinder-837542-5-smb neutron-server[110528]: DEBUG neutron.plugins.ml2.drivers.mech_agent [None req-ffbbf0db-c6a1-4bd4-bf06-153772a214e7 None None] Checking segment: {'id': 'c8b6582a-4d86-4e62-842b-3952a3b0968b', 'network_type': 'flat', 'physical_network': 'physnet1', 'segmentation_id': None, 'network_id': '2e04e74c-f612-4d17-bed6-99fc090c54f0'} for mappings: {'physnet1': 'br-data'} with network types: ['local', 'flat', 'vlan'] {{(pid=110528) check_segment_for_agent /opt/stack/neutron/neutron/plugins/ml2/drivers/mech_agent.py:373}}
Jun 17 12:42:21.247053 dv-cinder-837542-5-smb neutron-server[110528]: DEBUG neutron_lib.callbacks.manager [None req-ffbbf0db-c6a1-4bd4-bf06-153772a214e7 None None] Publish callbacks [] for ovs_bridge_name (None), before_read {{(pid=110528) _notify_loop /usr/local/lib/python3.8/dist-packages/neutron_lib/callbacks/manager.py:176}}
Jun 17 12:42:21.247589 dv-cinder-837542-5-smb neutron-server[110528]: DEBUG neutron.plugins.ml2.drivers.mech_agent [None req-ffbbf0db-c6a1-4bd4-bf06-153772a214e7 None None] Bound using segment: {'id': 'c8b6582a-4d86-4e62-842b-3952a3b0968b', 'network_type': 'flat', 'physical_network': 'physnet1', 'segmentation_id': None, 'network_id': '2e04e74c-f612-4d17-bed6-99fc090c54f0'} {{(pid=110528) bind_port /opt/stack/neutron/neutron/plugins/ml2/drivers/mech_agent.py:120}}
Jun 17 12:42:21.248228 dv-cinder-837542-5-smb neutron-server[110528]: DEBUG neutron.plugins.ml2.managers [None req-ffbbf0db-c6a1-4bd4-bf06-153772a214e7 None None] Bound port: b7774fe5-2edf-4855-b7da-826ea4838259, host: dv-cinder-837542-5-smb, vif_type: ovs, vif_details: {"connectivity": "l2", "port_filter": true, "ovs_hybrid_plug": false, "datapath_type": "system", "bridge_name": "br-int"}, binding_levels: [{'bound_driver': 'openvswitch', 'bound_segment': {'id': 'c8b6582a-4d86-4e62-842b-3952a3b0968b', 'network_type': 'flat', 'physical_network': 'physnet1', 'segmentation_id': None, 'network_id': '2e04e74c-f612-4d17-bed6-99fc090c54f0'}}] {{(pid=110528) _bind_port_level /opt/stack/neutron/neutron/plugins/ml2/managers.py:948}}
Jun 17 12:42:21.248941 dv-cinder-837542-5-smb neutron-server[110528]: DEBUG neutron_lib.callbacks.manager [None req-ffbbf0db-c6a1-4bd4-bf06-153772a214e7 None None] Publish callbacks ['neutron.plugins.ml2.plugin.SecurityGroupDbMixin._ensure_default_security_group_handler-1439737'] for port (b7774fe5-2edf-4855-b7da-826ea4838259), before_update {{(pid=110528) _notify_loop /usr/local/lib/python3.8/dist-packages/neutron_lib/callbacks/manager.py:176}}
Jun 17 12:42:21.251837 dv-cinder-837542-5-smb neutron-server[110525]: DEBUG dbcounter [-] [110525] Writing DB stats neutron:SELECT=98,neutron:INSERT=1,neutron:UPDATE=1 {{(pid=110525) stat_writer /usr/local/lib/python3.8/dist-packages/dbcounter.py:114}}
Jun 17 12:42:21.254817 dv-cinder-837542-5-smb neutron-server[110528]: DEBUG neutron.api.rpc.callbacks.version_manager [None req-1ab7875d-fbb7-4738-a464-1090e792f2de None None] Version for resource type AddressGroup changed None to 1.2 on consumer Open vSwitch agent@dv-cinder-837542-5-smb {{(pid=110528) _set_version /opt/stack/neutron/neutron/api/rpc/callbacks/version_manager.py:113}}
Jun 17 12:42:21.255902 dv-cinder-837542-5-smb neutron-server[110528]: DEBUG neutron.api.rpc.callbacks.version_manager [None req-1ab7875d-fbb7-4738-a464-1090e792f2de None None] Version for resource type Agent changed None to 1.1 on consumer Open vSwitch agent@dv-cinder-837542-5-smb {{(pid=110528) _set_version /opt/stack/neutron/neutron/api/rpc/callbacks/version_manager.py:113}}
Jun 17 12:42:21.256544 dv-cinder-837542-5-smb neutron-server[110528]: DEBUG neutron.api.rpc.callbacks.version_manager [None req-1ab7875d-fbb7-4738-a464-1090e792f2de None None] Version for resource type ConntrackHelper changed None to 1.0 on consumer Open vSwitch agent@dv-cinder-837542-5-smb {{(pid=110528) _set_version /opt/stack/neutron/neutron/api/rpc/callbacks/version_manager.py:113}}
Jun 17 12:42:21.257052 dv-cinder-837542-5-smb neutron-server[110528]: DEBUG neutron.api.rpc.callbacks.version_manager [None req-1ab7875d-fbb7-4738-a464-1090e792f2de None None] Version for resource type LocalIPAssociation changed None to 1.0 on consumer Open vSwitch agent@dv-cinder-837542-5-smb {{(pid=110528) _set_version /opt/stack/neutron/neutron/api/rpc/callbacks/version_manager.py:113}}
Jun 17 12:42:21.257540 dv-cinder-837542-5-smb neutron-server[110528]: DEBUG neutron.api.rpc.callbacks.version_manager [None req-1ab7875d-fbb7-4738-a464-1090e792f2de None None] Version for resource type Log changed None to 1.0 on consumer Open vSwitch agent@dv-cinder-837542-5-smb {{(pid=110528) _set_version /opt/stack/neutron/neutron/api/rpc/callbacks/version_manager.py:113}}
Jun 17 12:42:21.258021 dv-cinder-837542-5-smb neutron-server[110528]: DEBUG neutron.api.rpc.callbacks.version_manager [None req-1ab7875d-fbb7-4738-a464-1090e792f2de None None] Version for resource type NDPProxy changed None to 1.0 on consumer Open vSwitch agent@dv-cinder-837542-5-smb {{(pid=110528) _set_version /opt/stack/neutron/neutron/api/rpc/callbacks/version_manager.py:113}}
Jun 17 12:42:21.258497 dv-cinder-837542-5-smb neutron-server[110528]: DEBUG neutron.api.rpc.callbacks.version_manager [None req-1ab7875d-fbb7-4738-a464-1090e792f2de None None] Version for resource type Network changed None to 1.1 on consumer Open vSwitch agent@dv-cinder-837542-5-smb {{(pid=110528) _set_version /opt/stack/neutron/neutron/api/rpc/callbacks/version_manager.py:113}}
Jun 17 12:42:21.259008 dv-cinder-837542-5-smb neutron-server[110528]: DEBUG neutron.api.rpc.callbacks.version_manager [None req-1ab7875d-fbb7-4738-a464-1090e792f2de None None] Version for resource type Port changed None to 1.7 on consumer Open vSwitch agent@dv-cinder-837542-5-smb {{(pid=110528) _set_version /opt/stack/neutron/neutron/api/rpc/callbacks/version_manager.py:113}}
Jun 17 12:42:21.259477 dv-cinder-837542-5-smb neutron-server[110528]: DEBUG neutron.api.rpc.callbacks.version_manager [None req-1ab7875d-fbb7-4738-a464-1090e792f2de None None] Version for resource type PortForwarding changed None to 1.3 on consumer Open vSwitch agent@dv-cinder-837542-5-smb {{(pid=110528) _set_version /opt/stack/neutron/neutron/api/rpc/callbacks/version_manager.py:113}}
Jun 17 12:42:21.260713 dv-cinder-837542-5-smb neutron-server[110528]: DEBUG neutron.api.rpc.callbacks.version_manager [None req-1ab7875d-fbb7-4738-a464-1090e792f2de None None] Version for resource type QosPolicy changed None to 1.10 on consumer Open vSwitch agent@dv-cinder-837542-5-smb {{(pid=110528) _set_version /opt/stack/neutron/neutron/api/rpc/callbacks/version_manager.py:113}}
Jun 17 12:42:21.261200 dv-cinder-837542-5-smb neutron-server[110528]: DEBUG neutron.api.rpc.callbacks.version_manager [None req-1ab7875d-fbb7-4738-a464-1090e792f2de None None] Version for resource type SecurityGroup changed None to 1.5 on consumer Open vSwitch agent@dv-cinder-837542-5-smb {{(pid=110528) _set_version /opt/stack/neutron/neutron/api/rpc/callbacks/version_manager.py:113}}
Jun 17 12:42:21.261675 dv-cinder-837542-5-smb neutron-server[110528]: DEBUG neutron.api.rpc.callbacks.version_manager [None req-1ab7875d-fbb7-4738-a464-1090e792f2de None None] Version for resource type SecurityGroupRule changed None to 1.2 on consumer Open vSwitch agent@dv-cinder-837542-5-smb {{(pid=110528) _set_version /opt/stack/neutron/neutron/api/rpc/callbacks/version_manager.py:113}}
Jun 17 12:42:21.262126 dv-cinder-837542-5-smb neutron-server[110528]: DEBUG neutron.api.rpc.callbacks.version_manager [None req-1ab7875d-fbb7-4738-a464-1090e792f2de None None] Version for resource type SubPort changed None to 1.0 on consumer Open vSwitch agent@dv-cinder-837542-5-smb {{(pid=110528) _set_version /opt/stack/neutron/neutron/api/rpc/callbacks/version_manager.py:113}}
Jun 17 12:42:21.262579 dv-cinder-837542-5-smb neutron-server[110528]: DEBUG neutron.api.rpc.callbacks.version_manager [None req-1ab7875d-fbb7-4738-a464-1090e792f2de None None] Version for resource type Subnet changed None to 1.1 on consumer Open vSwitch agent@dv-cinder-837542-5-smb {{(pid=110528) _set_version /opt/stack/neutron/neutron/api/rpc/callbacks/version_manager.py:113}}
Jun 17 12:42:21.263287 dv-cinder-837542-5-smb neutron-server[110528]: DEBUG neutron.api.rpc.callbacks.version_manager [None req-1ab7875d-fbb7-4738-a464-1090e792f2de None None] Version for resource type Trunk changed None to 1.1 on consumer Open vSwitch agent@dv-cinder-837542-5-smb {{(pid=110528) _set_version /opt/stack/neutron/neutron/api/rpc/callbacks/version_manager.py:113}}
Jun 17 12:42:21.264797 dv-cinder-837542-5-smb neutron-server[110528]: DEBUG neutron.api.rpc.callbacks.version_manager [None req-1ab7875d-fbb7-4738-a464-1090e792f2de None None] Tracked resource versions report:
Jun 17 12:42:21.264797 dv-cinder-837542-5-smb neutron-server[110528]: pushed versions:
Jun 17 12:42:21.264797 dv-cinder-837542-5-smb neutron-server[110528]: { 'AddressGroup': {'1.2'},
Jun 17 12:42:21.264797 dv-cinder-837542-5-smb neutron-server[110528]: 'Agent': {'1.1'},
Jun 17 12:42:21.264797 dv-cinder-837542-5-smb neutron-server[110528]: 'ConntrackHelper': {'1.0'},
Jun 17 12:42:21.264797 dv-cinder-837542-5-smb neutron-server[110528]: 'LocalIPAssociation': {'1.0'},
Jun 17 12:42:21.264797 dv-cinder-837542-5-smb neutron-server[110528]: 'Log': {'1.0'},
Jun 17 12:42:21.264797 dv-cinder-837542-5-smb neutron-server[110528]: 'NDPProxy': {'1.0'},
Jun 17 12:42:21.264797 dv-cinder-837542-5-smb neutron-server[110528]: 'Network': {'1.1'},
Jun 17 12:42:21.264797 dv-cinder-837542-5-smb neutron-server[110528]: 'Port': {'1.7'},
Jun 17 12:42:21.264797 dv-cinder-837542-5-smb neutron-server[110528]: 'PortForwarding': {'1.3'},
Jun 17 12:42:21.264797 dv-cinder-837542-5-smb neutron-server[110528]: 'QosPolicy': {'1.10'},
Jun 17 12:42:21.264797 dv-cinder-837542-5-smb neutron-server[110528]: 'SecurityGroup': {'1.5'},
Jun 17 12:42:21.264797 dv-cinder-837542-5-smb neutron-server[110528]: 'SecurityGroupRule': {'1.2'},
Jun 17 12:42:21.264797 dv-cinder-837542-5-smb neutron-server[110528]: 'SubPort': {'1.0'},
Jun 17 12:42:21.264797 dv-cinder-837542-5-smb neutron-server[110528]: 'Subnet': {'1.1'},
Jun 17 12:42:21.264797 dv-cinder-837542-5-smb neutron-server[110528]: 'Trunk': {'1.1'}}
Jun 17 12:42:21.264797 dv-cinder-837542-5-smb neutron-server[110528]: consumer versions:
Jun 17 12:42:21.264797 dv-cinder-837542-5-smb neutron-server[110528]: { DHCP agent@dv-cinder-837542-5-smb: {},
Jun 17 12:42:21.264797 dv-cinder-837542-5-smb neutron-server[110528]: HyperV agent@hv-cinder-83754: {},
Jun 17 12:42:21.264797 dv-cinder-837542-5-smb neutron-server[110528]: L3 agent@dv-cinder-837542-5-smb: {},
Jun 17 12:42:21.264797 dv-cinder-837542-5-smb neutron-server[110528]: Metadata agent@dv-cinder-837542-5-smb: {},
Jun 17 12:42:21.264797 dv-cinder-837542-5-smb neutron-server[110528]: Metering agent@dv-cinder-837542-5-smb: {},
Jun 17 12:42:21.264797 dv-cinder-837542-5-smb neutron-server[110528]: Open vSwitch agent@dv-cinder-837542-5-smb: { 'AddressGroup': '1.2',
Jun 17 12:42:21.264797 dv-cinder-837542-5-smb neutron-server[110528]: 'Agent': '1.1',
Jun 17 12:42:21.264797 dv-cinder-837542-5-smb neutron-server[110528]: 'ConntrackHelper': '1.0',
Jun 17 12:42:21.264797 dv-cinder-837542-5-smb neutron-server[110528]: 'LocalIPAssociation': '1.0',
Jun 17 12:42:21.264797 dv-cinder-837542-5-smb neutron-server[110528]: 'Log': '1.0',
Jun 17 12:42:21.264797 dv-cinder-837542-5-smb neutron-server[110528]: 'NDPProxy': '1.0',
Jun 17 12:42:21.264797 dv-cinder-837542-5-smb neutron-server[110528]: 'Network': '1.1',
Jun 17 12:42:21.264797 dv-cinder-837542-5-smb neutron-server[110528]: 'Port': '1.7',
Jun 17 12:42:21.264797 dv-cinder-837542-5-smb neutron-server[110528]: 'PortForwarding': '1.3',
Jun 17 12:42:21.264797 dv-cinder-837542-5-smb neutron-server[110528]: 'QosPolicy': '1.10',
Jun 17 12:42:21.264797 dv-cinder-837542-5-smb neutron-server[110528]: 'SecurityGroup': '1.5',
Jun 17 12:42:21.264797 dv-cinder-837542-5-smb neutron-server[110528]: 'SecurityGroupRule': '1.2',
Jun 17 12:42:21.264797 dv-cinder-837542-5-smb neutron-server[110528]: 'SubPort': '1.0',
Jun 17 12:42:21.264797 dv-cinder-837542-5-smb neutron-server[110528]: 'Subnet': '1.1',
Jun 17 12:42:21.264797 dv-cinder-837542-5-smb neutron-server[110528]: 'Trunk': '1.1'}}
Jun 17 12:42:21.264797 dv-cinder-837542-5-smb neutron-server[110528]: {{(pid=110528) report /opt/stack/neutron/neutron/api/rpc/callbacks/version_manager.py:175}}
Jun 17 12:42:21.364922 dv-cinder-837542-5-smb neutron-server[110527]: DEBUG neutron.plugins.ml2.plugin [None req-5623ae41-cad5-4b82-b717-0d8bca1c612e None None] Current status of the port 00b2ccfa-ea76-454f-b0b6-25b8f9628f96 is: DOWN; New status is: ACTIVE {{(pid=110527) _update_individual_port_db_status /opt/stack/neutron/neutron/plugins/ml2/plugin.py:2298}}
Jun 17 12:42:21.365323 dv-cinder-837542-5-smb neutron-server[110527]: DEBUG neutron_lib.callbacks.manager [None req-5623ae41-cad5-4b82-b717-0d8bca1c612e None None] Publish callbacks ['neutron.plugins.ml2.plugin.SecurityGroupDbMixin._ensure_default_security_group_handler-1439737'] for port (00b2ccfa-ea76-454f-b0b6-25b8f9628f96), before_update {{(pid=110527) _notify_loop /usr/local/lib/python3.8/dist-packages/neutron_lib/callbacks/manager.py:176}}
Jun 17 12:42:21.373791 dv-cinder-837542-5-smb neutron-server[110528]: DEBUG neutron.plugins.ml2.db [None req-ffbbf0db-c6a1-4bd4-bf06-153772a214e7 None None] For port b7774fe5-2edf-4855-b7da-826ea4838259, host dv-cinder-837542-5-smb, cleared binding levels {{(pid=110528) clear_binding_levels /opt/stack/neutron/neutron/plugins/ml2/db.py:87}}
Jun 17 12:42:21.381020 dv-cinder-837542-5-smb neutron-server[110526]: DEBUG dbcounter [-] [110526] Writing DB stats neutron:SELECT=93,neutron:DELETE=5,neutron:UPDATE=2 {{(pid=110526) stat_writer /usr/local/lib/python3.8/dist-packages/dbcounter.py:114}}
Jun 17 12:42:21.383688 dv-cinder-837542-5-smb neutron-server[110526]: DEBUG neutron_lib.callbacks.manager [None req-8ecdaafb-be5b-4470-bc3b-bcf781eb2c91 admin admin] Publish callbacks ['neutron.plugins.ml2.plugin.SecurityGroupDbMixin._ensure_default_security_group_handler-1439737'] for port (None), before_create {{(pid=110526) _notify_loop /usr/local/lib/python3.8/dist-packages/neutron_lib/callbacks/manager.py:176}}
Jun 17 12:42:21.403915 dv-cinder-837542-5-smb neutron-server[110528]: DEBUG neutron.plugins.ml2.db [None req-ffbbf0db-c6a1-4bd4-bf06-153772a214e7 None None] For port b7774fe5-2edf-4855-b7da-826ea4838259, host dv-cinder-837542-5-smb, set binding levels [PortBindingLevel(driver='openvswitch',host='dv-cinder-837542-5-smb',level=0,port_id=b7774fe5-2edf-4855-b7da-826ea4838259,segment=NetworkSegment(c8b6582a-4d86-4e62-842b-3952a3b0968b),segment_id=c8b6582a-4d86-4e62-842b-3952a3b0968b)] {{(pid=110528) set_binding_levels /opt/stack/neutron/neutron/plugins/ml2/db.py:59}}
Jun 17 12:42:21.428484 dv-cinder-837542-5-smb neutron-server[110528]: DEBUG neutron_lib.callbacks.manager [None req-ffbbf0db-c6a1-4bd4-bf06-153772a214e7 None None] Publish callbacks ['neutron.plugins.ml2.plugin.SecurityGroupServerNotifierRpcMixin._notify_sg_on_port_change-1439550', 'neutron.plugins.ml2.ovo_rpc._ObjectChangeHandler.handle_event-41525', 'neutron.api.rpc.agentnotifiers.dhcp_rpc_agent_api.DhcpAgentNotifyAPI._native_event_send_dhcp_notification-568216', 'neutron.db.l3_db.L3RpcNotifierMixin._notify_gateway_port_ip_changed-8792715319902', 'neutron.db.l3_dvrscheduler_db._notify_l3_agent_port_update-8792714951729', 'neutron.db.l3_hascheduler_db._notify_l3_agent_ha_port_update-8792714951747'] for port (b7774fe5-2edf-4855-b7da-826ea4838259), after_update {{(pid=110528) _notify_loop /usr/local/lib/python3.8/dist-packages/neutron_lib/callbacks/manager.py:176}}
Jun 17 12:42:21.428860 dv-cinder-837542-5-smb neutron-server[110526]: DEBUG neutron.api.rpc.handlers.resources_rpc [None req-3ba67c75-b2be-4c81-89fd-ce30e5d151bb admin admin] Pushing event deleted for resources: {'Subnet': ['ID=756ad0bd-2273-4a42-a296-00bacd4400ca,revision_number=None']} {{(pid=110526) push /opt/stack/neutron/neutron/api/rpc/handlers/resources_rpc.py:237}}
Jun 17 12:42:21.436176 dv-cinder-837542-5-smb neutron-server[110526]: DEBUG neutron_lib.callbacks.manager [None req-3ba67c75-b2be-4c81-89fd-ce30e5d151bb admin admin] Publish callbacks ['neutron.api.rpc.agentnotifiers.dhcp_rpc_agent_api.DhcpAgentNotifyAPI._send_dhcp_notification-568206'] for subnet (None), before_response {{(pid=110526) _notify_loop /usr/local/lib/python3.8/dist-packages/neutron_lib/callbacks/manager.py:176}}
Jun 17 12:42:21.449564 dv-cinder-837542-5-smb neutron-server[110526]: INFO neutron.wsgi [None req-3ba67c75-b2be-4c81-89fd-ce30e5d151bb admin admin] 10.222.0.81 "DELETE /v2.0/subnets/756ad0bd-2273-4a42-a296-00bacd4400ca HTTP/1.1" status: 204 len: 168 time: 1.7730429
Jun 17 12:42:21.452759 dv-cinder-837542-5-smb neutron-server[110527]: DEBUG neutron.plugins.ml2.plugin [None req-d5234da8-c0f6-4a70-ab84-86593f9d281d None None] Current status of the port 59bd4a11-5a25-4e69-ae2f-bc84626d7592 is: ACTIVE; New status is: ACTIVE {{(pid=110527) _update_individual_port_db_status /opt/stack/neutron/neutron/plugins/ml2/plugin.py:2298}}
Jun 17 12:42:21.458241 dv-cinder-837542-5-smb neutron-server[110526]: DEBUG neutron.wsgi [-] (110526) accepted ('10.222.0.81', 58844) {{(pid=110526) server /usr/local/lib/python3.8/dist-packages/eventlet/wsgi.py:1004}}
Jun 17 12:42:21.485909 dv-cinder-837542-5-smb neutron-server[110527]: DEBUG neutron.plugins.ml2.db [None req-5623ae41-cad5-4b82-b717-0d8bca1c612e None None] For port 00b2ccfa-ea76-454f-b0b6-25b8f9628f96, host dv-cinder-837542-5-smb, got binding levels [PortBindingLevel(driver='openvswitch',host='dv-cinder-837542-5-smb',level=0,port_id=00b2ccfa-ea76-454f-b0b6-25b8f9628f96,segment=NetworkSegment(bf11f8c2-f079-4755-b808-514f9f2c5e1c),segment_id=bf11f8c2-f079-4755-b808-514f9f2c5e1c)] {{(pid=110527) get_binding_level_objs /opt/stack/neutron/neutron/plugins/ml2/db.py:74}}
Jun 17 12:42:21.494320 dv-cinder-837542-5-smb neutron-server[110527]: DEBUG neutron_lib.callbacks.manager [None req-5623ae41-cad5-4b82-b717-0d8bca1c612e None None] Publish callbacks ['neutron.plugins.ml2.plugin.SecurityGroupServerNotifierRpcMixin._notify_sg_on_port_change-1439550', 'neutron.plugins.ml2.ovo_rpc._ObjectChangeHandler.handle_event-41525', 'neutron.api.rpc.agentnotifiers.dhcp_rpc_agent_api.DhcpAgentNotifyAPI._native_event_send_dhcp_notification-568216', 'neutron.db.l3_db.L3RpcNotifierMixin._notify_gateway_port_ip_changed-8792715319902', 'neutron.db.l3_dvrscheduler_db._notify_l3_agent_port_update-8792714951729', 'neutron.db.l3_hascheduler_db._notify_l3_agent_ha_port_update-8792714951747'] for port (00b2ccfa-ea76-454f-b0b6-25b8f9628f96), after_update {{(pid=110527) _notify_loop /usr/local/lib/python3.8/dist-packages/neutron_lib/callbacks/manager.py:176}}
Jun 17 12:42:21.576010 dv-cinder-837542-5-smb neutron-server[110526]: DEBUG neutron_lib.callbacks.manager [None req-f59dd608-13a9-4e18-81bf-17fb83f267ea admin admin] Publish callbacks ['neutron.plugins.ml2.plugin.External_net_db_mixin._before_network_delete_handler-1563923'] for network (f4403605-5087-497c-aeee-90864df6f2b0), before_delete {{(pid=110526) _notify_loop /usr/local/lib/python3.8/dist-packages/neutron_lib/callbacks/manager.py:176}}
Jun 17 12:42:21.637976 dv-cinder-837542-5-smb neutron-server[110525]: DEBUG neutron_lib.callbacks.manager [None req-9315e6a4-f744-42b3-ada6-eeeef038308d admin admin] Publish callbacks [] for router_gateway (1ffc017f-359c-446c-a12a-c8009ba4ff60), after_create {{(pid=110525) _notify_loop /usr/local/lib/python3.8/dist-packages/neutron_lib/callbacks/manager.py:176}}
Jun 17 12:42:21.640180 dv-cinder-837542-5-smb neutron-server[110526]: DEBUG neutron_lib.callbacks.manager [None req-49258041-9b84-4f31-9131-8c413f8f0255 admin admin] Publish callbacks [] for security_group (0411ea24-810d-4907-8689-5387ab6462c1), precommit_delete {{(pid=110526) _notify_loop /usr/local/lib/python3.8/dist-packages/neutron_lib/callbacks/manager.py:176}}
Jun 17 12:42:21.645904 dv-cinder-837542-5-smb neutron-server[110528]: DEBUG neutron.db.l3_dvrscheduler_db [None req-ffbbf0db-c6a1-4bd4-bf06-153772a214e7 None None] Routers {'a6520650-2ce3-42e1-a399-8501f069d767'} bound to L3 agent in host dv-cinder-837542-5-smb {{(pid=110528) _get_router_ids_for_agent /opt/stack/neutron/neutron/db/l3_dvrscheduler_db.py:426}}
Jun 17 12:42:21.648171 dv-cinder-837542-5-smb neutron-server[110528]: DEBUG neutron.db.l3_hamode_db [None req-ffbbf0db-c6a1-4bd4-bf06-153772a214e7 None None] neutron.services.l3_router.l3_router_plugin.L3RouterPlugin method get_ha_sync_data_for_host called with arguments (, 'dv-cinder-837542-5-smb', Agent(admin_state_up=True,agent_type='L3 agent',availability_zone='nova',binary='neutron-l3-agent',configurations={"agent_mode": "legacy", "ex_gw_ports": 1, "extensions": [], "floating_ips": 0, "handle_internal_only_routers": true, "interface_driver": "openvswitch", "interfaces": 1, "log_agent_heartbeats": false, "routers": 1},created_at=2022-06-17T12:33:51Z,description=,heartbeat_timestamp=2022-06-17T12:42:21Z,host='dv-cinder-837542-5-smb',id=e3acd155-58b3-4f7a-bfaa-3f5a7300f974,load=0,resource_versions=,resources_synced=,started_at=2022-06-17T12:33:51Z,topic='l3_agent')) {'router_ids': ['a6520650-2ce3-42e1-a399-8501f069d767'], 'active': True} {{(pid=110528) wrapper /usr/local/lib/python3.8/dist-packages/oslo_log/helpers.py:65}}
Jun 17 12:42:21.682452 dv-cinder-837542-5-smb neutron-server[110527]: DEBUG neutron.db.provisioning_blocks [None req-511ee410-4540-4903-b41c-fd0c3892a22a None None] Provisioning complete for port 59bd4a11-5a25-4e69-ae2f-bc84626d7592 triggered by entity DHCP. {{(pid=110527) provisioning_complete /opt/stack/neutron/neutron/db/provisioning_blocks.py:145}}
Jun 17 12:42:21.682822 dv-cinder-837542-5-smb neutron-server[110527]: DEBUG neutron_lib.callbacks.manager [None req-511ee410-4540-4903-b41c-fd0c3892a22a None None] Publish callbacks ['neutron.plugins.ml2.plugin.Ml2Plugin._port_provisioned-1513707'] for port (59bd4a11-5a25-4e69-ae2f-bc84626d7592), provisioning_complete {{(pid=110527) _notify_loop /usr/local/lib/python3.8/dist-packages/neutron_lib/callbacks/manager.py:176}}
Jun 17 12:42:21.840671 dv-cinder-837542-5-smb neutron-server[110527]: DEBUG neutron.api.rpc.handlers.resources_rpc [None req-5623ae41-cad5-4b82-b717-0d8bca1c612e None None] Pushing event updated for resources: {'Port': ['ID=00b2ccfa-ea76-454f-b0b6-25b8f9628f96,revision_number=3']} {{(pid=110527) push /opt/stack/neutron/neutron/api/rpc/handlers/resources_rpc.py:237}}
Jun 17 12:42:21.928909 dv-cinder-837542-5-smb neutron-server[110528]: DEBUG neutron.db.l3_dvr_db [None req-ffbbf0db-c6a1-4bd4-bf06-153772a214e7 None None] Set router a6520650-2ce3-42e1-a399-8501f069d767 gateway port host: dv-cinder-837542-5-smb {{(pid=110528) _build_routers_list /opt/stack/neutron/neutron/db/l3_dvr_db.py:907}}
Jun 17 12:42:21.976813 dv-cinder-837542-5-smb neutron-server[110527]: DEBUG neutron.plugins.ml2.plugin [None req-511ee410-4540-4903-b41c-fd0c3892a22a None None] Current status of the port 59bd4a11-5a25-4e69-ae2f-bc84626d7592 is: ACTIVE; New status is: ACTIVE {{(pid=110527) _update_individual_port_db_status /opt/stack/neutron/neutron/plugins/ml2/plugin.py:2298}}
Jun 17 12:42:21.999629 dv-cinder-837542-5-smb neutron-server[110526]: DEBUG neutron.db.db_base_plugin_common [None req-8ecdaafb-be5b-4470-bc3b-bcf781eb2c91 admin admin] Allocated IP 172.20.0.1 (2fbfc5c9-030b-4edc-8cb7-0393bba48f0f/b11ab84c-ecbc-4e06-80b7-9206f9674d57/81ca6dc8-7aca-4625-9998-3f9d69a96693) {{(pid=110526) _store_ip_allocation /opt/stack/neutron/neutron/db/db_base_plugin_common.py:131}}
Jun 17 12:42:22.037799 dv-cinder-837542-5-smb neutron-server[110527]: DEBUG neutron.db.provisioning_blocks [None req-511ee410-4540-4903-b41c-fd0c3892a22a None None] Provisioning complete for port 00b2ccfa-ea76-454f-b0b6-25b8f9628f96 triggered by entity DHCP. {{(pid=110527) provisioning_complete /opt/stack/neutron/neutron/db/provisioning_blocks.py:145}}
Jun 17 12:42:22.038474 dv-cinder-837542-5-smb neutron-server[110527]: DEBUG neutron_lib.callbacks.manager [None req-511ee410-4540-4903-b41c-fd0c3892a22a None None] Publish callbacks ['neutron.plugins.ml2.plugin.Ml2Plugin._port_provisioned-1513707'] for port (00b2ccfa-ea76-454f-b0b6-25b8f9628f96), provisioning_complete {{(pid=110527) _notify_loop /usr/local/lib/python3.8/dist-packages/neutron_lib/callbacks/manager.py:176}}
Jun 17 12:42:22.133507 dv-cinder-837542-5-smb neutron-server[110528]: DEBUG dbcounter [-] [110528] Writing DB stats neutron:SELECT=98,neutron:UPDATE=2 {{(pid=110528) stat_writer /usr/local/lib/python3.8/dist-packages/dbcounter.py:114}}
Jun 17 12:42:22.134148 dv-cinder-837542-5-smb neutron-server[110528]: DEBUG dbcounter [-] [110528] Writing DB stats neutron:SELECT=96,neutron:UPDATE=3,neutron:INSERT=1 {{(pid=110528) stat_writer /usr/local/lib/python3.8/dist-packages/dbcounter.py:114}}
Jun 17 12:42:22.139298 dv-cinder-837542-5-smb neutron-server[110526]: DEBUG neutron_lib.callbacks.manager [None req-8ecdaafb-be5b-4470-bc3b-bcf781eb2c91 admin admin] Publish callbacks [] for port (81ca6dc8-7aca-4625-9998-3f9d69a96693), precommit_create {{(pid=110526) _notify_loop /usr/local/lib/python3.8/dist-packages/neutron_lib/callbacks/manager.py:176}}
Jun 17 12:42:22.149112 dv-cinder-837542-5-smb neutron-server[110528]: DEBUG neutron.api.rpc.handlers.resources_rpc [None req-1ab7875d-fbb7-4738-a464-1090e792f2de None None] Pushing event updated for resources: {'Port': ['ID=b7774fe5-2edf-4855-b7da-826ea4838259,revision_number=3']} {{(pid=110528) push /opt/stack/neutron/neutron/api/rpc/handlers/resources_rpc.py:237}}
Jun 17 12:42:22.210429 dv-cinder-837542-5-smb neutron-server[110525]: DEBUG neutron_lib.callbacks.manager [None req-9315e6a4-f744-42b3-ada6-eeeef038308d admin admin] Publish callbacks ['neutron.services.l3_router.l3_router_plugin.L3_HA_NAT_db_mixin._after_router_create-690735', 'neutron.services.l3_router.l3_router_plugin.DVRResourceOperationHandler._create_snat_interfaces_after_change-689755'] for router (1ffc017f-359c-446c-a12a-c8009ba4ff60), after_create {{(pid=110525) _notify_loop /usr/local/lib/python3.8/dist-packages/neutron_lib/callbacks/manager.py:176}}
Jun 17 12:42:22.225280 dv-cinder-837542-5-smb neutron-server[110526]: DEBUG neutron_lib.callbacks.manager [None req-49258041-9b84-4f31-9131-8c413f8f0255 admin admin] Publish callbacks ['neutron.plugins.ml2.ovo_rpc._ObjectChangeHandler.handle_event-731772'] for security_group (0411ea24-810d-4907-8689-5387ab6462c1), after_delete {{(pid=110526) _notify_loop /usr/local/lib/python3.8/dist-packages/neutron_lib/callbacks/manager.py:176}}
Jun 17 12:42:22.233710 dv-cinder-837542-5-smb neutron-server[110526]: DEBUG neutron_lib.callbacks.manager [None req-49258041-9b84-4f31-9131-8c413f8f0255 admin admin] Publish callbacks [] for security_group (None), before_response {{(pid=110526) _notify_loop /usr/local/lib/python3.8/dist-packages/neutron_lib/callbacks/manager.py:176}}
Jun 17 12:42:22.241186 dv-cinder-837542-5-smb neutron-server[110526]: INFO neutron.wsgi [None req-49258041-9b84-4f31-9131-8c413f8f0255 admin admin] 10.222.0.81 "DELETE /v2.0/security-groups/0411ea24-810d-4907-8689-5387ab6462c1 HTTP/1.1" status: 204 len: 168 time: 1.8775933
Jun 17 12:42:22.243194 dv-cinder-837542-5-smb neutron-server[110527]: DEBUG neutron.plugins.ml2.plugin [None req-511ee410-4540-4903-b41c-fd0c3892a22a None None] Current status of the port 00b2ccfa-ea76-454f-b0b6-25b8f9628f96 is: ACTIVE; New status is: ACTIVE {{(pid=110527) _update_individual_port_db_status /opt/stack/neutron/neutron/plugins/ml2/plugin.py:2298}}
Jun 17 12:42:22.291531 dv-cinder-837542-5-smb neutron-server[110526]: DEBUG neutron_lib.callbacks.manager [None req-8ecdaafb-be5b-4470-bc3b-bcf781eb2c91 admin admin] Publish callbacks ['neutron.plugins.ml2.plugin.SecurityGroupServerNotifierRpcMixin._notify_sg_on_port_change-1439550', 'neutron.plugins.ml2.ovo_rpc._ObjectChangeHandler.handle_event-41525', 'neutron.api.rpc.agentnotifiers.dhcp_rpc_agent_api.DhcpAgentNotifyAPI._native_event_send_dhcp_notification-568216', 'neutron.db.l3_dvrscheduler_db._notify_l3_agent_new_port-8792714951711'] for port (81ca6dc8-7aca-4625-9998-3f9d69a96693), after_create {{(pid=110526) _notify_loop /usr/local/lib/python3.8/dist-packages/neutron_lib/callbacks/manager.py:176}}
Jun 17 12:42:22.344157 dv-cinder-837542-5-smb neutron-server[110527]: DEBUG neutron.api.rpc.handlers.dhcp_rpc [None req-ea95eaf0-a6fb-4db1-8bc2-09e25ed5bd78 None None] Network e42f2ff7-1272-4671-8c6a-645ce4576717 requested from dv-cinder-837542-5-smb {{(pid=110527) get_network_info /opt/stack/neutron/neutron/api/rpc/handlers/dhcp_rpc.py:191}}
Jun 17 12:42:22.433885 dv-cinder-837542-5-smb neutron-server[110526]: DEBUG neutron.scheduler.dhcp_agent_scheduler [None req-8ecdaafb-be5b-4470-bc3b-bcf781eb2c91 admin admin] Network 2fbfc5c9-030b-4edc-8cb7-0393bba48f0f is already hosted by enough agents. {{(pid=110526) _get_dhcp_agents_hosting_network /opt/stack/neutron/neutron/scheduler/dhcp_agent_scheduler.py:275}}
Jun 17 12:42:22.435335 dv-cinder-837542-5-smb neutron-server[110526]: DEBUG neutron.api.rpc.handlers.resources_rpc [None req-8ecdaafb-be5b-4470-bc3b-bcf781eb2c91 admin admin] Pushing event updated for resources: {'Port': ['ID=81ca6dc8-7aca-4625-9998-3f9d69a96693,revision_number=1']} {{(pid=110526) push /opt/stack/neutron/neutron/api/rpc/handlers/resources_rpc.py:237}}
Jun 17 12:42:22.445718 dv-cinder-837542-5-smb neutron-server[110526]: DEBUG neutron.scheduler.base_scheduler [None req-8ecdaafb-be5b-4470-bc3b-bcf781eb2c91 admin admin] Resources bound (agent type, host, resource id): {{(pid=110526) schedule /opt/stack/neutron/neutron/scheduler/base_scheduler.py:57}}
Jun 17 12:42:22.449778 dv-cinder-837542-5-smb neutron-server[110526]: DEBUG neutron.db.l3_dvrscheduler_db [None req-8ecdaafb-be5b-4470-bc3b-bcf781eb2c91 admin admin] Received port after_create {{(pid=110526) _notify_l3_agent_new_port /opt/stack/neutron/neutron/db/l3_dvrscheduler_db.py:542}}
Jun 17 12:42:22.450267 dv-cinder-837542-5-smb neutron-server[110526]: DEBUG neutron_lib.callbacks.manager [None req-8ecdaafb-be5b-4470-bc3b-bcf781eb2c91 admin admin] Publish callbacks ['neutron.services.l3_router.l3_router_plugin.DVRResourceOperationHandler._add_csnat_on_interface_create-690807'] for router_interface (a6520650-2ce3-42e1-a399-8501f069d767), before_create {{(pid=110526) _notify_loop /usr/local/lib/python3.8/dist-packages/neutron_lib/callbacks/manager.py:176}}
Jun 17 12:42:22.509211 dv-cinder-837542-5-smb neutron-server[110525]: DEBUG neutron.scheduler.l3_agent_scheduler [None req-9315e6a4-f744-42b3-ada6-eeeef038308d admin admin] Router 1ffc017f-359c-446c-a12a-c8009ba4ff60 is scheduled to L3 agent e3acd155-58b3-4f7a-bfaa-3f5a7300f974 with binding_index 1 {{(pid=110525) bind_router /opt/stack/neutron/neutron/scheduler/l3_agent_scheduler.py:209}}
Jun 17 12:42:22.524082 dv-cinder-837542-5-smb neutron-server[110525]: DEBUG neutron.scheduler.l3_agent_scheduler [None req-5fa15eb7-3d52-4d8c-844f-c33dd0e22c9b admin admin] Router 6b84b173-12ca-4fe6-9f74-28d7c1bfa7b5 is scheduled to L3 agent e3acd155-58b3-4f7a-bfaa-3f5a7300f974 with binding_index 1 {{(pid=110525) bind_router /opt/stack/neutron/neutron/scheduler/l3_agent_scheduler.py:209}}
