Jun 17 12:42:35.982128 dv-cinder-837542-5-smb devstack@c-api.service[117306]: DEBUG cinder.api.openstack.wsgi [None req-4d6c3d69-85cf-4722-bcc5-412593019c86 tempest-QosSpecsTestJSON-341417289 tempest-QosSpecsTestJSON-341417289-project-admin] Empty body provided in request {{(pid=117306) get_body /opt/stack/cinder/cinder/api/openstack/wsgi.py:715}}
Jun 17 12:42:35.985724 dv-cinder-837542-5-smb devstack@c-api.service[117306]: DEBUG cinder.api.openstack.wsgi [None req-4d6c3d69-85cf-4722-bcc5-412593019c86 tempest-QosSpecsTestJSON-341417289 tempest-QosSpecsTestJSON-341417289-project-admin] Calling method 'show' {{(pid=117306) _process_stack /opt/stack/cinder/cinder/api/openstack/wsgi.py:868}}
Jun 17 12:42:35.990225 dv-cinder-837542-5-smb devstack@c-api.service[117306]: /usr/local/lib/python3.8/dist-packages/oslo_context/context.py:100: DeprecationWarning: Policy enforcement is depending on the value of is_admin. This key is deprecated. Please update your policy file to use the standard policy values.
Jun 17 12:42:35.990225 dv-cinder-837542-5-smb devstack@c-api.service[117306]: warnings.warn('Policy enforcement is depending on the value of '
Jun 17 12:42:35.997631 dv-cinder-837542-5-smb devstack@c-api.service[117305]: /usr/local/lib/python3.8/dist-packages/oslo_context/context.py:100: DeprecationWarning: Policy enforcement is depending on the value of is_admin. This key is deprecated. Please update your policy file to use the standard policy values.
Jun 17 12:42:35.997631 dv-cinder-837542-5-smb devstack@c-api.service[117305]: warnings.warn('Policy enforcement is depending on the value of '
Jun 17 12:42:36.007550 dv-cinder-837542-5-smb devstack@c-api.service[117306]: DEBUG dbcounter [-] [117306] Writing DB stats cinder:SELECT=93,cinder:INSERT=3,cinder:UPDATE=4 {{(pid=117306) stat_writer /usr/local/lib/python3.8/dist-packages/dbcounter.py:114}}
Jun 17 12:42:36.030550 dv-cinder-837542-5-smb devstack@c-api.service[117306]: INFO cinder.api.openstack.wsgi [None req-4d6c3d69-85cf-4722-bcc5-412593019c86 tempest-QosSpecsTestJSON-341417289 tempest-QosSpecsTestJSON-341417289-project-admin] http://10.222.0.81/volume/v3/7f5cda13241a4a6ea193a8c46bea336b/qos-specs/6136c668-da48-4330-9a62-1222dbb5fcad returned with HTTP 404
Jun 17 12:42:36.036421 dv-cinder-837542-5-smb devstack@c-api.service[117306]: [pid: 117306|app: 0|req: 78/147] 10.222.0.81 () {58 vars in 1330 bytes} [Fri Jun 17 12:42:35 2022] GET /volume/v3/7f5cda13241a4a6ea193a8c46bea336b/qos-specs/6136c668-da48-4330-9a62-1222dbb5fcad => generated 100 bytes in 82 msecs (HTTP/1.1 404) 7 headers in 292 bytes (1 switches on core 0)
Jun 17 12:42:36.046680 dv-cinder-837542-5-smb devstack@c-api.service[117306]: DEBUG cinder.api.middleware.request_id [None req-3059b98d-eef0-46e4-ae29-1ccaaef928d9 None None] RequestId filter calling following filter/app {{(pid=117306) _context_setter /opt/stack/cinder/cinder/api/middleware/request_id.py:62}}
Jun 17 12:42:36.080537 dv-cinder-837542-5-smb devstack@c-api.service[117306]: INFO cinder.api.openstack.wsgi [None req-3059b98d-eef0-46e4-ae29-1ccaaef928d9 tempest-QosSpecsTestJSON-341417289 tempest-QosSpecsTestJSON-341417289-project-admin] GET http://10.222.0.81/volume/v3/7f5cda13241a4a6ea193a8c46bea336b/qos-specs
Jun 17 12:42:36.082402 dv-cinder-837542-5-smb devstack@c-api.service[117306]: DEBUG cinder.api.openstack.wsgi [None req-3059b98d-eef0-46e4-ae29-1ccaaef928d9 tempest-QosSpecsTestJSON-341417289 tempest-QosSpecsTestJSON-341417289-project-admin] Empty body provided in request {{(pid=117306) get_body /opt/stack/cinder/cinder/api/openstack/wsgi.py:715}}
Jun 17 12:42:36.085653 dv-cinder-837542-5-smb devstack@c-api.service[117306]: DEBUG cinder.api.openstack.wsgi [None req-3059b98d-eef0-46e4-ae29-1ccaaef928d9 tempest-QosSpecsTestJSON-341417289 tempest-QosSpecsTestJSON-341417289-project-admin] Calling method 'index' {{(pid=117306) _process_stack /opt/stack/cinder/cinder/api/openstack/wsgi.py:868}}
Jun 17 12:42:36.093556 dv-cinder-837542-5-smb devstack@c-api.service[117305]: INFO cinder.api.openstack.wsgi [None req-e5f9fe42-3788-4699-893c-ac914f3e4c83 tempest-GroupSnapshotsTest-709667071 tempest-GroupSnapshotsTest-709667071-project] http://10.222.0.81/volume/v3/eddc5be2ceae4a33931d2f1ab63a9b83/groups/c4d75ffb-0477-4fe6-b9e3-68d78ab2cc33 returned with HTTP 200
Jun 17 12:42:36.096627 dv-cinder-837542-5-smb devstack@c-api.service[117305]: [pid: 117305|app: 0|req: 70/148] 10.222.0.81 () {60 vars in 1362 bytes} [Fri Jun 17 12:42:35 2022] GET /volume/v3/eddc5be2ceae4a33931d2f1ab63a9b83/groups/c4d75ffb-0477-4fe6-b9e3-68d78ab2cc33 => generated 392 bytes in 160 msecs (HTTP/1.1 200) 7 headers in 286 bytes (1 switches on core 0)
Jun 17 12:42:36.115930 dv-cinder-837542-5-smb devstack@c-api.service[117306]: INFO cinder.api.openstack.wsgi [None req-3059b98d-eef0-46e4-ae29-1ccaaef928d9 tempest-QosSpecsTestJSON-341417289 tempest-QosSpecsTestJSON-341417289-project-admin] http://10.222.0.81/volume/v3/7f5cda13241a4a6ea193a8c46bea336b/qos-specs returned with HTTP 200
Jun 17 12:42:36.117117 dv-cinder-837542-5-smb devstack@c-api.service[117306]: [pid: 117306|app: 0|req: 79/149] 10.222.0.81 () {58 vars in 1219 bytes} [Fri Jun 17 12:42:36 2022] GET /volume/v3/7f5cda13241a4a6ea193a8c46bea336b/qos-specs => generated 174 bytes in 75 msecs (HTTP/1.1 200) 7 headers in 285 bytes (1 switches on core 0)
Jun 17 12:42:36.124929 dv-cinder-837542-5-smb devstack@c-api.service[117305]: DEBUG cinder.api.middleware.request_id [None req-ac785dd3-bcde-4558-87a4-80ebf357d6f7 None None] RequestId filter calling following filter/app {{(pid=117305) _context_setter /opt/stack/cinder/cinder/api/middleware/request_id.py:62}}
Jun 17 12:42:36.130718 dv-cinder-837542-5-smb devstack@c-api.service[117305]: INFO cinder.api.openstack.wsgi [None req-ac785dd3-bcde-4558-87a4-80ebf357d6f7 tempest-QosSpecsTestJSON-341417289 tempest-QosSpecsTestJSON-341417289-project-admin] POST http://10.222.0.81/volume/v3/7f5cda13241a4a6ea193a8c46bea336b/qos-specs
Jun 17 12:42:36.131427 dv-cinder-837542-5-smb devstack@c-api.service[117305]: DEBUG cinder.api.openstack.wsgi [None req-ac785dd3-bcde-4558-87a4-80ebf357d6f7 tempest-QosSpecsTestJSON-341417289 tempest-QosSpecsTestJSON-341417289-project-admin] Action: 'create', calling method: create, body: {"qos_specs": {"name": "tempest-QosSpecsTestJSON-qos-1046490302", "consumer": "front-end"}} {{(pid=117305) _process_stack /opt/stack/cinder/cinder/api/openstack/wsgi.py:866}}
Jun 17 12:42:36.135723 dv-cinder-837542-5-smb devstack@c-api.service[117305]: /usr/local/lib/python3.8/dist-packages/oslo_context/context.py:100: DeprecationWarning: Policy enforcement is depending on the value of is_admin. This key is deprecated. Please update your policy file to use the standard policy values.
Jun 17 12:42:36.135723 dv-cinder-837542-5-smb devstack@c-api.service[117305]: warnings.warn('Policy enforcement is depending on the value of '
Jun 17 12:42:36.136406 dv-cinder-837542-5-smb devstack@c-api.service[117305]: DEBUG cinder.volume.qos_specs [None req-ac785dd3-bcde-4558-87a4-80ebf357d6f7 tempest-QosSpecsTestJSON-341417289 tempest-QosSpecsTestJSON-341417289-project-admin] Dict for qos_specs: {'name': 'tempest-QosSpecsTestJSON-qos-1046490302', 'consumer': 'front-end', 'specs': {}} {{(pid=117305) create /opt/stack/cinder/cinder/volume/qos_specs.py:64}}
Jun 17 12:42:36.147710 dv-cinder-837542-5-smb devstack@c-api.service[117305]: DEBUG cinder.db.sqlalchemy.api [None req-ac785dd3-bcde-4558-87a4-80ebf357d6f7 tempest-QosSpecsTestJSON-341417289 tempest-QosSpecsTestJSON-341417289-project-admin] DB qos_specs_create(): root {'id': 'c9c3e689-6256-4768-bbc9-0c187756c71a', 'key': 'QoS_Specs_Name', 'value': 'tempest-QosSpecsTestJSON-qos-1046490302'} {{(pid=117305) qos_specs_create /opt/stack/cinder/cinder/db/sqlalchemy/api.py:5587}}
Jun 17 12:42:36.162170 dv-cinder-837542-5-smb devstack@c-api.service[117305]: INFO cinder.api.openstack.wsgi [None req-ac785dd3-bcde-4558-87a4-80ebf357d6f7 tempest-QosSpecsTestJSON-341417289 tempest-QosSpecsTestJSON-341417289-project-admin] http://10.222.0.81/volume/v3/7f5cda13241a4a6ea193a8c46bea336b/qos-specs returned with HTTP 200
Jun 17 12:42:36.163263 dv-cinder-837542-5-smb devstack@c-api.service[117305]: [pid: 117305|app: 0|req: 71/150] 10.222.0.81 () {60 vars in 1240 bytes} [Fri Jun 17 12:42:36 2022] POST /volume/v3/7f5cda13241a4a6ea193a8c46bea336b/qos-specs => generated 436 bytes in 39 msecs (HTTP/1.1 200) 7 headers in 285 bytes (1 switches on core 0)
Jun 17 12:42:36.170640 dv-cinder-837542-5-smb devstack@c-api.service[117306]: DEBUG cinder.api.middleware.request_id [None req-e0a09d0a-1519-4025-b951-ebdb9dd01182 None None] RequestId filter calling following filter/app {{(pid=117306) _context_setter /opt/stack/cinder/cinder/api/middleware/request_id.py:62}}
Jun 17 12:42:36.176858 dv-cinder-837542-5-smb devstack@c-api.service[117306]: INFO cinder.api.openstack.wsgi [None req-e0a09d0a-1519-4025-b951-ebdb9dd01182 tempest-QosSpecsTestJSON-341417289 tempest-QosSpecsTestJSON-341417289-project-admin] DELETE http://10.222.0.81/volume/v3/7f5cda13241a4a6ea193a8c46bea336b/qos-specs/c9c3e689-6256-4768-bbc9-0c187756c71a?force=False
Jun 17 12:42:36.177544 dv-cinder-837542-5-smb devstack@c-api.service[117306]: DEBUG cinder.api.openstack.wsgi [None req-e0a09d0a-1519-4025-b951-ebdb9dd01182 tempest-QosSpecsTestJSON-341417289 tempest-QosSpecsTestJSON-341417289-project-admin] Empty body provided in request {{(pid=117306) get_body /opt/stack/cinder/cinder/api/openstack/wsgi.py:715}}
Jun 17 12:42:36.178238 dv-cinder-837542-5-smb devstack@c-api.service[117306]: DEBUG cinder.api.openstack.wsgi [None req-e0a09d0a-1519-4025-b951-ebdb9dd01182 tempest-QosSpecsTestJSON-341417289 tempest-QosSpecsTestJSON-341417289-project-admin] Calling method 'delete' {{(pid=117306) _process_stack /opt/stack/cinder/cinder/api/openstack/wsgi.py:868}}
Jun 17 12:42:36.180392 dv-cinder-837542-5-smb devstack@c-api.service[117306]: /usr/local/lib/python3.8/dist-packages/oslo_context/context.py:100: DeprecationWarning: Policy enforcement is depending on the value of is_admin. This key is deprecated. Please update your policy file to use the standard policy values.
Jun 17 12:42:36.180392 dv-cinder-837542-5-smb devstack@c-api.service[117306]: warnings.warn('Policy enforcement is depending on the value of '
Jun 17 12:42:36.181622 dv-cinder-837542-5-smb devstack@c-api.service[117306]: DEBUG cinder.api.contrib.qos_specs_manage [None req-e0a09d0a-1519-4025-b951-ebdb9dd01182 tempest-QosSpecsTestJSON-341417289 tempest-QosSpecsTestJSON-341417289-project-admin] Delete qos_spec: c9c3e689-6256-4768-bbc9-0c187756c71a, force: False {{(pid=117306) delete /opt/stack/cinder/cinder/api/contrib/qos_specs_manage.py:168}}
Jun 17 12:42:36.223714 dv-cinder-837542-5-smb devstack@c-api.service[117306]: INFO cinder.api.openstack.wsgi [None req-e0a09d0a-1519-4025-b951-ebdb9dd01182 tempest-QosSpecsTestJSON-341417289 tempest-QosSpecsTestJSON-341417289-project-admin] http://10.222.0.81/volume/v3/7f5cda13241a4a6ea193a8c46bea336b/qos-specs/c9c3e689-6256-4768-bbc9-0c187756c71a?force=False returned with HTTP 202
Jun 17 12:42:36.234535 dv-cinder-837542-5-smb devstack@c-api.service[117305]: DEBUG cinder.api.middleware.request_id [None req-ee3956af-0414-4df8-a4f9-4b6cab7e88a0 None None] RequestId filter calling following filter/app {{(pid=117305) _context_setter /opt/stack/cinder/cinder/api/middleware/request_id.py:62}}
Jun 17 12:42:36.241930 dv-cinder-837542-5-smb devstack@c-api.service[117305]: INFO cinder.api.openstack.wsgi [None req-ee3956af-0414-4df8-a4f9-4b6cab7e88a0 tempest-QosSpecsTestJSON-341417289 tempest-QosSpecsTestJSON-341417289-project-admin] GET http://10.222.0.81/volume/v3/7f5cda13241a4a6ea193a8c46bea336b/qos-specs/c9c3e689-6256-4768-bbc9-0c187756c71a
Jun 17 12:42:36.243149 dv-cinder-837542-5-smb devstack@c-api.service[117305]: DEBUG cinder.api.openstack.wsgi [None req-ee3956af-0414-4df8-a4f9-4b6cab7e88a0 tempest-QosSpecsTestJSON-341417289 tempest-QosSpecsTestJSON-341417289-project-admin] Empty body provided in request {{(pid=117305) get_body /opt/stack/cinder/cinder/api/openstack/wsgi.py:715}}
Jun 17 12:42:36.243759 dv-cinder-837542-5-smb devstack@c-api.service[117305]: DEBUG cinder.api.openstack.wsgi [None req-ee3956af-0414-4df8-a4f9-4b6cab7e88a0 tempest-QosSpecsTestJSON-341417289 tempest-QosSpecsTestJSON-341417289-project-admin] Calling method 'show' {{(pid=117305) _process_stack /opt/stack/cinder/cinder/api/openstack/wsgi.py:868}}
Jun 17 12:42:36.245133 dv-cinder-837542-5-smb devstack@c-api.service[117305]: /usr/local/lib/python3.8/dist-packages/oslo_context/context.py:100: DeprecationWarning: Policy enforcement is depending on the value of is_admin. This key is deprecated. Please update your policy file to use the standard policy values.
Jun 17 12:42:36.245133 dv-cinder-837542-5-smb devstack@c-api.service[117305]: warnings.warn('Policy enforcement is depending on the value of '
Jun 17 12:42:36.245335 dv-cinder-837542-5-smb devstack@c-api.service[117306]: [pid: 117306|app: 0|req: 80/151] 10.222.0.81 () {58 vars in 1356 bytes} [Fri Jun 17 12:42:36 2022] DELETE /volume/v3/7f5cda13241a4a6ea193a8c46bea336b/qos-specs/c9c3e689-6256-4768-bbc9-0c187756c71a?force=False => generated 0 bytes in 75 msecs (HTTP/1.1 202) 6 headers in 233 bytes (1 switches on core 0)
Jun 17 12:42:36.266634 dv-cinder-837542-5-smb devstack@c-api.service[117305]: INFO cinder.api.openstack.wsgi [None req-ee3956af-0414-4df8-a4f9-4b6cab7e88a0 tempest-QosSpecsTestJSON-341417289 tempest-QosSpecsTestJSON-341417289-project-admin] http://10.222.0.81/volume/v3/7f5cda13241a4a6ea193a8c46bea336b/qos-specs/c9c3e689-6256-4768-bbc9-0c187756c71a returned with HTTP 404
Jun 17 12:42:36.272720 dv-cinder-837542-5-smb devstack@c-api.service[117306]: DEBUG cinder.api.middleware.request_id [None req-79cbfe2a-6c02-4c3f-9a8b-ac3396cba6fb None None] RequestId filter calling following filter/app {{(pid=117306) _context_setter /opt/stack/cinder/cinder/api/middleware/request_id.py:62}}
Jun 17 12:42:36.286706 dv-cinder-837542-5-smb devstack@c-api.service[117306]: INFO cinder.api.openstack.wsgi [None req-79cbfe2a-6c02-4c3f-9a8b-ac3396cba6fb tempest-QosSpecsTestJSON-341417289 tempest-QosSpecsTestJSON-341417289-project-admin] GET http://10.222.0.81/volume/v3/7f5cda13241a4a6ea193a8c46bea336b/qos-specs
Jun 17 12:42:36.287182 dv-cinder-837542-5-smb devstack@c-api.service[117306]: DEBUG cinder.api.openstack.wsgi [None req-79cbfe2a-6c02-4c3f-9a8b-ac3396cba6fb tempest-QosSpecsTestJSON-341417289 tempest-QosSpecsTestJSON-341417289-project-admin] Empty body provided in request {{(pid=117306) get_body /opt/stack/cinder/cinder/api/openstack/wsgi.py:715}}
Jun 17 12:42:36.287662 dv-cinder-837542-5-smb devstack@c-api.service[117306]: DEBUG cinder.api.openstack.wsgi [None req-79cbfe2a-6c02-4c3f-9a8b-ac3396cba6fb tempest-QosSpecsTestJSON-341417289 tempest-QosSpecsTestJSON-341417289-project-admin] Calling method 'index' {{(pid=117306) _process_stack /opt/stack/cinder/cinder/api/openstack/wsgi.py:868}}
Jun 17 12:42:36.292398 dv-cinder-837542-5-smb devstack@c-api.service[117305]: [pid: 117305|app: 0|req: 72/152] 10.222.0.81 () {58 vars in 1330 bytes} [Fri Jun 17 12:42:36 2022] GET /volume/v3/7f5cda13241a4a6ea193a8c46bea336b/qos-specs/c9c3e689-6256-4768-bbc9-0c187756c71a => generated 100 bytes in 59 msecs (HTTP/1.1 404) 7 headers in 292 bytes (1 switches on core 0)
Jun 17 12:42:36.292593 dv-cinder-837542-5-smb devstack@c-api.service[117306]: /usr/local/lib/python3.8/dist-packages/oslo_context/context.py:100: DeprecationWarning: Policy enforcement is depending on the value of is_admin. This key is deprecated. Please update your policy file to use the standard policy values.
Jun 17 12:42:36.292593 dv-cinder-837542-5-smb devstack@c-api.service[117306]: warnings.warn('Policy enforcement is depending on the value of '
Jun 17 12:42:36.315294 dv-cinder-837542-5-smb devstack@c-api.service[117306]: INFO cinder.api.openstack.wsgi [None req-79cbfe2a-6c02-4c3f-9a8b-ac3396cba6fb tempest-QosSpecsTestJSON-341417289 tempest-QosSpecsTestJSON-341417289-project-admin] http://10.222.0.81/volume/v3/7f5cda13241a4a6ea193a8c46bea336b/qos-specs returned with HTTP 200
Jun 17 12:42:36.324628 dv-cinder-837542-5-smb devstack@c-api.service[117305]: DEBUG cinder.api.middleware.request_id [None req-f237d96a-dd96-411e-9ec5-f2a25893ef78 None None] RequestId filter calling following filter/app {{(pid=117305) _context_setter /opt/stack/cinder/cinder/api/middleware/request_id.py:62}}
Jun 17 12:42:36.330350 dv-cinder-837542-5-smb devstack@c-api.service[117305]: INFO cinder.api.openstack.wsgi [None req-f237d96a-dd96-411e-9ec5-f2a25893ef78 tempest-QosSpecsTestJSON-341417289 tempest-QosSpecsTestJSON-341417289-project-admin] GET http://10.222.0.81/volume/v3/7f5cda13241a4a6ea193a8c46bea336b/qos-specs/082f569b-fe14-4b68-8662-de2969d2ea57
Jun 17 12:42:36.330800 dv-cinder-837542-5-smb devstack@c-api.service[117305]: DEBUG cinder.api.openstack.wsgi [None req-f237d96a-dd96-411e-9ec5-f2a25893ef78 tempest-QosSpecsTestJSON-341417289 tempest-QosSpecsTestJSON-341417289-project-admin] Empty body provided in request {{(pid=117305) get_body /opt/stack/cinder/cinder/api/openstack/wsgi.py:715}}
Jun 17 12:42:36.331251 dv-cinder-837542-5-smb devstack@c-api.service[117305]: DEBUG cinder.api.openstack.wsgi [None req-f237d96a-dd96-411e-9ec5-f2a25893ef78 tempest-QosSpecsTestJSON-341417289 tempest-QosSpecsTestJSON-341417289-project-admin] Calling method 'show' {{(pid=117305) _process_stack /opt/stack/cinder/cinder/api/openstack/wsgi.py:868}}
Jun 17 12:42:36.333419 dv-cinder-837542-5-smb devstack@c-api.service[117306]: [pid: 117306|app: 0|req: 81/153] 10.222.0.81 () {58 vars in 1219 bytes} [Fri Jun 17 12:42:36 2022] GET /volume/v3/7f5cda13241a4a6ea193a8c46bea336b/qos-specs => generated 174 bytes in 61 msecs (HTTP/1.1 200) 7 headers in 285 bytes (1 switches on core 0)
Jun 17 12:42:36.351653 dv-cinder-837542-5-smb devstack@c-api.service[117305]: INFO cinder.api.openstack.wsgi [None req-f237d96a-dd96-411e-9ec5-f2a25893ef78 tempest-QosSpecsTestJSON-341417289 tempest-QosSpecsTestJSON-341417289-project-admin] http://10.222.0.81/volume/v3/7f5cda13241a4a6ea193a8c46bea336b/qos-specs/082f569b-fe14-4b68-8662-de2969d2ea57 returned with HTTP 200
Jun 17 12:42:36.362918 dv-cinder-837542-5-smb devstack@c-api.service[117306]: DEBUG cinder.api.middleware.request_id [None req-eaaa53a9-3ee7-4105-8a59-d5341db6a9b4 None None] RequestId filter calling following filter/app {{(pid=117306) _context_setter /opt/stack/cinder/cinder/api/middleware/request_id.py:62}}
Jun 17 12:42:36.369289 dv-cinder-837542-5-smb devstack@c-api.service[117306]: INFO cinder.api.openstack.wsgi [None req-eaaa53a9-3ee7-4105-8a59-d5341db6a9b4 tempest-QosSpecsTestJSON-341417289 tempest-QosSpecsTestJSON-341417289-project-admin] GET http://10.222.0.81/volume/v3/7f5cda13241a4a6ea193a8c46bea336b/qos-specs
Jun 17 12:42:36.369739 dv-cinder-837542-5-smb devstack@c-api.service[117306]: DEBUG cinder.api.openstack.wsgi [None req-eaaa53a9-3ee7-4105-8a59-d5341db6a9b4 tempest-QosSpecsTestJSON-341417289 tempest-QosSpecsTestJSON-341417289-project-admin] Empty body provided in request {{(pid=117306) get_body /opt/stack/cinder/cinder/api/openstack/wsgi.py:715}}
Jun 17 12:42:36.370871 dv-cinder-837542-5-smb devstack@c-api.service[117306]: DEBUG cinder.api.openstack.wsgi [None req-eaaa53a9-3ee7-4105-8a59-d5341db6a9b4 tempest-QosSpecsTestJSON-341417289 tempest-QosSpecsTestJSON-341417289-project-admin] Calling method 'index' {{(pid=117306) _process_stack /opt/stack/cinder/cinder/api/openstack/wsgi.py:868}}
Jun 17 12:42:36.372640 dv-cinder-837542-5-smb devstack@c-api.service[117306]: /usr/local/lib/python3.8/dist-packages/oslo_context/context.py:100: DeprecationWarning: Policy enforcement is depending on the value of is_admin. This key is deprecated. Please update your policy file to use the standard policy values.
Jun 17 12:42:36.372640 dv-cinder-837542-5-smb devstack@c-api.service[117306]: warnings.warn('Policy enforcement is depending on the value of '
Jun 17 12:42:36.372908 dv-cinder-837542-5-smb devstack@c-api.service[117305]: [pid: 117305|app: 0|req: 73/154] 10.222.0.81 () {58 vars in 1330 bytes} [Fri Jun 17 12:42:36 2022] GET /volume/v3/7f5cda13241a4a6ea193a8c46bea336b/qos-specs/082f569b-fe14-4b68-8662-de2969d2ea57 => generated 458 bytes in 48 msecs (HTTP/1.1 200) 7 headers in 285 bytes (1 switches on core 0)
Jun 17 12:42:36.395728 dv-cinder-837542-5-smb devstack@c-api.service[117306]: INFO cinder.api.openstack.wsgi [None req-eaaa53a9-3ee7-4105-8a59-d5341db6a9b4 tempest-QosSpecsTestJSON-341417289 tempest-QosSpecsTestJSON-341417289-project-admin] http://10.222.0.81/volume/v3/7f5cda13241a4a6ea193a8c46bea336b/qos-specs returned with HTTP 200
Jun 17 12:42:36.407080 dv-cinder-837542-5-smb devstack@c-api.service[117306]: [pid: 117306|app: 0|req: 82/155] 10.222.0.81 () {58 vars in 1219 bytes} [Fri Jun 17 12:42:36 2022] GET /volume/v3/7f5cda13241a4a6ea193a8c46bea336b/qos-specs => generated 174 bytes in 46 msecs (HTTP/1.1 200) 7 headers in 285 bytes (1 switches on core 0)
Jun 17 12:42:36.409075 dv-cinder-837542-5-smb devstack@c-api.service[117305]: DEBUG cinder.api.middleware.request_id [None req-9bd6173d-8544-423c-999c-3bdef1a0dcda None None] RequestId filter calling following filter/app {{(pid=117305) _context_setter /opt/stack/cinder/cinder/api/middleware/request_id.py:62}}
Jun 17 12:42:36.415249 dv-cinder-837542-5-smb devstack@c-api.service[117305]: INFO cinder.api.openstack.wsgi [None req-9bd6173d-8544-423c-999c-3bdef1a0dcda tempest-QosSpecsTestJSON-341417289 tempest-QosSpecsTestJSON-341417289-project-admin] PUT http://10.222.0.81/volume/v3/7f5cda13241a4a6ea193a8c46bea336b/qos-specs/082f569b-fe14-4b68-8662-de2969d2ea57
Jun 17 12:42:36.421324 dv-cinder-837542-5-smb devstack@c-api.service[117305]: DEBUG cinder.api.openstack.wsgi [None req-9bd6173d-8544-423c-999c-3bdef1a0dcda tempest-QosSpecsTestJSON-341417289 tempest-QosSpecsTestJSON-341417289-project-admin] Action: 'update', calling method: update, body: {"qos_specs": {"iops_bytes": "500"}} {{(pid=117305) _process_stack /opt/stack/cinder/cinder/api/openstack/wsgi.py:866}}
Jun 17 12:42:36.422730 dv-cinder-837542-5-smb devstack@c-api.service[117305]: /usr/local/lib/python3.8/dist-packages/oslo_context/context.py:100: DeprecationWarning: Policy enforcement is depending on the value of is_admin. This key is deprecated. Please update your policy file to use the standard policy values.
Jun 17 12:42:36.422730 dv-cinder-837542-5-smb devstack@c-api.service[117305]: warnings.warn('Policy enforcement is depending on the value of '
Jun 17 12:42:36.454496 dv-cinder-837542-5-smb devstack@c-api.service[117305]: DEBUG cinder.volume.qos_specs [None req-9bd6173d-8544-423c-999c-3bdef1a0dcda tempest-QosSpecsTestJSON-341417289 tempest-QosSpecsTestJSON-341417289-project-admin] qos_specs.update(): specs {'iops_bytes': '500'} {{(pid=117305) update /opt/stack/cinder/cinder/volume/qos_specs.py:79}}
Jun 17 12:42:36.521175 dv-cinder-837542-5-smb devstack@c-api.service[117305]: DEBUG cinder.db.sqlalchemy.api [None req-9bd6173d-8544-423c-999c-3bdef1a0dcda tempest-QosSpecsTestJSON-341417289 tempest-QosSpecsTestJSON-341417289-project-admin] qos_specs_update() value: {'id': 'd6d2e2ed-e6e5-49ff-bb5e-dd1b1e56b294', 'key': 'iops_bytes', 'value': '500', 'specs_id': '082f569b-fe14-4b68-8662-de2969d2ea57', 'deleted': False} {{(pid=117305) qos_specs_update /opt/stack/cinder/cinder/db/sqlalchemy/api.py:5949}}
Jun 17 12:42:36.542798 dv-cinder-837542-5-smb devstack@c-api.service[117305]: INFO cinder.api.openstack.wsgi [None req-9bd6173d-8544-423c-999c-3bdef1a0dcda tempest-QosSpecsTestJSON-341417289 tempest-QosSpecsTestJSON-341417289-project-admin] http://10.222.0.81/volume/v3/7f5cda13241a4a6ea193a8c46bea336b/qos-specs/082f569b-fe14-4b68-8662-de2969d2ea57 returned with HTTP 200
Jun 17 12:42:36.544745 dv-cinder-837542-5-smb devstack@c-api.service[117305]: [pid: 117305|app: 0|req: 74/156] 10.222.0.81 () {60 vars in 1350 bytes} [Fri Jun 17 12:42:36 2022] PUT /volume/v3/7f5cda13241a4a6ea193a8c46bea336b/qos-specs/082f569b-fe14-4b68-8662-de2969d2ea57 => generated 36 bytes in 138 msecs (HTTP/1.1 200) 7 headers in 284 bytes (1 switches on core 0)
Jun 17 12:42:36.551756 dv-cinder-837542-5-smb devstack@c-api.service[117306]: DEBUG cinder.api.middleware.request_id [None req-8d717482-b810-4156-8ae2-f41b2f582a18 None None] RequestId filter calling following filter/app {{(pid=117306) _context_setter /opt/stack/cinder/cinder/api/middleware/request_id.py:62}}
Jun 17 12:42:36.558121 dv-cinder-837542-5-smb devstack@c-api.service[117306]: INFO cinder.api.openstack.wsgi [None req-8d717482-b810-4156-8ae2-f41b2f582a18 tempest-QosSpecsTestJSON-341417289 tempest-QosSpecsTestJSON-341417289-project-admin] GET http://10.222.0.81/volume/v3/7f5cda13241a4a6ea193a8c46bea336b/qos-specs/082f569b-fe14-4b68-8662-de2969d2ea57
Jun 17 12:42:36.558605 dv-cinder-837542-5-smb devstack@c-api.service[117306]: DEBUG cinder.api.openstack.wsgi [None req-8d717482-b810-4156-8ae2-f41b2f582a18 tempest-QosSpecsTestJSON-341417289 tempest-QosSpecsTestJSON-341417289-project-admin] Empty body provided in request {{(pid=117306) get_body /opt/stack/cinder/cinder/api/openstack/wsgi.py:715}}
Jun 17 12:42:36.559119 dv-cinder-837542-5-smb devstack@c-api.service[117306]: DEBUG cinder.api.openstack.wsgi [None req-8d717482-b810-4156-8ae2-f41b2f582a18 tempest-QosSpecsTestJSON-341417289 tempest-QosSpecsTestJSON-341417289-project-admin] Calling method 'show' {{(pid=117306) _process_stack /opt/stack/cinder/cinder/api/openstack/wsgi.py:868}}
Jun 17 12:42:36.559857 dv-cinder-837542-5-smb devstack@c-api.service[117306]: /usr/local/lib/python3.8/dist-packages/oslo_context/context.py:100: DeprecationWarning: Policy enforcement is depending on the value of is_admin. This key is deprecated. Please update your policy file to use the standard policy values.
Jun 17 12:42:36.559857 dv-cinder-837542-5-smb devstack@c-api.service[117306]: warnings.warn('Policy enforcement is depending on the value of '
Jun 17 12:42:36.585287 dv-cinder-837542-5-smb devstack@c-api.service[117306]: INFO cinder.api.openstack.wsgi [None req-8d717482-b810-4156-8ae2-f41b2f582a18 tempest-QosSpecsTestJSON-341417289 tempest-QosSpecsTestJSON-341417289-project-admin] http://10.222.0.81/volume/v3/7f5cda13241a4a6ea193a8c46bea336b/qos-specs/082f569b-fe14-4b68-8662-de2969d2ea57 returned with HTTP 200
Jun 17 12:42:36.592774 dv-cinder-837542-5-smb devstack@c-api.service[117305]: DEBUG cinder.api.middleware.request_id [None req-43bfe2cd-df48-49f3-8ae8-b389ba888254 None None] RequestId filter calling following filter/app {{(pid=117305) _context_setter /opt/stack/cinder/cinder/api/middleware/request_id.py:62}}
Jun 17 12:42:36.599677 dv-cinder-837542-5-smb devstack@c-api.service[117306]: [pid: 117306|app: 0|req: 83/157] 10.222.0.81 () {58 vars in 1330 bytes} [Fri Jun 17 12:42:36 2022] GET /volume/v3/7f5cda13241a4a6ea193a8c46bea336b/qos-specs/082f569b-fe14-4b68-8662-de2969d2ea57 => generated 479 bytes in 50 msecs (HTTP/1.1 200) 7 headers in 285 bytes (1 switches on core 0)
Jun 17 12:42:36.605264 dv-cinder-837542-5-smb devstack@c-api.service[117305]: INFO cinder.api.openstack.wsgi [None req-43bfe2cd-df48-49f3-8ae8-b389ba888254 tempest-QosSpecsTestJSON-341417289 tempest-QosSpecsTestJSON-341417289-project-admin] PUT http://10.222.0.81/volume/v3/7f5cda13241a4a6ea193a8c46bea336b/qos-specs/082f569b-fe14-4b68-8662-de2969d2ea57/delete_keys
Jun 17 12:42:36.608236 dv-cinder-837542-5-smb devstack@c-api.service[117305]: DEBUG cinder.api.openstack.wsgi [None req-43bfe2cd-df48-49f3-8ae8-b389ba888254 tempest-QosSpecsTestJSON-341417289 tempest-QosSpecsTestJSON-341417289-project-admin] Action: 'delete_keys', calling method: delete_keys, body: {"keys": ["iops_bytes"]} {{(pid=117305) _process_stack /opt/stack/cinder/cinder/api/openstack/wsgi.py:866}}
Jun 17 12:42:36.609425 dv-cinder-837542-5-smb devstack@c-api.service[117305]: /usr/local/lib/python3.8/dist-packages/oslo_context/context.py:100: DeprecationWarning: Policy enforcement is depending on the value of is_admin. This key is deprecated. Please update your policy file to use the standard policy values.
Jun 17 12:42:36.609425 dv-cinder-837542-5-smb devstack@c-api.service[117305]: warnings.warn('Policy enforcement is depending on the value of '
Jun 17 12:42:36.610108 dv-cinder-837542-5-smb devstack@c-api.service[117305]: DEBUG cinder.api.contrib.qos_specs_manage [None req-43bfe2cd-df48-49f3-8ae8-b389ba888254 tempest-QosSpecsTestJSON-341417289 tempest-QosSpecsTestJSON-341417289-project-admin] Delete_key spec: 082f569b-fe14-4b68-8662-de2969d2ea57, keys: ['iops_bytes'] {{(pid=117305) delete_keys /opt/stack/cinder/cinder/api/contrib/qos_specs_manage.py:207}}
Jun 17 12:42:36.707937 dv-cinder-837542-5-smb devstack@c-api.service[117305]: INFO cinder.api.openstack.wsgi [None req-43bfe2cd-df48-49f3-8ae8-b389ba888254 tempest-QosSpecsTestJSON-341417289 tempest-QosSpecsTestJSON-341417289-project-admin] http://10.222.0.81/volume/v3/7f5cda13241a4a6ea193a8c46bea336b/qos-specs/082f569b-fe14-4b68-8662-de2969d2ea57/delete_keys returned with HTTP 202
Jun 17 12:42:36.711429 dv-cinder-837542-5-smb devstack@c-api.service[117305]: [pid: 117305|app: 0|req: 75/158] 10.222.0.81 () {60 vars in 1386 bytes} [Fri Jun 17 12:42:36 2022] PUT /volume/v3/7f5cda13241a4a6ea193a8c46bea336b/qos-specs/082f569b-fe14-4b68-8662-de2969d2ea57/delete_keys => generated 0 bytes in 120 msecs (HTTP/1.1 202) 6 headers in 233 bytes (2 switches on core 0)
Jun 17 12:42:36.715863 dv-cinder-837542-5-smb devstack@c-api.service[117306]: DEBUG cinder.api.middleware.request_id [None req-5203cc71-1157-4c11-a746-25fe94b79af7 None None] RequestId filter calling following filter/app {{(pid=117306) _context_setter /opt/stack/cinder/cinder/api/middleware/request_id.py:62}}
Jun 17 12:42:36.730983 dv-cinder-837542-5-smb devstack@c-api.service[117306]: INFO cinder.api.openstack.wsgi [None req-5203cc71-1157-4c11-a746-25fe94b79af7 tempest-QosSpecsTestJSON-341417289 tempest-QosSpecsTestJSON-341417289-project-admin] GET http://10.222.0.81/volume/v3/7f5cda13241a4a6ea193a8c46bea336b/qos-specs/082f569b-fe14-4b68-8662-de2969d2ea57
Jun 17 12:42:36.737893 dv-cinder-837542-5-smb devstack@c-api.service[117306]: DEBUG cinder.api.openstack.wsgi [None req-5203cc71-1157-4c11-a746-25fe94b79af7 tempest-QosSpecsTestJSON-341417289 tempest-QosSpecsTestJSON-341417289-project-admin] Empty body provided in request {{(pid=117306) get_body /opt/stack/cinder/cinder/api/openstack/wsgi.py:715}}
Jun 17 12:42:36.738599 dv-cinder-837542-5-smb devstack@c-api.service[117306]: DEBUG cinder.api.openstack.wsgi [None req-5203cc71-1157-4c11-a746-25fe94b79af7 tempest-QosSpecsTestJSON-341417289 tempest-QosSpecsTestJSON-341417289-project-admin] Calling method 'show' {{(pid=117306) _process_stack /opt/stack/cinder/cinder/api/openstack/wsgi.py:868}}
Jun 17 12:42:36.739633 dv-cinder-837542-5-smb devstack@c-api.service[117306]: /usr/local/lib/python3.8/dist-packages/oslo_context/context.py:100: DeprecationWarning: Policy enforcement is depending on the value of is_admin. This key is deprecated. Please update your policy file to use the standard policy values.
Jun 17 12:42:36.739633 dv-cinder-837542-5-smb devstack@c-api.service[117306]: warnings.warn('Policy enforcement is depending on the value of '
Jun 17 12:42:36.768394 dv-cinder-837542-5-smb devstack@c-api.service[117306]: INFO cinder.api.openstack.wsgi [None req-5203cc71-1157-4c11-a746-25fe94b79af7 tempest-QosSpecsTestJSON-341417289 tempest-QosSpecsTestJSON-341417289-project-admin] http://10.222.0.81/volume/v3/7f5cda13241a4a6ea193a8c46bea336b/qos-specs/082f569b-fe14-4b68-8662-de2969d2ea57 returned with HTTP 200
Jun 17 12:42:36.776232 dv-cinder-837542-5-smb devstack@c-api.service[117305]: DEBUG cinder.api.middleware.request_id [None req-97d7c90a-f482-419c-b1af-0fff480833cd None None] RequestId filter calling following filter/app {{(pid=117305) _context_setter /opt/stack/cinder/cinder/api/middleware/request_id.py:62}}
Jun 17 12:42:36.777906 dv-cinder-837542-5-smb devstack@c-api.service[117306]: [pid: 117306|app: 0|req: 84/159] 10.222.0.81 () {58 vars in 1330 bytes} [Fri Jun 17 12:42:36 2022] GET /volume/v3/7f5cda13241a4a6ea193a8c46bea336b/qos-specs/082f569b-fe14-4b68-8662-de2969d2ea57 => generated 458 bytes in 63 msecs (HTTP/1.1 200) 7 headers in 285 bytes (1 switches on core 0)
Jun 17 12:42:36.782876 dv-cinder-837542-5-smb devstack@c-api.service[117305]: INFO cinder.api.openstack.wsgi [None req-97d7c90a-f482-419c-b1af-0fff480833cd tempest-QosSpecsTestJSON-341417289 tempest-QosSpecsTestJSON-341417289-project-admin] GET http://10.222.0.81/volume/v3/7f5cda13241a4a6ea193a8c46bea336b/qos-specs/082f569b-fe14-4b68-8662-de2969d2ea57
Jun 17 12:42:36.783415 dv-cinder-837542-5-smb devstack@c-api.service[117305]: DEBUG cinder.api.openstack.wsgi [None req-97d7c90a-f482-419c-b1af-0fff480833cd tempest-QosSpecsTestJSON-341417289 tempest-QosSpecsTestJSON-341417289-project-admin] Empty body provided in request {{(pid=117305) get_body /opt/stack/cinder/cinder/api/openstack/wsgi.py:715}}
Jun 17 12:42:36.783984 dv-cinder-837542-5-smb devstack@c-api.service[117305]: DEBUG cinder.api.openstack.wsgi [None req-97d7c90a-f482-419c-b1af-0fff480833cd tempest-QosSpecsTestJSON-341417289 tempest-QosSpecsTestJSON-341417289-project-admin] Calling method 'show' {{(pid=117305) _process_stack /opt/stack/cinder/cinder/api/openstack/wsgi.py:868}}
Jun 17 12:42:36.784738 dv-cinder-837542-5-smb devstack@c-api.service[117305]: /usr/local/lib/python3.8/dist-packages/oslo_context/context.py:100: DeprecationWarning: Policy enforcement is depending on the value of is_admin. This key is deprecated. Please update your policy file to use the standard policy values.
Jun 17 12:42:36.784738 dv-cinder-837542-5-smb devstack@c-api.service[117305]: warnings.warn('Policy enforcement is depending on the value of '
Jun 17 12:42:36.791909 dv-cinder-837542-5-smb devstack@c-api.service[117305]: DEBUG dbcounter [-] [117305] Writing DB stats cinder:SELECT=87,cinder:UPDATE=6,cinder:INSERT=7 {{(pid=117305) stat_writer /usr/local/lib/python3.8/dist-packages/dbcounter.py:114}}
Jun 17 12:42:36.807528 dv-cinder-837542-5-smb devstack@c-api.service[117305]: INFO cinder.api.openstack.wsgi [None req-97d7c90a-f482-419c-b1af-0fff480833cd tempest-QosSpecsTestJSON-341417289 tempest-QosSpecsTestJSON-341417289-project-admin] http://10.222.0.81/volume/v3/7f5cda13241a4a6ea193a8c46bea336b/qos-specs/082f569b-fe14-4b68-8662-de2969d2ea57 returned with HTTP 200
Jun 17 12:42:36.812001 dv-cinder-837542-5-smb devstack@c-api.service[117305]: [pid: 117305|app: 0|req: 76/160] 10.222.0.81 () {58 vars in 1330 bytes} [Fri Jun 17 12:42:36 2022] GET /volume/v3/7f5cda13241a4a6ea193a8c46bea336b/qos-specs/082f569b-fe14-4b68-8662-de2969d2ea57 => generated 458 bytes in 36 msecs (HTTP/1.1 200) 7 headers in 285 bytes (1 switches on core 0)
Jun 17 12:42:36.819603 dv-cinder-837542-5-smb devstack@c-api.service[117306]: DEBUG cinder.api.middleware.request_id [None req-3ff6f4b4-e57e-4db9-a2b7-fc0abced1be9 None None] RequestId filter calling following filter/app {{(pid=117306) _context_setter /opt/stack/cinder/cinder/api/middleware/request_id.py:62}}
Jun 17 12:42:36.826023 dv-cinder-837542-5-smb devstack@c-api.service[117306]: INFO cinder.api.openstack.wsgi [None req-3ff6f4b4-e57e-4db9-a2b7-fc0abced1be9 tempest-QosSpecsTestJSON-341417289 tempest-QosSpecsTestJSON-341417289-project-admin] DELETE http://10.222.0.81/volume/v3/7f5cda13241a4a6ea193a8c46bea336b/qos-specs/c9c3e689-6256-4768-bbc9-0c187756c71a?force=False
Jun 17 12:42:36.826831 dv-cinder-837542-5-smb devstack@c-api.service[117306]: DEBUG cinder.api.openstack.wsgi [None req-3ff6f4b4-e57e-4db9-a2b7-fc0abced1be9 tempest-QosSpecsTestJSON-341417289 tempest-QosSpecsTestJSON-341417289-project-admin] Empty body provided in request {{(pid=117306) get_body /opt/stack/cinder/cinder/api/openstack/wsgi.py:715}}
Jun 17 12:42:36.827486 dv-cinder-837542-5-smb devstack@c-api.service[117306]: DEBUG cinder.api.openstack.wsgi [None req-3ff6f4b4-e57e-4db9-a2b7-fc0abced1be9 tempest-QosSpecsTestJSON-341417289 tempest-QosSpecsTestJSON-341417289-project-admin] Calling method 'delete' {{(pid=117306) _process_stack /opt/stack/cinder/cinder/api/openstack/wsgi.py:868}}
Jun 17 12:42:36.828578 dv-cinder-837542-5-smb devstack@c-api.service[117306]: /usr/local/lib/python3.8/dist-packages/oslo_context/context.py:100: DeprecationWarning: Policy enforcement is depending on the value of is_admin. This key is deprecated. Please update your policy file to use the standard policy values.
Jun 17 12:42:36.828578 dv-cinder-837542-5-smb devstack@c-api.service[117306]: warnings.warn('Policy enforcement is depending on the value of '
Jun 17 12:42:36.830812 dv-cinder-837542-5-smb devstack@c-api.service[117306]: DEBUG cinder.api.contrib.qos_specs_manage [None req-3ff6f4b4-e57e-4db9-a2b7-fc0abced1be9 tempest-QosSpecsTestJSON-341417289 tempest-QosSpecsTestJSON-341417289-project-admin] Delete qos_spec: c9c3e689-6256-4768-bbc9-0c187756c71a, force: False {{(pid=117306) delete /opt/stack/cinder/cinder/api/contrib/qos_specs_manage.py:168}}
Jun 17 12:42:36.844488 dv-cinder-837542-5-smb devstack@c-api.service[117306]: INFO cinder.api.openstack.wsgi [None req-3ff6f4b4-e57e-4db9-a2b7-fc0abced1be9 tempest-QosSpecsTestJSON-341417289 tempest-QosSpecsTestJSON-341417289-project-admin] http://10.222.0.81/volume/v3/7f5cda13241a4a6ea193a8c46bea336b/qos-specs/c9c3e689-6256-4768-bbc9-0c187756c71a?force=False returned with HTTP 404
Jun 17 12:42:36.850060 dv-cinder-837542-5-smb devstack@c-api.service[117306]: [pid: 117306|app: 0|req: 85/161] 10.222.0.81 () {58 vars in 1356 bytes} [Fri Jun 17 12:42:36 2022] DELETE /volume/v3/7f5cda13241a4a6ea193a8c46bea336b/qos-specs/c9c3e689-6256-4768-bbc9-0c187756c71a?force=False => generated 100 bytes in 32 msecs (HTTP/1.1 404) 7 headers in 292 bytes (1 switches on core 0)
Jun 17 12:42:36.851525 dv-cinder-837542-5-smb devstack@c-api.service[117305]: DEBUG cinder.api.middleware.request_id [None req-2e331ae0-838d-44c6-a580-60f27bc10111 None None] RequestId filter calling following filter/app {{(pid=117305) _context_setter /opt/stack/cinder/cinder/api/middleware/request_id.py:62}}
Jun 17 12:42:36.856925 dv-cinder-837542-5-smb devstack@c-api.service[117305]: INFO cinder.api.openstack.wsgi [None req-2e331ae0-838d-44c6-a580-60f27bc10111 tempest-QosSpecsTestJSON-341417289 tempest-QosSpecsTestJSON-341417289-project-admin] GET http://10.222.0.81/volume/v3/7f5cda13241a4a6ea193a8c46bea336b/qos-specs/c9c3e689-6256-4768-bbc9-0c187756c71a
Jun 17 12:42:36.857317 dv-cinder-837542-5-smb devstack@c-api.service[117305]: DEBUG cinder.api.openstack.wsgi [None req-2e331ae0-838d-44c6-a580-60f27bc10111 tempest-QosSpecsTestJSON-341417289 tempest-QosSpecsTestJSON-341417289-project-admin] Empty body provided in request {{(pid=117305) get_body /opt/stack/cinder/cinder/api/openstack/wsgi.py:715}}
Jun 17 12:42:36.857960 dv-cinder-837542-5-smb devstack@c-api.service[117305]: DEBUG cinder.api.openstack.wsgi [None req-2e331ae0-838d-44c6-a580-60f27bc10111 tempest-QosSpecsTestJSON-341417289 tempest-QosSpecsTestJSON-341417289-project-admin] Calling method 'show' {{(pid=117305) _process_stack /opt/stack/cinder/cinder/api/openstack/wsgi.py:868}}
Jun 17 12:42:36.858840 dv-cinder-837542-5-smb devstack@c-api.service[117305]: /usr/local/lib/python3.8/dist-packages/oslo_context/context.py:100: DeprecationWarning: Policy enforcement is depending on the value of is_admin. This key is deprecated. Please update your policy file to use the standard policy values.
Jun 17 12:42:36.858840 dv-cinder-837542-5-smb devstack@c-api.service[117305]: warnings.warn('Policy enforcement is depending on the value of '
Jun 17 12:42:36.875342 dv-cinder-837542-5-smb devstack@c-api.service[117305]: INFO cinder.api.openstack.wsgi [None req-2e331ae0-838d-44c6-a580-60f27bc10111 tempest-QosSpecsTestJSON-341417289 tempest-QosSpecsTestJSON-341417289-project-admin] http://10.222.0.81/volume/v3/7f5cda13241a4a6ea193a8c46bea336b/qos-specs/c9c3e689-6256-4768-bbc9-0c187756c71a returned with HTTP 404
Jun 17 12:42:36.876858 dv-cinder-837542-5-smb devstack@c-api.service[117305]: [pid: 117305|app: 0|req: 77/162] 10.222.0.81 () {58 vars in 1330 bytes} [Fri Jun 17 12:42:36 2022] GET /volume/v3/7f5cda13241a4a6ea193a8c46bea336b/qos-specs/c9c3e689-6256-4768-bbc9-0c187756c71a => generated 100 bytes in 26 msecs (HTTP/1.1 404) 7 headers in 292 bytes (1 switches on core 0)
Jun 17 12:42:36.881453 dv-cinder-837542-5-smb devstack@c-api.service[117306]: DEBUG cinder.api.middleware.request_id [None req-5ee60e0d-ac24-4be8-9a80-9e3de9acc945 None None] RequestId filter calling following filter/app {{(pid=117306) _context_setter /opt/stack/cinder/cinder/api/middleware/request_id.py:62}}
Jun 17 12:42:36.887749 dv-cinder-837542-5-smb devstack@c-api.service[117306]: INFO cinder.api.openstack.wsgi [None req-5ee60e0d-ac24-4be8-9a80-9e3de9acc945 tempest-QosSpecsTestJSON-341417289 tempest-QosSpecsTestJSON-341417289-project-admin] DELETE http://10.222.0.81/volume/v3/7f5cda13241a4a6ea193a8c46bea336b/qos-specs/6136c668-da48-4330-9a62-1222dbb5fcad?force=False
Jun 17 12:42:36.888624 dv-cinder-837542-5-smb devstack@c-api.service[117306]: DEBUG cinder.api.openstack.wsgi [None req-5ee60e0d-ac24-4be8-9a80-9e3de9acc945 tempest-QosSpecsTestJSON-341417289 tempest-QosSpecsTestJSON-341417289-project-admin] Empty body provided in request {{(pid=117306) get_body /opt/stack/cinder/cinder/api/openstack/wsgi.py:715}}
Jun 17 12:42:36.889087 dv-cinder-837542-5-smb devstack@c-api.service[117306]: DEBUG cinder.api.openstack.wsgi [None req-5ee60e0d-ac24-4be8-9a80-9e3de9acc945 tempest-QosSpecsTestJSON-341417289 tempest-QosSpecsTestJSON-341417289-project-admin] Calling method 'delete' {{(pid=117306) _process_stack /opt/stack/cinder/cinder/api/openstack/wsgi.py:868}}
Jun 17 12:42:36.890369 dv-cinder-837542-5-smb devstack@c-api.service[117306]: DEBUG cinder.api.contrib.qos_specs_manage [None req-5ee60e0d-ac24-4be8-9a80-9e3de9acc945 tempest-QosSpecsTestJSON-341417289 tempest-QosSpecsTestJSON-341417289-project-admin] Delete qos_spec: 6136c668-da48-4330-9a62-1222dbb5fcad, force: False {{(pid=117306) delete /opt/stack/cinder/cinder/api/contrib/qos_specs_manage.py:168}}
Jun 17 12:42:36.904873 dv-cinder-837542-5-smb devstack@c-api.service[117306]: INFO cinder.api.openstack.wsgi [None req-5ee60e0d-ac24-4be8-9a80-9e3de9acc945 tempest-QosSpecsTestJSON-341417289 tempest-QosSpecsTestJSON-341417289-project-admin] http://10.222.0.81/volume/v3/7f5cda13241a4a6ea193a8c46bea336b/qos-specs/6136c668-da48-4330-9a62-1222dbb5fcad?force=False returned with HTTP 404
Jun 17 12:42:36.906533 dv-cinder-837542-5-smb devstack@c-api.service[117306]: [pid: 117306|app: 0|req: 86/163] 10.222.0.81 () {58 vars in 1356 bytes} [Fri Jun 17 12:42:36 2022] DELETE /volume/v3/7f5cda13241a4a6ea193a8c46bea336b/qos-specs/6136c668-da48-4330-9a62-1222dbb5fcad?force=False => generated 100 bytes in 26 msecs (HTTP/1.1 404) 7 headers in 292 bytes (1 switches on core 0)
Jun 17 12:42:36.911728 dv-cinder-837542-5-smb devstack@c-api.service[117305]: DEBUG cinder.api.middleware.request_id [None req-f9421f12-f691-4ca8-84e9-c440e71b4e0f None None] RequestId filter calling following filter/app {{(pid=117305) _context_setter /opt/stack/cinder/cinder/api/middleware/request_id.py:62}}
Jun 17 12:42:36.920106 dv-cinder-837542-5-smb devstack@c-api.service[117305]: INFO cinder.api.openstack.wsgi [None req-f9421f12-f691-4ca8-84e9-c440e71b4e0f tempest-QosSpecsTestJSON-341417289 tempest-QosSpecsTestJSON-341417289-project-admin] GET http://10.222.0.81/volume/v3/7f5cda13241a4a6ea193a8c46bea336b/qos-specs/6136c668-da48-4330-9a62-1222dbb5fcad
Jun 17 12:42:36.921226 dv-cinder-837542-5-smb devstack@c-api.service[117305]: DEBUG cinder.api.openstack.wsgi [None req-f9421f12-f691-4ca8-84e9-c440e71b4e0f tempest-QosSpecsTestJSON-341417289 tempest-QosSpecsTestJSON-341417289-project-admin] Empty body provided in request {{(pid=117305) get_body /opt/stack/cinder/cinder/api/openstack/wsgi.py:715}}
Jun 17 12:42:36.922148 dv-cinder-837542-5-smb devstack@c-api.service[117305]: DEBUG cinder.api.openstack.wsgi [None req-f9421f12-f691-4ca8-84e9-c440e71b4e0f tempest-QosSpecsTestJSON-341417289 tempest-QosSpecsTestJSON-341417289-project-admin] Calling method 'show' {{(pid=117305) _process_stack /opt/stack/cinder/cinder/api/openstack/wsgi.py:868}}
Jun 17 12:42:36.940589 dv-cinder-837542-5-smb devstack@c-api.service[117305]: INFO cinder.api.openstack.wsgi [None req-f9421f12-f691-4ca8-84e9-c440e71b4e0f tempest-QosSpecsTestJSON-341417289 tempest-QosSpecsTestJSON-341417289-project-admin] http://10.222.0.81/volume/v3/7f5cda13241a4a6ea193a8c46bea336b/qos-specs/6136c668-da48-4330-9a62-1222dbb5fcad returned with HTTP 404
Jun 17 12:42:36.945323 dv-cinder-837542-5-smb devstack@c-api.service[117305]: [pid: 117305|app: 0|req: 78/164] 10.222.0.81 () {58 vars in 1330 bytes} [Fri Jun 17 12:42:36 2022] GET /volume/v3/7f5cda13241a4a6ea193a8c46bea336b/qos-specs/6136c668-da48-4330-9a62-1222dbb5fcad => generated 100 bytes in 34 msecs (HTTP/1.1 404) 7 headers in 292 bytes (1 switches on core 0)
Jun 17 12:42:36.952110 dv-cinder-837542-5-smb devstack@c-api.service[117306]: DEBUG cinder.api.middleware.request_id [None req-21a58c0b-1f12-4f8d-9af7-ba4c73aa40f5 None None] RequestId filter calling following filter/app {{(pid=117306) _context_setter /opt/stack/cinder/cinder/api/middleware/request_id.py:62}}
Jun 17 12:42:36.958729 dv-cinder-837542-5-smb devstack@c-api.service[117306]: INFO cinder.api.openstack.wsgi [None req-21a58c0b-1f12-4f8d-9af7-ba4c73aa40f5 tempest-QosSpecsTestJSON-341417289 tempest-QosSpecsTestJSON-341417289-project-admin] DELETE http://10.222.0.81/volume/v3/7f5cda13241a4a6ea193a8c46bea336b/qos-specs/1c48cd18-39db-4415-b231-48a178ea6d47?force=False
Jun 17 12:42:36.959408 dv-cinder-837542-5-smb devstack@c-api.service[117306]: DEBUG cinder.api.openstack.wsgi [None req-21a58c0b-1f12-4f8d-9af7-ba4c73aa40f5 tempest-QosSpecsTestJSON-341417289 tempest-QosSpecsTestJSON-341417289-project-admin] Empty body provided in request {{(pid=117306) get_body /opt/stack/cinder/cinder/api/openstack/wsgi.py:715}}
Jun 17 12:42:36.960140 dv-cinder-837542-5-smb devstack@c-api.service[117306]: DEBUG cinder.api.openstack.wsgi [None req-21a58c0b-1f12-4f8d-9af7-ba4c73aa40f5 tempest-QosSpecsTestJSON-341417289 tempest-QosSpecsTestJSON-341417289-project-admin] Calling method 'delete' {{(pid=117306) _process_stack /opt/stack/cinder/cinder/api/openstack/wsgi.py:868}}
Jun 17 12:42:36.962596 dv-cinder-837542-5-smb devstack@c-api.service[117306]: DEBUG cinder.api.contrib.qos_specs_manage [None req-21a58c0b-1f12-4f8d-9af7-ba4c73aa40f5 tempest-QosSpecsTestJSON-341417289 tempest-QosSpecsTestJSON-341417289-project-admin] Delete qos_spec: 1c48cd18-39db-4415-b231-48a178ea6d47, force: False {{(pid=117306) delete /opt/stack/cinder/cinder/api/contrib/qos_specs_manage.py:168}}
Jun 17 12:42:36.979150 dv-cinder-837542-5-smb devstack@c-api.service[117306]: INFO cinder.api.openstack.wsgi [None req-21a58c0b-1f12-4f8d-9af7-ba4c73aa40f5 tempest-QosSpecsTestJSON-341417289 tempest-QosSpecsTestJSON-341417289-project-admin] http://10.222.0.81/volume/v3/7f5cda13241a4a6ea193a8c46bea336b/qos-specs/1c48cd18-39db-4415-b231-48a178ea6d47?force=False returned with HTTP 404
Jun 17 12:42:36.980493 dv-cinder-837542-5-smb devstack@c-api.service[117306]: [pid: 117306|app: 0|req: 87/165] 10.222.0.81 () {58 vars in 1356 bytes} [Fri Jun 17 12:42:36 2022] DELETE /volume/v3/7f5cda13241a4a6ea193a8c46bea336b/qos-specs/1c48cd18-39db-4415-b231-48a178ea6d47?force=False => generated 100 bytes in 30 msecs (HTTP/1.1 404) 7 headers in 292 bytes (2 switches on core 0)
Jun 17 12:42:36.985234 dv-cinder-837542-5-smb devstack@c-api.service[117305]: DEBUG cinder.api.middleware.request_id [None req-e9edee91-2373-4631-b02f-2e540543a9b1 None None] RequestId filter calling following filter/app {{(pid=117305) _context_setter /opt/stack/cinder/cinder/api/middleware/request_id.py:62}}
Jun 17 12:42:36.993296 dv-cinder-837542-5-smb devstack@c-api.service[117305]: INFO cinder.api.openstack.wsgi [None req-e9edee91-2373-4631-b02f-2e540543a9b1 tempest-QosSpecsTestJSON-341417289 tempest-QosSpecsTestJSON-341417289-project-admin] GET http://10.222.0.81/volume/v3/7f5cda13241a4a6ea193a8c46bea336b/qos-specs/1c48cd18-39db-4415-b231-48a178ea6d47
Jun 17 12:42:36.994732 dv-cinder-837542-5-smb devstack@c-api.service[117305]: DEBUG cinder.api.openstack.wsgi [None req-e9edee91-2373-4631-b02f-2e540543a9b1 tempest-QosSpecsTestJSON-341417289 tempest-QosSpecsTestJSON-341417289-project-admin] Empty body provided in request {{(pid=117305) get_body /opt/stack/cinder/cinder/api/openstack/wsgi.py:715}}
Jun 17 12:42:36.995522 dv-cinder-837542-5-smb devstack@c-api.service[117305]: DEBUG cinder.api.openstack.wsgi [None req-e9edee91-2373-4631-b02f-2e540543a9b1 tempest-QosSpecsTestJSON-341417289 tempest-QosSpecsTestJSON-341417289-project-admin] Calling method 'show' {{(pid=117305) _process_stack /opt/stack/cinder/cinder/api/openstack/wsgi.py:868}}
Jun 17 12:42:37.022189 dv-cinder-837542-5-smb devstack@c-api.service[117305]: INFO cinder.api.openstack.wsgi [None req-e9edee91-2373-4631-b02f-2e540543a9b1 tempest-QosSpecsTestJSON-341417289 tempest-QosSpecsTestJSON-341417289-project-admin] http://10.222.0.81/volume/v3/7f5cda13241a4a6ea193a8c46bea336b/qos-specs/1c48cd18-39db-4415-b231-48a178ea6d47 returned with HTTP 404
Jun 17 12:42:37.024040 dv-cinder-837542-5-smb devstack@c-api.service[117305]: [pid: 117305|app: 0|req: 79/166] 10.222.0.81 () {58 vars in 1330 bytes} [Fri Jun 17 12:42:36 2022] GET /volume/v3/7f5cda13241a4a6ea193a8c46bea336b/qos-specs/1c48cd18-39db-4415-b231-48a178ea6d47 => generated 100 bytes in 40 msecs (HTTP/1.1 404) 7 headers in 292 bytes (2 switches on core 0)
