Jun 17 12:43:03.361871 dv-cinder-837542-5-smb devstack@c-api.service[117305]: DEBUG cinder.api.openstack.wsgi [None req-e0e06d99-d7ca-4a9c-a58b-401881196bde tempest-GroupTypesTest-351160362 tempest-GroupTypesTest-351160362-project-admin] Action: 'create', calling method: version_select, body: {"group_type": {"name": "tempest-GroupTypesTest-group-type-58424096", "description": "tempest-group-type-description-1675266301", "group_specs": {"consistent_group_snapshot_enabled": " False"}, "is_public": true}} {{(pid=117305) _process_stack /opt/stack/cinder/cinder/api/openstack/wsgi.py:866}}
Jun 17 12:43:03.425866 dv-cinder-837542-5-smb devstack@c-api.service[117305]: INFO cinder.api.openstack.wsgi [None req-e0e06d99-d7ca-4a9c-a58b-401881196bde tempest-GroupTypesTest-351160362 tempest-GroupTypesTest-351160362-project-admin] http://10.222.0.81/volume/v3/ecba94982f1548e5ab1da6f09e1b68bc/group_types returned with HTTP 202
Jun 17 12:43:03.426808 dv-cinder-837542-5-smb devstack@c-api.service[117305]: [pid: 117305|app: 0|req: 169/348] 10.222.0.81 () {62 vars in 1288 bytes} [Fri Jun 17 12:43:02 2022] POST /volume/v3/ecba94982f1548e5ab1da6f09e1b68bc/group_types => generated 263 bytes in 524 msecs (HTTP/1.1 202) 7 headers in 292 bytes (2 switches on core 0)
Jun 17 12:43:03.433499 dv-cinder-837542-5-smb devstack@c-api.service[117306]: DEBUG cinder.api.middleware.request_id [None req-b0bf2596-7a56-42ad-a3df-a8c2d9e83582 None None] RequestId filter calling following filter/app {{(pid=117306) _context_setter /opt/stack/cinder/cinder/api/middleware/request_id.py:62}}
Jun 17 12:43:03.441561 dv-cinder-837542-5-smb devstack@c-api.service[117306]: INFO cinder.api.openstack.wsgi [None req-b0bf2596-7a56-42ad-a3df-a8c2d9e83582 tempest-GroupTypesTest-351160362 tempest-GroupTypesTest-351160362-project-admin] GET http://10.222.0.81/volume/v3/ecba94982f1548e5ab1da6f09e1b68bc/group_types
Jun 17 12:43:03.442159 dv-cinder-837542-5-smb devstack@c-api.service[117306]: DEBUG cinder.api.openstack.wsgi [None req-b0bf2596-7a56-42ad-a3df-a8c2d9e83582 tempest-GroupTypesTest-351160362 tempest-GroupTypesTest-351160362-project-admin] Empty body provided in request {{(pid=117306) get_body /opt/stack/cinder/cinder/api/openstack/wsgi.py:715}}
Jun 17 12:43:03.442664 dv-cinder-837542-5-smb devstack@c-api.service[117306]: DEBUG cinder.api.openstack.wsgi [None req-b0bf2596-7a56-42ad-a3df-a8c2d9e83582 tempest-GroupTypesTest-351160362 tempest-GroupTypesTest-351160362-project-admin] Calling method 'version_select' {{(pid=117306) _process_stack /opt/stack/cinder/cinder/api/openstack/wsgi.py:868}}
Jun 17 12:43:03.462164 dv-cinder-837542-5-smb devstack@c-api.service[117306]: INFO cinder.api.openstack.wsgi [None req-b0bf2596-7a56-42ad-a3df-a8c2d9e83582 tempest-GroupTypesTest-351160362 tempest-GroupTypesTest-351160362-project-admin] http://10.222.0.81/volume/v3/ecba94982f1548e5ab1da6f09e1b68bc/group_types returned with HTTP 200
Jun 17 12:43:03.468081 dv-cinder-837542-5-smb devstack@c-api.service[117306]: [pid: 117306|app: 0|req: 180/349] 10.222.0.81 () {60 vars in 1266 bytes} [Fri Jun 17 12:43:03 2022] GET /volume/v3/ecba94982f1548e5ab1da6f09e1b68bc/group_types => generated 497 bytes in 35 msecs (HTTP/1.1 200) 7 headers in 286 bytes (1 switches on core 0)
Jun 17 12:43:03.469473 dv-cinder-837542-5-smb devstack@c-api.service[117305]: DEBUG cinder.api.middleware.request_id [None req-ee30afe7-3695-438f-8602-75faa8c6241a None None] RequestId filter calling following filter/app {{(pid=117305) _context_setter /opt/stack/cinder/cinder/api/middleware/request_id.py:62}}
Jun 17 12:43:03.477370 dv-cinder-837542-5-smb devstack@c-api.service[117305]: INFO cinder.api.openstack.wsgi [None req-ee30afe7-3695-438f-8602-75faa8c6241a tempest-GroupTypesTest-351160362 tempest-GroupTypesTest-351160362-project-admin] PUT http://10.222.0.81/volume/v3/ecba94982f1548e5ab1da6f09e1b68bc/group_types/14d22320-26af-4f04-bc4e-5505f2bbfae6
Jun 17 12:43:03.478402 dv-cinder-837542-5-smb devstack@c-api.service[117305]: DEBUG cinder.api.openstack.wsgi [None req-ee30afe7-3695-438f-8602-75faa8c6241a tempest-GroupTypesTest-351160362 tempest-GroupTypesTest-351160362-project-admin] Action: 'update', calling method: version_select, body: {"group_type": {"name": "tempest-GroupTypesTest-updated-group-type-1825298736", "description": "updated-group-type-desc"}} {{(pid=117305) _process_stack /opt/stack/cinder/cinder/api/openstack/wsgi.py:866}}
Jun 17 12:43:03.481335 dv-cinder-837542-5-smb devstack@c-api.service[117306]: DEBUG cinder.api.middleware.request_id [None req-89c0017e-de03-4c4b-89f5-22c9cc545837 None None] RequestId filter calling following filter/app {{(pid=117306) _context_setter /opt/stack/cinder/cinder/api/middleware/request_id.py:62}}
Jun 17 12:43:03.497129 dv-cinder-837542-5-smb devstack@c-api.service[117306]: INFO cinder.api.openstack.wsgi [None req-89c0017e-de03-4c4b-89f5-22c9cc545837 tempest-SnapshotsActionsTest-1868301011 tempest-SnapshotsActionsTest-1868301011-project] GET http://10.222.0.81/volume/v3/bf9aac88b8d74d1cafd3cf7a7e7633b1/snapshots/87a40fc3-6953-4a05-8fc4-8dfd09124236
Jun 17 12:43:03.498040 dv-cinder-837542-5-smb devstack@c-api.service[117306]: DEBUG cinder.api.openstack.wsgi [None req-89c0017e-de03-4c4b-89f5-22c9cc545837 tempest-SnapshotsActionsTest-1868301011 tempest-SnapshotsActionsTest-1868301011-project] Empty body provided in request {{(pid=117306) get_body /opt/stack/cinder/cinder/api/openstack/wsgi.py:715}}
Jun 17 12:43:03.499256 dv-cinder-837542-5-smb devstack@c-api.service[117306]: DEBUG cinder.api.openstack.wsgi [None req-89c0017e-de03-4c4b-89f5-22c9cc545837 tempest-SnapshotsActionsTest-1868301011 tempest-SnapshotsActionsTest-1868301011-project] Calling method 'show' {{(pid=117306) _process_stack /opt/stack/cinder/cinder/api/openstack/wsgi.py:868}}
Jun 17 12:43:03.518383 dv-cinder-837542-5-smb devstack@c-api.service[117305]: INFO cinder.api.openstack.wsgi [None req-ee30afe7-3695-438f-8602-75faa8c6241a tempest-GroupTypesTest-351160362 tempest-GroupTypesTest-351160362-project-admin] http://10.222.0.81/volume/v3/ecba94982f1548e5ab1da6f09e1b68bc/group_types/14d22320-26af-4f04-bc4e-5505f2bbfae6 returned with HTTP 200
Jun 17 12:43:03.521538 dv-cinder-837542-5-smb devstack@c-api.service[117305]: [pid: 117305|app: 0|req: 170/350] 10.222.0.81 () {62 vars in 1398 bytes} [Fri Jun 17 12:43:03 2022] PUT /volume/v3/ecba94982f1548e5ab1da6f09e1b68bc/group_types/14d22320-26af-4f04-bc4e-5505f2bbfae6 => generated 255 bytes in 53 msecs (HTTP/1.1 200) 7 headers in 286 bytes (2 switches on core 0)
Jun 17 12:43:03.528038 dv-cinder-837542-5-smb devstack@c-api.service[117306]: INFO cinder.api.openstack.wsgi [None req-89c0017e-de03-4c4b-89f5-22c9cc545837 tempest-SnapshotsActionsTest-1868301011 tempest-SnapshotsActionsTest-1868301011-project] http://10.222.0.81/volume/v3/bf9aac88b8d74d1cafd3cf7a7e7633b1/snapshots/87a40fc3-6953-4a05-8fc4-8dfd09124236 returned with HTTP 404
Jun 17 12:43:03.531285 dv-cinder-837542-5-smb devstack@c-api.service[117305]: DEBUG cinder.api.middleware.request_id [None req-4e8f83b5-f2e6-4168-bfc4-6cf2d5a18ec8 None None] RequestId filter calling following filter/app {{(pid=117305) _context_setter /opt/stack/cinder/cinder/api/middleware/request_id.py:62}}
Jun 17 12:43:03.533544 dv-cinder-837542-5-smb devstack@c-api.service[117306]: [pid: 117306|app: 0|req: 181/351] 10.222.0.81 () {58 vars in 1330 bytes} [Fri Jun 17 12:43:03 2022] GET /volume/v3/bf9aac88b8d74d1cafd3cf7a7e7633b1/snapshots/87a40fc3-6953-4a05-8fc4-8dfd09124236 => generated 111 bytes in 53 msecs (HTTP/1.1 404) 7 headers in 292 bytes (1 switches on core 0)
Jun 17 12:43:03.535546 dv-cinder-837542-5-smb devstack@c-api.service[117306]: DEBUG cinder.api.middleware.request_id [None req-bf073a36-11ac-4c3d-8fcb-61ac02172320 None None] RequestId filter calling following filter/app {{(pid=117306) _context_setter /opt/stack/cinder/cinder/api/middleware/request_id.py:62}}
Jun 17 12:43:03.540705 dv-cinder-837542-5-smb devstack@c-api.service[117306]: INFO cinder.api.openstack.wsgi [None req-bf073a36-11ac-4c3d-8fcb-61ac02172320 tempest-SnapshotsActionsTest-1547786613 tempest-SnapshotsActionsTest-1547786613-project-admin] POST http://10.222.0.81/volume/v3/a66fac6d911943b2a87d9680e30c6ebf/snapshots/a7c8ca3e-107a-4d84-8d14-0c4063c536cc/action
Jun 17 12:43:03.542101 dv-cinder-837542-5-smb devstack@c-api.service[117306]: DEBUG cinder.api.openstack.wsgi [None req-bf073a36-11ac-4c3d-8fcb-61ac02172320 tempest-SnapshotsActionsTest-1547786613 tempest-SnapshotsActionsTest-1547786613-project-admin] Action body: b'{"os-reset_status": {"status": "available"}}' {{(pid=117306) get_method /opt/stack/cinder/cinder/api/openstack/wsgi.py:983}}
Jun 17 12:43:03.542431 dv-cinder-837542-5-smb devstack@c-api.service[117306]: DEBUG cinder.api.openstack.wsgi [None req-bf073a36-11ac-4c3d-8fcb-61ac02172320 tempest-SnapshotsActionsTest-1547786613 tempest-SnapshotsActionsTest-1547786613-project-admin] Action: 'action', calling method: _reset_status, body: {"os-reset_status": {"status": "available"}} {{(pid=117306) _process_stack /opt/stack/cinder/cinder/api/openstack/wsgi.py:866}}
Jun 17 12:43:03.543365 dv-cinder-837542-5-smb devstack@c-api.service[117306]: DEBUG cinder.api.contrib.admin_actions [None req-bf073a36-11ac-4c3d-8fcb-61ac02172320 tempest-SnapshotsActionsTest-1547786613 tempest-SnapshotsActionsTest-1547786613-project-admin] Updating snapshot 'a7c8ca3e-107a-4d84-8d14-0c4063c536cc' with '{'status': 'available'}' {{(pid=117306) _reset_status /opt/stack/cinder/cinder/api/contrib/admin_actions.py:100}}
Jun 17 12:43:03.549446 dv-cinder-837542-5-smb devstack@c-api.service[117305]: INFO cinder.api.openstack.wsgi [None req-4e8f83b5-f2e6-4168-bfc4-6cf2d5a18ec8 tempest-GroupTypesTest-351160362 tempest-GroupTypesTest-351160362-project-admin] GET http://10.222.0.81/volume/v3/ecba94982f1548e5ab1da6f09e1b68bc/group_types/14d22320-26af-4f04-bc4e-5505f2bbfae6
Jun 17 12:43:03.551567 dv-cinder-837542-5-smb devstack@c-api.service[117305]: DEBUG cinder.api.openstack.wsgi [None req-4e8f83b5-f2e6-4168-bfc4-6cf2d5a18ec8 tempest-GroupTypesTest-351160362 tempest-GroupTypesTest-351160362-project-admin] Empty body provided in request {{(pid=117305) get_body /opt/stack/cinder/cinder/api/openstack/wsgi.py:715}}
Jun 17 12:43:03.552218 dv-cinder-837542-5-smb devstack@c-api.service[117305]: DEBUG cinder.api.openstack.wsgi [None req-4e8f83b5-f2e6-4168-bfc4-6cf2d5a18ec8 tempest-GroupTypesTest-351160362 tempest-GroupTypesTest-351160362-project-admin] Calling method 'version_select' {{(pid=117305) _process_stack /opt/stack/cinder/cinder/api/openstack/wsgi.py:868}}
Jun 17 12:43:03.571669 dv-cinder-837542-5-smb devstack@c-api.service[117305]: INFO cinder.api.openstack.wsgi [None req-4e8f83b5-f2e6-4168-bfc4-6cf2d5a18ec8 tempest-GroupTypesTest-351160362 tempest-GroupTypesTest-351160362-project-admin] http://10.222.0.81/volume/v3/ecba94982f1548e5ab1da6f09e1b68bc/group_types/14d22320-26af-4f04-bc4e-5505f2bbfae6 returned with HTTP 200
Jun 17 12:43:03.576223 dv-cinder-837542-5-smb devstack@c-api.service[117305]: [pid: 117305|app: 0|req: 171/352] 10.222.0.81 () {60 vars in 1377 bytes} [Fri Jun 17 12:43:03 2022] GET /volume/v3/ecba94982f1548e5ab1da6f09e1b68bc/group_types/14d22320-26af-4f04-bc4e-5505f2bbfae6 => generated 255 bytes in 48 msecs (HTTP/1.1 200) 7 headers in 286 bytes (2 switches on core 0)
Jun 17 12:43:03.584142 dv-cinder-837542-5-smb devstack@c-api.service[117305]: DEBUG cinder.api.middleware.request_id [None req-e60b29d5-c51e-4f22-a6cf-db1fa9593722 None None] RequestId filter calling following filter/app {{(pid=117305) _context_setter /opt/stack/cinder/cinder/api/middleware/request_id.py:62}}
Jun 17 12:43:03.590659 dv-cinder-837542-5-smb devstack@c-api.service[117306]: /usr/local/lib/python3.8/dist-packages/oslo_context/context.py:100: DeprecationWarning: Policy enforcement is depending on the value of is_admin. This key is deprecated. Please update your policy file to use the standard policy values.
Jun 17 12:43:03.590659 dv-cinder-837542-5-smb devstack@c-api.service[117306]: warnings.warn('Policy enforcement is depending on the value of '
Jun 17 12:43:03.590829 dv-cinder-837542-5-smb devstack@c-api.service[117305]: INFO cinder.api.openstack.wsgi [None req-e60b29d5-c51e-4f22-a6cf-db1fa9593722 tempest-GroupTypesTest-351160362 tempest-GroupTypesTest-351160362-project-admin] DELETE http://10.222.0.81/volume/v3/ecba94982f1548e5ab1da6f09e1b68bc/group_types/14d22320-26af-4f04-bc4e-5505f2bbfae6
Jun 17 12:43:03.591065 dv-cinder-837542-5-smb devstack@c-api.service[117305]: DEBUG cinder.api.openstack.wsgi [None req-e60b29d5-c51e-4f22-a6cf-db1fa9593722 tempest-GroupTypesTest-351160362 tempest-GroupTypesTest-351160362-project-admin] Empty body provided in request {{(pid=117305) get_body /opt/stack/cinder/cinder/api/openstack/wsgi.py:715}}
Jun 17 12:43:03.603582 dv-cinder-837542-5-smb devstack@c-api.service[117305]: DEBUG cinder.api.openstack.wsgi [None req-e60b29d5-c51e-4f22-a6cf-db1fa9593722 tempest-GroupTypesTest-351160362 tempest-GroupTypesTest-351160362-project-admin] Calling method 'version_select' {{(pid=117305) _process_stack /opt/stack/cinder/cinder/api/openstack/wsgi.py:868}}
Jun 17 12:43:03.640494 dv-cinder-837542-5-smb devstack@c-api.service[117306]: INFO cinder.api.openstack.wsgi [None req-bf073a36-11ac-4c3d-8fcb-61ac02172320 tempest-SnapshotsActionsTest-1547786613 tempest-SnapshotsActionsTest-1547786613-project-admin] http://10.222.0.81/volume/v3/a66fac6d911943b2a87d9680e30c6ebf/snapshots/a7c8ca3e-107a-4d84-8d14-0c4063c536cc/action returned with HTTP 202
Jun 17 12:43:03.646523 dv-cinder-837542-5-smb devstack@c-api.service[117306]: [pid: 117306|app: 0|req: 182/353] 10.222.0.81 () {60 vars in 1372 bytes} [Fri Jun 17 12:43:03 2022] POST /volume/v3/a66fac6d911943b2a87d9680e30c6ebf/snapshots/a7c8ca3e-107a-4d84-8d14-0c4063c536cc/action => generated 0 bytes in 112 msecs (HTTP/1.1 202) 7 headers in 289 bytes (1 switches on core 0)
Jun 17 12:43:03.649085 dv-cinder-837542-5-smb devstack@c-api.service[117306]: DEBUG cinder.api.middleware.request_id [None req-1d51864b-6057-4131-9b17-5cced420103a None None] RequestId filter calling following filter/app {{(pid=117306) _context_setter /opt/stack/cinder/cinder/api/middleware/request_id.py:62}}
Jun 17 12:43:03.650771 dv-cinder-837542-5-smb devstack@c-api.service[117305]: INFO cinder.api.openstack.wsgi [None req-e60b29d5-c51e-4f22-a6cf-db1fa9593722 tempest-GroupTypesTest-351160362 tempest-GroupTypesTest-351160362-project-admin] http://10.222.0.81/volume/v3/ecba94982f1548e5ab1da6f09e1b68bc/group_types/14d22320-26af-4f04-bc4e-5505f2bbfae6 returned with HTTP 202
Jun 17 12:43:03.652083 dv-cinder-837542-5-smb devstack@c-api.service[117305]: [pid: 117305|app: 0|req: 172/354] 10.222.0.81 () {60 vars in 1380 bytes} [Fri Jun 17 12:43:03 2022] DELETE /volume/v3/ecba94982f1548e5ab1da6f09e1b68bc/group_types/14d22320-26af-4f04-bc4e-5505f2bbfae6 => generated 0 bytes in 69 msecs (HTTP/1.1 202) 6 headers in 234 bytes (2 switches on core 0)
Jun 17 12:43:03.656426 dv-cinder-837542-5-smb devstack@c-api.service[117305]: DEBUG cinder.api.middleware.request_id [None req-6c4e2f94-18fc-425c-9882-4255be2983de None None] RequestId filter calling following filter/app {{(pid=117305) _context_setter /opt/stack/cinder/cinder/api/middleware/request_id.py:62}}
Jun 17 12:43:03.659808 dv-cinder-837542-5-smb devstack@c-api.service[117306]: INFO cinder.api.openstack.wsgi [None req-1d51864b-6057-4131-9b17-5cced420103a tempest-SnapshotsActionsTest-1868301011 tempest-SnapshotsActionsTest-1868301011-project] GET http://10.222.0.81/volume/v3/bf9aac88b8d74d1cafd3cf7a7e7633b1/snapshots/a7c8ca3e-107a-4d84-8d14-0c4063c536cc
Jun 17 12:43:03.660295 dv-cinder-837542-5-smb devstack@c-api.service[117306]: DEBUG cinder.api.openstack.wsgi [None req-1d51864b-6057-4131-9b17-5cced420103a tempest-SnapshotsActionsTest-1868301011 tempest-SnapshotsActionsTest-1868301011-project] Empty body provided in request {{(pid=117306) get_body /opt/stack/cinder/cinder/api/openstack/wsgi.py:715}}
Jun 17 12:43:03.661092 dv-cinder-837542-5-smb devstack@c-api.service[117306]: DEBUG cinder.api.openstack.wsgi [None req-1d51864b-6057-4131-9b17-5cced420103a tempest-SnapshotsActionsTest-1868301011 tempest-SnapshotsActionsTest-1868301011-project] Calling method 'show' {{(pid=117306) _process_stack /opt/stack/cinder/cinder/api/openstack/wsgi.py:868}}
Jun 17 12:43:03.664391 dv-cinder-837542-5-smb devstack@c-api.service[117305]: INFO cinder.api.openstack.wsgi [None req-6c4e2f94-18fc-425c-9882-4255be2983de tempest-GroupTypesTest-351160362 tempest-GroupTypesTest-351160362-project-admin] GET http://10.222.0.81/volume/v3/ecba94982f1548e5ab1da6f09e1b68bc/group_types
Jun 17 12:43:03.665331 dv-cinder-837542-5-smb devstack@c-api.service[117305]: DEBUG cinder.api.openstack.wsgi [None req-6c4e2f94-18fc-425c-9882-4255be2983de tempest-GroupTypesTest-351160362 tempest-GroupTypesTest-351160362-project-admin] Empty body provided in request {{(pid=117305) get_body /opt/stack/cinder/cinder/api/openstack/wsgi.py:715}}
Jun 17 12:43:03.665880 dv-cinder-837542-5-smb devstack@c-api.service[117305]: DEBUG cinder.api.openstack.wsgi [None req-6c4e2f94-18fc-425c-9882-4255be2983de tempest-GroupTypesTest-351160362 tempest-GroupTypesTest-351160362-project-admin] Calling method 'version_select' {{(pid=117305) _process_stack /opt/stack/cinder/cinder/api/openstack/wsgi.py:868}}
Jun 17 12:43:03.676227 dv-cinder-837542-5-smb devstack@c-api.service[117306]: /usr/local/lib/python3.8/dist-packages/oslo_context/context.py:100: DeprecationWarning: Policy enforcement is depending on the value of is_admin. This key is deprecated. Please update your policy file to use the standard policy values.
Jun 17 12:43:03.676227 dv-cinder-837542-5-smb devstack@c-api.service[117306]: warnings.warn('Policy enforcement is depending on the value of '
Jun 17 12:43:03.678012 dv-cinder-837542-5-smb devstack@c-api.service[117306]: INFO cinder.volume.api [None req-1d51864b-6057-4131-9b17-5cced420103a tempest-SnapshotsActionsTest-1868301011 tempest-SnapshotsActionsTest-1868301011-project] Snapshot retrieved successfully.
Jun 17 12:43:03.680780 dv-cinder-837542-5-smb devstack@c-api.service[117306]: INFO cinder.api.openstack.wsgi [None req-1d51864b-6057-4131-9b17-5cced420103a tempest-SnapshotsActionsTest-1868301011 tempest-SnapshotsActionsTest-1868301011-project] http://10.222.0.81/volume/v3/bf9aac88b8d74d1cafd3cf7a7e7633b1/snapshots/a7c8ca3e-107a-4d84-8d14-0c4063c536cc returned with HTTP 200
Jun 17 12:43:03.682348 dv-cinder-837542-5-smb devstack@c-api.service[117306]: [pid: 117306|app: 0|req: 183/355] 10.222.0.81 () {58 vars in 1330 bytes} [Fri Jun 17 12:43:03 2022] GET /volume/v3/bf9aac88b8d74d1cafd3cf7a7e7633b1/snapshots/a7c8ca3e-107a-4d84-8d14-0c4063c536cc => generated 532 bytes in 35 msecs (HTTP/1.1 200) 7 headers in 285 bytes (1 switches on core 0)
Jun 17 12:43:03.694416 dv-cinder-837542-5-smb devstack@c-api.service[117306]: DEBUG cinder.api.middleware.request_id [None req-511d7852-e4e7-4dbc-9f80-acb38854d0eb None None] RequestId filter calling following filter/app {{(pid=117306) _context_setter /opt/stack/cinder/cinder/api/middleware/request_id.py:62}}
Jun 17 12:43:03.699991 dv-cinder-837542-5-smb devstack@c-api.service[117306]: INFO cinder.api.openstack.wsgi [None req-511d7852-e4e7-4dbc-9f80-acb38854d0eb tempest-SnapshotsActionsTest-1868301011 tempest-SnapshotsActionsTest-1868301011-project] POST http://10.222.0.81/volume/v3/bf9aac88b8d74d1cafd3cf7a7e7633b1/snapshots
Jun 17 12:43:03.700780 dv-cinder-837542-5-smb devstack@c-api.service[117306]: DEBUG cinder.api.openstack.wsgi [None req-511d7852-e4e7-4dbc-9f80-acb38854d0eb tempest-SnapshotsActionsTest-1868301011 tempest-SnapshotsActionsTest-1868301011-project] Action: 'create', calling method: create, body: {"snapshot": {"volume_id": "55c462a7-700d-4e68-9645-487785cbd1a0", "name": "tempest-SnapshotsActionsTest-Snapshot-1134831021"}} {{(pid=117306) _process_stack /opt/stack/cinder/cinder/api/openstack/wsgi.py:866}}
Jun 17 12:43:03.716249 dv-cinder-837542-5-smb devstack@c-api.service[117305]: INFO cinder.api.openstack.wsgi [None req-6c4e2f94-18fc-425c-9882-4255be2983de tempest-GroupTypesTest-351160362 tempest-GroupTypesTest-351160362-project-admin] http://10.222.0.81/volume/v3/ecba94982f1548e5ab1da6f09e1b68bc/group_types returned with HTTP 200
Jun 17 12:43:03.721702 dv-cinder-837542-5-smb devstack@c-api.service[117306]: /usr/local/lib/python3.8/dist-packages/oslo_context/context.py:100: DeprecationWarning: Policy enforcement is depending on the value of is_admin. This key is deprecated. Please update your policy file to use the standard policy values.
Jun 17 12:43:03.721702 dv-cinder-837542-5-smb devstack@c-api.service[117306]: warnings.warn('Policy enforcement is depending on the value of '
Jun 17 12:43:03.723499 dv-cinder-837542-5-smb devstack@c-api.service[117305]: [pid: 117305|app: 0|req: 173/356] 10.222.0.81 () {60 vars in 1266 bytes} [Fri Jun 17 12:43:03 2022] GET /volume/v3/ecba94982f1548e5ab1da6f09e1b68bc/group_types => generated 248 bytes in 68 msecs (HTTP/1.1 200) 7 headers in 286 bytes (1 switches on core 0)
Jun 17 12:43:03.729476 dv-cinder-837542-5-smb devstack@c-api.service[117306]: INFO cinder.volume.api [None req-511d7852-e4e7-4dbc-9f80-acb38854d0eb tempest-SnapshotsActionsTest-1868301011 tempest-SnapshotsActionsTest-1868301011-project] Volume info retrieved successfully.
Jun 17 12:43:03.729864 dv-cinder-837542-5-smb devstack@c-api.service[117306]: INFO cinder.api.v3.snapshots [None req-511d7852-e4e7-4dbc-9f80-acb38854d0eb tempest-SnapshotsActionsTest-1868301011 tempest-SnapshotsActionsTest-1868301011-project] Create snapshot from volume 55c462a7-700d-4e68-9645-487785cbd1a0
Jun 17 12:43:03.737406 dv-cinder-837542-5-smb devstack@c-api.service[117305]: DEBUG cinder.api.middleware.request_id [None req-50331fbc-2c70-4995-9c15-40f02aff808b None None] RequestId filter calling following filter/app {{(pid=117305) _context_setter /opt/stack/cinder/cinder/api/middleware/request_id.py:62}}
Jun 17 12:43:03.741464 dv-cinder-837542-5-smb devstack@c-api.service[117305]: INFO cinder.api.openstack.wsgi [None req-50331fbc-2c70-4995-9c15-40f02aff808b tempest-GroupTypesTest-351160362 tempest-GroupTypesTest-351160362-project-admin] POST http://10.222.0.81/volume/v3/ecba94982f1548e5ab1da6f09e1b68bc/group_types
Jun 17 12:43:03.742198 dv-cinder-837542-5-smb devstack@c-api.service[117305]: DEBUG cinder.api.openstack.wsgi [None req-50331fbc-2c70-4995-9c15-40f02aff808b tempest-GroupTypesTest-351160362 tempest-GroupTypesTest-351160362-project-admin] Action: 'create', calling method: version_select, body: {"group_type": {"name": "a_tempest-group-type-388672422", "is_public": true}} {{(pid=117305) _process_stack /opt/stack/cinder/cinder/api/openstack/wsgi.py:866}}
Jun 17 12:43:03.768518 dv-cinder-837542-5-smb devstack@c-api.service[117305]: INFO cinder.api.openstack.wsgi [None req-50331fbc-2c70-4995-9c15-40f02aff808b tempest-GroupTypesTest-351160362 tempest-GroupTypesTest-351160362-project-admin] http://10.222.0.81/volume/v3/ecba94982f1548e5ab1da6f09e1b68bc/group_types returned with HTTP 202
Jun 17 12:43:03.770137 dv-cinder-837542-5-smb devstack@c-api.service[117305]: [pid: 117305|app: 0|req: 174/357] 10.222.0.81 () {62 vars in 1287 bytes} [Fri Jun 17 12:43:03 2022] POST /volume/v3/ecba94982f1548e5ab1da6f09e1b68bc/group_types => generated 163 bytes in 34 msecs (HTTP/1.1 202) 7 headers in 292 bytes (1 switches on core 0)
Jun 17 12:43:03.776043 dv-cinder-837542-5-smb devstack@c-api.service[117305]: DEBUG cinder.api.middleware.request_id [None req-cafb8557-2f25-4006-9d43-c0c77eb59127 None None] RequestId filter calling following filter/app {{(pid=117305) _context_setter /opt/stack/cinder/cinder/api/middleware/request_id.py:62}}
Jun 17 12:43:03.781348 dv-cinder-837542-5-smb devstack@c-api.service[117305]: INFO cinder.api.openstack.wsgi [None req-cafb8557-2f25-4006-9d43-c0c77eb59127 tempest-GroupTypesTest-351160362 tempest-GroupTypesTest-351160362-project-admin] POST http://10.222.0.81/volume/v3/ecba94982f1548e5ab1da6f09e1b68bc/group_types
Jun 17 12:43:03.782746 dv-cinder-837542-5-smb devstack@c-api.service[117305]: DEBUG cinder.api.openstack.wsgi [None req-cafb8557-2f25-4006-9d43-c0c77eb59127 tempest-GroupTypesTest-351160362 tempest-GroupTypesTest-351160362-project-admin] Action: 'create', calling method: version_select, body: {"group_type": {"name": "b_tempest-group-type-111501960", "is_public": false}} {{(pid=117305) _process_stack /opt/stack/cinder/cinder/api/openstack/wsgi.py:866}}
Jun 17 12:43:03.794953 dv-cinder-837542-5-smb devstack@c-api.service[117305]: DEBUG dbcounter [-] [117305] Writing DB stats cinder:SELECT=74,cinder:INSERT=10,cinder:UPDATE=16 {{(pid=117305) stat_writer /usr/local/lib/python3.8/dist-packages/dbcounter.py:114}}
Jun 17 12:43:03.812440 dv-cinder-837542-5-smb devstack@c-api.service[117305]: INFO cinder.api.openstack.wsgi [None req-cafb8557-2f25-4006-9d43-c0c77eb59127 tempest-GroupTypesTest-351160362 tempest-GroupTypesTest-351160362-project-admin] http://10.222.0.81/volume/v3/ecba94982f1548e5ab1da6f09e1b68bc/group_types returned with HTTP 202
Jun 17 12:43:03.817791 dv-cinder-837542-5-smb devstack@c-api.service[117306]: DEBUG cinder.quota [None req-511d7852-e4e7-4dbc-9f80-acb38854d0eb tempest-SnapshotsActionsTest-1868301011 tempest-SnapshotsActionsTest-1868301011-project] Created reservations ['2ca202c8-08e3-4a4b-962d-23aeea08a897', 'd82f7d9a-a7b2-47b7-999e-315d6efb4fc9', 'd40a0620-4f9d-49ec-bbe8-7913f76c444e', '9482cae5-db6e-4f51-a0f6-dd6f566ca225'] {{(pid=117306) reserve /opt/stack/cinder/cinder/quota.py:755}}
Jun 17 12:43:03.818815 dv-cinder-837542-5-smb devstack@c-api.service[117305]: [pid: 117305|app: 0|req: 175/358] 10.222.0.81 () {62 vars in 1287 bytes} [Fri Jun 17 12:43:03 2022] POST /volume/v3/ecba94982f1548e5ab1da6f09e1b68bc/group_types => generated 164 bytes in 44 msecs (HTTP/1.1 202) 7 headers in 292 bytes (2 switches on core 0)
Jun 17 12:43:03.820458 dv-cinder-837542-5-smb devstack@c-api.service[117305]: DEBUG cinder.api.middleware.request_id [None req-480d548b-3e45-4a28-b761-78e3f63619f4 None None] RequestId filter calling following filter/app {{(pid=117305) _context_setter /opt/stack/cinder/cinder/api/middleware/request_id.py:62}}
Jun 17 12:43:03.824787 dv-cinder-837542-5-smb devstack@c-api.service[117305]: INFO cinder.api.openstack.wsgi [None req-480d548b-3e45-4a28-b761-78e3f63619f4 tempest-GroupTypesTest-351160362 tempest-GroupTypesTest-351160362-project-admin] GET http://10.222.0.81/volume/v3/ecba94982f1548e5ab1da6f09e1b68bc/group_types?sort=name%3Aasc&is_public=None
Jun 17 12:43:03.825425 dv-cinder-837542-5-smb devstack@c-api.service[117305]: DEBUG cinder.api.openstack.wsgi [None req-480d548b-3e45-4a28-b761-78e3f63619f4 tempest-GroupTypesTest-351160362 tempest-GroupTypesTest-351160362-project-admin] Empty body provided in request {{(pid=117305) get_body /opt/stack/cinder/cinder/api/openstack/wsgi.py:715}}
Jun 17 12:43:03.825888 dv-cinder-837542-5-smb devstack@c-api.service[117305]: DEBUG cinder.api.openstack.wsgi [None req-480d548b-3e45-4a28-b761-78e3f63619f4 tempest-GroupTypesTest-351160362 tempest-GroupTypesTest-351160362-project-admin] Calling method 'version_select' {{(pid=117305) _process_stack /opt/stack/cinder/cinder/api/openstack/wsgi.py:868}}
Jun 17 12:43:03.846272 dv-cinder-837542-5-smb devstack@c-api.service[117305]: INFO cinder.api.openstack.wsgi [None req-480d548b-3e45-4a28-b761-78e3f63619f4 tempest-GroupTypesTest-351160362 tempest-GroupTypesTest-351160362-project-admin] http://10.222.0.81/volume/v3/ecba94982f1548e5ab1da6f09e1b68bc/group_types?sort=name%3Aasc&is_public=None returned with HTTP 200
Jun 17 12:43:03.851842 dv-cinder-837542-5-smb devstack@c-api.service[117305]: [pid: 117305|app: 0|req: 176/359] 10.222.0.81 () {60 vars in 1327 bytes} [Fri Jun 17 12:43:03 2022] GET /volume/v3/ecba94982f1548e5ab1da6f09e1b68bc/group_types?sort=name%3Aasc&is_public=None => generated 547 bytes in 32 msecs (HTTP/1.1 200) 7 headers in 286 bytes (1 switches on core 0)
Jun 17 12:43:03.858573 dv-cinder-837542-5-smb devstack@c-api.service[117305]: DEBUG cinder.api.middleware.request_id [None req-269c165e-f7ad-4b89-8e23-cb83448dcf20 None None] RequestId filter calling following filter/app {{(pid=117305) _context_setter /opt/stack/cinder/cinder/api/middleware/request_id.py:62}}
Jun 17 12:43:03.865838 dv-cinder-837542-5-smb devstack@c-api.service[117305]: INFO cinder.api.openstack.wsgi [None req-269c165e-f7ad-4b89-8e23-cb83448dcf20 tempest-GroupTypesTest-351160362 tempest-GroupTypesTest-351160362-project-admin] GET http://10.222.0.81/volume/v3/ecba94982f1548e5ab1da6f09e1b68bc/group_types?sort=name%3Adesc&is_public=None
Jun 17 12:43:03.866791 dv-cinder-837542-5-smb devstack@c-api.service[117305]: DEBUG cinder.api.openstack.wsgi [None req-269c165e-f7ad-4b89-8e23-cb83448dcf20 tempest-GroupTypesTest-351160362 tempest-GroupTypesTest-351160362-project-admin] Empty body provided in request {{(pid=117305) get_body /opt/stack/cinder/cinder/api/openstack/wsgi.py:715}}
Jun 17 12:43:03.867260 dv-cinder-837542-5-smb devstack@c-api.service[117305]: DEBUG cinder.api.openstack.wsgi [None req-269c165e-f7ad-4b89-8e23-cb83448dcf20 tempest-GroupTypesTest-351160362 tempest-GroupTypesTest-351160362-project-admin] Calling method 'version_select' {{(pid=117305) _process_stack /opt/stack/cinder/cinder/api/openstack/wsgi.py:868}}
Jun 17 12:43:03.889761 dv-cinder-837542-5-smb devstack@c-api.service[117305]: INFO cinder.api.openstack.wsgi [None req-269c165e-f7ad-4b89-8e23-cb83448dcf20 tempest-GroupTypesTest-351160362 tempest-GroupTypesTest-351160362-project-admin] http://10.222.0.81/volume/v3/ecba94982f1548e5ab1da6f09e1b68bc/group_types?sort=name%3Adesc&is_public=None returned with HTTP 200
Jun 17 12:43:03.898240 dv-cinder-837542-5-smb devstack@c-api.service[117305]: [pid: 117305|app: 0|req: 177/360] 10.222.0.81 () {60 vars in 1329 bytes} [Fri Jun 17 12:43:03 2022] GET /volume/v3/ecba94982f1548e5ab1da6f09e1b68bc/group_types?sort=name%3Adesc&is_public=None => generated 547 bytes in 35 msecs (HTTP/1.1 200) 7 headers in 286 bytes (1 switches on core 0)
Jun 17 12:43:03.902553 dv-cinder-837542-5-smb devstack@c-api.service[117306]: INFO cinder.volume.api [None req-511d7852-e4e7-4dbc-9f80-acb38854d0eb tempest-SnapshotsActionsTest-1868301011 tempest-SnapshotsActionsTest-1868301011-project] Snapshot create request issued successfully.
Jun 17 12:43:03.903260 dv-cinder-837542-5-smb devstack@c-api.service[117306]: INFO cinder.api.openstack.wsgi [None req-511d7852-e4e7-4dbc-9f80-acb38854d0eb tempest-SnapshotsActionsTest-1868301011 tempest-SnapshotsActionsTest-1868301011-project] http://10.222.0.81/volume/v3/bf9aac88b8d74d1cafd3cf7a7e7633b1/snapshots returned with HTTP 202
Jun 17 12:43:03.909850 dv-cinder-837542-5-smb devstack@c-api.service[117306]: [pid: 117306|app: 0|req: 184/361] 10.222.0.81 () {60 vars in 1241 bytes} [Fri Jun 17 12:43:03 2022] POST /volume/v3/bf9aac88b8d74d1cafd3cf7a7e7633b1/snapshots => generated 307 bytes in 211 msecs (HTTP/1.1 202) 7 headers in 291 bytes (1 switches on core 0)
Jun 17 12:43:03.910041 dv-cinder-837542-5-smb devstack@c-api.service[117305]: DEBUG cinder.api.middleware.request_id [None req-d15db199-8425-4f73-aa8a-4311d3d06977 None None] RequestId filter calling following filter/app {{(pid=117305) _context_setter /opt/stack/cinder/cinder/api/middleware/request_id.py:62}}
Jun 17 12:43:03.912227 dv-cinder-837542-5-smb devstack@c-api.service[117306]: DEBUG cinder.api.middleware.request_id [None req-e06047e4-1892-4b5b-8a54-239827e0ec6b None None] RequestId filter calling following filter/app {{(pid=117306) _context_setter /opt/stack/cinder/cinder/api/middleware/request_id.py:62}}
Jun 17 12:43:03.924766 dv-cinder-837542-5-smb devstack@c-api.service[117306]: INFO cinder.api.openstack.wsgi [None req-e06047e4-1892-4b5b-8a54-239827e0ec6b tempest-SnapshotsActionsTest-1868301011 tempest-SnapshotsActionsTest-1868301011-project] GET http://10.222.0.81/volume/v3/bf9aac88b8d74d1cafd3cf7a7e7633b1/snapshots/d8be755a-7083-4aab-8a7d-5429255dfdd7
Jun 17 12:43:03.925234 dv-cinder-837542-5-smb devstack@c-api.service[117306]: DEBUG cinder.api.openstack.wsgi [None req-e06047e4-1892-4b5b-8a54-239827e0ec6b tempest-SnapshotsActionsTest-1868301011 tempest-SnapshotsActionsTest-1868301011-project] Empty body provided in request {{(pid=117306) get_body /opt/stack/cinder/cinder/api/openstack/wsgi.py:715}}
Jun 17 12:43:03.925703 dv-cinder-837542-5-smb devstack@c-api.service[117306]: DEBUG cinder.api.openstack.wsgi [None req-e06047e4-1892-4b5b-8a54-239827e0ec6b tempest-SnapshotsActionsTest-1868301011 tempest-SnapshotsActionsTest-1868301011-project] Calling method 'show' {{(pid=117306) _process_stack /opt/stack/cinder/cinder/api/openstack/wsgi.py:868}}
Jun 17 12:43:03.929754 dv-cinder-837542-5-smb devstack@c-api.service[117305]: INFO cinder.api.openstack.wsgi [None req-d15db199-8425-4f73-aa8a-4311d3d06977 tempest-GroupTypesTest-351160362 tempest-GroupTypesTest-351160362-project-admin] GET http://10.222.0.81/volume/v3/ecba94982f1548e5ab1da6f09e1b68bc/group_types?is_public=False
Jun 17 12:43:03.930266 dv-cinder-837542-5-smb devstack@c-api.service[117305]: DEBUG cinder.api.openstack.wsgi [None req-d15db199-8425-4f73-aa8a-4311d3d06977 tempest-GroupTypesTest-351160362 tempest-GroupTypesTest-351160362-project-admin] Empty body provided in request {{(pid=117305) get_body /opt/stack/cinder/cinder/api/openstack/wsgi.py:715}}
Jun 17 12:43:03.930727 dv-cinder-837542-5-smb devstack@c-api.service[117305]: DEBUG cinder.api.openstack.wsgi [None req-d15db199-8425-4f73-aa8a-4311d3d06977 tempest-GroupTypesTest-351160362 tempest-GroupTypesTest-351160362-project-admin] Calling method 'version_select' {{(pid=117305) _process_stack /opt/stack/cinder/cinder/api/openstack/wsgi.py:868}}
Jun 17 12:43:03.955015 dv-cinder-837542-5-smb devstack@c-api.service[117306]: /usr/local/lib/python3.8/dist-packages/oslo_context/context.py:100: DeprecationWarning: Policy enforcement is depending on the value of is_admin. This key is deprecated. Please update your policy file to use the standard policy values.
Jun 17 12:43:03.955015 dv-cinder-837542-5-smb devstack@c-api.service[117306]: warnings.warn('Policy enforcement is depending on the value of '
Jun 17 12:43:03.956132 dv-cinder-837542-5-smb devstack@c-api.service[117306]: INFO cinder.volume.api [None req-e06047e4-1892-4b5b-8a54-239827e0ec6b tempest-SnapshotsActionsTest-1868301011 tempest-SnapshotsActionsTest-1868301011-project] Snapshot retrieved successfully.
Jun 17 12:43:03.959040 dv-cinder-837542-5-smb devstack@c-api.service[117306]: INFO cinder.api.openstack.wsgi [None req-e06047e4-1892-4b5b-8a54-239827e0ec6b tempest-SnapshotsActionsTest-1868301011 tempest-SnapshotsActionsTest-1868301011-project] http://10.222.0.81/volume/v3/bf9aac88b8d74d1cafd3cf7a7e7633b1/snapshots/d8be755a-7083-4aab-8a7d-5429255dfdd7 returned with HTTP 200
Jun 17 12:43:03.968373 dv-cinder-837542-5-smb devstack@c-api.service[117306]: [pid: 117306|app: 0|req: 185/362] 10.222.0.81 () {58 vars in 1330 bytes} [Fri Jun 17 12:43:03 2022] GET /volume/v3/bf9aac88b8d74d1cafd3cf7a7e7633b1/snapshots/d8be755a-7083-4aab-8a7d-5429255dfdd7 => generated 439 bytes in 53 msecs (HTTP/1.1 200) 7 headers in 285 bytes (2 switches on core 0)
Jun 17 12:43:03.968373 dv-cinder-837542-5-smb devstack@c-api.service[117306]: DEBUG cinder.api.middleware.request_id [None req-ab6c218e-c6b2-4c65-84ae-d489b34200e1 None None] RequestId filter calling following filter/app {{(pid=117306) _context_setter /opt/stack/cinder/cinder/api/middleware/request_id.py:62}}
Jun 17 12:43:03.988548 dv-cinder-837542-5-smb devstack@c-api.service[117305]: INFO cinder.api.openstack.wsgi [None req-d15db199-8425-4f73-aa8a-4311d3d06977 tempest-GroupTypesTest-351160362 tempest-GroupTypesTest-351160362-project-admin] http://10.222.0.81/volume/v3/ecba94982f1548e5ab1da6f09e1b68bc/group_types?is_public=False returned with HTTP 200
Jun 17 12:43:03.989804 dv-cinder-837542-5-smb devstack@c-api.service[117305]: [pid: 117305|app: 0|req: 178/363] 10.222.0.81 () {60 vars in 1297 bytes} [Fri Jun 17 12:43:03 2022] GET /volume/v3/ecba94982f1548e5ab1da6f09e1b68bc/group_types?is_public=False => generated 167 bytes in 87 msecs (HTTP/1.1 200) 7 headers in 286 bytes (1 switches on core 0)
Jun 17 12:43:03.997351 dv-cinder-837542-5-smb devstack@c-api.service[117305]: DEBUG cinder.api.middleware.request_id [None req-8c3268ed-d09e-4bf4-be24-d59296271c14 None None] RequestId filter calling following filter/app {{(pid=117305) _context_setter /opt/stack/cinder/cinder/api/middleware/request_id.py:62}}
Jun 17 12:43:04.003091 dv-cinder-837542-5-smb devstack@c-api.service[117305]: INFO cinder.api.openstack.wsgi [None req-8c3268ed-d09e-4bf4-be24-d59296271c14 tempest-GroupTypesTest-351160362 tempest-GroupTypesTest-351160362-project-admin] GET http://10.222.0.81/volume/v3/ecba94982f1548e5ab1da6f09e1b68bc/group_types?is_public=True
Jun 17 12:43:04.004711 dv-cinder-837542-5-smb devstack@c-api.service[117305]: DEBUG cinder.api.openstack.wsgi [None req-8c3268ed-d09e-4bf4-be24-d59296271c14 tempest-GroupTypesTest-351160362 tempest-GroupTypesTest-351160362-project-admin] Empty body provided in request {{(pid=117305) get_body /opt/stack/cinder/cinder/api/openstack/wsgi.py:715}}
Jun 17 12:43:04.005363 dv-cinder-837542-5-smb devstack@c-api.service[117305]: DEBUG cinder.api.openstack.wsgi [None req-8c3268ed-d09e-4bf4-be24-d59296271c14 tempest-GroupTypesTest-351160362 tempest-GroupTypesTest-351160362-project-admin] Calling method 'version_select' {{(pid=117305) _process_stack /opt/stack/cinder/cinder/api/openstack/wsgi.py:868}}
Jun 17 12:43:04.018405 dv-cinder-837542-5-smb devstack@c-api.service[117305]: INFO cinder.api.openstack.wsgi [None req-8c3268ed-d09e-4bf4-be24-d59296271c14 tempest-GroupTypesTest-351160362 tempest-GroupTypesTest-351160362-project-admin] http://10.222.0.81/volume/v3/ecba94982f1548e5ab1da6f09e1b68bc/group_types?is_public=True returned with HTTP 200
Jun 17 12:43:04.019484 dv-cinder-837542-5-smb devstack@c-api.service[117305]: [pid: 117305|app: 0|req: 179/364] 10.222.0.81 () {60 vars in 1295 bytes} [Fri Jun 17 12:43:03 2022] GET /volume/v3/ecba94982f1548e5ab1da6f09e1b68bc/group_types?is_public=True => generated 397 bytes in 24 msecs (HTTP/1.1 200) 7 headers in 286 bytes (1 switches on core 0)
Jun 17 12:43:04.026454 dv-cinder-837542-5-smb devstack@c-api.service[117305]: DEBUG cinder.api.middleware.request_id [None req-26b365af-5c51-49ce-8e0b-b3bbcbfa0c1c None None] RequestId filter calling following filter/app {{(pid=117305) _context_setter /opt/stack/cinder/cinder/api/middleware/request_id.py:62}}
Jun 17 12:43:04.035457 dv-cinder-837542-5-smb devstack@c-api.service[117305]: INFO cinder.api.openstack.wsgi [None req-26b365af-5c51-49ce-8e0b-b3bbcbfa0c1c tempest-GroupTypesTest-351160362 tempest-GroupTypesTest-351160362-project-admin] DELETE http://10.222.0.81/volume/v3/ecba94982f1548e5ab1da6f09e1b68bc/group_types/8e159263-6050-42d8-a0e6-9ca01db7c21c
Jun 17 12:43:04.036219 dv-cinder-837542-5-smb devstack@c-api.service[117305]: DEBUG cinder.api.openstack.wsgi [None req-26b365af-5c51-49ce-8e0b-b3bbcbfa0c1c tempest-GroupTypesTest-351160362 tempest-GroupTypesTest-351160362-project-admin] Empty body provided in request {{(pid=117305) get_body /opt/stack/cinder/cinder/api/openstack/wsgi.py:715}}
Jun 17 12:43:04.036741 dv-cinder-837542-5-smb devstack@c-api.service[117305]: DEBUG cinder.api.openstack.wsgi [None req-26b365af-5c51-49ce-8e0b-b3bbcbfa0c1c tempest-GroupTypesTest-351160362 tempest-GroupTypesTest-351160362-project-admin] Calling method 'version_select' {{(pid=117305) _process_stack /opt/stack/cinder/cinder/api/openstack/wsgi.py:868}}
Jun 17 12:43:04.064616 dv-cinder-837542-5-smb devstack@c-api.service[117305]: INFO cinder.api.openstack.wsgi [None req-26b365af-5c51-49ce-8e0b-b3bbcbfa0c1c tempest-GroupTypesTest-351160362 tempest-GroupTypesTest-351160362-project-admin] http://10.222.0.81/volume/v3/ecba94982f1548e5ab1da6f09e1b68bc/group_types/8e159263-6050-42d8-a0e6-9ca01db7c21c returned with HTTP 202
Jun 17 12:43:04.075056 dv-cinder-837542-5-smb devstack@c-api.service[117305]: [pid: 117305|app: 0|req: 180/365] 10.222.0.81 () {60 vars in 1380 bytes} [Fri Jun 17 12:43:04 2022] DELETE /volume/v3/ecba94982f1548e5ab1da6f09e1b68bc/group_types/8e159263-6050-42d8-a0e6-9ca01db7c21c => generated 0 bytes in 47 msecs (HTTP/1.1 202) 6 headers in 234 bytes (2 switches on core 0)
Jun 17 12:43:04.077982 dv-cinder-837542-5-smb devstack@c-api.service[117305]: DEBUG cinder.api.middleware.request_id [None req-5ca368e5-35e5-41a2-bfda-a259145ade27 None None] RequestId filter calling following filter/app {{(pid=117305) _context_setter /opt/stack/cinder/cinder/api/middleware/request_id.py:62}}
Jun 17 12:43:04.084496 dv-cinder-837542-5-smb devstack@c-api.service[117305]: INFO cinder.api.openstack.wsgi [None req-5ca368e5-35e5-41a2-bfda-a259145ade27 tempest-GroupTypesTest-351160362 tempest-GroupTypesTest-351160362-project-admin] DELETE http://10.222.0.81/volume/v3/ecba94982f1548e5ab1da6f09e1b68bc/group_types/e0c43fa2-744f-4eec-89bd-cff292a846c5
Jun 17 12:43:04.085225 dv-cinder-837542-5-smb devstack@c-api.service[117305]: DEBUG cinder.api.openstack.wsgi [None req-5ca368e5-35e5-41a2-bfda-a259145ade27 tempest-GroupTypesTest-351160362 tempest-GroupTypesTest-351160362-project-admin] Empty body provided in request {{(pid=117305) get_body /opt/stack/cinder/cinder/api/openstack/wsgi.py:715}}
Jun 17 12:43:04.086138 dv-cinder-837542-5-smb devstack@c-api.service[117305]: DEBUG cinder.api.openstack.wsgi [None req-5ca368e5-35e5-41a2-bfda-a259145ade27 tempest-GroupTypesTest-351160362 tempest-GroupTypesTest-351160362-project-admin] Calling method 'version_select' {{(pid=117305) _process_stack /opt/stack/cinder/cinder/api/openstack/wsgi.py:868}}
Jun 17 12:43:04.133282 dv-cinder-837542-5-smb devstack@c-api.service[117305]: INFO cinder.api.openstack.wsgi [None req-5ca368e5-35e5-41a2-bfda-a259145ade27 tempest-GroupTypesTest-351160362 tempest-GroupTypesTest-351160362-project-admin] http://10.222.0.81/volume/v3/ecba94982f1548e5ab1da6f09e1b68bc/group_types/e0c43fa2-744f-4eec-89bd-cff292a846c5 returned with HTTP 202
Jun 17 12:43:04.134374 dv-cinder-837542-5-smb devstack@c-api.service[117305]: [pid: 117305|app: 0|req: 181/366] 10.222.0.81 () {60 vars in 1380 bytes} [Fri Jun 17 12:43:04 2022] DELETE /volume/v3/ecba94982f1548e5ab1da6f09e1b68bc/group_types/e0c43fa2-744f-4eec-89bd-cff292a846c5 => generated 0 bytes in 58 msecs (HTTP/1.1 202) 6 headers in 234 bytes (1 switches on core 0)
Jun 17 12:43:04.183812 dv-cinder-837542-5-smb devstack@c-api.service[117305]: DEBUG cinder.api.middleware.request_id [None req-b09f0c49-92d3-45fb-a847-d146d4de6f6b None None] RequestId filter calling following filter/app {{(pid=117305) _context_setter /opt/stack/cinder/cinder/api/middleware/request_id.py:62}}
Jun 17 12:43:04.189177 dv-cinder-837542-5-smb devstack@c-api.service[117305]: INFO cinder.api.openstack.wsgi [None req-b09f0c49-92d3-45fb-a847-d146d4de6f6b tempest-VolumesListAdminTestJSON-1289101175 tempest-VolumesListAdminTestJSON-1289101175-project] GET http://10.222.0.81/volume/v3/dd763c5fc08146d4a2b42ef83211dc27/volumes/710ea212-832c-47ab-a840-6fee313199e9
Jun 17 12:43:04.189953 dv-cinder-837542-5-smb devstack@c-api.service[117305]: DEBUG cinder.api.openstack.wsgi [None req-b09f0c49-92d3-45fb-a847-d146d4de6f6b tempest-VolumesListAdminTestJSON-1289101175 tempest-VolumesListAdminTestJSON-1289101175-project] Empty body provided in request {{(pid=117305) get_body /opt/stack/cinder/cinder/api/openstack/wsgi.py:715}}
Jun 17 12:43:04.190465 dv-cinder-837542-5-smb devstack@c-api.service[117305]: DEBUG cinder.api.openstack.wsgi [None req-b09f0c49-92d3-45fb-a847-d146d4de6f6b tempest-VolumesListAdminTestJSON-1289101175 tempest-VolumesListAdminTestJSON-1289101175-project] Calling method 'show' {{(pid=117305) _process_stack /opt/stack/cinder/cinder/api/openstack/wsgi.py:868}}
Jun 17 12:43:04.203920 dv-cinder-837542-5-smb devstack@c-api.service[117306]: INFO cinder.api.openstack.wsgi [None req-ab6c218e-c6b2-4c65-84ae-d489b34200e1 tempest-VolumesTransfersTest-1013574283 tempest-VolumesTransfersTest-1013574283-project] POST http://10.222.0.81/volume/v3/054b0e4650e04378939b55a4b4d001c2/volumes
Jun 17 12:43:04.204611 dv-cinder-837542-5-smb devstack@c-api.service[117306]: DEBUG cinder.api.openstack.wsgi [None req-ab6c218e-c6b2-4c65-84ae-d489b34200e1 tempest-VolumesTransfersTest-1013574283 tempest-VolumesTransfersTest-1013574283-project] Action: 'create', calling method: create, body: {"volume": {"size": 1, "name": "tempest-VolumesTransfersTest-Volume-797418557"}} {{(pid=117306) _process_stack /opt/stack/cinder/cinder/api/openstack/wsgi.py:866}}
Jun 17 12:43:04.205548 dv-cinder-837542-5-smb devstack@c-api.service[117306]: DEBUG cinder.api.v3.volumes [None req-ab6c218e-c6b2-4c65-84ae-d489b34200e1 tempest-VolumesTransfersTest-1013574283 tempest-VolumesTransfersTest-1013574283-project] Create volume request body: {'volume': {'size': 1, 'name': 'tempest-VolumesTransfersTest-Volume-797418557'}} {{(pid=117306) create /opt/stack/cinder/cinder/api/v3/volumes.py:298}}
Jun 17 12:43:04.207032 dv-cinder-837542-5-smb devstack@c-api.service[117306]: INFO cinder.api.v3.volumes [None req-ab6c218e-c6b2-4c65-84ae-d489b34200e1 tempest-VolumesTransfersTest-1013574283 tempest-VolumesTransfersTest-1013574283-project] Create volume of 1 GB
Jun 17 12:43:04.214110 dv-cinder-837542-5-smb devstack@c-api.service[117305]: INFO cinder.api.openstack.wsgi [None req-b09f0c49-92d3-45fb-a847-d146d4de6f6b tempest-VolumesListAdminTestJSON-1289101175 tempest-VolumesListAdminTestJSON-1289101175-project] http://10.222.0.81/volume/v3/dd763c5fc08146d4a2b42ef83211dc27/volumes/710ea212-832c-47ab-a840-6fee313199e9 returned with HTTP 404
Jun 17 12:43:04.217109 dv-cinder-837542-5-smb devstack@c-api.service[117305]: [pid: 117305|app: 0|req: 182/367] 10.222.0.81 () {58 vars in 1324 bytes} [Fri Jun 17 12:43:04 2022] GET /volume/v3/dd763c5fc08146d4a2b42ef83211dc27/volumes/710ea212-832c-47ab-a840-6fee313199e9 => generated 109 bytes in 34 msecs (HTTP/1.1 404) 7 headers in 292 bytes (2 switches on core 0)
Jun 17 12:43:04.221003 dv-cinder-837542-5-smb devstack@c-api.service[117305]: DEBUG cinder.api.middleware.request_id [None req-cf2c8434-a9ab-469a-bfac-d7845e67a48a None None] RequestId filter calling following filter/app {{(pid=117305) _context_setter /opt/stack/cinder/cinder/api/middleware/request_id.py:62}}
Jun 17 12:43:04.222568 dv-cinder-837542-5-smb devstack@c-api.service[117306]: INFO cinder.volume.api [None req-ab6c218e-c6b2-4c65-84ae-d489b34200e1 tempest-VolumesTransfersTest-1013574283 tempest-VolumesTransfersTest-1013574283-project] Availability Zones retrieved successfully.
Jun 17 12:43:04.225294 dv-cinder-837542-5-smb devstack@c-api.service[117305]: INFO cinder.api.openstack.wsgi [None req-cf2c8434-a9ab-469a-bfac-d7845e67a48a tempest-VolumesListAdminTestJSON-1289101175 tempest-VolumesListAdminTestJSON-1289101175-project] DELETE http://10.222.0.81/volume/v3/dd763c5fc08146d4a2b42ef83211dc27/volumes/3fbfd8e6-0594-4727-adb1-4878fe86ea84
Jun 17 12:43:04.225911 dv-cinder-837542-5-smb devstack@c-api.service[117305]: DEBUG cinder.api.openstack.wsgi [None req-cf2c8434-a9ab-469a-bfac-d7845e67a48a tempest-VolumesListAdminTestJSON-1289101175 tempest-VolumesListAdminTestJSON-1289101175-project] Empty body provided in request {{(pid=117305) get_body /opt/stack/cinder/cinder/api/openstack/wsgi.py:715}}
Jun 17 12:43:04.226525 dv-cinder-837542-5-smb devstack@c-api.service[117305]: DEBUG cinder.api.openstack.wsgi [None req-cf2c8434-a9ab-469a-bfac-d7845e67a48a tempest-VolumesListAdminTestJSON-1289101175 tempest-VolumesListAdminTestJSON-1289101175-project] Calling method 'delete' {{(pid=117305) _process_stack /opt/stack/cinder/cinder/api/openstack/wsgi.py:868}}
Jun 17 12:43:04.227993 dv-cinder-837542-5-smb devstack@c-api.service[117305]: INFO cinder.api.v3.volumes [None req-cf2c8434-a9ab-469a-bfac-d7845e67a48a tempest-VolumesListAdminTestJSON-1289101175 tempest-VolumesListAdminTestJSON-1289101175-project] Delete volume with id: 3fbfd8e6-0594-4727-adb1-4878fe86ea84
Jun 17 12:43:04.246401 dv-cinder-837542-5-smb devstack@c-api.service[117306]: DEBUG cinder.volume.api [None req-ab6c218e-c6b2-4c65-84ae-d489b34200e1 tempest-VolumesTransfersTest-1013574283 tempest-VolumesTransfersTest-1013574283-project] Flow 'volume_create_api' (0157e622-6a3d-4686-b904-7e585dfaa358) transitioned into state 'RUNNING' from state 'PENDING' {{(pid=117306) _flow_receiver /usr/local/lib/python3.8/dist-packages/taskflow/listeners/logging.py:141}}
Jun 17 12:43:04.249342 dv-cinder-837542-5-smb devstack@c-api.service[117306]: DEBUG cinder.volume.api [None req-ab6c218e-c6b2-4c65-84ae-d489b34200e1 tempest-VolumesTransfersTest-1013574283 tempest-VolumesTransfersTest-1013574283-project] Task 'cinder.volume.flows.api.create_volume.ExtractVolumeRequestTask;volume:create' (34d70ee7-494e-475e-8e1d-182574287726) transitioned into state 'RUNNING' from state 'PENDING' {{(pid=117306) _task_receiver /usr/local/lib/python3.8/dist-packages/taskflow/listeners/logging.py:190}}
Jun 17 12:43:04.252141 dv-cinder-837542-5-smb devstack@c-api.service[117305]: /usr/local/lib/python3.8/dist-packages/oslo_context/context.py:100: DeprecationWarning: Policy enforcement is depending on the value of is_admin. This key is deprecated. Please update your policy file to use the standard policy values.
Jun 17 12:43:04.252141 dv-cinder-837542-5-smb devstack@c-api.service[117305]: warnings.warn('Policy enforcement is depending on the value of '
Jun 17 12:43:04.252740 dv-cinder-837542-5-smb devstack@c-api.service[117305]: INFO cinder.volume.api [None req-cf2c8434-a9ab-469a-bfac-d7845e67a48a tempest-VolumesListAdminTestJSON-1289101175 tempest-VolumesListAdminTestJSON-1289101175-project] Volume info retrieved successfully.
