Jun 17 12:50:22.912293 dv-cinder-837542-5-iscsi neutron-server[115571]: INFO neutron.wsgi [req-0d182a6a-adf0-43c1-b9ea-8cd5b67560a0 req-f8f6f371-3ffe-4644-8cff-c1d512460dcd service neutron] 10.222.0.42 "GET /v2.0/ports?tenant_id=fb350c8c927c40a5972d3eb1639b1b41&device_id=1e0a5ac3-b032-422f-ae0e-42d040d95ee1 HTTP/1.1" status: 200 len: 1130 time: 0.1251035
Jun 17 12:50:22.974719 dv-cinder-837542-5-iscsi neutron-server[115572]: DEBUG neutron.api.rpc.handlers.resources_rpc [None req-6ae1d103-dca0-4436-ae1e-1443adef7cc2 None None] Pushing event updated for resources: {'Port': ['ID=736eb345-4403-4053-945f-a0389cc3122c,revision_number=5']} {{(pid=115572) push /opt/stack/neutron/neutron/api/rpc/handlers/resources_rpc.py:237}}
Jun 17 12:50:22.985392 dv-cinder-837542-5-iscsi neutron-server[115572]: DEBUG neutron.db.provisioning_blocks [None req-6ae1d103-dca0-4436-ae1e-1443adef7cc2 None None] Provisioning for port b0dcd8c1-cac0-4b90-89a7-d9d02f2da72b completed by entity L2. {{(pid=115572) provisioning_complete /opt/stack/neutron/neutron/db/provisioning_blocks.py:137}}
Jun 17 12:50:22.994457 dv-cinder-837542-5-iscsi neutron-server[115572]: DEBUG neutron.db.provisioning_blocks [None req-6ae1d103-dca0-4436-ae1e-1443adef7cc2 None None] Provisioning complete for port b0dcd8c1-cac0-4b90-89a7-d9d02f2da72b triggered by entity L2. {{(pid=115572) provisioning_complete /opt/stack/neutron/neutron/db/provisioning_blocks.py:145}}
Jun 17 12:50:22.994838 dv-cinder-837542-5-iscsi neutron-server[115572]: DEBUG neutron_lib.callbacks.manager [None req-6ae1d103-dca0-4436-ae1e-1443adef7cc2 None None] Publish callbacks ['neutron.plugins.ml2.plugin.Ml2Plugin._port_provisioned-16552171'] for port (b0dcd8c1-cac0-4b90-89a7-d9d02f2da72b), provisioning_complete {{(pid=115572) _notify_loop /usr/local/lib/python3.8/dist-packages/neutron_lib/callbacks/manager.py:176}}
Jun 17 12:50:23.062361 dv-cinder-837542-5-iscsi neutron-server[115571]: DEBUG neutron.pecan_wsgi.hooks.policy_enforcement [req-0d182a6a-adf0-43c1-b9ea-8cd5b67560a0 req-81257dde-0fdf-46ff-b3d2-3487bf43c14c service neutron] Attributes excluded by policy engine: ['standard_attr_id', 'vlan_transparent'] {{(pid=115571) _exclude_attributes_by_policy /opt/stack/neutron/neutron/pecan_wsgi/hooks/policy_enforcement.py:259}}
Jun 17 12:50:23.064025 dv-cinder-837542-5-iscsi neutron-server[115571]: INFO neutron.wsgi [req-0d182a6a-adf0-43c1-b9ea-8cd5b67560a0 req-81257dde-0fdf-46ff-b3d2-3487bf43c14c service neutron] 10.222.0.42 "GET /v2.0/networks?id=82b848b8-eb5f-4c8c-945e-07dfc001c942 HTTP/1.1" status: 200 len: 921 time: 0.1446812
Jun 17 12:50:23.112547 dv-cinder-837542-5-iscsi neutron-server[115572]: DEBUG dbcounter [-] [115572] Writing DB stats neutron:SELECT=99,neutron:DELETE=1 {{(pid=115572) stat_writer /usr/local/lib/python3.8/dist-packages/dbcounter.py:114}}
Jun 17 12:50:23.174057 dv-cinder-837542-5-iscsi neutron-server[115572]: DEBUG neutron.plugins.ml2.plugin [None req-6ae1d103-dca0-4436-ae1e-1443adef7cc2 None None] Current status of the port b0dcd8c1-cac0-4b90-89a7-d9d02f2da72b is: BUILD; New status is: ACTIVE {{(pid=115572) _update_individual_port_db_status /opt/stack/neutron/neutron/plugins/ml2/plugin.py:2298}}
Jun 17 12:50:23.175297 dv-cinder-837542-5-iscsi neutron-server[115572]: DEBUG neutron_lib.callbacks.manager [None req-6ae1d103-dca0-4436-ae1e-1443adef7cc2 None None] Publish callbacks ['neutron.plugins.ml2.plugin.SecurityGroupDbMixin._ensure_default_security_group_handler-16643833'] for port (b0dcd8c1-cac0-4b90-89a7-d9d02f2da72b), before_update {{(pid=115572) _notify_loop /usr/local/lib/python3.8/dist-packages/neutron_lib/callbacks/manager.py:176}}
Jun 17 12:50:23.175420 dv-cinder-837542-5-iscsi neutron-server[115571]: DEBUG neutron.pecan_wsgi.hooks.policy_enforcement [req-b5639d51-95a4-46f4-8609-47a4ba5d659b req-cfa84c98-d432-428d-93a8-c88c2b3d8624 tempest-AttachVolumeShelveTestJSON-920332706 tempest-AttachVolumeShelveTestJSON-920332706-project] Attributes excluded by policy engine: ['standard_attr_id', 'binding:profile', 'binding:host_id', 'binding:vif_type', 'binding:vif_details'] {{(pid=115571) _exclude_attributes_by_policy /opt/stack/neutron/neutron/pecan_wsgi/hooks/policy_enforcement.py:259}}
Jun 17 12:50:23.182282 dv-cinder-837542-5-iscsi neutron-server[115571]: INFO neutron.wsgi [req-b5639d51-95a4-46f4-8609-47a4ba5d659b req-cfa84c98-d432-428d-93a8-c88c2b3d8624 tempest-AttachVolumeShelveTestJSON-920332706 tempest-AttachVolumeShelveTestJSON-920332706-project] 10.222.0.50 "GET /v2.0/ports?device_id=49c7ac53-7ed9-4032-aafc-ae50e7ab23ca HTTP/1.1" status: 200 len: 946 time: 0.1171944
Jun 17 12:50:23.204069 dv-cinder-837542-5-iscsi neutron-server[115570]: DEBUG neutron.wsgi [-] (115570) accepted ('10.222.0.50', 60256) {{(pid=115570) server /usr/local/lib/python3.8/dist-packages/eventlet/wsgi.py:1004}}
Jun 17 12:50:23.205110 dv-cinder-837542-5-iscsi neutron-server[115571]: INFO neutron.wsgi [req-0d182a6a-adf0-43c1-b9ea-8cd5b67560a0 req-4c008114-6502-4ed1-8213-385f3a258f6f service neutron] 10.222.0.42 "GET /v2.0/floatingips?fixed_ip_address=172.20.0.11&port_id=97f1be5c-21b7-46dd-ba0f-0db6dfc1f3b7 HTTP/1.1" status: 200 len: 217 time: 0.0885751
Jun 17 12:50:23.213412 dv-cinder-837542-5-iscsi neutron-server[115571]: INFO neutron.wsgi [req-46f8d2da-b10c-4bf5-9d13-335528726e13 req-218d692c-8f5b-488b-8efe-a6f85fac96de service neutron] 10.222.0.42 "GET /v2.0/security-groups?id=16a278a5-bb28-4564-8316-13652f26a888&fields=id&fields=name HTTP/1.1" status: 200 len: 286 time: 0.3422139
Jun 17 12:50:23.268260 dv-cinder-837542-5-iscsi neutron-server[115572]: DEBUG neutron.plugins.ml2.db [None req-6ae1d103-dca0-4436-ae1e-1443adef7cc2 None None] For port b0dcd8c1-cac0-4b90-89a7-d9d02f2da72b, host hv-cinder-83754, got binding levels [PortBindingLevel(driver='hyperv',host='hv-cinder-83754',level=0,port_id=b0dcd8c1-cac0-4b90-89a7-d9d02f2da72b,segment=NetworkSegment(90b609f9-94c9-4510-9bfa-927e839afee9),segment_id=90b609f9-94c9-4510-9bfa-927e839afee9)] {{(pid=115572) get_binding_level_objs /opt/stack/neutron/neutron/plugins/ml2/db.py:74}}
Jun 17 12:50:23.280485 dv-cinder-837542-5-iscsi neutron-server[115572]: DEBUG neutron_lib.callbacks.manager [None req-6ae1d103-dca0-4436-ae1e-1443adef7cc2 None None] Publish callbacks ['neutron.plugins.ml2.plugin.SecurityGroupServerNotifierRpcMixin._notify_sg_on_port_change-16643646', 'neutron.plugins.ml2.ovo_rpc._ObjectChangeHandler.handle_event-503617', 'neutron.api.rpc.agentnotifiers.dhcp_rpc_agent_api.DhcpAgentNotifyAPI._native_event_send_dhcp_notification-572573', 'neutron.db.l3_db.L3RpcNotifierMixin._notify_gateway_port_ip_changed-8747681981790', 'neutron.db.l3_dvrscheduler_db._notify_l3_agent_port_update-8747681612072', 'neutron.db.l3_hascheduler_db._notify_l3_agent_ha_port_update-8747681612090'] for port (b0dcd8c1-cac0-4b90-89a7-d9d02f2da72b), after_update {{(pid=115572) _notify_loop /usr/local/lib/python3.8/dist-packages/neutron_lib/callbacks/manager.py:176}}
Jun 17 12:50:23.297190 dv-cinder-837542-5-iscsi neutron-server[115571]: INFO neutron.wsgi [req-b5639d51-95a4-46f4-8609-47a4ba5d659b req-bbe27b55-1072-4fd5-9271-dd25b346d1a7 tempest-AttachVolumeShelveTestJSON-920332706 tempest-AttachVolumeShelveTestJSON-920332706-project] 10.222.0.50 "GET /v2.0/security-groups?id=17199225-b0ac-46e5-97d7-3f7dbf2c8739&fields=id&fields=name HTTP/1.1" status: 200 len: 313 time: 0.1139631
Jun 17 12:50:23.343712 dv-cinder-837542-5-iscsi neutron-server[115571]: DEBUG neutron.pecan_wsgi.hooks.policy_enforcement [req-0d182a6a-adf0-43c1-b9ea-8cd5b67560a0 req-94611df5-b73e-40ac-b1a7-26597d9d6727 service neutron] Attributes excluded by policy engine: ['standard_attr_id', 'shared'] {{(pid=115571) _exclude_attributes_by_policy /opt/stack/neutron/neutron/pecan_wsgi/hooks/policy_enforcement.py:259}}
Jun 17 12:50:23.343819 dv-cinder-837542-5-iscsi neutron-server[115572]: DEBUG neutron.api.rpc.handlers.resources_rpc [None req-6ae1d103-dca0-4436-ae1e-1443adef7cc2 None None] Pushing event updated for resources: {'Port': ['ID=b0dcd8c1-cac0-4b90-89a7-d9d02f2da72b,revision_number=5']} {{(pid=115572) push /opt/stack/neutron/neutron/api/rpc/handlers/resources_rpc.py:237}}
Jun 17 12:50:23.345398 dv-cinder-837542-5-iscsi neutron-server[115571]: INFO neutron.wsgi [req-0d182a6a-adf0-43c1-b9ea-8cd5b67560a0 req-94611df5-b73e-40ac-b1a7-26597d9d6727 service neutron] 10.222.0.42 "GET /v2.0/subnets?id=62869646-f189-485f-8946-e275e4d60b87 HTTP/1.1" status: 200 len: 858 time: 0.1307659
Jun 17 12:50:23.354527 dv-cinder-837542-5-iscsi neutron-server[115570]: DEBUG neutron.pecan_wsgi.hooks.policy_enforcement [req-c9389ec4-403d-4001-abbd-9de3df255bef req-4ed4f94a-246b-456e-81a9-a2772fb04054 tempest-DeleteServersTestJSON-1435899956 tempest-DeleteServersTestJSON-1435899956-project] Attributes excluded by policy engine: ['standard_attr_id', 'binding:profile', 'binding:host_id', 'binding:vif_type', 'binding:vif_details'] {{(pid=115570) _exclude_attributes_by_policy /opt/stack/neutron/neutron/pecan_wsgi/hooks/policy_enforcement.py:259}}
Jun 17 12:50:23.358066 dv-cinder-837542-5-iscsi neutron-server[115570]: INFO neutron.wsgi [req-c9389ec4-403d-4001-abbd-9de3df255bef req-4ed4f94a-246b-456e-81a9-a2772fb04054 tempest-DeleteServersTestJSON-1435899956 tempest-DeleteServersTestJSON-1435899956-project] 10.222.0.50 "GET /v2.0/ports?device_id=fa14c090-1583-4d73-bdb4-2f2ac72f9cf4 HTTP/1.1" status: 200 len: 945 time: 0.1182532
Jun 17 12:50:23.420312 dv-cinder-837542-5-iscsi neutron-server[115570]: DEBUG neutron_lib.callbacks.manager [None req-bae9cfa1-49f2-4d1f-b515-aa2b819004c3 admin admin] Publish callbacks [] for security_group (None), before_create {{(pid=115570) _notify_loop /usr/local/lib/python3.8/dist-packages/neutron_lib/callbacks/manager.py:176}}
Jun 17 12:50:23.459988 dv-cinder-837542-5-iscsi neutron-server[115571]: INFO neutron.wsgi [req-1895ebfd-f195-4280-b340-776745fc8b81 req-795f4058-7de8-4326-9f04-0bd818ff81ac tempest-VolumesActionsTest-1157954306 tempest-VolumesActionsTest-1157954306-project] 10.222.0.50 "GET /v2.0/ports?device_id=f67d6a3b-583a-44da-a540-aef07cc1247d HTTP/1.1" status: 200 len: 210 time: 0.0438306
Jun 17 12:50:23.502740 dv-cinder-837542-5-iscsi neutron-server[115571]: DEBUG neutron.pecan_wsgi.hooks.policy_enforcement [req-0d182a6a-adf0-43c1-b9ea-8cd5b67560a0 req-d0e8371e-1ab7-4bf3-a993-2a46675aafad service neutron] Attributes excluded by policy engine: ['standard_attr_id'] {{(pid=115571) _exclude_attributes_by_policy /opt/stack/neutron/neutron/pecan_wsgi/hooks/policy_enforcement.py:259}}
Jun 17 12:50:23.504581 dv-cinder-837542-5-iscsi neutron-server[115571]: INFO neutron.wsgi [req-0d182a6a-adf0-43c1-b9ea-8cd5b67560a0 req-d0e8371e-1ab7-4bf3-a993-2a46675aafad service neutron] 10.222.0.42 "GET /v2.0/ports?network_id=82b848b8-eb5f-4c8c-945e-07dfc001c942&device_owner=network%3Adhcp HTTP/1.1" status: 200 len: 1212 time: 0.0569680
Jun 17 12:50:23.506676 dv-cinder-837542-5-iscsi neutron-server[115570]: INFO neutron.wsgi [req-c9389ec4-403d-4001-abbd-9de3df255bef req-d157d12b-33e6-4797-90b5-d8602d81d80a tempest-DeleteServersTestJSON-1435899956 tempest-DeleteServersTestJSON-1435899956-project] 10.222.0.50 "GET /v2.0/security-groups?id=d3c6004f-4845-442b-bd8e-41146296fa81&fields=id&fields=name HTTP/1.1" status: 200 len: 286 time: 0.1429720
Jun 17 12:50:23.527616 dv-cinder-837542-5-iscsi neutron-server[115570]: DEBUG neutron_lib.callbacks.manager [None req-bae9cfa1-49f2-4d1f-b515-aa2b819004c3 admin admin] Publish callbacks [] for security_group (9f3a423f-0101-48d7-a45c-cbcdc311d88d), precommit_create {{(pid=115570) _notify_loop /usr/local/lib/python3.8/dist-packages/neutron_lib/callbacks/manager.py:176}}
Jun 17 12:50:23.532949 dv-cinder-837542-5-iscsi neutron-server[115570]: DEBUG neutron_lib.callbacks.manager [None req-bae9cfa1-49f2-4d1f-b515-aa2b819004c3 admin admin] Publish callbacks ['neutron.plugins.ml2.ovo_rpc._ObjectChangeHandler.handle_event-998006'] for security_group (9f3a423f-0101-48d7-a45c-cbcdc311d88d), after_create {{(pid=115570) _notify_loop /usr/local/lib/python3.8/dist-packages/neutron_lib/callbacks/manager.py:176}}
Jun 17 12:50:23.588010 dv-cinder-837542-5-iscsi neutron-server[115570]: INFO neutron.wsgi [None req-bae9cfa1-49f2-4d1f-b515-aa2b819004c3 admin admin] 10.222.0.50 "GET /v2.0/security-groups?tenant_id=e7017bf0993646839759ff1d8009947e&name=default HTTP/1.1" status: 200 len: 2996 time: 0.3813462
Jun 17 12:50:23.589132 dv-cinder-837542-5-iscsi neutron-server[115570]: DEBUG neutron.api.rpc.handlers.resources_rpc [None req-bae9cfa1-49f2-4d1f-b515-aa2b819004c3 admin admin] Pushing event updated for resources: {'SecurityGroup': ['ID=9f3a423f-0101-48d7-a45c-cbcdc311d88d,revision_number=1']} {{(pid=115570) push /opt/stack/neutron/neutron/api/rpc/handlers/resources_rpc.py:237}}
Jun 17 12:50:23.605000 dv-cinder-837542-5-iscsi neutron-server[115570]: DEBUG neutron.wsgi [-] (115570) accepted ('10.222.0.50', 60272) {{(pid=115570) server /usr/local/lib/python3.8/dist-packages/eventlet/wsgi.py:1004}}
Jun 17 12:50:23.654425 dv-cinder-837542-5-iscsi neutron-server[115570]: DEBUG dbcounter [-] [115570] Writing DB stats neutron:SELECT=80,neutron:INSERT=18,neutron:UPDATE=2 {{(pid=115570) stat_writer /usr/local/lib/python3.8/dist-packages/dbcounter.py:114}}
Jun 17 12:50:23.693883 dv-cinder-837542-5-iscsi neutron-server[115570]: DEBUG neutron_lib.callbacks.manager [None req-379b7fee-b70a-4ce7-8472-f705f9ad8c28 admin admin] Publish callbacks [] for security_group (9f3a423f-0101-48d7-a45c-cbcdc311d88d), before_delete {{(pid=115570) _notify_loop /usr/local/lib/python3.8/dist-packages/neutron_lib/callbacks/manager.py:176}}
Jun 17 12:50:23.706895 dv-cinder-837542-5-iscsi neutron-server[115571]: DEBUG dbcounter [-] [115571] Writing DB stats neutron:SELECT=100 {{(pid=115571) stat_writer /usr/local/lib/python3.8/dist-packages/dbcounter.py:114}}
Jun 17 12:50:23.725313 dv-cinder-837542-5-iscsi neutron-server[115570]: DEBUG neutron_lib.callbacks.manager [None req-379b7fee-b70a-4ce7-8472-f705f9ad8c28 admin admin] Publish callbacks [] for security_group (9f3a423f-0101-48d7-a45c-cbcdc311d88d), precommit_delete {{(pid=115570) _notify_loop /usr/local/lib/python3.8/dist-packages/neutron_lib/callbacks/manager.py:176}}
Jun 17 12:50:23.731944 dv-cinder-837542-5-iscsi neutron-server[115571]: INFO neutron.wsgi [req-0d182a6a-adf0-43c1-b9ea-8cd5b67560a0 req-077b1bca-d76c-448d-adc6-f95342a2e2ae service neutron] 10.222.0.42 "GET /v2.0/networks/82b848b8-eb5f-4c8c-945e-07dfc001c942?fields=segments HTTP/1.1" status: 200 len: 212 time: 0.2169452
Jun 17 12:50:23.738603 dv-cinder-837542-5-iscsi neutron-server[115571]: DEBUG neutron.pecan_wsgi.hooks.policy_enforcement [req-6466038b-ef8b-4a45-91a5-5684bea2f275 req-a7b9a833-aec8-4abc-9633-3c9d48bd5b88 tempest-AttachVolumeShelveTestJSON-920332706 tempest-AttachVolumeShelveTestJSON-920332706-project] Attributes excluded by policy engine: ['standard_attr_id', 'binding:profile', 'binding:host_id', 'binding:vif_type', 'binding:vif_details'] {{(pid=115571) _exclude_attributes_by_policy /opt/stack/neutron/neutron/pecan_wsgi/hooks/policy_enforcement.py:259}}
Jun 17 12:50:23.743385 dv-cinder-837542-5-iscsi neutron-server[115571]: INFO neutron.wsgi [req-6466038b-ef8b-4a45-91a5-5684bea2f275 req-a7b9a833-aec8-4abc-9633-3c9d48bd5b88 tempest-AttachVolumeShelveTestJSON-920332706 tempest-AttachVolumeShelveTestJSON-920332706-project] 10.222.0.50 "GET /v2.0/ports?device_id=49c7ac53-7ed9-4032-aafc-ae50e7ab23ca HTTP/1.1" status: 200 len: 946 time: 0.0829871
Jun 17 12:50:23.745335 dv-cinder-837542-5-iscsi neutron-server[115570]: DEBUG dbcounter [-] [115570] Writing DB stats neutron:SELECT=96,neutron:INSERT=4 {{(pid=115570) stat_writer /usr/local/lib/python3.8/dist-packages/dbcounter.py:114}}
Jun 17 12:50:23.748840 dv-cinder-837542-5-iscsi neutron-server[115571]: DEBUG neutron.wsgi [-] (115571) accepted ('10.222.0.50', 60280) {{(pid=115571) server /usr/local/lib/python3.8/dist-packages/eventlet/wsgi.py:1004}}
Jun 17 12:50:23.753518 dv-cinder-837542-5-iscsi neutron-server[115571]: DEBUG neutron.api.v2.base [None req-7de597cb-2b78-41de-8dd1-932fcf1b6d8e tempest-AttachVolumeShelveTestJSON-920332706 tempest-AttachVolumeShelveTestJSON-920332706-project] Request body: {'floatingip': {'port_id': '57cab511-4ff0-4c61-a43f-4ff7060cac4e'}} {{(pid=115571) prepare_request_body /opt/stack/neutron/neutron/api/v2/base.py:730}}
Jun 17 12:50:23.794800 dv-cinder-837542-5-iscsi neutron-server[115572]: DEBUG neutron.plugins.ml2.rpc [None req-6ae1d103-dca0-4436-ae1e-1443adef7cc2 None None] Device 3344ef55-70cd-44b9-9ccb-4bb23f7ecf37 up at agent hyperv_hv-cinder-83754 {{(pid=115572) update_device_up /opt/stack/neutron/neutron/plugins/ml2/rpc.py:296}}
Jun 17 12:50:23.819124 dv-cinder-837542-5-iscsi neutron-server[115570]: DEBUG neutron.pecan_wsgi.hooks.policy_enforcement [req-fc4d4472-94db-4f17-a90d-70e0c4c0a2f9 req-3150c58d-4911-44ca-9980-c0305543e362 tempest-ServerRescueNegativeTestJSON-1841879143 tempest-ServerRescueNegativeTestJSON-1841879143-project] Attributes excluded by policy engine: ['standard_attr_id', 'binding:profile', 'binding:host_id', 'binding:vif_type', 'binding:vif_details'] {{(pid=115570) _exclude_attributes_by_policy /opt/stack/neutron/neutron/pecan_wsgi/hooks/policy_enforcement.py:259}}
Jun 17 12:50:23.820972 dv-cinder-837542-5-iscsi neutron-server[115570]: INFO neutron.wsgi [req-fc4d4472-94db-4f17-a90d-70e0c4c0a2f9 req-3150c58d-4911-44ca-9980-c0305543e362 tempest-ServerRescueNegativeTestJSON-1841879143 tempest-ServerRescueNegativeTestJSON-1841879143-project] 10.222.0.50 "GET /v2.0/ports?device_id=1e0a5ac3-b032-422f-ae0e-42d040d95ee1 HTTP/1.1" status: 200 len: 946 time: 0.0929928
Jun 17 12:50:23.861437 dv-cinder-837542-5-iscsi neutron-server[115570]: DEBUG neutron_lib.callbacks.manager [None req-379b7fee-b70a-4ce7-8472-f705f9ad8c28 admin admin] Publish callbacks ['neutron.plugins.ml2.ovo_rpc._ObjectChangeHandler.handle_event-998006'] for security_group (9f3a423f-0101-48d7-a45c-cbcdc311d88d), after_delete {{(pid=115570) _notify_loop /usr/local/lib/python3.8/dist-packages/neutron_lib/callbacks/manager.py:176}}
Jun 17 12:50:23.864341 dv-cinder-837542-5-iscsi neutron-server[115570]: DEBUG neutron_lib.callbacks.manager [None req-379b7fee-b70a-4ce7-8472-f705f9ad8c28 admin admin] Publish callbacks [] for security_group (None), before_response {{(pid=115570) _notify_loop /usr/local/lib/python3.8/dist-packages/neutron_lib/callbacks/manager.py:176}}
Jun 17 12:50:23.865804 dv-cinder-837542-5-iscsi neutron-server[115570]: INFO neutron.wsgi [None req-379b7fee-b70a-4ce7-8472-f705f9ad8c28 admin admin] 10.222.0.50 "DELETE /v2.0/security-groups/9f3a423f-0101-48d7-a45c-cbcdc311d88d HTTP/1.1" status: 204 len: 168 time: 0.2552540
Jun 17 12:50:23.895650 dv-cinder-837542-5-iscsi neutron-server[115572]: DEBUG neutron.db.provisioning_blocks [None req-6ae1d103-dca0-4436-ae1e-1443adef7cc2 None None] Provisioning for port 3344ef55-70cd-44b9-9ccb-4bb23f7ecf37 completed by entity L2. {{(pid=115572) provisioning_complete /opt/stack/neutron/neutron/db/provisioning_blocks.py:137}}
Jun 17 12:50:23.900146 dv-cinder-837542-5-iscsi neutron-server[115570]: DEBUG neutron.api.rpc.handlers.resources_rpc [None req-379b7fee-b70a-4ce7-8472-f705f9ad8c28 admin admin] Pushing event deleted for resources: {'SecurityGroup': ['ID=9f3a423f-0101-48d7-a45c-cbcdc311d88d,revision_number=None']} {{(pid=115570) push /opt/stack/neutron/neutron/api/rpc/handlers/resources_rpc.py:237}}
Jun 17 12:50:23.917746 dv-cinder-837542-5-iscsi neutron-server[115570]: INFO neutron.wsgi [req-fc4d4472-94db-4f17-a90d-70e0c4c0a2f9 req-20fcba1b-7825-49c4-a217-7fbf60216fdb tempest-ServerRescueNegativeTestJSON-1841879143 tempest-ServerRescueNegativeTestJSON-1841879143-project] 10.222.0.50 "GET /v2.0/security-groups?id=16a278a5-bb28-4564-8316-13652f26a888&fields=id&fields=name HTTP/1.1" status: 200 len: 286 time: 0.0847909
Jun 17 12:50:23.917907 dv-cinder-837542-5-iscsi neutron-server[115572]: DEBUG neutron.db.provisioning_blocks [None req-6ae1d103-dca0-4436-ae1e-1443adef7cc2 None None] Provisioning complete for port 3344ef55-70cd-44b9-9ccb-4bb23f7ecf37 triggered by entity L2. {{(pid=115572) provisioning_complete /opt/stack/neutron/neutron/db/provisioning_blocks.py:145}}
Jun 17 12:50:23.918790 dv-cinder-837542-5-iscsi neutron-server[115572]: DEBUG neutron_lib.callbacks.manager [None req-6ae1d103-dca0-4436-ae1e-1443adef7cc2 None None] Publish callbacks ['neutron.plugins.ml2.plugin.Ml2Plugin._port_provisioned-16552171'] for port (3344ef55-70cd-44b9-9ccb-4bb23f7ecf37), provisioning_complete {{(pid=115572) _notify_loop /usr/local/lib/python3.8/dist-packages/neutron_lib/callbacks/manager.py:176}}
Jun 17 12:50:23.947301 dv-cinder-837542-5-iscsi neutron-server[115571]: DEBUG neutron_lib.callbacks.manager [None req-7de597cb-2b78-41de-8dd1-932fcf1b6d8e tempest-AttachVolumeShelveTestJSON-920332706 tempest-AttachVolumeShelveTestJSON-920332706-project] Publish callbacks [] for floatingip (17fceead-1a0e-4635-afba-a70ebc6aab6f), before_update {{(pid=115571) _notify_loop /usr/local/lib/python3.8/dist-packages/neutron_lib/callbacks/manager.py:176}}
Jun 17 12:50:24.026535 dv-cinder-837542-5-iscsi neutron-server[115571]: DEBUG neutron.pecan_wsgi.hooks.policy_enforcement [req-0c9640d8-bfe1-40dc-b026-b394ef67d225 req-ab23ba0f-4eb8-4ff8-87fb-76ec74a452f2 tempest-AttachVolumeNegativeTest-1324336449 tempest-AttachVolumeNegativeTest-1324336449-project] Attributes excluded by policy engine: ['standard_attr_id', 'binding:profile', 'binding:host_id', 'binding:vif_type', 'binding:vif_details'] {{(pid=115571) _exclude_attributes_by_policy /opt/stack/neutron/neutron/pecan_wsgi/hooks/policy_enforcement.py:259}}
Jun 17 12:50:24.034142 dv-cinder-837542-5-iscsi neutron-server[115571]: INFO neutron.wsgi [req-0c9640d8-bfe1-40dc-b026-b394ef67d225 req-ab23ba0f-4eb8-4ff8-87fb-76ec74a452f2 tempest-AttachVolumeNegativeTest-1324336449 tempest-AttachVolumeNegativeTest-1324336449-project] 10.222.0.50 "GET /v2.0/ports?device_id=10646087-9058-4e46-b4c0-79c075ab9b7c HTTP/1.1" status: 200 len: 945 time: 0.1656933
Jun 17 12:50:24.095421 dv-cinder-837542-5-iscsi neutron-server[115572]: DEBUG neutron.plugins.ml2.plugin [None req-6ae1d103-dca0-4436-ae1e-1443adef7cc2 None None] Current status of the port 3344ef55-70cd-44b9-9ccb-4bb23f7ecf37 is: BUILD; New status is: ACTIVE {{(pid=115572) _update_individual_port_db_status /opt/stack/neutron/neutron/plugins/ml2/plugin.py:2298}}
Jun 17 12:50:24.096063 dv-cinder-837542-5-iscsi neutron-server[115572]: DEBUG neutron_lib.callbacks.manager [None req-6ae1d103-dca0-4436-ae1e-1443adef7cc2 None None] Publish callbacks ['neutron.plugins.ml2.plugin.SecurityGroupDbMixin._ensure_default_security_group_handler-16643833'] for port (3344ef55-70cd-44b9-9ccb-4bb23f7ecf37), before_update {{(pid=115572) _notify_loop /usr/local/lib/python3.8/dist-packages/neutron_lib/callbacks/manager.py:176}}
Jun 17 12:50:24.114894 dv-cinder-837542-5-iscsi neutron-server[115572]: DEBUG dbcounter [-] [115572] Writing DB stats neutron:SELECT=96,neutron:DELETE=2,neutron:UPDATE=2 {{(pid=115572) stat_writer /usr/local/lib/python3.8/dist-packages/dbcounter.py:114}}
Jun 17 12:50:24.170532 dv-cinder-837542-5-iscsi neutron-server[115572]: DEBUG neutron.plugins.ml2.db [None req-6ae1d103-dca0-4436-ae1e-1443adef7cc2 None None] For port 3344ef55-70cd-44b9-9ccb-4bb23f7ecf37, host hv-cinder-83754, got binding levels [PortBindingLevel(driver='hyperv',host='hv-cinder-83754',level=0,port_id=3344ef55-70cd-44b9-9ccb-4bb23f7ecf37,segment=NetworkSegment(76572286-c488-458f-996d-5faa016aa068),segment_id=76572286-c488-458f-996d-5faa016aa068)] {{(pid=115572) get_binding_level_objs /opt/stack/neutron/neutron/plugins/ml2/db.py:74}}
Jun 17 12:50:24.175858 dv-cinder-837542-5-iscsi neutron-server[115572]: DEBUG neutron_lib.callbacks.manager [None req-6ae1d103-dca0-4436-ae1e-1443adef7cc2 None None] Publish callbacks ['neutron.plugins.ml2.plugin.SecurityGroupServerNotifierRpcMixin._notify_sg_on_port_change-16643646', 'neutron.plugins.ml2.ovo_rpc._ObjectChangeHandler.handle_event-503617', 'neutron.api.rpc.agentnotifiers.dhcp_rpc_agent_api.DhcpAgentNotifyAPI._native_event_send_dhcp_notification-572573', 'neutron.db.l3_db.L3RpcNotifierMixin._notify_gateway_port_ip_changed-8747681981790', 'neutron.db.l3_dvrscheduler_db._notify_l3_agent_port_update-8747681612072', 'neutron.db.l3_hascheduler_db._notify_l3_agent_ha_port_update-8747681612090'] for port (3344ef55-70cd-44b9-9ccb-4bb23f7ecf37), after_update {{(pid=115572) _notify_loop /usr/local/lib/python3.8/dist-packages/neutron_lib/callbacks/manager.py:176}}
Jun 17 12:50:24.242180 dv-cinder-837542-5-iscsi neutron-server[115571]: DEBUG dbcounter [-] [115571] Writing DB stats neutron:SELECT=96,neutron:DELETE=4 {{(pid=115571) stat_writer /usr/local/lib/python3.8/dist-packages/dbcounter.py:114}}
Jun 17 12:50:24.258644 dv-cinder-837542-5-iscsi neutron-server[115572]: DEBUG neutron.api.rpc.handlers.resources_rpc [None req-6ae1d103-dca0-4436-ae1e-1443adef7cc2 None None] Pushing event updated for resources: {'Port': ['ID=3344ef55-70cd-44b9-9ccb-4bb23f7ecf37,revision_number=5']} {{(pid=115572) push /opt/stack/neutron/neutron/api/rpc/handlers/resources_rpc.py:237}}
Jun 17 12:50:24.310384 dv-cinder-837542-5-iscsi neutron-server[115571]: INFO neutron.wsgi [req-0c9640d8-bfe1-40dc-b026-b394ef67d225 req-d84ed113-e202-4984-a626-962a92fd018e tempest-AttachVolumeNegativeTest-1324336449 tempest-AttachVolumeNegativeTest-1324336449-project] 10.222.0.50 "GET /v2.0/security-groups?id=9d6352b9-212d-46be-9829-3ac2231cc55d&fields=id&fields=name HTTP/1.1" status: 200 len: 313 time: 0.2750578
Jun 17 12:50:24.362289 dv-cinder-837542-5-iscsi neutron-server[115570]: DEBUG neutron.wsgi [-] (115570) accepted ('10.222.0.50', 60296) {{(pid=115570) server /usr/local/lib/python3.8/dist-packages/eventlet/wsgi.py:1004}}
Jun 17 12:50:24.380173 dv-cinder-837542-5-iscsi neutron-server[115571]: INFO neutron.wsgi [req-0d182a6a-adf0-43c1-b9ea-8cd5b67560a0 req-19ec8456-af03-4476-ab7d-3ff8b3317a91 service neutron] 10.222.0.42 "GET /v2.0/networks/82b848b8-eb5f-4c8c-945e-07dfc001c942?fields=provider%3Aphysical_network&fields=provider%3Anetwork_type HTTP/1.1" status: 200 len: 281 time: 0.3987579
Jun 17 12:50:24.381540 dv-cinder-837542-5-iscsi neutron-server[115570]: DEBUG neutron_lib.callbacks.manager [None req-7d0659fa-31ed-4257-a245-22160a105817 admin admin] Publish callbacks [] for security_group (None), before_create {{(pid=115570) _notify_loop /usr/local/lib/python3.8/dist-packages/neutron_lib/callbacks/manager.py:176}}
Jun 17 12:50:24.396330 dv-cinder-837542-5-iscsi neutron-server[115572]: DEBUG neutron.notifiers.nova [-] Sending events: [{'server_uuid': '10646087-9058-4e46-b4c0-79c075ab9b7c', 'name': 'network-vif-plugged', 'status': 'completed', 'tag': '736eb345-4403-4053-945f-a0389cc3122c'}, {'server_uuid': 'b56ab94b-cf03-4bb5-bace-27f1969d9b99', 'name': 'network-vif-plugged', 'status': 'completed', 'tag': 'b0dcd8c1-cac0-4b90-89a7-d9d02f2da72b'}, {'server_uuid': 'fa14c090-1583-4d73-bdb4-2f2ac72f9cf4', 'name': 'network-vif-plugged', 'status': 'completed', 'tag': '3344ef55-70cd-44b9-9ccb-4bb23f7ecf37'}] {{(pid=115572) send_events /opt/stack/neutron/neutron/notifiers/nova.py:271}}
Jun 17 12:50:24.398707 dv-cinder-837542-5-iscsi neutron-server[115572]: DEBUG novaclient.v2.client [-] REQ: curl -g -i --cacert "/opt/stack/data/ca-bundle.pem" -X POST http://10.222.0.50/compute/v2.1/os-server-external-events -H "Accept: application/json" -H "Content-Type: application/json" -H "User-Agent: python-novaclient" -H "X-Auth-Token: {SHA256}fc175143cf3031a5e3e3a4e0c51281735e37096558f6b8a8e9bb917ac1c92a36" -H "X-OpenStack-Nova-API-Version: 2.1" -H "X-OpenStack-Request-ID: req-26f985cd-52d1-47dc-bbbe-0a8b6c3b00e2" -d '{"events": [{"server_uuid": "10646087-9058-4e46-b4c0-79c075ab9b7c", "name": "network-vif-plugged", "status": "completed", "tag": "736eb345-4403-4053-945f-a0389cc3122c"}, {"server_uuid": "b56ab94b-cf03-4bb5-bace-27f1969d9b99", "name": "network-vif-plugged", "status": "completed", "tag": "b0dcd8c1-cac0-4b90-89a7-d9d02f2da72b"}, {"server_uuid": "fa14c090-1583-4d73-bdb4-2f2ac72f9cf4", "name": "network-vif-plugged", "status": "completed", "tag": "3344ef55-70cd-44b9-9ccb-4bb23f7ecf37"}]}' {{(pid=115572) _http_log_request /usr/local/lib/python3.8/dist-packages/keystoneauth1/session.py:519}}
Jun 17 12:50:24.478394 dv-cinder-837542-5-iscsi neutron-server[115572]: DEBUG novaclient.v2.client [-] RESP: [200] Connection: close Content-Length: 525 Content-Type: application/json Date: Fri, 17 Jun 2022 12:50:24 GMT OpenStack-API-Version: compute 2.1 Server: Apache/2.4.41 (Ubuntu) Vary: OpenStack-API-Version,X-OpenStack-Nova-API-Version X-OpenStack-Nova-API-Version: 2.1 x-compute-request-id: req-fa49c380-c5f8-4127-a84c-68e737c17db6 x-openstack-request-id: req-fa49c380-c5f8-4127-a84c-68e737c17db6 {{(pid=115572) _http_log_response /usr/local/lib/python3.8/dist-packages/keystoneauth1/session.py:550}}
Jun 17 12:50:24.478972 dv-cinder-837542-5-iscsi neutron-server[115572]: DEBUG novaclient.v2.client [-] RESP BODY: {"events": [{"server_uuid": "10646087-9058-4e46-b4c0-79c075ab9b7c", "name": "network-vif-plugged", "status": "completed", "tag": "736eb345-4403-4053-945f-a0389cc3122c", "code": 200}, {"server_uuid": "b56ab94b-cf03-4bb5-bace-27f1969d9b99", "name": "network-vif-plugged", "status": "completed", "tag": "b0dcd8c1-cac0-4b90-89a7-d9d02f2da72b", "code": 200}, {"server_uuid": "fa14c090-1583-4d73-bdb4-2f2ac72f9cf4", "name": "network-vif-plugged", "status": "completed", "tag": "3344ef55-70cd-44b9-9ccb-4bb23f7ecf37", "code": 200}]} {{(pid=115572) _http_log_response /usr/local/lib/python3.8/dist-packages/keystoneauth1/session.py:582}}
Jun 17 12:50:24.479359 dv-cinder-837542-5-iscsi neutron-server[115572]: DEBUG novaclient.v2.client [-] POST call to compute for http://10.222.0.50/compute/v2.1/os-server-external-events used request id req-fa49c380-c5f8-4127-a84c-68e737c17db6 {{(pid=115572) request /usr/local/lib/python3.8/dist-packages/keystoneauth1/session.py:954}}
Jun 17 12:50:24.479817 dv-cinder-837542-5-iscsi neutron-server[115572]: INFO neutron.notifiers.nova [-] Nova event matching ['req-fa49c380-c5f8-4127-a84c-68e737c17db6'] response: {'server_uuid': '10646087-9058-4e46-b4c0-79c075ab9b7c', 'name': 'network-vif-plugged', 'status': 'completed', 'tag': '736eb345-4403-4053-945f-a0389cc3122c', 'code': 200}
Jun 17 12:50:24.480085 dv-cinder-837542-5-iscsi neutron-server[115572]: INFO neutron.notifiers.nova [-] Nova event matching ['req-fa49c380-c5f8-4127-a84c-68e737c17db6'] response: {'server_uuid': 'b56ab94b-cf03-4bb5-bace-27f1969d9b99', 'name': 'network-vif-plugged', 'status': 'completed', 'tag': 'b0dcd8c1-cac0-4b90-89a7-d9d02f2da72b', 'code': 200}
Jun 17 12:50:24.480478 dv-cinder-837542-5-iscsi neutron-server[115572]: INFO neutron.notifiers.nova [-] Nova event matching ['req-fa49c380-c5f8-4127-a84c-68e737c17db6'] response: {'server_uuid': 'fa14c090-1583-4d73-bdb4-2f2ac72f9cf4', 'name': 'network-vif-plugged', 'status': 'completed', 'tag': '3344ef55-70cd-44b9-9ccb-4bb23f7ecf37', 'code': 200}
Jun 17 12:50:24.514152 dv-cinder-837542-5-iscsi neutron-server[115570]: DEBUG neutron_lib.callbacks.manager [None req-7d0659fa-31ed-4257-a245-22160a105817 admin admin] Publish callbacks [] for security_group (053c8553-a14c-4065-86d9-a36a1b6c9aff), precommit_create {{(pid=115570) _notify_loop /usr/local/lib/python3.8/dist-packages/neutron_lib/callbacks/manager.py:176}}
Jun 17 12:50:24.519954 dv-cinder-837542-5-iscsi neutron-server[115570]: DEBUG neutron_lib.callbacks.manager [None req-7d0659fa-31ed-4257-a245-22160a105817 admin admin] Publish callbacks ['neutron.plugins.ml2.ovo_rpc._ObjectChangeHandler.handle_event-998006'] for security_group (053c8553-a14c-4065-86d9-a36a1b6c9aff), after_create {{(pid=115570) _notify_loop /usr/local/lib/python3.8/dist-packages/neutron_lib/callbacks/manager.py:176}}
Jun 17 12:50:24.595809 dv-cinder-837542-5-iscsi neutron-server[115570]: INFO neutron.wsgi [None req-7d0659fa-31ed-4257-a245-22160a105817 admin admin] 10.222.0.50 "GET /v2.0/security-groups?tenant_id=854911536cbf4f0f9961224ecc9669cf&name=default HTTP/1.1" status: 200 len: 2996 time: 0.2273591
Jun 17 12:50:24.595809 dv-cinder-837542-5-iscsi neutron-server[115570]: DEBUG neutron.api.rpc.handlers.resources_rpc [None req-7d0659fa-31ed-4257-a245-22160a105817 admin admin] Pushing event updated for resources: {'SecurityGroup': ['ID=053c8553-a14c-4065-86d9-a36a1b6c9aff,revision_number=1']} {{(pid=115570) push /opt/stack/neutron/neutron/api/rpc/handlers/resources_rpc.py:237}}
Jun 17 12:50:24.596457 dv-cinder-837542-5-iscsi neutron-server[115570]: DEBUG neutron.wsgi [-] (115570) accepted ('10.222.0.50', 60312) {{(pid=115570) server /usr/local/lib/python3.8/dist-packages/eventlet/wsgi.py:1004}}
Jun 17 12:50:24.708755 dv-cinder-837542-5-iscsi neutron-server[115570]: DEBUG neutron_lib.callbacks.manager [None req-5fd14906-7e83-40b6-ab5f-bc2261a805be admin admin] Publish callbacks [] for security_group (053c8553-a14c-4065-86d9-a36a1b6c9aff), before_delete {{(pid=115570) _notify_loop /usr/local/lib/python3.8/dist-packages/neutron_lib/callbacks/manager.py:176}}
Jun 17 12:50:24.754100 dv-cinder-837542-5-iscsi neutron-server[115570]: DEBUG neutron.pecan_wsgi.hooks.policy_enforcement [req-48f856b6-1574-49c9-82e6-4e8c7eedd4c9 req-2c6fe485-6442-4017-a5f0-fa1eea9131f6 tempest-DeleteServersTestJSON-1435899956 tempest-DeleteServersTestJSON-1435899956-project] Attributes excluded by policy engine: ['standard_attr_id', 'binding:profile', 'binding:host_id', 'binding:vif_type', 'binding:vif_details'] {{(pid=115570) _exclude_attributes_by_policy /opt/stack/neutron/neutron/pecan_wsgi/hooks/policy_enforcement.py:259}}
Jun 17 12:50:24.756001 dv-cinder-837542-5-iscsi neutron-server[115570]: INFO neutron.wsgi [req-48f856b6-1574-49c9-82e6-4e8c7eedd4c9 req-2c6fe485-6442-4017-a5f0-fa1eea9131f6 tempest-DeleteServersTestJSON-1435899956 tempest-DeleteServersTestJSON-1435899956-project] 10.222.0.50 "GET /v2.0/ports?device_id=fa14c090-1583-4d73-bdb4-2f2ac72f9cf4 HTTP/1.1" status: 200 len: 946 time: 0.0850220
Jun 17 12:50:24.762101 dv-cinder-837542-5-iscsi neutron-server[115570]: DEBUG neutron_lib.callbacks.manager [None req-5fd14906-7e83-40b6-ab5f-bc2261a805be admin admin] Publish callbacks [] for security_group (053c8553-a14c-4065-86d9-a36a1b6c9aff), precommit_delete {{(pid=115570) _notify_loop /usr/local/lib/python3.8/dist-packages/neutron_lib/callbacks/manager.py:176}}
Jun 17 12:50:24.793729 dv-cinder-837542-5-iscsi neutron-server[115571]: INFO neutron.wsgi [req-5db916d9-7aad-4217-ae00-578813112f1d req-1aa5475e-6a6d-4fc7-b768-8707d9fe37ad tempest-VolumesActionsTest-1157954306 tempest-VolumesActionsTest-1157954306-project] 10.222.0.50 "GET /v2.0/ports?device_id=f67d6a3b-583a-44da-a540-aef07cc1247d HTTP/1.1" status: 200 len: 210 time: 0.0658019
Jun 17 12:50:24.837596 dv-cinder-837542-5-iscsi neutron-server[115570]: INFO neutron.wsgi [req-48f856b6-1574-49c9-82e6-4e8c7eedd4c9 req-fcf445eb-0e9d-436f-a91a-c0a5f1a0e979 tempest-DeleteServersTestJSON-1435899956 tempest-DeleteServersTestJSON-1435899956-project] 10.222.0.50 "GET /v2.0/security-groups?id=d3c6004f-4845-442b-bd8e-41146296fa81&fields=id&fields=name HTTP/1.1" status: 200 len: 286 time: 0.0680439
Jun 17 12:50:24.875387 dv-cinder-837542-5-iscsi neutron-server[115570]: DEBUG neutron_lib.callbacks.manager [None req-5fd14906-7e83-40b6-ab5f-bc2261a805be admin admin] Publish callbacks ['neutron.plugins.ml2.ovo_rpc._ObjectChangeHandler.handle_event-998006'] for security_group (053c8553-a14c-4065-86d9-a36a1b6c9aff), after_delete {{(pid=115570) _notify_loop /usr/local/lib/python3.8/dist-packages/neutron_lib/callbacks/manager.py:176}}
Jun 17 12:50:24.875387 dv-cinder-837542-5-iscsi neutron-server[115570]: DEBUG neutron_lib.callbacks.manager [None req-5fd14906-7e83-40b6-ab5f-bc2261a805be admin admin] Publish callbacks [] for security_group (None), before_response {{(pid=115570) _notify_loop /usr/local/lib/python3.8/dist-packages/neutron_lib/callbacks/manager.py:176}}
Jun 17 12:50:24.875387 dv-cinder-837542-5-iscsi neutron-server[115570]: INFO neutron.wsgi [None req-5fd14906-7e83-40b6-ab5f-bc2261a805be admin admin] 10.222.0.50 "DELETE /v2.0/security-groups/053c8553-a14c-4065-86d9-a36a1b6c9aff HTTP/1.1" status: 204 len: 168 time: 0.2726912
Jun 17 12:50:24.883453 dv-cinder-837542-5-iscsi neutron-server[115570]: DEBUG neutron.api.rpc.handlers.resources_rpc [None req-5fd14906-7e83-40b6-ab5f-bc2261a805be admin admin] Pushing event deleted for resources: {'SecurityGroup': ['ID=053c8553-a14c-4065-86d9-a36a1b6c9aff,revision_number=None']} {{(pid=115570) push /opt/stack/neutron/neutron/api/rpc/handlers/resources_rpc.py:237}}
Jun 17 12:50:25.306193 dv-cinder-837542-5-iscsi neutron-server[115571]: DEBUG neutron_lib.callbacks.manager [None req-7de597cb-2b78-41de-8dd1-932fcf1b6d8e tempest-AttachVolumeShelveTestJSON-920332706 tempest-AttachVolumeShelveTestJSON-920332706-project] Publish callbacks [] for floatingip (None), precommit_update {{(pid=115571) _notify_loop /usr/local/lib/python3.8/dist-packages/neutron_lib/callbacks/manager.py:176}}
Jun 17 12:50:25.368107 dv-cinder-837542-5-iscsi neutron-server[115571]: DEBUG neutron_lib.callbacks.manager [None req-7de597cb-2b78-41de-8dd1-932fcf1b6d8e tempest-AttachVolumeShelveTestJSON-920332706 tempest-AttachVolumeShelveTestJSON-920332706-project] Publish callbacks ['neutron.services.l3_router.l3_router_plugin.DVRResourceOperationHandler._create_dvr_floating_gw_port-967161'] for floatingip (17fceead-1a0e-4635-afba-a70ebc6aab6f), after_update {{(pid=115571) _notify_loop /usr/local/lib/python3.8/dist-packages/neutron_lib/callbacks/manager.py:176}}
Jun 17 12:50:25.486617 dv-cinder-837542-5-iscsi neutron-server[115570]: DEBUG neutron.pecan_wsgi.hooks.policy_enforcement [req-99bbafd1-de39-4ae6-b54b-e4b9706489c6 req-b2e2fc96-c167-4155-9f23-1636a969a0de tempest-AttachVolumeNegativeTest-1324336449 tempest-AttachVolumeNegativeTest-1324336449-project] Attributes excluded by policy engine: ['standard_attr_id', 'binding:profile', 'binding:host_id', 'binding:vif_type', 'binding:vif_details'] {{(pid=115570) _exclude_attributes_by_policy /opt/stack/neutron/neutron/pecan_wsgi/hooks/policy_enforcement.py:259}}
Jun 17 12:50:25.494389 dv-cinder-837542-5-iscsi neutron-server[115570]: INFO neutron.wsgi [req-99bbafd1-de39-4ae6-b54b-e4b9706489c6 req-b2e2fc96-c167-4155-9f23-1636a969a0de tempest-AttachVolumeNegativeTest-1324336449 tempest-AttachVolumeNegativeTest-1324336449-project] 10.222.0.50 "GET /v2.0/ports?device_id=10646087-9058-4e46-b4c0-79c075ab9b7c HTTP/1.1" status: 200 len: 945 time: 0.0707448
Jun 17 12:50:25.497094 dv-cinder-837542-5-iscsi neutron-server[115570]: DEBUG neutron.wsgi [-] (115570) accepted ('10.222.0.50', 60346) {{(pid=115570) server /usr/local/lib/python3.8/dist-packages/eventlet/wsgi.py:1004}}
Jun 17 12:50:25.536796 dv-cinder-837542-5-iscsi neutron-server[115570]: DEBUG neutron_lib.callbacks.manager [None req-972d34ca-2f3e-47d1-8fc0-102d667bad29 admin admin] Publish callbacks [] for security_group (None), before_create {{(pid=115570) _notify_loop /usr/local/lib/python3.8/dist-packages/neutron_lib/callbacks/manager.py:176}}
Jun 17 12:50:25.566669 dv-cinder-837542-5-iscsi neutron-server[115571]: DEBUG neutron.pecan_wsgi.hooks.policy_enforcement [req-6f2a76a7-b79a-4776-a2ae-47d7def5e17d req-8d7963c9-f859-426e-9372-33e0ade5140e service neutron] Attributes excluded by policy engine: ['standard_attr_id'] {{(pid=115571) _exclude_attributes_by_policy /opt/stack/neutron/neutron/pecan_wsgi/hooks/policy_enforcement.py:259}}
Jun 17 12:50:25.568221 dv-cinder-837542-5-iscsi neutron-server[115571]: INFO neutron.wsgi [req-6f2a76a7-b79a-4776-a2ae-47d7def5e17d req-8d7963c9-f859-426e-9372-33e0ade5140e service neutron] 10.222.0.42 "GET /v2.0/ports?device_id=10646087-9058-4e46-b4c0-79c075ab9b7c HTTP/1.1" status: 200 len: 1129 time: 0.1815264
Jun 17 12:50:25.598586 dv-cinder-837542-5-iscsi neutron-server[115570]: INFO neutron.wsgi [req-99bbafd1-de39-4ae6-b54b-e4b9706489c6 req-2679b861-b493-4faf-967b-4301e047aa3a tempest-AttachVolumeNegativeTest-1324336449 tempest-AttachVolumeNegativeTest-1324336449-project] 10.222.0.50 "GET /v2.0/security-groups?id=9d6352b9-212d-46be-9829-3ac2231cc55d&fields=id&fields=name HTTP/1.1" status: 200 len: 313 time: 0.1038618
Jun 17 12:50:25.602703 dv-cinder-837542-5-iscsi neutron-server[115571]: DEBUG neutron.pecan_wsgi.hooks.policy_enforcement [req-fa450bc4-4eee-4192-93db-12c6fcf3c3c0 req-e07ad60d-d1d0-4f32-a806-e06bfe97550d service neutron] Attributes excluded by policy engine: ['standard_attr_id'] {{(pid=115571) _exclude_attributes_by_policy /opt/stack/neutron/neutron/pecan_wsgi/hooks/policy_enforcement.py:259}}
Jun 17 12:50:25.604207 dv-cinder-837542-5-iscsi neutron-server[115571]: INFO neutron.wsgi [req-fa450bc4-4eee-4192-93db-12c6fcf3c3c0 req-e07ad60d-d1d0-4f32-a806-e06bfe97550d service neutron] 10.222.0.42 "GET /v2.0/ports?device_id=b56ab94b-cf03-4bb5-bace-27f1969d9b99 HTTP/1.1" status: 200 len: 1129 time: 0.2960107
Jun 17 12:50:25.635798 dv-cinder-837542-5-iscsi neutron-server[115571]: DEBUG neutron.pecan_wsgi.hooks.policy_enforcement [req-6178dd8f-46f2-476d-bf77-14fa9ebe0bc3 req-e55bd415-da3a-4275-aa85-ffe00a5d927e service neutron] Attributes excluded by policy engine: ['standard_attr_id'] {{(pid=115571) _exclude_attributes_by_policy /opt/stack/neutron/neutron/pecan_wsgi/hooks/policy_enforcement.py:259}}
Jun 17 12:50:25.637419 dv-cinder-837542-5-iscsi neutron-server[115571]: INFO neutron.wsgi [req-6178dd8f-46f2-476d-bf77-14fa9ebe0bc3 req-e55bd415-da3a-4275-aa85-ffe00a5d927e service neutron] 10.222.0.42 "GET /v2.0/ports?device_id=fa14c090-1583-4d73-bdb4-2f2ac72f9cf4 HTTP/1.1" status: 200 len: 1130 time: 0.3266268
Jun 17 12:50:25.647900 dv-cinder-837542-5-iscsi neutron-server[115571]: DEBUG neutron.pecan_wsgi.hooks.policy_enforcement [req-2ecb572c-7287-45e7-bb47-62fe9739f2a6 req-adb71c6e-ffc1-4f14-b41e-2e5046a5177c tempest-ServerRescueNegativeTestJSON-1841879143 tempest-ServerRescueNegativeTestJSON-1841879143-project] Attributes excluded by policy engine: ['standard_attr_id', 'binding:profile', 'binding:host_id', 'binding:vif_type', 'binding:vif_details'] {{(pid=115571) _exclude_attributes_by_policy /opt/stack/neutron/neutron/pecan_wsgi/hooks/policy_enforcement.py:259}}
Jun 17 12:50:25.649493 dv-cinder-837542-5-iscsi neutron-server[115571]: INFO neutron.wsgi [req-2ecb572c-7287-45e7-bb47-62fe9739f2a6 req-adb71c6e-ffc1-4f14-b41e-2e5046a5177c tempest-ServerRescueNegativeTestJSON-1841879143 tempest-ServerRescueNegativeTestJSON-1841879143-project] 10.222.0.50 "GET /v2.0/ports?device_id=1e0a5ac3-b032-422f-ae0e-42d040d95ee1 HTTP/1.1" status: 200 len: 946 time: 0.6363220
Jun 17 12:50:25.674544 dv-cinder-837542-5-iscsi neutron-server[115570]: DEBUG neutron_lib.callbacks.manager [None req-972d34ca-2f3e-47d1-8fc0-102d667bad29 admin admin] Publish callbacks [] for security_group (aee70ef6-0193-42a7-9840-7950e1597494), precommit_create {{(pid=115570) _notify_loop /usr/local/lib/python3.8/dist-packages/neutron_lib/callbacks/manager.py:176}}
Jun 17 12:50:25.680472 dv-cinder-837542-5-iscsi neutron-server[115570]: DEBUG neutron_lib.callbacks.manager [None req-972d34ca-2f3e-47d1-8fc0-102d667bad29 admin admin] Publish callbacks ['neutron.plugins.ml2.ovo_rpc._ObjectChangeHandler.handle_event-998006'] for security_group (aee70ef6-0193-42a7-9840-7950e1597494), after_create {{(pid=115570) _notify_loop /usr/local/lib/python3.8/dist-packages/neutron_lib/callbacks/manager.py:176}}
Jun 17 12:50:25.691551 dv-cinder-837542-5-iscsi neutron-server[115570]: DEBUG dbcounter [-] [115570] Writing DB stats neutron:SELECT=85,neutron:INSERT=13,neutron:DELETE=1,neutron:UPDATE=1 {{(pid=115570) stat_writer /usr/local/lib/python3.8/dist-packages/dbcounter.py:114}}
Jun 17 12:50:25.706629 dv-cinder-837542-5-iscsi neutron-server[115570]: DEBUG dbcounter [-] [115570] Writing DB stats neutron:SELECT=83,neutron:DELETE=7,neutron:INSERT=9,neutron:UPDATE=1 {{(pid=115570) stat_writer /usr/local/lib/python3.8/dist-packages/dbcounter.py:114}}
Jun 17 12:50:25.737349 dv-cinder-837542-5-iscsi neutron-server[115570]: INFO neutron.wsgi [None req-972d34ca-2f3e-47d1-8fc0-102d667bad29 admin admin] 10.222.0.50 "GET /v2.0/security-groups?tenant_id=91dd09d112c14fd38f5d456049cdefc3&name=default HTTP/1.1" status: 200 len: 2996 time: 0.2354443
Jun 17 12:50:25.737349 dv-cinder-837542-5-iscsi neutron-server[115570]: DEBUG neutron.api.rpc.handlers.resources_rpc [None req-972d34ca-2f3e-47d1-8fc0-102d667bad29 admin admin] Pushing event updated for resources: {'SecurityGroup': ['ID=aee70ef6-0193-42a7-9840-7950e1597494,revision_number=1']} {{(pid=115570) push /opt/stack/neutron/neutron/api/rpc/handlers/resources_rpc.py:237}}
Jun 17 12:50:25.738629 dv-cinder-837542-5-iscsi neutron-server[115570]: DEBUG neutron.wsgi [-] (115570) accepted ('10.222.0.50', 60354) {{(pid=115570) server /usr/local/lib/python3.8/dist-packages/eventlet/wsgi.py:1004}}
Jun 17 12:50:25.795953 dv-cinder-837542-5-iscsi neutron-server[115570]: DEBUG neutron_lib.callbacks.manager [None req-5f06d3b1-e005-4591-b444-da5fbebdf9a5 admin admin] Publish callbacks [] for security_group (aee70ef6-0193-42a7-9840-7950e1597494), before_delete {{(pid=115570) _notify_loop /usr/local/lib/python3.8/dist-packages/neutron_lib/callbacks/manager.py:176}}
Jun 17 12:50:25.818389 dv-cinder-837542-5-iscsi neutron-server[115571]: DEBUG dbcounter [-] [115571] Writing DB stats neutron:SELECT=98,neutron:UPDATE=2 {{(pid=115571) stat_writer /usr/local/lib/python3.8/dist-packages/dbcounter.py:114}}
Jun 17 12:50:25.833345 dv-cinder-837542-5-iscsi neutron-server[115571]: DEBUG dbcounter [-] [115571] Writing DB stats neutron:SELECT=98,neutron:UPDATE=2 {{(pid=115571) stat_writer /usr/local/lib/python3.8/dist-packages/dbcounter.py:114}}
Jun 17 12:50:25.835614 dv-cinder-837542-5-iscsi neutron-server[115571]: INFO neutron.db.l3_db [None req-7de597cb-2b78-41de-8dd1-932fcf1b6d8e tempest-AttachVolumeShelveTestJSON-920332706 tempest-AttachVolumeShelveTestJSON-920332706-project] Floating IP 17fceead-1a0e-4635-afba-a70ebc6aab6f associated. External IP: 172.27.3.130, port: 57cab511-4ff0-4c61-a43f-4ff7060cac4e.
Jun 17 12:50:25.837491 dv-cinder-837542-5-iscsi neutron-server[115570]: DEBUG neutron_lib.callbacks.manager [None req-5f06d3b1-e005-4591-b444-da5fbebdf9a5 admin admin] Publish callbacks [] for security_group (aee70ef6-0193-42a7-9840-7950e1597494), precommit_delete {{(pid=115570) _notify_loop /usr/local/lib/python3.8/dist-packages/neutron_lib/callbacks/manager.py:176}}
Jun 17 12:50:25.906047 dv-cinder-837542-5-iscsi neutron-server[115571]: DEBUG neutron.pecan_wsgi.hooks.policy_enforcement [req-559f386f-3d23-4ac4-9700-0cf528aa474f req-a913e819-212b-49e4-a642-680fe24c307a tempest-VolumesActionsTest-1157954306 tempest-VolumesActionsTest-1157954306-project] Attributes excluded by policy engine: ['standard_attr_id', 'vlan_transparent', 'provider:network_type', 'provider:physical_network', 'provider:segmentation_id'] {{(pid=115571) _exclude_attributes_by_policy /opt/stack/neutron/neutron/pecan_wsgi/hooks/policy_enforcement.py:259}}
Jun 17 12:50:25.907995 dv-cinder-837542-5-iscsi neutron-server[115571]: INFO neutron.wsgi [req-559f386f-3d23-4ac4-9700-0cf528aa474f req-a913e819-212b-49e4-a642-680fe24c307a tempest-VolumesActionsTest-1157954306 tempest-VolumesActionsTest-1157954306-project] 10.222.0.42 "GET /v2.0/networks?id=b10bdad2-a3cf-4cd9-a75a-c88a169e3122 HTTP/1.1" status: 200 len: 809 time: 0.5987191
Jun 17 12:50:25.920489 dv-cinder-837542-5-iscsi neutron-server[115570]: INFO neutron.wsgi [req-c116f8a1-a252-4827-a687-8cfdc208bc00 req-e615260f-b750-4c91-9dbb-42530e4eca04 tempest-VolumesActionsTest-1157954306 tempest-VolumesActionsTest-1157954306-project] 10.222.0.50 "GET /v2.0/ports?device_id=f67d6a3b-583a-44da-a540-aef07cc1247d HTTP/1.1" status: 200 len: 210 time: 0.0447502
Jun 17 12:50:25.928939 dv-cinder-837542-5-iscsi neutron-server[115571]: INFO neutron.wsgi [req-6178dd8f-46f2-476d-bf77-14fa9ebe0bc3 req-0f4b6790-1831-4440-8132-b91fca13cd3f service neutron] 10.222.0.42 "GET /v2.0/security-groups?id=d3c6004f-4845-442b-bd8e-41146296fa81&fields=id&fields=name HTTP/1.1" status: 200 len: 286 time: 0.2784803
Jun 17 12:50:25.931335 dv-cinder-837542-5-iscsi neutron-server[115571]: INFO neutron.wsgi [req-6f2a76a7-b79a-4776-a2ae-47d7def5e17d req-b9ca5bac-c25e-4001-8979-f076f5dad281 service neutron] 10.222.0.42 "GET /v2.0/security-groups?id=9d6352b9-212d-46be-9829-3ac2231cc55d&fields=id&fields=name HTTP/1.1" status: 200 len: 313 time: 0.2992916
Jun 17 12:50:25.938038 dv-cinder-837542-5-iscsi neutron-server[115571]: DEBUG neutron.api.v2.base [req-559f386f-3d23-4ac4-9700-0cf528aa474f req-ee9aff96-59ec-4c23-9800-769d7ce8717d tempest-VolumesActionsTest-1157954306 tempest-VolumesActionsTest-1157954306-project] Request body: {'port': {'device_id': 'f67d6a3b-583a-44da-a540-aef07cc1247d', 'network_id': 'b10bdad2-a3cf-4cd9-a75a-c88a169e3122', 'admin_state_up': True, 'tenant_id': '204e45875c23415ba23445663112471a'}} {{(pid=115571) prepare_request_body /opt/stack/neutron/neutron/api/v2/base.py:730}}
Jun 17 12:50:25.945467 dv-cinder-837542-5-iscsi neutron-server[115571]: INFO neutron.wsgi [req-fa450bc4-4eee-4192-93db-12c6fcf3c3c0 req-b0b21694-9788-4481-8fa9-7c00835ed86d service neutron] 10.222.0.42 "GET /v2.0/security-groups?id=16a278a5-bb28-4564-8316-13652f26a888&fields=id&fields=name HTTP/1.1" status: 200 len: 286 time: 0.2873247
Jun 17 12:50:25.962863 dv-cinder-837542-5-iscsi neutron-server[115571]: INFO neutron.wsgi [req-2ecb572c-7287-45e7-bb47-62fe9739f2a6 req-1254f887-e0e1-4e69-85ab-a185bba7b94c tempest-ServerRescueNegativeTestJSON-1841879143 tempest-ServerRescueNegativeTestJSON-1841879143-project] 10.222.0.50 "GET /v2.0/security-groups?id=16a278a5-bb28-4564-8316-13652f26a888&fields=id&fields=name HTTP/1.1" status: 200 len: 286 time: 0.2918775
