Jun 16 17:37:46.225213 dv-cinder-837542-4-smb devstack@placement-api.service[104534]: DEBUG placement.requestlog [req-d1e98391-9b5f-4ace-ad33-25c52efb1bc7 req-371e6372-9e94-4925-b4d9-f1ced18ad86f None None] Starting request: 10.222.0.36 "GET /placement/allocations/41830884-6d39-4715-8b0f-1d149fe2a459" {{(pid=104534) __call__ /opt/stack/placement/placement/requestlog.py:55}}
Jun 16 17:37:46.324853 dv-cinder-837542-4-smb devstack@placement-api.service[104534]: INFO placement.requestlog [req-d1e98391-9b5f-4ace-ad33-25c52efb1bc7 req-371e6372-9e94-4925-b4d9-f1ced18ad86f service placement] 10.222.0.36 "GET /placement/allocations/41830884-6d39-4715-8b0f-1d149fe2a459" status: 200 len: 258 microversion: 1.28
Jun 16 17:37:46.326578 dv-cinder-837542-4-smb devstack@placement-api.service[104534]: [pid: 104534|app: 0|req: 10/21] 10.222.0.36 () {60 vars in 1377 bytes} [Thu Jun 16 17:37:46 2022] GET /placement/allocations/41830884-6d39-4715-8b0f-1d149fe2a459 => generated 258 bytes in 103 msecs (HTTP/1.1 200) 8 headers in 296 bytes (2 switches on core 0)
Jun 16 17:37:48.239515 dv-cinder-837542-4-smb devstack@placement-api.service[104535]: DEBUG placement.requestlog [req-b98bfc09-b6f0-49d8-aca5-81ba03f1f50c req-054e4fc6-a7f7-47ab-8a30-f2483d390bf2 None None] Starting request: 10.222.0.36 "GET /placement/allocations/7ddfe69f-b054-4569-8d8e-6bbcb41fb553" {{(pid=104535) __call__ /opt/stack/placement/placement/requestlog.py:55}}
Jun 16 17:37:48.342729 dv-cinder-837542-4-smb devstack@placement-api.service[104535]: INFO placement.requestlog [req-b98bfc09-b6f0-49d8-aca5-81ba03f1f50c req-054e4fc6-a7f7-47ab-8a30-f2483d390bf2 service placement] 10.222.0.36 "GET /placement/allocations/7ddfe69f-b054-4569-8d8e-6bbcb41fb553" status: 200 len: 258 microversion: 1.28
Jun 16 17:37:48.347289 dv-cinder-837542-4-smb devstack@placement-api.service[104535]: [pid: 104535|app: 0|req: 12/22] 10.222.0.36 () {60 vars in 1377 bytes} [Thu Jun 16 17:37:48 2022] GET /placement/allocations/7ddfe69f-b054-4569-8d8e-6bbcb41fb553 => generated 258 bytes in 108 msecs (HTTP/1.1 200) 8 headers in 296 bytes (2 switches on core 0)
Jun 16 17:37:51.768105 dv-cinder-837542-4-smb devstack@placement-api.service[104534]: DEBUG placement.requestlog [req-8faa07cf-e093-4002-b2f9-db7208ab4d90 req-d5a0beee-239a-4cc8-aa06-e2780f125b0f None None] Starting request: 10.222.0.48 "GET /placement/allocation_candidates?limit=1000&resources=DISK_GB%3A1%2CMEMORY_MB%3A1024%2CVCPU%3A1&root_required=%21COMPUTE_STATUS_DISABLED" {{(pid=104534) __call__ /opt/stack/placement/placement/requestlog.py:55}}
Jun 16 17:37:51.949637 dv-cinder-837542-4-smb devstack@placement-api.service[104534]: DEBUG placement.objects.research_context [req-8faa07cf-e093-4002-b2f9-db7208ab4d90 req-d5a0beee-239a-4cc8-aa06-e2780f125b0f service placement] getting providers with 1 DISK_GB {{(pid=104534) __init__ /opt/stack/placement/placement/objects/research_context.py:136}}
Jun 16 17:37:51.970345 dv-cinder-837542-4-smb devstack@placement-api.service[104534]: DEBUG placement.objects.research_context [req-8faa07cf-e093-4002-b2f9-db7208ab4d90 req-d5a0beee-239a-4cc8-aa06-e2780f125b0f service placement] getting providers with 1024 MEMORY_MB {{(pid=104534) __init__ /opt/stack/placement/placement/objects/research_context.py:136}}
Jun 16 17:37:52.040141 dv-cinder-837542-4-smb devstack@placement-api.service[104534]: DEBUG placement.objects.research_context [req-8faa07cf-e093-4002-b2f9-db7208ab4d90 req-d5a0beee-239a-4cc8-aa06-e2780f125b0f service placement] getting providers with 1 VCPU {{(pid=104534) __init__ /opt/stack/placement/placement/objects/research_context.py:136}}
Jun 16 17:37:52.066911 dv-cinder-837542-4-smb devstack@placement-api.service[104534]: DEBUG placement.objects.research_context [req-8faa07cf-e093-4002-b2f9-db7208ab4d90 req-d5a0beee-239a-4cc8-aa06-e2780f125b0f service placement] found 1 providers with available 1 DISK_GB {{(pid=104534) get_provider_ids_matching /opt/stack/placement/placement/objects/research_context.py:563}}
Jun 16 17:37:52.070591 dv-cinder-837542-4-smb devstack@placement-api.service[104534]: DEBUG placement.objects.research_context [req-8faa07cf-e093-4002-b2f9-db7208ab4d90 req-d5a0beee-239a-4cc8-aa06-e2780f125b0f service placement] found 1 providers with available 1024 MEMORY_MB {{(pid=104534) get_provider_ids_matching /opt/stack/placement/placement/objects/research_context.py:563}}
Jun 16 17:37:52.072032 dv-cinder-837542-4-smb devstack@placement-api.service[104534]: DEBUG placement.objects.research_context [req-8faa07cf-e093-4002-b2f9-db7208ab4d90 req-d5a0beee-239a-4cc8-aa06-e2780f125b0f service placement] found 1 providers after filtering by previous result {{(pid=104534) get_provider_ids_matching /opt/stack/placement/placement/objects/research_context.py:594}}
Jun 16 17:37:52.072536 dv-cinder-837542-4-smb devstack@placement-api.service[104534]: DEBUG placement.objects.research_context [req-8faa07cf-e093-4002-b2f9-db7208ab4d90 req-d5a0beee-239a-4cc8-aa06-e2780f125b0f service placement] found 1 providers with available 1 VCPU {{(pid=104534) get_provider_ids_matching /opt/stack/placement/placement/objects/research_context.py:563}}
Jun 16 17:37:52.076117 dv-cinder-837542-4-smb devstack@placement-api.service[104534]: DEBUG placement.objects.research_context [req-8faa07cf-e093-4002-b2f9-db7208ab4d90 req-d5a0beee-239a-4cc8-aa06-e2780f125b0f service placement] found 1 providers after filtering by previous result {{(pid=104534) get_provider_ids_matching /opt/stack/placement/placement/objects/research_context.py:594}}
Jun 16 17:37:52.151908 dv-cinder-837542-4-smb devstack@placement-api.service[104534]: DEBUG placement.objects.allocation_candidate [req-8faa07cf-e093-4002-b2f9-db7208ab4d90 req-d5a0beee-239a-4cc8-aa06-e2780f125b0f service placement] RequestGroup(use_same_provider=False, resources={DISK_GB:1, MEMORY_MB:1024, VCPU:1}, traits=(), aggregates=[]) (suffix '') returned 1 matches {{(pid=104534) _get_by_requests /opt/stack/placement/placement/objects/allocation_candidate.py:156}}
Jun 16 17:37:52.172157 dv-cinder-837542-4-smb devstack@placement-api.service[104534]: DEBUG placement.objects.allocation_candidate [req-8faa07cf-e093-4002-b2f9-db7208ab4d90 req-d5a0beee-239a-4cc8-aa06-e2780f125b0f service placement] Merging candidates yields 1 allocation requests and 1 provider summaries {{(pid=104534) _merge_candidates /opt/stack/placement/placement/objects/allocation_candidate.py:809}}
Jun 16 17:37:52.179901 dv-cinder-837542-4-smb devstack@placement-api.service[104534]: INFO placement.requestlog [req-8faa07cf-e093-4002-b2f9-db7208ab4d90 req-d5a0beee-239a-4cc8-aa06-e2780f125b0f service placement] 10.222.0.48 "GET /placement/allocation_candidates?limit=1000&resources=DISK_GB%3A1%2CMEMORY_MB%3A1024%2CVCPU%3A1&root_required=%21COMPUTE_STATUS_DISABLED" status: 200 len: 767 microversion: 1.36
Jun 16 17:37:52.181078 dv-cinder-837542-4-smb devstack@placement-api.service[104534]: [pid: 104534|app: 0|req: 11/23] 10.222.0.48 () {60 vars in 1506 bytes} [Thu Jun 16 17:37:51 2022] GET /placement/allocation_candidates?limit=1000&resources=DISK_GB%3A1%2CMEMORY_MB%3A1024%2CVCPU%3A1&root_required=%21COMPUTE_STATUS_DISABLED => generated 767 bytes in 415 msecs (HTTP/1.1 200) 8 headers in 296 bytes (1 switches on core 0)
Jun 16 17:37:52.341624 dv-cinder-837542-4-smb devstack@placement-api.service[104535]: DEBUG placement.requestlog [req-8faa07cf-e093-4002-b2f9-db7208ab4d90 req-d4de84aa-5185-4594-81e2-4297ab6b8956 None None] Starting request: 10.222.0.48 "GET /placement/allocations/c6ec93bd-723a-4e94-8fd4-7c93e0cf59ec" {{(pid=104535) __call__ /opt/stack/placement/placement/requestlog.py:55}}
Jun 16 17:37:52.408706 dv-cinder-837542-4-smb devstack@placement-api.service[104535]: INFO placement.requestlog [req-8faa07cf-e093-4002-b2f9-db7208ab4d90 req-d4de84aa-5185-4594-81e2-4297ab6b8956 service placement] 10.222.0.48 "GET /placement/allocations/c6ec93bd-723a-4e94-8fd4-7c93e0cf59ec" status: 200 len: 19 microversion: 1.28
Jun 16 17:37:52.410967 dv-cinder-837542-4-smb devstack@placement-api.service[104535]: [pid: 104535|app: 0|req: 13/24] 10.222.0.48 () {60 vars in 1380 bytes} [Thu Jun 16 17:37:52 2022] GET /placement/allocations/c6ec93bd-723a-4e94-8fd4-7c93e0cf59ec => generated 19 bytes in 71 msecs (HTTP/1.1 200) 8 headers in 295 bytes (1 switches on core 0)
Jun 16 17:37:52.420926 dv-cinder-837542-4-smb devstack@placement-api.service[104534]: DEBUG placement.requestlog [req-8faa07cf-e093-4002-b2f9-db7208ab4d90 req-68050dd3-1cba-4ab1-97d8-e27a0435f8fb None None] Starting request: 10.222.0.48 "PUT /placement/allocations/c6ec93bd-723a-4e94-8fd4-7c93e0cf59ec" {{(pid=104534) __call__ /opt/stack/placement/placement/requestlog.py:55}}
Jun 16 17:37:52.647151 dv-cinder-837542-4-smb devstack@placement-api.service[104534]: DEBUG placement.handlers.allocation [req-8faa07cf-e093-4002-b2f9-db7208ab4d90 req-68050dd3-1cba-4ab1-97d8-e27a0435f8fb service placement] Successfully wrote allocations [, , ] {{(pid=104534) _update_consumers_and_create_allocations /opt/stack/placement/placement/handlers/allocation.py:462}}
Jun 16 17:37:52.655435 dv-cinder-837542-4-smb devstack@placement-api.service[104534]: INFO placement.requestlog [req-8faa07cf-e093-4002-b2f9-db7208ab4d90 req-68050dd3-1cba-4ab1-97d8-e27a0435f8fb service placement] 10.222.0.48 "PUT /placement/allocations/c6ec93bd-723a-4e94-8fd4-7c93e0cf59ec" status: 204 len: 0 microversion: 1.36
Jun 16 17:37:52.656879 dv-cinder-837542-4-smb devstack@placement-api.service[104534]: [pid: 104534|app: 0|req: 12/25] 10.222.0.48 () {64 vars in 1433 bytes} [Thu Jun 16 17:37:52 2022] PUT /placement/allocations/c6ec93bd-723a-4e94-8fd4-7c93e0cf59ec => generated 0 bytes in 236 msecs (HTTP/1.1 204) 5 headers in 199 bytes (1 switches on core 0)
Jun 16 17:37:53.874626 dv-cinder-837542-4-smb devstack@placement-api.service[104535]: DEBUG placement.requestlog [req-8faa07cf-e093-4002-b2f9-db7208ab4d90 req-6cc82e85-e14b-462c-9406-49e67f66e21b None None] Starting request: 10.222.0.36 "GET /placement/allocations/c6ec93bd-723a-4e94-8fd4-7c93e0cf59ec" {{(pid=104535) __call__ /opt/stack/placement/placement/requestlog.py:55}}
Jun 16 17:37:53.944797 dv-cinder-837542-4-smb devstack@placement-api.service[104535]: INFO placement.requestlog [req-8faa07cf-e093-4002-b2f9-db7208ab4d90 req-6cc82e85-e14b-462c-9406-49e67f66e21b service placement] 10.222.0.36 "GET /placement/allocations/c6ec93bd-723a-4e94-8fd4-7c93e0cf59ec" status: 200 len: 258 microversion: 1.28
Jun 16 17:37:53.949112 dv-cinder-837542-4-smb devstack@placement-api.service[104535]: [pid: 104535|app: 0|req: 14/26] 10.222.0.36 () {60 vars in 1377 bytes} [Thu Jun 16 17:37:53 2022] GET /placement/allocations/c6ec93bd-723a-4e94-8fd4-7c93e0cf59ec => generated 258 bytes in 74 msecs (HTTP/1.1 200) 8 headers in 296 bytes (1 switches on core 0)
Jun 16 17:37:55.659617 dv-cinder-837542-4-smb devstack@placement-api.service[104534]: DEBUG placement.requestlog [None req-3a5722b9-b1c2-40ed-96ea-8337205f50c2 None None] Starting request: 10.222.0.48 "GET /placement/resource_providers/c006b072-6d53-4f49-a07c-2adbfe52cd1e/aggregates" {{(pid=104534) __call__ /opt/stack/placement/placement/requestlog.py:55}}
Jun 16 17:37:56.593477 dv-cinder-837542-4-smb devstack@placement-api.service[104534]: INFO placement.requestlog [None req-3a5722b9-b1c2-40ed-96ea-8337205f50c2 service placement] 10.222.0.48 "GET /placement/resource_providers/c006b072-6d53-4f49-a07c-2adbfe52cd1e/aggregates" status: 404 len: 235 microversion: 1.1
Jun 16 17:37:56.598651 dv-cinder-837542-4-smb devstack@placement-api.service[104534]: [pid: 104534|app: 0|req: 13/27] 10.222.0.48 () {58 vars in 1362 bytes} [Thu Jun 16 17:37:55 2022] GET /placement/resource_providers/c006b072-6d53-4f49-a07c-2adbfe52cd1e/aggregates => generated 235 bytes in 940 msecs (HTTP/1.1 404) 5 headers in 202 bytes (1 switches on core 0)
Jun 16 17:37:56.876674 dv-cinder-837542-4-smb devstack@placement-api.service[104535]: DEBUG placement.requestlog [None req-c24d1b55-3252-4278-875f-3596feff894b None None] Starting request: 10.222.0.48 "DELETE /placement/resource_providers/c006b072-6d53-4f49-a07c-2adbfe52cd1e" {{(pid=104535) __call__ /opt/stack/placement/placement/requestlog.py:55}}
Jun 16 17:37:56.912400 dv-cinder-837542-4-smb devstack@placement-api.service[104535]: DEBUG placement.wsgi_wrapper [None req-c24d1b55-3252-4278-875f-3596feff894b service placement] Placement API returning an error response: No resource provider with uuid c006b072-6d53-4f49-a07c-2adbfe52cd1e found for delete {{(pid=104535) call_func /opt/stack/placement/placement/wsgi_wrapper.py:31}}
Jun 16 17:37:56.914074 dv-cinder-837542-4-smb devstack@placement-api.service[104535]: INFO placement.requestlog [None req-c24d1b55-3252-4278-875f-3596feff894b service placement] 10.222.0.48 "DELETE /placement/resource_providers/c006b072-6d53-4f49-a07c-2adbfe52cd1e" status: 404 len: 246 microversion: 1.1
Jun 16 17:37:56.915890 dv-cinder-837542-4-smb devstack@placement-api.service[104535]: [pid: 104535|app: 0|req: 15/28] 10.222.0.48 () {60 vars in 1351 bytes} [Thu Jun 16 17:37:56 2022] DELETE /placement/resource_providers/c006b072-6d53-4f49-a07c-2adbfe52cd1e => generated 246 bytes in 39 msecs (HTTP/1.1 404) 6 headers in 231 bytes (1 switches on core 0)
Jun 16 17:38:06.151411 dv-cinder-837542-4-smb devstack@placement-api.service[104534]: DEBUG placement.requestlog [req-f5f288b3-c882-40ca-8509-1f7fda039e71 req-43776c41-4839-489a-b658-d99c3656518d None None] Starting request: 10.222.0.48 "GET /placement/allocation_candidates?limit=1000&resources=DISK_GB%3A1%2CMEMORY_MB%3A1024%2CVCPU%3A1&root_required=%21COMPUTE_STATUS_DISABLED" {{(pid=104534) __call__ /opt/stack/placement/placement/requestlog.py:55}}
Jun 16 17:38:06.266463 dv-cinder-837542-4-smb devstack@placement-api.service[104535]: DEBUG placement.requestlog [None req-245bc7cc-8d5f-4cdf-943c-365db7cc0ba1 None None] Starting request: 10.222.0.48 "GET /placement/resource_providers/3d6f2c18-1f52-40df-ae14-1b3381c114c9/aggregates" {{(pid=104535) __call__ /opt/stack/placement/placement/requestlog.py:55}}
Jun 16 17:38:06.312836 dv-cinder-837542-4-smb devstack@placement-api.service[104535]: INFO placement.requestlog [None req-245bc7cc-8d5f-4cdf-943c-365db7cc0ba1 service placement] 10.222.0.48 "GET /placement/resource_providers/3d6f2c18-1f52-40df-ae14-1b3381c114c9/aggregates" status: 404 len: 235 microversion: 1.1
Jun 16 17:38:06.314628 dv-cinder-837542-4-smb devstack@placement-api.service[104535]: [pid: 104535|app: 0|req: 16/29] 10.222.0.48 () {58 vars in 1362 bytes} [Thu Jun 16 17:38:06 2022] GET /placement/resource_providers/3d6f2c18-1f52-40df-ae14-1b3381c114c9/aggregates => generated 235 bytes in 64 msecs (HTTP/1.1 404) 5 headers in 202 bytes (2 switches on core 0)
Jun 16 17:38:06.356401 dv-cinder-837542-4-smb devstack@placement-api.service[104534]: DEBUG placement.objects.research_context [req-f5f288b3-c882-40ca-8509-1f7fda039e71 req-43776c41-4839-489a-b658-d99c3656518d service placement] getting providers with 1 DISK_GB {{(pid=104534) __init__ /opt/stack/placement/placement/objects/research_context.py:136}}
Jun 16 17:38:06.386922 dv-cinder-837542-4-smb devstack@placement-api.service[104535]: DEBUG placement.requestlog [None req-e045dc77-4259-4e0f-a5c4-0afb08e38482 None None] Starting request: 10.222.0.48 "DELETE /placement/resource_providers/3d6f2c18-1f52-40df-ae14-1b3381c114c9" {{(pid=104535) __call__ /opt/stack/placement/placement/requestlog.py:55}}
Jun 16 17:38:06.393044 dv-cinder-837542-4-smb devstack@placement-api.service[104534]: DEBUG placement.objects.research_context [req-f5f288b3-c882-40ca-8509-1f7fda039e71 req-43776c41-4839-489a-b658-d99c3656518d service placement] getting providers with 1024 MEMORY_MB {{(pid=104534) __init__ /opt/stack/placement/placement/objects/research_context.py:136}}
Jun 16 17:38:06.422515 dv-cinder-837542-4-smb devstack@placement-api.service[104535]: DEBUG placement.wsgi_wrapper [None req-e045dc77-4259-4e0f-a5c4-0afb08e38482 service placement] Placement API returning an error response: No resource provider with uuid 3d6f2c18-1f52-40df-ae14-1b3381c114c9 found for delete {{(pid=104535) call_func /opt/stack/placement/placement/wsgi_wrapper.py:31}}
Jun 16 17:38:06.424358 dv-cinder-837542-4-smb devstack@placement-api.service[104535]: INFO placement.requestlog [None req-e045dc77-4259-4e0f-a5c4-0afb08e38482 service placement] 10.222.0.48 "DELETE /placement/resource_providers/3d6f2c18-1f52-40df-ae14-1b3381c114c9" status: 404 len: 246 microversion: 1.1
Jun 16 17:38:06.425951 dv-cinder-837542-4-smb devstack@placement-api.service[104535]: [pid: 104535|app: 0|req: 17/30] 10.222.0.48 () {60 vars in 1351 bytes} [Thu Jun 16 17:38:06 2022] DELETE /placement/resource_providers/3d6f2c18-1f52-40df-ae14-1b3381c114c9 => generated 246 bytes in 39 msecs (HTTP/1.1 404) 6 headers in 231 bytes (2 switches on core 0)
Jun 16 17:38:06.450962 dv-cinder-837542-4-smb devstack@placement-api.service[104534]: DEBUG placement.objects.research_context [req-f5f288b3-c882-40ca-8509-1f7fda039e71 req-43776c41-4839-489a-b658-d99c3656518d service placement] getting providers with 1 VCPU {{(pid=104534) __init__ /opt/stack/placement/placement/objects/research_context.py:136}}
Jun 16 17:38:06.496865 dv-cinder-837542-4-smb devstack@placement-api.service[104534]: DEBUG placement.objects.research_context [req-f5f288b3-c882-40ca-8509-1f7fda039e71 req-43776c41-4839-489a-b658-d99c3656518d service placement] found 1 providers with available 1 DISK_GB {{(pid=104534) get_provider_ids_matching /opt/stack/placement/placement/objects/research_context.py:563}}
Jun 16 17:38:06.498244 dv-cinder-837542-4-smb devstack@placement-api.service[104534]: DEBUG placement.objects.research_context [req-f5f288b3-c882-40ca-8509-1f7fda039e71 req-43776c41-4839-489a-b658-d99c3656518d service placement] found 1 providers with available 1024 MEMORY_MB {{(pid=104534) get_provider_ids_matching /opt/stack/placement/placement/objects/research_context.py:563}}
Jun 16 17:38:06.499129 dv-cinder-837542-4-smb devstack@placement-api.service[104534]: DEBUG placement.objects.research_context [req-f5f288b3-c882-40ca-8509-1f7fda039e71 req-43776c41-4839-489a-b658-d99c3656518d service placement] found 1 providers after filtering by previous result {{(pid=104534) get_provider_ids_matching /opt/stack/placement/placement/objects/research_context.py:594}}
Jun 16 17:38:06.499990 dv-cinder-837542-4-smb devstack@placement-api.service[104534]: DEBUG placement.objects.research_context [req-f5f288b3-c882-40ca-8509-1f7fda039e71 req-43776c41-4839-489a-b658-d99c3656518d service placement] found 1 providers with available 1 VCPU {{(pid=104534) get_provider_ids_matching /opt/stack/placement/placement/objects/research_context.py:563}}
Jun 16 17:38:06.500804 dv-cinder-837542-4-smb devstack@placement-api.service[104534]: DEBUG placement.objects.research_context [req-f5f288b3-c882-40ca-8509-1f7fda039e71 req-43776c41-4839-489a-b658-d99c3656518d service placement] found 1 providers after filtering by previous result {{(pid=104534) get_provider_ids_matching /opt/stack/placement/placement/objects/research_context.py:594}}
Jun 16 17:38:06.589477 dv-cinder-837542-4-smb devstack@placement-api.service[104534]: DEBUG placement.objects.allocation_candidate [req-f5f288b3-c882-40ca-8509-1f7fda039e71 req-43776c41-4839-489a-b658-d99c3656518d service placement] RequestGroup(use_same_provider=False, resources={DISK_GB:1, MEMORY_MB:1024, VCPU:1}, traits=(), aggregates=[]) (suffix '') returned 1 matches {{(pid=104534) _get_by_requests /opt/stack/placement/placement/objects/allocation_candidate.py:156}}
Jun 16 17:38:06.590645 dv-cinder-837542-4-smb devstack@placement-api.service[104534]: DEBUG placement.objects.allocation_candidate [req-f5f288b3-c882-40ca-8509-1f7fda039e71 req-43776c41-4839-489a-b658-d99c3656518d service placement] Merging candidates yields 1 allocation requests and 1 provider summaries {{(pid=104534) _merge_candidates /opt/stack/placement/placement/objects/allocation_candidate.py:809}}
Jun 16 17:38:06.594923 dv-cinder-837542-4-smb devstack@placement-api.service[104534]: INFO placement.requestlog [req-f5f288b3-c882-40ca-8509-1f7fda039e71 req-43776c41-4839-489a-b658-d99c3656518d service placement] 10.222.0.48 "GET /placement/allocation_candidates?limit=1000&resources=DISK_GB%3A1%2CMEMORY_MB%3A1024%2CVCPU%3A1&root_required=%21COMPUTE_STATUS_DISABLED" status: 200 len: 767 microversion: 1.36
Jun 16 17:38:06.599201 dv-cinder-837542-4-smb devstack@placement-api.service[104534]: [pid: 104534|app: 0|req: 14/31] 10.222.0.48 () {60 vars in 1506 bytes} [Thu Jun 16 17:38:06 2022] GET /placement/allocation_candidates?limit=1000&resources=DISK_GB%3A1%2CMEMORY_MB%3A1024%2CVCPU%3A1&root_required=%21COMPUTE_STATUS_DISABLED => generated 767 bytes in 447 msecs (HTTP/1.1 200) 8 headers in 296 bytes (2 switches on core 0)
Jun 16 17:38:06.793414 dv-cinder-837542-4-smb devstack@placement-api.service[104535]: DEBUG placement.requestlog [req-f5f288b3-c882-40ca-8509-1f7fda039e71 req-03c97153-5030-441a-a3f0-e7ed099bdf9b None None] Starting request: 10.222.0.48 "GET /placement/allocations/bcdbac1d-c1bc-4c35-9124-c65c922d1ef6" {{(pid=104535) __call__ /opt/stack/placement/placement/requestlog.py:55}}
Jun 16 17:38:06.852290 dv-cinder-837542-4-smb devstack@placement-api.service[104535]: INFO placement.requestlog [req-f5f288b3-c882-40ca-8509-1f7fda039e71 req-03c97153-5030-441a-a3f0-e7ed099bdf9b service placement] 10.222.0.48 "GET /placement/allocations/bcdbac1d-c1bc-4c35-9124-c65c922d1ef6" status: 200 len: 19 microversion: 1.28
Jun 16 17:38:06.862818 dv-cinder-837542-4-smb devstack@placement-api.service[104535]: [pid: 104535|app: 0|req: 18/32] 10.222.0.48 () {60 vars in 1380 bytes} [Thu Jun 16 17:38:06 2022] GET /placement/allocations/bcdbac1d-c1bc-4c35-9124-c65c922d1ef6 => generated 19 bytes in 70 msecs (HTTP/1.1 200) 8 headers in 295 bytes (1 switches on core 0)
Jun 16 17:38:06.863633 dv-cinder-837542-4-smb devstack@placement-api.service[104534]: DEBUG placement.requestlog [req-f5f288b3-c882-40ca-8509-1f7fda039e71 req-c9ef5137-2941-4d2f-8b10-bc5098dd36ae None None] Starting request: 10.222.0.48 "PUT /placement/allocations/bcdbac1d-c1bc-4c35-9124-c65c922d1ef6" {{(pid=104534) __call__ /opt/stack/placement/placement/requestlog.py:55}}
Jun 16 17:38:06.981415 dv-cinder-837542-4-smb devstack@placement-api.service[104534]: DEBUG dbcounter [-] [104534] Writing DB stats placement:SELECT=80,placement:INSERT=12,placement:DELETE=4,placement:UPDATE=4 {{(pid=104534) stat_writer /usr/local/lib/python3.8/dist-packages/dbcounter.py:114}}
Jun 16 17:38:07.125488 dv-cinder-837542-4-smb devstack@placement-api.service[104534]: DEBUG placement.handlers.allocation [req-f5f288b3-c882-40ca-8509-1f7fda039e71 req-c9ef5137-2941-4d2f-8b10-bc5098dd36ae service placement] Successfully wrote allocations [, , ] {{(pid=104534) _update_consumers_and_create_allocations /opt/stack/placement/placement/handlers/allocation.py:462}}
Jun 16 17:38:07.134642 dv-cinder-837542-4-smb devstack@placement-api.service[104534]: INFO placement.requestlog [req-f5f288b3-c882-40ca-8509-1f7fda039e71 req-c9ef5137-2941-4d2f-8b10-bc5098dd36ae service placement] 10.222.0.48 "PUT /placement/allocations/bcdbac1d-c1bc-4c35-9124-c65c922d1ef6" status: 204 len: 0 microversion: 1.36
Jun 16 17:38:07.135395 dv-cinder-837542-4-smb devstack@placement-api.service[104534]: [pid: 104534|app: 0|req: 15/33] 10.222.0.48 () {64 vars in 1433 bytes} [Thu Jun 16 17:38:06 2022] PUT /placement/allocations/bcdbac1d-c1bc-4c35-9124-c65c922d1ef6 => generated 0 bytes in 273 msecs (HTTP/1.1 204) 5 headers in 199 bytes (2 switches on core 0)
Jun 16 17:38:08.116226 dv-cinder-837542-4-smb devstack@placement-api.service[104535]: DEBUG placement.requestlog [req-f5f288b3-c882-40ca-8509-1f7fda039e71 req-03ed7f8e-a35e-41c5-84d3-1688b5305320 None None] Starting request: 10.222.0.36 "GET /placement/allocations/bcdbac1d-c1bc-4c35-9124-c65c922d1ef6" {{(pid=104535) __call__ /opt/stack/placement/placement/requestlog.py:55}}
Jun 16 17:38:08.171715 dv-cinder-837542-4-smb devstack@placement-api.service[104535]: INFO placement.requestlog [req-f5f288b3-c882-40ca-8509-1f7fda039e71 req-03ed7f8e-a35e-41c5-84d3-1688b5305320 service placement] 10.222.0.36 "GET /placement/allocations/bcdbac1d-c1bc-4c35-9124-c65c922d1ef6" status: 200 len: 258 microversion: 1.28
Jun 16 17:38:08.173172 dv-cinder-837542-4-smb devstack@placement-api.service[104535]: [pid: 104535|app: 0|req: 19/34] 10.222.0.36 () {60 vars in 1377 bytes} [Thu Jun 16 17:38:08 2022] GET /placement/allocations/bcdbac1d-c1bc-4c35-9124-c65c922d1ef6 => generated 258 bytes in 57 msecs (HTTP/1.1 200) 8 headers in 296 bytes (2 switches on core 0)
Jun 16 17:38:17.123269 dv-cinder-837542-4-smb devstack@placement-api.service[104534]: DEBUG dbcounter [-] [104534] Writing DB stats placement:SELECT=7,placement:INSERT=4,placement:DELETE=2,placement:UPDATE=2 {{(pid=104534) stat_writer /usr/local/lib/python3.8/dist-packages/dbcounter.py:114}}
Jun 16 17:38:18.158409 dv-cinder-837542-4-smb devstack@placement-api.service[104535]: DEBUG dbcounter [-] [104535] Writing DB stats placement:SELECT=55,placement:INSERT=6,placement:DELETE=2,placement:UPDATE=2 {{(pid=104535) stat_writer /usr/local/lib/python3.8/dist-packages/dbcounter.py:114}}
Jun 16 17:38:19.003323 dv-cinder-837542-4-smb devstack@placement-api.service[104534]: DEBUG placement.requestlog [req-e50bd07f-2862-4e35-81b7-3ff39de499b9 req-c7161f45-d0d0-4445-84f5-7bbc8b3213ae None None] Starting request: 10.222.0.48 "GET /placement/allocation_candidates?limit=1000&resources=DISK_GB%3A1%2CMEMORY_MB%3A1024%2CVCPU%3A1&root_required=%21COMPUTE_STATUS_DISABLED" {{(pid=104534) __call__ /opt/stack/placement/placement/requestlog.py:55}}
Jun 16 17:38:19.083497 dv-cinder-837542-4-smb devstack@placement-api.service[104534]: DEBUG placement.objects.research_context [req-e50bd07f-2862-4e35-81b7-3ff39de499b9 req-c7161f45-d0d0-4445-84f5-7bbc8b3213ae service placement] getting providers with 1 DISK_GB {{(pid=104534) __init__ /opt/stack/placement/placement/objects/research_context.py:136}}
Jun 16 17:38:19.090733 dv-cinder-837542-4-smb devstack@placement-api.service[104534]: DEBUG placement.objects.research_context [req-e50bd07f-2862-4e35-81b7-3ff39de499b9 req-c7161f45-d0d0-4445-84f5-7bbc8b3213ae service placement] getting providers with 1024 MEMORY_MB {{(pid=104534) __init__ /opt/stack/placement/placement/objects/research_context.py:136}}
Jun 16 17:38:19.098512 dv-cinder-837542-4-smb devstack@placement-api.service[104534]: DEBUG placement.objects.research_context [req-e50bd07f-2862-4e35-81b7-3ff39de499b9 req-c7161f45-d0d0-4445-84f5-7bbc8b3213ae service placement] getting providers with 1 VCPU {{(pid=104534) __init__ /opt/stack/placement/placement/objects/research_context.py:136}}
Jun 16 17:38:19.105341 dv-cinder-837542-4-smb devstack@placement-api.service[104534]: DEBUG placement.objects.research_context [req-e50bd07f-2862-4e35-81b7-3ff39de499b9 req-c7161f45-d0d0-4445-84f5-7bbc8b3213ae service placement] found 1 providers with available 1 DISK_GB {{(pid=104534) get_provider_ids_matching /opt/stack/placement/placement/objects/research_context.py:563}}
Jun 16 17:38:19.105776 dv-cinder-837542-4-smb devstack@placement-api.service[104534]: DEBUG placement.objects.research_context [req-e50bd07f-2862-4e35-81b7-3ff39de499b9 req-c7161f45-d0d0-4445-84f5-7bbc8b3213ae service placement] found 1 providers with available 1024 MEMORY_MB {{(pid=104534) get_provider_ids_matching /opt/stack/placement/placement/objects/research_context.py:563}}
Jun 16 17:38:19.106064 dv-cinder-837542-4-smb devstack@placement-api.service[104534]: DEBUG placement.objects.research_context [req-e50bd07f-2862-4e35-81b7-3ff39de499b9 req-c7161f45-d0d0-4445-84f5-7bbc8b3213ae service placement] found 1 providers after filtering by previous result {{(pid=104534) get_provider_ids_matching /opt/stack/placement/placement/objects/research_context.py:594}}
Jun 16 17:38:19.106327 dv-cinder-837542-4-smb devstack@placement-api.service[104534]: DEBUG placement.objects.research_context [req-e50bd07f-2862-4e35-81b7-3ff39de499b9 req-c7161f45-d0d0-4445-84f5-7bbc8b3213ae service placement] found 1 providers with available 1 VCPU {{(pid=104534) get_provider_ids_matching /opt/stack/placement/placement/objects/research_context.py:563}}
Jun 16 17:38:19.106596 dv-cinder-837542-4-smb devstack@placement-api.service[104534]: DEBUG placement.objects.research_context [req-e50bd07f-2862-4e35-81b7-3ff39de499b9 req-c7161f45-d0d0-4445-84f5-7bbc8b3213ae service placement] found 1 providers after filtering by previous result {{(pid=104534) get_provider_ids_matching /opt/stack/placement/placement/objects/research_context.py:594}}
Jun 16 17:38:19.120029 dv-cinder-837542-4-smb devstack@placement-api.service[104534]: DEBUG placement.objects.allocation_candidate [req-e50bd07f-2862-4e35-81b7-3ff39de499b9 req-c7161f45-d0d0-4445-84f5-7bbc8b3213ae service placement] RequestGroup(use_same_provider=False, resources={DISK_GB:1, MEMORY_MB:1024, VCPU:1}, traits=(), aggregates=[]) (suffix '') returned 1 matches {{(pid=104534) _get_by_requests /opt/stack/placement/placement/objects/allocation_candidate.py:156}}
Jun 16 17:38:19.120403 dv-cinder-837542-4-smb devstack@placement-api.service[104534]: DEBUG placement.objects.allocation_candidate [req-e50bd07f-2862-4e35-81b7-3ff39de499b9 req-c7161f45-d0d0-4445-84f5-7bbc8b3213ae service placement] Merging candidates yields 1 allocation requests and 1 provider summaries {{(pid=104534) _merge_candidates /opt/stack/placement/placement/objects/allocation_candidate.py:809}}
Jun 16 17:38:19.122157 dv-cinder-837542-4-smb devstack@placement-api.service[104534]: INFO placement.requestlog [req-e50bd07f-2862-4e35-81b7-3ff39de499b9 req-c7161f45-d0d0-4445-84f5-7bbc8b3213ae service placement] 10.222.0.48 "GET /placement/allocation_candidates?limit=1000&resources=DISK_GB%3A1%2CMEMORY_MB%3A1024%2CVCPU%3A1&root_required=%21COMPUTE_STATUS_DISABLED" status: 200 len: 767 microversion: 1.36
Jun 16 17:38:19.122649 dv-cinder-837542-4-smb devstack@placement-api.service[104534]: [pid: 104534|app: 0|req: 16/35] 10.222.0.48 () {60 vars in 1506 bytes} [Thu Jun 16 17:38:19 2022] GET /placement/allocation_candidates?limit=1000&resources=DISK_GB%3A1%2CMEMORY_MB%3A1024%2CVCPU%3A1&root_required=%21COMPUTE_STATUS_DISABLED => generated 767 bytes in 120 msecs (HTTP/1.1 200) 8 headers in 296 bytes (1 switches on core 0)
Jun 16 17:38:19.250593 dv-cinder-837542-4-smb devstack@placement-api.service[104535]: DEBUG placement.requestlog [req-e50bd07f-2862-4e35-81b7-3ff39de499b9 req-ba3d9ca3-9971-4247-a086-5ae098b9605d None None] Starting request: 10.222.0.48 "GET /placement/allocations/66d52b0f-b67d-4fdd-8790-d61ce0881be8" {{(pid=104535) __call__ /opt/stack/placement/placement/requestlog.py:55}}
Jun 16 17:38:19.293117 dv-cinder-837542-4-smb devstack@placement-api.service[104535]: INFO placement.requestlog [req-e50bd07f-2862-4e35-81b7-3ff39de499b9 req-ba3d9ca3-9971-4247-a086-5ae098b9605d service placement] 10.222.0.48 "GET /placement/allocations/66d52b0f-b67d-4fdd-8790-d61ce0881be8" status: 200 len: 19 microversion: 1.28
Jun 16 17:38:19.297797 dv-cinder-837542-4-smb devstack@placement-api.service[104535]: [pid: 104535|app: 0|req: 20/36] 10.222.0.48 () {60 vars in 1380 bytes} [Thu Jun 16 17:38:19 2022] GET /placement/allocations/66d52b0f-b67d-4fdd-8790-d61ce0881be8 => generated 19 bytes in 48 msecs (HTTP/1.1 200) 8 headers in 295 bytes (2 switches on core 0)
Jun 16 17:38:19.307751 dv-cinder-837542-4-smb devstack@placement-api.service[104534]: DEBUG placement.requestlog [req-e50bd07f-2862-4e35-81b7-3ff39de499b9 req-2d0d38cc-9713-4e8d-adbb-0dab661b43ed None None] Starting request: 10.222.0.48 "PUT /placement/allocations/66d52b0f-b67d-4fdd-8790-d61ce0881be8" {{(pid=104534) __call__ /opt/stack/placement/placement/requestlog.py:55}}
Jun 16 17:38:19.557023 dv-cinder-837542-4-smb devstack@placement-api.service[104534]: DEBUG placement.handlers.allocation [req-e50bd07f-2862-4e35-81b7-3ff39de499b9 req-2d0d38cc-9713-4e8d-adbb-0dab661b43ed service placement] Successfully wrote allocations [, , ] {{(pid=104534) _update_consumers_and_create_allocations /opt/stack/placement/placement/handlers/allocation.py:462}}
Jun 16 17:38:19.564633 dv-cinder-837542-4-smb devstack@placement-api.service[104534]: INFO placement.requestlog [req-e50bd07f-2862-4e35-81b7-3ff39de499b9 req-2d0d38cc-9713-4e8d-adbb-0dab661b43ed service placement] 10.222.0.48 "PUT /placement/allocations/66d52b0f-b67d-4fdd-8790-d61ce0881be8" status: 204 len: 0 microversion: 1.36
Jun 16 17:38:19.567503 dv-cinder-837542-4-smb devstack@placement-api.service[104534]: [pid: 104534|app: 0|req: 17/37] 10.222.0.48 () {64 vars in 1433 bytes} [Thu Jun 16 17:38:19 2022] PUT /placement/allocations/66d52b0f-b67d-4fdd-8790-d61ce0881be8 => generated 0 bytes in 260 msecs (HTTP/1.1 204) 5 headers in 199 bytes (2 switches on core 0)
Jun 16 17:38:22.104724 dv-cinder-837542-4-smb devstack@placement-api.service[104535]: DEBUG placement.requestlog [req-e50bd07f-2862-4e35-81b7-3ff39de499b9 req-31e26666-7b73-41c9-abe6-398485c5ad66 None None] Starting request: 10.222.0.36 "GET /placement/allocations/66d52b0f-b67d-4fdd-8790-d61ce0881be8" {{(pid=104535) __call__ /opt/stack/placement/placement/requestlog.py:55}}
Jun 16 17:38:22.173672 dv-cinder-837542-4-smb devstack@placement-api.service[104535]: INFO placement.requestlog [req-e50bd07f-2862-4e35-81b7-3ff39de499b9 req-31e26666-7b73-41c9-abe6-398485c5ad66 service placement] 10.222.0.36 "GET /placement/allocations/66d52b0f-b67d-4fdd-8790-d61ce0881be8" status: 200 len: 258 microversion: 1.28
Jun 16 17:38:22.175001 dv-cinder-837542-4-smb devstack@placement-api.service[104535]: [pid: 104535|app: 0|req: 21/38] 10.222.0.36 () {60 vars in 1377 bytes} [Thu Jun 16 17:38:22 2022] GET /placement/allocations/66d52b0f-b67d-4fdd-8790-d61ce0881be8 => generated 258 bytes in 71 msecs (HTTP/1.1 200) 8 headers in 296 bytes (1 switches on core 0)
Jun 16 17:38:29.556094 dv-cinder-837542-4-smb devstack@placement-api.service[104534]: DEBUG dbcounter [-] [104534] Writing DB stats placement:SELECT=27,placement:INSERT=6,placement:DELETE=2,placement:UPDATE=2 {{(pid=104534) stat_writer /usr/local/lib/python3.8/dist-packages/dbcounter.py:114}}
Jun 16 17:38:32.149496 dv-cinder-837542-4-smb devstack@placement-api.service[104535]: DEBUG dbcounter [-] [104535] Writing DB stats placement:SELECT=6 {{(pid=104535) stat_writer /usr/local/lib/python3.8/dist-packages/dbcounter.py:114}}
Jun 16 17:38:50.370238 dv-cinder-837542-4-smb devstack@placement-api.service[104534]: DEBUG placement.requestlog [req-d3c935e4-e819-4f07-9f07-323dd3a526c7 req-91e9b3cf-791a-4855-aad9-552467d7e48a None None] Starting request: 10.222.0.48 "GET /placement/allocation_candidates?limit=1000&resources=DISK_GB%3A1%2CMEMORY_MB%3A1024%2CVCPU%3A1&root_required=%21COMPUTE_STATUS_DISABLED" {{(pid=104534) __call__ /opt/stack/placement/placement/requestlog.py:55}}
Jun 16 17:38:50.558359 dv-cinder-837542-4-smb devstack@placement-api.service[104534]: DEBUG placement.objects.research_context [req-d3c935e4-e819-4f07-9f07-323dd3a526c7 req-91e9b3cf-791a-4855-aad9-552467d7e48a service placement] getting providers with 1 DISK_GB {{(pid=104534) __init__ /opt/stack/placement/placement/objects/research_context.py:136}}
Jun 16 17:38:50.581004 dv-cinder-837542-4-smb devstack@placement-api.service[104534]: DEBUG placement.objects.research_context [req-d3c935e4-e819-4f07-9f07-323dd3a526c7 req-91e9b3cf-791a-4855-aad9-552467d7e48a service placement] getting providers with 1024 MEMORY_MB {{(pid=104534) __init__ /opt/stack/placement/placement/objects/research_context.py:136}}
Jun 16 17:38:50.607601 dv-cinder-837542-4-smb devstack@placement-api.service[104535]: DEBUG placement.requestlog [req-81a9f822-6e23-4fc2-b97e-a483bde43d91 req-cd9b2c72-81f9-4c1d-bbf6-115acb7e739a None None] Starting request: 10.222.0.36 "GET /placement/resource_providers/04878885-068b-4002-bee8-792701389056/allocations" {{(pid=104535) __call__ /opt/stack/placement/placement/requestlog.py:55}}
Jun 16 17:38:50.626305 dv-cinder-837542-4-smb devstack@placement-api.service[104534]: DEBUG placement.objects.research_context [req-d3c935e4-e819-4f07-9f07-323dd3a526c7 req-91e9b3cf-791a-4855-aad9-552467d7e48a service placement] getting providers with 1 VCPU {{(pid=104534) __init__ /opt/stack/placement/placement/objects/research_context.py:136}}
Jun 16 17:38:50.641522 dv-cinder-837542-4-smb devstack@placement-api.service[104534]: DEBUG placement.objects.research_context [req-d3c935e4-e819-4f07-9f07-323dd3a526c7 req-91e9b3cf-791a-4855-aad9-552467d7e48a service placement] found 1 providers with available 1 DISK_GB {{(pid=104534) get_provider_ids_matching /opt/stack/placement/placement/objects/research_context.py:563}}
Jun 16 17:38:50.641768 dv-cinder-837542-4-smb devstack@placement-api.service[104534]: DEBUG placement.objects.research_context [req-d3c935e4-e819-4f07-9f07-323dd3a526c7 req-91e9b3cf-791a-4855-aad9-552467d7e48a service placement] found 1 providers with available 1024 MEMORY_MB {{(pid=104534) get_provider_ids_matching /opt/stack/placement/placement/objects/research_context.py:563}}
Jun 16 17:38:50.641931 dv-cinder-837542-4-smb devstack@placement-api.service[104534]: DEBUG placement.objects.research_context [req-d3c935e4-e819-4f07-9f07-323dd3a526c7 req-91e9b3cf-791a-4855-aad9-552467d7e48a service placement] found 1 providers after filtering by previous result {{(pid=104534) get_provider_ids_matching /opt/stack/placement/placement/objects/research_context.py:594}}
Jun 16 17:38:50.642144 dv-cinder-837542-4-smb devstack@placement-api.service[104534]: DEBUG placement.objects.research_context [req-d3c935e4-e819-4f07-9f07-323dd3a526c7 req-91e9b3cf-791a-4855-aad9-552467d7e48a service placement] found 1 providers with available 1 VCPU {{(pid=104534) get_provider_ids_matching /opt/stack/placement/placement/objects/research_context.py:563}}
Jun 16 17:38:50.642411 dv-cinder-837542-4-smb devstack@placement-api.service[104534]: DEBUG placement.objects.research_context [req-d3c935e4-e819-4f07-9f07-323dd3a526c7 req-91e9b3cf-791a-4855-aad9-552467d7e48a service placement] found 1 providers after filtering by previous result {{(pid=104534) get_provider_ids_matching /opt/stack/placement/placement/objects/research_context.py:594}}
Jun 16 17:38:50.664367 dv-cinder-837542-4-smb devstack@placement-api.service[104535]: INFO placement.requestlog [req-81a9f822-6e23-4fc2-b97e-a483bde43d91 req-cd9b2c72-81f9-4c1d-bbf6-115acb7e739a service placement] 10.222.0.36 "GET /placement/resource_providers/04878885-068b-4002-bee8-792701389056/allocations" status: 200 len: 557 microversion: 1.0
Jun 16 17:38:50.665447 dv-cinder-837542-4-smb devstack@placement-api.service[104535]: [pid: 104535|app: 0|req: 22/39] 10.222.0.36 () {58 vars in 1390 bytes} [Thu Jun 16 17:38:50 2022] GET /placement/resource_providers/04878885-068b-4002-bee8-792701389056/allocations => generated 557 bytes in 58 msecs (HTTP/1.1 200) 6 headers in 224 bytes (1 switches on core 0)
Jun 16 17:38:50.744135 dv-cinder-837542-4-smb devstack@placement-api.service[104534]: DEBUG placement.objects.allocation_candidate [req-d3c935e4-e819-4f07-9f07-323dd3a526c7 req-91e9b3cf-791a-4855-aad9-552467d7e48a service placement] RequestGroup(use_same_provider=False, resources={DISK_GB:1, MEMORY_MB:1024, VCPU:1}, traits=(), aggregates=[]) (suffix '') returned 1 matches {{(pid=104534) _get_by_requests /opt/stack/placement/placement/objects/allocation_candidate.py:156}}
Jun 16 17:38:50.744135 dv-cinder-837542-4-smb devstack@placement-api.service[104534]: DEBUG placement.objects.allocation_candidate [req-d3c935e4-e819-4f07-9f07-323dd3a526c7 req-91e9b3cf-791a-4855-aad9-552467d7e48a service placement] Merging candidates yields 1 allocation requests and 1 provider summaries {{(pid=104534) _merge_candidates /opt/stack/placement/placement/objects/allocation_candidate.py:809}}
Jun 16 17:38:50.744135 dv-cinder-837542-4-smb devstack@placement-api.service[104534]: INFO placement.requestlog [req-d3c935e4-e819-4f07-9f07-323dd3a526c7 req-91e9b3cf-791a-4855-aad9-552467d7e48a service placement] 10.222.0.48 "GET /placement/allocation_candidates?limit=1000&resources=DISK_GB%3A1%2CMEMORY_MB%3A1024%2CVCPU%3A1&root_required=%21COMPUTE_STATUS_DISABLED" status: 200 len: 767 microversion: 1.36
Jun 16 17:38:50.756612 dv-cinder-837542-4-smb devstack@placement-api.service[104534]: [pid: 104534|app: 0|req: 18/40] 10.222.0.48 () {60 vars in 1506 bytes} [Thu Jun 16 17:38:50 2022] GET /placement/allocation_candidates?limit=1000&resources=DISK_GB%3A1%2CMEMORY_MB%3A1024%2CVCPU%3A1&root_required=%21COMPUTE_STATUS_DISABLED => generated 767 bytes in 387 msecs (HTTP/1.1 200) 8 headers in 296 bytes (2 switches on core 0)
Jun 16 17:38:50.801971 dv-cinder-837542-4-smb devstack@placement-api.service[104535]: DEBUG placement.requestlog [req-d3c935e4-e819-4f07-9f07-323dd3a526c7 req-f80992a6-48a2-4bca-b05f-62eb55b07f16 None None] Starting request: 10.222.0.48 "GET /placement/allocations/e211c898-548c-4d16-aba3-995fa6068335" {{(pid=104535) __call__ /opt/stack/placement/placement/requestlog.py:55}}
Jun 16 17:38:50.817516 dv-cinder-837542-4-smb devstack@placement-api.service[104535]: INFO placement.requestlog [req-d3c935e4-e819-4f07-9f07-323dd3a526c7 req-f80992a6-48a2-4bca-b05f-62eb55b07f16 service placement] 10.222.0.48 "GET /placement/allocations/e211c898-548c-4d16-aba3-995fa6068335" status: 200 len: 19 microversion: 1.28
Jun 16 17:38:50.831159 dv-cinder-837542-4-smb devstack@placement-api.service[104535]: [pid: 104535|app: 0|req: 23/41] 10.222.0.48 () {60 vars in 1380 bytes} [Thu Jun 16 17:38:50 2022] GET /placement/allocations/e211c898-548c-4d16-aba3-995fa6068335 => generated 19 bytes in 28 msecs (HTTP/1.1 200) 8 headers in 295 bytes (2 switches on core 0)
Jun 16 17:38:50.838748 dv-cinder-837542-4-smb devstack@placement-api.service[104534]: DEBUG placement.requestlog [req-d3c935e4-e819-4f07-9f07-323dd3a526c7 req-b0a42ecf-1b79-4b53-a23f-f9d43b93d315 None None] Starting request: 10.222.0.48 "PUT /placement/allocations/e211c898-548c-4d16-aba3-995fa6068335" {{(pid=104534) __call__ /opt/stack/placement/placement/requestlog.py:55}}
Jun 16 17:38:51.014525 dv-cinder-837542-4-smb devstack@placement-api.service[104534]: DEBUG placement.handlers.allocation [req-d3c935e4-e819-4f07-9f07-323dd3a526c7 req-b0a42ecf-1b79-4b53-a23f-f9d43b93d315 service placement] Successfully wrote allocations [, , ] {{(pid=104534) _update_consumers_and_create_allocations /opt/stack/placement/placement/handlers/allocation.py:462}}
Jun 16 17:38:51.024800 dv-cinder-837542-4-smb devstack@placement-api.service[104534]: INFO placement.requestlog [req-d3c935e4-e819-4f07-9f07-323dd3a526c7 req-b0a42ecf-1b79-4b53-a23f-f9d43b93d315 service placement] 10.222.0.48 "PUT /placement/allocations/e211c898-548c-4d16-aba3-995fa6068335" status: 204 len: 0 microversion: 1.36
Jun 16 17:38:51.042462 dv-cinder-837542-4-smb devstack@placement-api.service[104534]: [pid: 104534|app: 0|req: 19/42] 10.222.0.48 () {64 vars in 1433 bytes} [Thu Jun 16 17:38:50 2022] PUT /placement/allocations/e211c898-548c-4d16-aba3-995fa6068335 => generated 0 bytes in 188 msecs (HTTP/1.1 204) 5 headers in 199 bytes (1 switches on core 0)
Jun 16 17:38:51.619422 dv-cinder-837542-4-smb devstack@placement-api.service[104535]: DEBUG placement.requestlog [req-d504ac60-fc30-453e-9e98-a861625850f7 req-2ebf228a-e0e5-45d5-8d2c-5a79be110527 None None] Starting request: 10.222.0.36 "DELETE /placement/allocations/41830884-6d39-4715-8b0f-1d149fe2a459" {{(pid=104535) __call__ /opt/stack/placement/placement/requestlog.py:55}}
Jun 16 17:38:51.723175 dv-cinder-837542-4-smb devstack@placement-api.service[104535]: DEBUG placement.handlers.allocation [req-d504ac60-fc30-453e-9e98-a861625850f7 req-2ebf228a-e0e5-45d5-8d2c-5a79be110527 service placement] Successfully deleted allocations [, , ] {{(pid=104535) delete_allocations /opt/stack/placement/placement/handlers/allocation.py:627}}
Jun 16 17:38:51.724138 dv-cinder-837542-4-smb devstack@placement-api.service[104535]: INFO placement.requestlog [req-d504ac60-fc30-453e-9e98-a861625850f7 req-2ebf228a-e0e5-45d5-8d2c-5a79be110527 service placement] 10.222.0.36 "DELETE /placement/allocations/41830884-6d39-4715-8b0f-1d149fe2a459" status: 204 len: 0 microversion: 1.0
Jun 16 17:38:51.725208 dv-cinder-837542-4-smb devstack@placement-api.service[104535]: [pid: 104535|app: 0|req: 24/43] 10.222.0.36 () {60 vars in 1355 bytes} [Thu Jun 16 17:38:51 2022] DELETE /placement/allocations/41830884-6d39-4715-8b0f-1d149fe2a459 => generated 0 bytes in 107 msecs (HTTP/1.1 204) 5 headers in 198 bytes (2 switches on core 0)
Jun 16 17:38:51.793230 dv-cinder-837542-4-smb devstack@placement-api.service[104534]: DEBUG placement.requestlog [req-d3c935e4-e819-4f07-9f07-323dd3a526c7 req-2ebe8209-9067-4e96-a73b-f71daa64ed03 None None] Starting request: 10.222.0.36 "GET /placement/allocations/e211c898-548c-4d16-aba3-995fa6068335" {{(pid=104534) __call__ /opt/stack/placement/placement/requestlog.py:55}}
Jun 16 17:38:51.859320 dv-cinder-837542-4-smb devstack@placement-api.service[104534]: INFO placement.requestlog [req-d3c935e4-e819-4f07-9f07-323dd3a526c7 req-2ebe8209-9067-4e96-a73b-f71daa64ed03 service placement] 10.222.0.36 "GET /placement/allocations/e211c898-548c-4d16-aba3-995fa6068335" status: 200 len: 258 microversion: 1.28
Jun 16 17:38:51.860856 dv-cinder-837542-4-smb devstack@placement-api.service[104534]: [pid: 104534|app: 0|req: 20/44] 10.222.0.36 () {60 vars in 1377 bytes} [Thu Jun 16 17:38:51 2022] GET /placement/allocations/e211c898-548c-4d16-aba3-995fa6068335 => generated 258 bytes in 68 msecs (HTTP/1.1 200) 8 headers in 296 bytes (2 switches on core 0)
Jun 16 17:39:01.712610 dv-cinder-837542-4-smb devstack@placement-api.service[104535]: DEBUG dbcounter [-] [104535] Writing DB stats placement:SELECT=15,placement:DELETE=2 {{(pid=104535) stat_writer /usr/local/lib/python3.8/dist-packages/dbcounter.py:114}}
Jun 16 17:39:01.849068 dv-cinder-837542-4-smb devstack@placement-api.service[104534]: DEBUG dbcounter [-] [104534] Writing DB stats placement:SELECT=31,placement:INSERT=6,placement:DELETE=2,placement:UPDATE=2 {{(pid=104534) stat_writer /usr/local/lib/python3.8/dist-packages/dbcounter.py:114}}
Jun 16 17:39:08.840606 dv-cinder-837542-4-smb devstack@placement-api.service[104535]: DEBUG placement.requestlog [None req-d55b86c7-a6ac-4bff-9df2-f61ce3a70578 None None] Starting request: 10.222.0.48 "GET /placement/resource_providers/23ff5b30-7bab-4f00-bc2f-2f24519fafc0/aggregates" {{(pid=104535) __call__ /opt/stack/placement/placement/requestlog.py:55}}
Jun 16 17:39:10.156819 dv-cinder-837542-4-smb devstack@placement-api.service[104535]: INFO placement.requestlog [None req-d55b86c7-a6ac-4bff-9df2-f61ce3a70578 service placement] 10.222.0.48 "GET /placement/resource_providers/23ff5b30-7bab-4f00-bc2f-2f24519fafc0/aggregates" status: 404 len: 235 microversion: 1.1
Jun 16 17:39:10.158498 dv-cinder-837542-4-smb devstack@placement-api.service[104535]: [pid: 104535|app: 0|req: 25/45] 10.222.0.48 () {58 vars in 1362 bytes} [Thu Jun 16 17:39:08 2022] GET /placement/resource_providers/23ff5b30-7bab-4f00-bc2f-2f24519fafc0/aggregates => generated 235 bytes in 1318 msecs (HTTP/1.1 404) 5 headers in 202 bytes (2 switches on core 0)
Jun 16 17:39:10.167207 dv-cinder-837542-4-smb devstack@placement-api.service[104534]: DEBUG placement.requestlog [None req-6bc2b671-5f1c-4fd3-b9df-3dd80e8f6e52 None None] Starting request: 10.222.0.48 "DELETE /placement/resource_providers/23ff5b30-7bab-4f00-bc2f-2f24519fafc0" {{(pid=104534) __call__ /opt/stack/placement/placement/requestlog.py:55}}
Jun 16 17:39:10.187563 dv-cinder-837542-4-smb devstack@placement-api.service[104534]: DEBUG placement.wsgi_wrapper [None req-6bc2b671-5f1c-4fd3-b9df-3dd80e8f6e52 service placement] Placement API returning an error response: No resource provider with uuid 23ff5b30-7bab-4f00-bc2f-2f24519fafc0 found for delete {{(pid=104534) call_func /opt/stack/placement/placement/wsgi_wrapper.py:31}}
Jun 16 17:39:10.189154 dv-cinder-837542-4-smb devstack@placement-api.service[104534]: INFO placement.requestlog [None req-6bc2b671-5f1c-4fd3-b9df-3dd80e8f6e52 service placement] 10.222.0.48 "DELETE /placement/resource_providers/23ff5b30-7bab-4f00-bc2f-2f24519fafc0" status: 404 len: 246 microversion: 1.1
Jun 16 17:39:10.190237 dv-cinder-837542-4-smb devstack@placement-api.service[104534]: [pid: 104534|app: 0|req: 21/46] 10.222.0.48 () {60 vars in 1351 bytes} [Thu Jun 16 17:39:10 2022] DELETE /placement/resource_providers/23ff5b30-7bab-4f00-bc2f-2f24519fafc0 => generated 246 bytes in 24 msecs (HTTP/1.1 404) 6 headers in 231 bytes (1 switches on core 0)
Jun 16 17:39:12.257267 dv-cinder-837542-4-smb devstack@placement-api.service[104535]: DEBUG placement.requestlog [req-345f5b53-2972-487c-8b63-2ece0887020a req-ae3067a0-60e8-4b8a-bc61-36f4e24fa384 None None] Starting request: 10.222.0.48 "GET /placement/allocation_candidates?limit=1000&resources=DISK_GB%3A1%2CMEMORY_MB%3A1024%2CVCPU%3A1&root_required=%21COMPUTE_STATUS_DISABLED" {{(pid=104535) __call__ /opt/stack/placement/placement/requestlog.py:55}}
Jun 16 17:39:12.334419 dv-cinder-837542-4-smb devstack@placement-api.service[104535]: DEBUG placement.objects.research_context [req-345f5b53-2972-487c-8b63-2ece0887020a req-ae3067a0-60e8-4b8a-bc61-36f4e24fa384 service placement] getting providers with 1 DISK_GB {{(pid=104535) __init__ /opt/stack/placement/placement/objects/research_context.py:136}}
Jun 16 17:39:12.348191 dv-cinder-837542-4-smb devstack@placement-api.service[104535]: DEBUG placement.objects.research_context [req-345f5b53-2972-487c-8b63-2ece0887020a req-ae3067a0-60e8-4b8a-bc61-36f4e24fa384 service placement] getting providers with 1024 MEMORY_MB {{(pid=104535) __init__ /opt/stack/placement/placement/objects/research_context.py:136}}
