Apr 12 19:06:31.932407 dv-cinder-837541-1-smb neutron-server[103566]: DEBUG novaclient.v2.client [-] RESP: [200] Connection: close Content-Length: 179 Content-Type: application/json Date: Tue, 12 Apr 2022 19:06:31 GMT OpenStack-API-Version: compute 2.1 Server: Apache/2.4.41 (Ubuntu) Vary: OpenStack-API-Version,X-OpenStack-Nova-API-Version X-OpenStack-Nova-API-Version: 2.1 x-compute-request-id: req-b60c624c-1ba6-4181-802d-f39c9932f3a1 x-openstack-request-id: req-b60c624c-1ba6-4181-802d-f39c9932f3a1 {{(pid=103566) _http_log_response /usr/local/lib/python3.8/dist-packages/keystoneauth1/session.py:550}}
Apr 12 19:06:31.933039 dv-cinder-837541-1-smb neutron-server[103566]: DEBUG novaclient.v2.client [-] RESP BODY: {"events": [{"name": "network-changed", "server_uuid": "fd8f133d-f7d3-45dd-9a7a-c5d1cac3c454", "tag": "00eefe74-4bd5-48b6-bf92-626c34f455de", "status": "completed", "code": 200}]} {{(pid=103566) _http_log_response /usr/local/lib/python3.8/dist-packages/keystoneauth1/session.py:582}}
Apr 12 19:06:31.933039 dv-cinder-837541-1-smb neutron-server[103566]: DEBUG novaclient.v2.client [-] POST call to compute for http://10.222.0.13/compute/v2.1/os-server-external-events used request id req-b60c624c-1ba6-4181-802d-f39c9932f3a1 {{(pid=103566) request /usr/local/lib/python3.8/dist-packages/keystoneauth1/session.py:954}}
Apr 12 19:06:31.933434 dv-cinder-837541-1-smb neutron-server[103566]: INFO neutron.notifiers.nova [-] Nova event matching ['req-b60c624c-1ba6-4181-802d-f39c9932f3a1'] response: {'name': 'network-changed', 'server_uuid': 'fd8f133d-f7d3-45dd-9a7a-c5d1cac3c454', 'tag': '00eefe74-4bd5-48b6-bf92-626c34f455de', 'status': 'completed', 'code': 200}
Apr 12 19:06:31.939010 dv-cinder-837541-1-smb neutron-server[103565]: DEBUG neutron_lib.callbacks.manager [None req-a9261b38-2bcf-4c56-b3bb-dd2dac6366a0 admin admin] Publish callbacks [] for security_group (6f005ea5-755b-479c-9354-a47eebeef0fb), precommit_create {{(pid=103565) _notify_loop /usr/local/lib/python3.8/dist-packages/neutron_lib/callbacks/manager.py:176}}
Apr 12 19:06:31.951356 dv-cinder-837541-1-smb neutron-server[103565]: DEBUG neutron_lib.callbacks.manager [None req-a9261b38-2bcf-4c56-b3bb-dd2dac6366a0 admin admin] Publish callbacks ['neutron.plugins.ml2.ovo_rpc._ObjectChangeHandler.handle_event-1858912'] for security_group (6f005ea5-755b-479c-9354-a47eebeef0fb), after_create {{(pid=103565) _notify_loop /usr/local/lib/python3.8/dist-packages/neutron_lib/callbacks/manager.py:176}}
Apr 12 19:06:32.023118 dv-cinder-837541-1-smb neutron-server[103565]: INFO neutron.wsgi [req-e3a66e18-8226-4287-bef9-2ac480d7f5b2 req-4c2f433d-b413-4d90-861e-8823f4d6d9d4 tempest-ServerRescueNegativeTestJSON-928658455 tempest-ServerRescueNegativeTestJSON-928658455-project] 10.222.0.13 "GET /v2.0/security-groups?id=58a85159-bb61-4297-a832-7f73dc460348&fields=id&fields=name HTTP/1.1" status: 200 len: 286 time: 0.2260671
Apr 12 19:06:32.026592 dv-cinder-837541-1-smb neutron-server[103565]: INFO neutron.wsgi [None req-a9261b38-2bcf-4c56-b3bb-dd2dac6366a0 admin admin] 10.222.0.13 "GET /v2.0/security-groups?tenant_id=9f67dee11ba44e059a993f2c66877328&name=default HTTP/1.1" status: 200 len: 2996 time: 0.4958892
Apr 12 19:06:32.029468 dv-cinder-837541-1-smb neutron-server[103566]: DEBUG neutron.wsgi [-] (103566) accepted ('10.222.0.13', 57862) {{(pid=103566) server /usr/local/lib/python3.8/dist-packages/eventlet/wsgi.py:1004}}
Apr 12 19:06:32.032797 dv-cinder-837541-1-smb neutron-server[103565]: DEBUG neutron.api.rpc.handlers.resources_rpc [None req-a9261b38-2bcf-4c56-b3bb-dd2dac6366a0 admin admin] Pushing event updated for resources: {'SecurityGroup': ['ID=6f005ea5-755b-479c-9354-a47eebeef0fb,revision_number=1']} {{(pid=103565) push /opt/stack/neutron/neutron/api/rpc/handlers/resources_rpc.py:237}}
Apr 12 19:06:32.109475 dv-cinder-837541-1-smb neutron-server[103566]: DEBUG neutron_lib.callbacks.manager [None req-a476a599-81ff-431f-9f07-bc873668b950 admin admin] Publish callbacks [] for security_group (6f005ea5-755b-479c-9354-a47eebeef0fb), before_delete {{(pid=103566) _notify_loop /usr/local/lib/python3.8/dist-packages/neutron_lib/callbacks/manager.py:176}}
Apr 12 19:06:32.163666 dv-cinder-837541-1-smb neutron-server[103566]: DEBUG neutron_lib.callbacks.manager [None req-a476a599-81ff-431f-9f07-bc873668b950 admin admin] Publish callbacks [] for security_group (6f005ea5-755b-479c-9354-a47eebeef0fb), precommit_delete {{(pid=103566) _notify_loop /usr/local/lib/python3.8/dist-packages/neutron_lib/callbacks/manager.py:176}}
Apr 12 19:06:32.234479 dv-cinder-837541-1-smb neutron-server[103566]: DEBUG neutron_lib.callbacks.manager [None req-a476a599-81ff-431f-9f07-bc873668b950 admin admin] Publish callbacks ['neutron.plugins.ml2.ovo_rpc._ObjectChangeHandler.handle_event-1858912'] for security_group (6f005ea5-755b-479c-9354-a47eebeef0fb), after_delete {{(pid=103566) _notify_loop /usr/local/lib/python3.8/dist-packages/neutron_lib/callbacks/manager.py:176}}
Apr 12 19:06:32.237352 dv-cinder-837541-1-smb neutron-server[103566]: DEBUG neutron_lib.callbacks.manager [None req-a476a599-81ff-431f-9f07-bc873668b950 admin admin] Publish callbacks [] for security_group (None), before_response {{(pid=103566) _notify_loop /usr/local/lib/python3.8/dist-packages/neutron_lib/callbacks/manager.py:176}}
Apr 12 19:06:32.238561 dv-cinder-837541-1-smb neutron-server[103566]: INFO neutron.wsgi [None req-a476a599-81ff-431f-9f07-bc873668b950 admin admin] 10.222.0.13 "DELETE /v2.0/security-groups/6f005ea5-755b-479c-9354-a47eebeef0fb HTTP/1.1" status: 204 len: 168 time: 0.2079217
Apr 12 19:06:32.267536 dv-cinder-837541-1-smb neutron-server[103566]: DEBUG neutron.api.rpc.handlers.resources_rpc [None req-a476a599-81ff-431f-9f07-bc873668b950 admin admin] Pushing event deleted for resources: {'SecurityGroup': ['ID=6f005ea5-755b-479c-9354-a47eebeef0fb,revision_number=None']} {{(pid=103566) push /opt/stack/neutron/neutron/api/rpc/handlers/resources_rpc.py:237}}
Apr 12 19:06:32.379555 dv-cinder-837541-1-smb neutron-server[103566]: DEBUG neutron.pecan_wsgi.hooks.policy_enforcement [req-7462fc85-4bb5-4791-8ea9-6724bc5ab3d0 req-4ac9df13-0e81-4dcc-95ec-228013769663 tempest-AttachVolumeNegativeTest-386798472 tempest-AttachVolumeNegativeTest-386798472-project] Attributes excluded by policy engine: ['standard_attr_id', 'binding:profile', 'binding:host_id', 'binding:vif_type', 'binding:vif_details'] {{(pid=103566) _exclude_attributes_by_policy /opt/stack/neutron/neutron/pecan_wsgi/hooks/policy_enforcement.py:259}}
Apr 12 19:06:32.386138 dv-cinder-837541-1-smb neutron-server[103566]: INFO neutron.wsgi [req-7462fc85-4bb5-4791-8ea9-6724bc5ab3d0 req-4ac9df13-0e81-4dcc-95ec-228013769663 tempest-AttachVolumeNegativeTest-386798472 tempest-AttachVolumeNegativeTest-386798472-project] 10.222.0.13 "GET /v2.0/ports?device_id=08d5c507-4e8f-45cf-a53e-3d0841de3026 HTTP/1.1" status: 200 len: 944 time: 0.0905232
Apr 12 19:06:32.523312 dv-cinder-837541-1-smb neutron-server[103567]: DEBUG neutron_lib.callbacks.manager [None req-3ec4a887-322a-428a-b42d-586dd79041ec None None] Publish callbacks ['neutron.services.segments.db._update_segment_host_mapping_for_agent-8793133211814', 'neutron.plugins.ml2.plugin.Ml2Plugin._retry_binding_revived_agents-570324'] for agent (969521aa-4361-451f-8348-44524f6147e8), after_update {{(pid=103567) _notify_loop /usr/local/lib/python3.8/dist-packages/neutron_lib/callbacks/manager.py:176}}
Apr 12 19:06:32.598006 dv-cinder-837541-1-smb neutron-server[103566]: DEBUG neutron.pecan_wsgi.hooks.policy_enforcement [req-692e5c37-c8b4-43f4-a6b4-d44e16474277 req-45b2f3ad-0140-4d40-97a9-1d5cf4c47ac2 service neutron] Attributes excluded by policy engine: ['standard_attr_id'] {{(pid=103566) _exclude_attributes_by_policy /opt/stack/neutron/neutron/pecan_wsgi/hooks/policy_enforcement.py:259}}
Apr 12 19:06:32.600677 dv-cinder-837541-1-smb neutron-server[103566]: INFO neutron.wsgi [req-692e5c37-c8b4-43f4-a6b4-d44e16474277 req-45b2f3ad-0140-4d40-97a9-1d5cf4c47ac2 service neutron] 10.222.0.18 "GET /v2.0/ports?tenant_id=7532cde48bcb4058929e724c9eb658f0&device_id=f1ae5244-60f7-4964-83a8-2fe6c1c88311 HTTP/1.1" status: 200 len: 1127 time: 0.1705294
Apr 12 19:06:32.623329 dv-cinder-837541-1-smb neutron-server[103566]: INFO neutron.wsgi [req-7462fc85-4bb5-4791-8ea9-6724bc5ab3d0 req-5638a5d0-eed1-459c-8b7f-66362398cc84 tempest-AttachVolumeNegativeTest-386798472 tempest-AttachVolumeNegativeTest-386798472-project] 10.222.0.13 "GET /v2.0/security-groups?id=89d99c07-b1a3-4496-8e15-d7af5b513f4d&fields=id&fields=name HTTP/1.1" status: 200 len: 313 time: 0.2266567
Apr 12 19:06:32.647322 dv-cinder-837541-1-smb neutron-server[103566]: DEBUG neutron.pecan_wsgi.hooks.policy_enforcement [req-1440c6ec-0e1c-4b30-99f1-7fd2ac0c01e4 req-82693d71-2a25-49ae-823b-ceed19a10857 service neutron] Attributes excluded by policy engine: ['standard_attr_id'] {{(pid=103566) _exclude_attributes_by_policy /opt/stack/neutron/neutron/pecan_wsgi/hooks/policy_enforcement.py:259}}
Apr 12 19:06:32.648825 dv-cinder-837541-1-smb neutron-server[103566]: INFO neutron.wsgi [req-1440c6ec-0e1c-4b30-99f1-7fd2ac0c01e4 req-82693d71-2a25-49ae-823b-ceed19a10857 service neutron] 10.222.0.18 "GET /v2.0/ports?tenant_id=7532cde48bcb4058929e724c9eb658f0&device_id=fd8f133d-f7d3-45dd-9a7a-c5d1cac3c454 HTTP/1.1" status: 200 len: 1128 time: 0.1399667
Apr 12 19:06:32.649706 dv-cinder-837541-1-smb neutron-server[103566]: DEBUG neutron.pecan_wsgi.hooks.policy_enforcement [req-274f48ad-e281-4660-af2b-75fd9271074c req-3bd7355e-a45d-41a6-a86e-03f3a3a355c7 service neutron] Attributes excluded by policy engine: ['standard_attr_id'] {{(pid=103566) _exclude_attributes_by_policy /opt/stack/neutron/neutron/pecan_wsgi/hooks/policy_enforcement.py:259}}
Apr 12 19:06:32.651083 dv-cinder-837541-1-smb neutron-server[103566]: INFO neutron.wsgi [req-274f48ad-e281-4660-af2b-75fd9271074c req-3bd7355e-a45d-41a6-a86e-03f3a3a355c7 service neutron] 10.222.0.18 "GET /v2.0/ports?tenant_id=addb8f9416194104bc1c68123409e140&device_id=08d5c507-4e8f-45cf-a53e-3d0841de3026 HTTP/1.1" status: 200 len: 1128 time: 0.1435225
Apr 12 19:06:32.785585 dv-cinder-837541-1-smb neutron-server[103565]: DEBUG neutron.pecan_wsgi.hooks.policy_enforcement [req-4675095d-5179-4fb4-a582-417c7aff03c6 req-4bd19f6d-5fc0-4482-be7b-ca8a6a11c986 tempest-DeleteServersTestJSON-298902458 tempest-DeleteServersTestJSON-298902458-project] Attributes excluded by policy engine: ['standard_attr_id', 'binding:profile', 'binding:host_id', 'binding:vif_type', 'binding:vif_details'] {{(pid=103565) _exclude_attributes_by_policy /opt/stack/neutron/neutron/pecan_wsgi/hooks/policy_enforcement.py:259}}
Apr 12 19:06:32.787096 dv-cinder-837541-1-smb neutron-server[103565]: INFO neutron.wsgi [req-4675095d-5179-4fb4-a582-417c7aff03c6 req-4bd19f6d-5fc0-4482-be7b-ca8a6a11c986 tempest-DeleteServersTestJSON-298902458 tempest-DeleteServersTestJSON-298902458-project] 10.222.0.13 "GET /v2.0/ports?device_id=0bb64be0-16a2-4b0c-8022-23c837ff1a6f HTTP/1.1" status: 200 len: 945 time: 0.0625622
Apr 12 19:06:32.841972 dv-cinder-837541-1-smb neutron-server[103566]: DEBUG neutron.pecan_wsgi.hooks.policy_enforcement [req-692e5c37-c8b4-43f4-a6b4-d44e16474277 req-a3854c7c-b609-40a1-a196-88f17c27e9ba service neutron] Attributes excluded by policy engine: ['standard_attr_id', 'vlan_transparent'] {{(pid=103566) _exclude_attributes_by_policy /opt/stack/neutron/neutron/pecan_wsgi/hooks/policy_enforcement.py:259}}
Apr 12 19:06:32.844258 dv-cinder-837541-1-smb neutron-server[103566]: INFO neutron.wsgi [req-692e5c37-c8b4-43f4-a6b4-d44e16474277 req-a3854c7c-b609-40a1-a196-88f17c27e9ba service neutron] 10.222.0.18 "GET /v2.0/networks?id=0f621b28-5063-4546-90c8-73ed5b94eede HTTP/1.1" status: 200 len: 920 time: 0.2353265
Apr 12 19:06:32.852491 dv-cinder-837541-1-smb neutron-server[103565]: INFO neutron.wsgi [req-4675095d-5179-4fb4-a582-417c7aff03c6 req-df900847-a2c6-478a-af38-1877ba2169ae tempest-DeleteServersTestJSON-298902458 tempest-DeleteServersTestJSON-298902458-project] 10.222.0.13 "GET /v2.0/security-groups?id=2ae20e1e-a451-4526-a09e-f9ed57ae2ebe&fields=id&fields=name HTTP/1.1" status: 200 len: 286 time: 0.0565906
Apr 12 19:06:32.936836 dv-cinder-837541-1-smb neutron-server[103566]: DEBUG neutron.wsgi [-] (103566) accepted ('10.222.0.13', 57926) {{(pid=103566) server /usr/local/lib/python3.8/dist-packages/eventlet/wsgi.py:1004}}
Apr 12 19:06:32.956266 dv-cinder-837541-1-smb neutron-server[103566]: DEBUG neutron_lib.callbacks.manager [None req-92cef384-d004-484a-9840-a629b18f11b5 admin admin] Publish callbacks [] for security_group (None), before_create {{(pid=103566) _notify_loop /usr/local/lib/python3.8/dist-packages/neutron_lib/callbacks/manager.py:176}}
Apr 12 19:06:33.106840 dv-cinder-837541-1-smb neutron-server[103565]: DEBUG neutron.wsgi [-] (103565) accepted ('10.222.0.13', 57942) {{(pid=103565) server /usr/local/lib/python3.8/dist-packages/eventlet/wsgi.py:1004}}
Apr 12 19:06:33.130804 dv-cinder-837541-1-smb neutron-server[103566]: DEBUG neutron_lib.callbacks.manager [None req-92cef384-d004-484a-9840-a629b18f11b5 admin admin] Publish callbacks [] for security_group (694018a7-19b1-4efd-a707-4db56245c1c5), precommit_create {{(pid=103566) _notify_loop /usr/local/lib/python3.8/dist-packages/neutron_lib/callbacks/manager.py:176}}
Apr 12 19:06:33.253052 dv-cinder-837541-1-smb neutron-server[103565]: DEBUG neutron_lib.callbacks.manager [None req-f38438d0-bd3d-4301-babe-506858b262e7 admin admin] Publish callbacks [] for security_group (None), before_create {{(pid=103565) _notify_loop /usr/local/lib/python3.8/dist-packages/neutron_lib/callbacks/manager.py:176}}
Apr 12 19:06:33.396469 dv-cinder-837541-1-smb neutron-server[103565]: DEBUG neutron_lib.callbacks.manager [None req-f38438d0-bd3d-4301-babe-506858b262e7 admin admin] Publish callbacks [] for security_group (5b59dfb4-39d8-4312-8905-809409903a30), precommit_create {{(pid=103565) _notify_loop /usr/local/lib/python3.8/dist-packages/neutron_lib/callbacks/manager.py:176}}
Apr 12 19:06:33.404786 dv-cinder-837541-1-smb neutron-server[103565]: DEBUG neutron_lib.callbacks.manager [None req-f38438d0-bd3d-4301-babe-506858b262e7 admin admin] Publish callbacks ['neutron.plugins.ml2.ovo_rpc._ObjectChangeHandler.handle_event-1858912'] for security_group (5b59dfb4-39d8-4312-8905-809409903a30), after_create {{(pid=103565) _notify_loop /usr/local/lib/python3.8/dist-packages/neutron_lib/callbacks/manager.py:176}}
Apr 12 19:06:33.442013 dv-cinder-837541-1-smb neutron-server[103566]: INFO neutron.wsgi [req-274f48ad-e281-4660-af2b-75fd9271074c req-b8d956aa-3597-4002-ae41-8c9babd8dd05 service neutron] 10.222.0.18 "GET /v2.0/floatingips?fixed_ip_address=172.20.0.12&port_id=4eb59cd7-5dc8-4c35-b8c2-71635ef93677 HTTP/1.1" status: 200 len: 217 time: 0.3897870
Apr 12 19:06:33.442013 dv-cinder-837541-1-smb neutron-server[103566]: DEBUG neutron_lib.callbacks.manager [None req-92cef384-d004-484a-9840-a629b18f11b5 admin admin] Publish callbacks ['neutron.plugins.ml2.ovo_rpc._ObjectChangeHandler.handle_event-1858912'] for security_group (694018a7-19b1-4efd-a707-4db56245c1c5), after_create {{(pid=103566) _notify_loop /usr/local/lib/python3.8/dist-packages/neutron_lib/callbacks/manager.py:176}}
Apr 12 19:06:33.500133 dv-cinder-837541-1-smb neutron-server[103565]: INFO neutron.wsgi [None req-f38438d0-bd3d-4301-babe-506858b262e7 admin admin] 10.222.0.13 "GET /v2.0/security-groups?tenant_id=135e676cdcb749ff835dea9a1408a121&name=default HTTP/1.1" status: 200 len: 2996 time: 0.3921337
Apr 12 19:06:33.500856 dv-cinder-837541-1-smb neutron-server[103565]: DEBUG neutron.wsgi [-] (103565) accepted ('10.222.0.13', 57974) {{(pid=103565) server /usr/local/lib/python3.8/dist-packages/eventlet/wsgi.py:1004}}
Apr 12 19:06:33.501494 dv-cinder-837541-1-smb neutron-server[103565]: DEBUG neutron.api.rpc.handlers.resources_rpc [None req-f38438d0-bd3d-4301-babe-506858b262e7 admin admin] Pushing event updated for resources: {'SecurityGroup': ['ID=5b59dfb4-39d8-4312-8905-809409903a30,revision_number=1']} {{(pid=103565) push /opt/stack/neutron/neutron/api/rpc/handlers/resources_rpc.py:237}}
Apr 12 19:06:33.527830 dv-cinder-837541-1-smb neutron-server[103566]: DEBUG neutron.pecan_wsgi.hooks.policy_enforcement [req-8e924389-245b-4ede-9fee-28468cdb61db req-58560c29-a79f-4ad8-b27e-4612bb66e074 tempest-ServerRescueNegativeTestJSON-928658455 tempest-ServerRescueNegativeTestJSON-928658455-project] Attributes excluded by policy engine: ['standard_attr_id', 'binding:profile', 'binding:host_id', 'binding:vif_type', 'binding:vif_details'] {{(pid=103566) _exclude_attributes_by_policy /opt/stack/neutron/neutron/pecan_wsgi/hooks/policy_enforcement.py:259}}
Apr 12 19:06:33.529353 dv-cinder-837541-1-smb neutron-server[103566]: INFO neutron.wsgi [req-8e924389-245b-4ede-9fee-28468cdb61db req-58560c29-a79f-4ad8-b27e-4612bb66e074 tempest-ServerRescueNegativeTestJSON-928658455 tempest-ServerRescueNegativeTestJSON-928658455-project] 10.222.0.13 "GET /v2.0/ports?device_id=fd8f133d-f7d3-45dd-9a7a-c5d1cac3c454 HTTP/1.1" status: 200 len: 944 time: 0.1328082
Apr 12 19:06:33.546491 dv-cinder-837541-1-smb neutron-server[103566]: INFO neutron.wsgi [req-692e5c37-c8b4-43f4-a6b4-d44e16474277 req-cbdee4f4-029e-4078-82dd-e48170320784 service neutron] 10.222.0.18 "GET /v2.0/floatingips?fixed_ip_address=172.20.0.5&port_id=a283e5f9-b8e8-4a79-90c1-1ea203b397de HTTP/1.1" status: 200 len: 217 time: 0.4204774
Apr 12 19:06:33.570725 dv-cinder-837541-1-smb neutron-server[103565]: DEBUG neutron_lib.callbacks.manager [None req-73d8bd9d-6425-4470-b72f-e585514ae27a admin admin] Publish callbacks [] for security_group (5b59dfb4-39d8-4312-8905-809409903a30), before_delete {{(pid=103565) _notify_loop /usr/local/lib/python3.8/dist-packages/neutron_lib/callbacks/manager.py:176}}
Apr 12 19:06:33.597338 dv-cinder-837541-1-smb neutron-server[103565]: DEBUG neutron_lib.callbacks.manager [None req-73d8bd9d-6425-4470-b72f-e585514ae27a admin admin] Publish callbacks [] for security_group (5b59dfb4-39d8-4312-8905-809409903a30), precommit_delete {{(pid=103565) _notify_loop /usr/local/lib/python3.8/dist-packages/neutron_lib/callbacks/manager.py:176}}
Apr 12 19:06:33.641763 dv-cinder-837541-1-smb neutron-server[103566]: INFO neutron.wsgi [None req-92cef384-d004-484a-9840-a629b18f11b5 admin admin] 10.222.0.13 "GET /v2.0/security-groups?tenant_id=8a3d734e504c443ea7b051dd311169f5&name=default HTTP/1.1" status: 200 len: 2996 time: 0.7038021
Apr 12 19:06:33.644693 dv-cinder-837541-1-smb neutron-server[103565]: DEBUG neutron.wsgi [-] (103565) accepted ('10.222.0.13', 57980) {{(pid=103565) server /usr/local/lib/python3.8/dist-packages/eventlet/wsgi.py:1004}}
Apr 12 19:06:33.669601 dv-cinder-837541-1-smb neutron-server[103565]: DEBUG neutron_lib.callbacks.manager [None req-73d8bd9d-6425-4470-b72f-e585514ae27a admin admin] Publish callbacks ['neutron.plugins.ml2.ovo_rpc._ObjectChangeHandler.handle_event-1858912'] for security_group (5b59dfb4-39d8-4312-8905-809409903a30), after_delete {{(pid=103565) _notify_loop /usr/local/lib/python3.8/dist-packages/neutron_lib/callbacks/manager.py:176}}
Apr 12 19:06:33.672427 dv-cinder-837541-1-smb neutron-server[103565]: DEBUG neutron_lib.callbacks.manager [None req-73d8bd9d-6425-4470-b72f-e585514ae27a admin admin] Publish callbacks [] for security_group (None), before_response {{(pid=103565) _notify_loop /usr/local/lib/python3.8/dist-packages/neutron_lib/callbacks/manager.py:176}}
Apr 12 19:06:33.673517 dv-cinder-837541-1-smb neutron-server[103565]: INFO neutron.wsgi [None req-73d8bd9d-6425-4470-b72f-e585514ae27a admin admin] 10.222.0.13 "DELETE /v2.0/security-groups/5b59dfb4-39d8-4312-8905-809409903a30 HTTP/1.1" status: 204 len: 168 time: 0.1682417
Apr 12 19:06:33.698856 dv-cinder-837541-1-smb neutron-server[103565]: DEBUG neutron.api.rpc.handlers.resources_rpc [None req-73d8bd9d-6425-4470-b72f-e585514ae27a admin admin] Pushing event deleted for resources: {'SecurityGroup': ['ID=5b59dfb4-39d8-4312-8905-809409903a30,revision_number=None']} {{(pid=103565) push /opt/stack/neutron/neutron/api/rpc/handlers/resources_rpc.py:237}}
Apr 12 19:06:33.712618 dv-cinder-837541-1-smb neutron-server[103566]: DEBUG neutron.api.rpc.handlers.resources_rpc [None req-92cef384-d004-484a-9840-a629b18f11b5 admin admin] Pushing event updated for resources: {'SecurityGroup': ['ID=694018a7-19b1-4efd-a707-4db56245c1c5,revision_number=1']} {{(pid=103566) push /opt/stack/neutron/neutron/api/rpc/handlers/resources_rpc.py:237}}
Apr 12 19:06:33.748499 dv-cinder-837541-1-smb neutron-server[103565]: DEBUG neutron_lib.callbacks.manager [None req-000ff45c-5d7b-4c0e-939c-b5ef56b40bb2 admin admin] Publish callbacks [] for security_group (694018a7-19b1-4efd-a707-4db56245c1c5), before_delete {{(pid=103565) _notify_loop /usr/local/lib/python3.8/dist-packages/neutron_lib/callbacks/manager.py:176}}
Apr 12 19:06:33.778942 dv-cinder-837541-1-smb neutron-server[103566]: DEBUG neutron.pecan_wsgi.hooks.policy_enforcement [req-274f48ad-e281-4660-af2b-75fd9271074c req-180ebdda-ae22-444e-b5f1-82a3a5b078a5 service neutron] Attributes excluded by policy engine: ['standard_attr_id', 'shared'] {{(pid=103566) _exclude_attributes_by_policy /opt/stack/neutron/neutron/pecan_wsgi/hooks/policy_enforcement.py:259}}
Apr 12 19:06:33.780516 dv-cinder-837541-1-smb neutron-server[103566]: INFO neutron.wsgi [req-274f48ad-e281-4660-af2b-75fd9271074c req-180ebdda-ae22-444e-b5f1-82a3a5b078a5 service neutron] 10.222.0.18 "GET /v2.0/subnets?id=94169799-ab7b-4a41-9ed4-c0a71f7b0560 HTTP/1.1" status: 200 len: 854 time: 0.3183253
Apr 12 19:06:33.819690 dv-cinder-837541-1-smb neutron-server[103566]: DEBUG neutron.pecan_wsgi.hooks.policy_enforcement [req-692e5c37-c8b4-43f4-a6b4-d44e16474277 req-8addef17-8244-4ba6-8ce5-46d152224dff service neutron] Attributes excluded by policy engine: ['standard_attr_id', 'shared'] {{(pid=103566) _exclude_attributes_by_policy /opt/stack/neutron/neutron/pecan_wsgi/hooks/policy_enforcement.py:259}}
Apr 12 19:06:33.821191 dv-cinder-837541-1-smb neutron-server[103566]: INFO neutron.wsgi [req-692e5c37-c8b4-43f4-a6b4-d44e16474277 req-8addef17-8244-4ba6-8ce5-46d152224dff service neutron] 10.222.0.18 "GET /v2.0/subnets?id=76ac1a60-50f6-44e6-bc84-0440c994f453 HTTP/1.1" status: 200 len: 858 time: 0.2464092
Apr 12 19:06:33.877308 dv-cinder-837541-1-smb neutron-server[103566]: INFO neutron.wsgi [req-8e924389-245b-4ede-9fee-28468cdb61db req-50a88676-4dfb-4365-b98f-7ac83102f93a tempest-ServerRescueNegativeTestJSON-928658455 tempest-ServerRescueNegativeTestJSON-928658455-project] 10.222.0.13 "GET /v2.0/security-groups?id=58a85159-bb61-4297-a832-7f73dc460348&fields=id&fields=name HTTP/1.1" status: 200 len: 286 time: 0.3289506
Apr 12 19:06:33.900896 dv-cinder-837541-1-smb neutron-server[103566]: DEBUG neutron.pecan_wsgi.hooks.policy_enforcement [req-1440c6ec-0e1c-4b30-99f1-7fd2ac0c01e4 req-a20ff7cd-8d2c-4455-85c8-5e686ead6e0b service neutron] Attributes excluded by policy engine: ['standard_attr_id', 'vlan_transparent'] {{(pid=103566) _exclude_attributes_by_policy /opt/stack/neutron/neutron/pecan_wsgi/hooks/policy_enforcement.py:259}}
Apr 12 19:06:33.902484 dv-cinder-837541-1-smb neutron-server[103566]: INFO neutron.wsgi [req-1440c6ec-0e1c-4b30-99f1-7fd2ac0c01e4 req-a20ff7cd-8d2c-4455-85c8-5e686ead6e0b service neutron] 10.222.0.18 "GET /v2.0/networks?tenant_id=7532cde48bcb4058929e724c9eb658f0&shared=False HTTP/1.1" status: 200 len: 920 time: 0.7751153
Apr 12 19:06:33.935232 dv-cinder-837541-1-smb neutron-server[103566]: DEBUG neutron.notifiers.nova [-] Sending events: [{'name': 'network-changed', 'server_uuid': '08d5c507-4e8f-45cf-a53e-3d0841de3026', 'tag': '4eb59cd7-5dc8-4c35-b8c2-71635ef93677'}] {{(pid=103566) send_events /opt/stack/neutron/neutron/notifiers/nova.py:271}}
Apr 12 19:06:33.937864 dv-cinder-837541-1-smb neutron-server[103566]: DEBUG novaclient.v2.client [-] REQ: curl -g -i --cacert "/opt/stack/data/ca-bundle.pem" -X POST http://10.222.0.13/compute/v2.1/os-server-external-events -H "Accept: application/json" -H "Content-Type: application/json" -H "User-Agent: python-novaclient" -H "X-Auth-Token: {SHA256}15d9a67db1c98b7eb8a32752b5a18655e575890f5a4162cfab63ddce48a03dac" -H "X-OpenStack-Nova-API-Version: 2.1" -H "X-OpenStack-Request-ID: req-36548a27-8f9f-4809-8785-ef874e632e2a" -d '{"events": [{"name": "network-changed", "server_uuid": "08d5c507-4e8f-45cf-a53e-3d0841de3026", "tag": "4eb59cd7-5dc8-4c35-b8c2-71635ef93677"}]}' {{(pid=103566) _http_log_request /usr/local/lib/python3.8/dist-packages/keystoneauth1/session.py:519}}
Apr 12 19:06:33.953209 dv-cinder-837541-1-smb neutron-server[103566]: DEBUG neutron.pecan_wsgi.hooks.policy_enforcement [req-274f48ad-e281-4660-af2b-75fd9271074c req-0a318235-3ed9-4c92-a0a9-891e23dfbbd4 service neutron] Attributes excluded by policy engine: ['standard_attr_id'] {{(pid=103566) _exclude_attributes_by_policy /opt/stack/neutron/neutron/pecan_wsgi/hooks/policy_enforcement.py:259}}
Apr 12 19:06:33.955249 dv-cinder-837541-1-smb neutron-server[103566]: INFO neutron.wsgi [req-274f48ad-e281-4660-af2b-75fd9271074c req-0a318235-3ed9-4c92-a0a9-891e23dfbbd4 service neutron] 10.222.0.18 "GET /v2.0/ports?network_id=3cb6122f-2151-4783-8a34-dae1a8ef370c&device_owner=network%3Adhcp HTTP/1.1" status: 200 len: 1210 time: 0.1523521
Apr 12 19:06:33.961714 dv-cinder-837541-1-smb neutron-server[103566]: DEBUG neutron.pecan_wsgi.hooks.policy_enforcement [req-692e5c37-c8b4-43f4-a6b4-d44e16474277 req-f5be3740-adae-4bb1-bd27-5ef21788dce5 service neutron] Attributes excluded by policy engine: ['standard_attr_id'] {{(pid=103566) _exclude_attributes_by_policy /opt/stack/neutron/neutron/pecan_wsgi/hooks/policy_enforcement.py:259}}
Apr 12 19:06:33.963798 dv-cinder-837541-1-smb neutron-server[103566]: INFO neutron.wsgi [req-692e5c37-c8b4-43f4-a6b4-d44e16474277 req-f5be3740-adae-4bb1-bd27-5ef21788dce5 service neutron] 10.222.0.18 "GET /v2.0/ports?network_id=0f621b28-5063-4546-90c8-73ed5b94eede&device_owner=network%3Adhcp HTTP/1.1" status: 200 len: 1210 time: 0.1120474
Apr 12 19:06:33.995498 dv-cinder-837541-1-smb neutron-server[103565]: DEBUG neutron_lib.callbacks.manager [None req-000ff45c-5d7b-4c0e-939c-b5ef56b40bb2 admin admin] Publish callbacks [] for security_group (694018a7-19b1-4efd-a707-4db56245c1c5), precommit_delete {{(pid=103565) _notify_loop /usr/local/lib/python3.8/dist-packages/neutron_lib/callbacks/manager.py:176}}
Apr 12 19:06:34.020358 dv-cinder-837541-1-smb neutron-server[103567]: DEBUG neutron.plugins.ml2.rpc [None req-c4a61e4c-988a-4cb0-a05a-b858afad0f3e None None] Device a283e5f9-b8e8-4a79-90c1-1ea203b397de details requested by agent hyperv_hv-cinder-83754 with host hv-cinder-83754 {{(pid=103567) get_device_details /opt/stack/neutron/neutron/plugins/ml2/rpc.py:102}}
Apr 12 19:06:34.021914 dv-cinder-837541-1-smb neutron-server[103565]: DEBUG neutron.pecan_wsgi.hooks.policy_enforcement [req-19a18e43-bc98-4873-97d2-8fdc12066c51 req-151e1911-c8b1-4d0e-beca-ebb722b9ffdc tempest-AttachVolumeNegativeTest-386798472 tempest-AttachVolumeNegativeTest-386798472-project] Attributes excluded by policy engine: ['standard_attr_id', 'binding:profile', 'binding:host_id', 'binding:vif_type', 'binding:vif_details'] {{(pid=103565) _exclude_attributes_by_policy /opt/stack/neutron/neutron/pecan_wsgi/hooks/policy_enforcement.py:259}}
Apr 12 19:06:34.023620 dv-cinder-837541-1-smb neutron-server[103565]: INFO neutron.wsgi [req-19a18e43-bc98-4873-97d2-8fdc12066c51 req-151e1911-c8b1-4d0e-beca-ebb722b9ffdc tempest-AttachVolumeNegativeTest-386798472 tempest-AttachVolumeNegativeTest-386798472-project] 10.222.0.13 "GET /v2.0/ports?device_id=08d5c507-4e8f-45cf-a53e-3d0841de3026 HTTP/1.1" status: 200 len: 944 time: 0.2697361
Apr 12 19:06:34.033953 dv-cinder-837541-1-smb neutron-server[103566]: DEBUG neutron.pecan_wsgi.hooks.policy_enforcement [req-7fbb0427-8a0d-4935-a68d-6451890a6266 req-3ca9bcfa-673b-42e3-9709-89710d36438e tempest-DeleteServersTestJSON-298902458 tempest-DeleteServersTestJSON-298902458-project] Attributes excluded by policy engine: ['standard_attr_id', 'binding:profile', 'binding:host_id', 'binding:vif_type', 'binding:vif_details'] {{(pid=103566) _exclude_attributes_by_policy /opt/stack/neutron/neutron/pecan_wsgi/hooks/policy_enforcement.py:259}}
Apr 12 19:06:34.042755 dv-cinder-837541-1-smb neutron-server[103566]: INFO neutron.wsgi [req-7fbb0427-8a0d-4935-a68d-6451890a6266 req-3ca9bcfa-673b-42e3-9709-89710d36438e tempest-DeleteServersTestJSON-298902458 tempest-DeleteServersTestJSON-298902458-project] 10.222.0.13 "GET /v2.0/ports?device_id=0bb64be0-16a2-4b0c-8022-23c837ff1a6f HTTP/1.1" status: 200 len: 945 time: 0.0755980
Apr 12 19:06:34.088621 dv-cinder-837541-1-smb neutron-server[103565]: INFO neutron.wsgi [req-19a18e43-bc98-4873-97d2-8fdc12066c51 req-081c9467-dcce-481e-901c-02b0abddf320 tempest-AttachVolumeNegativeTest-386798472 tempest-AttachVolumeNegativeTest-386798472-project] 10.222.0.13 "GET /v2.0/security-groups?id=89d99c07-b1a3-4496-8e15-d7af5b513f4d&fields=id&fields=name HTTP/1.1" status: 200 len: 313 time: 0.0553510
Apr 12 19:06:34.091025 dv-cinder-837541-1-smb neutron-server[103565]: DEBUG neutron_lib.callbacks.manager [None req-000ff45c-5d7b-4c0e-939c-b5ef56b40bb2 admin admin] Publish callbacks ['neutron.plugins.ml2.ovo_rpc._ObjectChangeHandler.handle_event-1858912'] for security_group (694018a7-19b1-4efd-a707-4db56245c1c5), after_delete {{(pid=103565) _notify_loop /usr/local/lib/python3.8/dist-packages/neutron_lib/callbacks/manager.py:176}}
Apr 12 19:06:34.095362 dv-cinder-837541-1-smb neutron-server[103565]: DEBUG neutron_lib.callbacks.manager [None req-000ff45c-5d7b-4c0e-939c-b5ef56b40bb2 admin admin] Publish callbacks [] for security_group (None), before_response {{(pid=103565) _notify_loop /usr/local/lib/python3.8/dist-packages/neutron_lib/callbacks/manager.py:176}}
Apr 12 19:06:34.098842 dv-cinder-837541-1-smb neutron-server[103565]: INFO neutron.wsgi [None req-000ff45c-5d7b-4c0e-939c-b5ef56b40bb2 admin admin] 10.222.0.13 "DELETE /v2.0/security-groups/694018a7-19b1-4efd-a707-4db56245c1c5 HTTP/1.1" status: 204 len: 168 time: 0.4526467
Apr 12 19:06:34.115614 dv-cinder-837541-1-smb neutron-server[103565]: DEBUG neutron.api.rpc.handlers.resources_rpc [None req-000ff45c-5d7b-4c0e-939c-b5ef56b40bb2 admin admin] Pushing event deleted for resources: {'SecurityGroup': ['ID=694018a7-19b1-4efd-a707-4db56245c1c5,revision_number=None']} {{(pid=103565) push /opt/stack/neutron/neutron/api/rpc/handlers/resources_rpc.py:237}}
Apr 12 19:06:34.132728 dv-cinder-837541-1-smb neutron-server[103566]: INFO neutron.wsgi [req-7fbb0427-8a0d-4935-a68d-6451890a6266 req-bad7e5d4-4808-44db-bfdf-cc86003fb1f9 tempest-DeleteServersTestJSON-298902458 tempest-DeleteServersTestJSON-298902458-project] 10.222.0.13 "GET /v2.0/security-groups?id=2ae20e1e-a451-4526-a09e-f9ed57ae2ebe&fields=id&fields=name HTTP/1.1" status: 200 len: 286 time: 0.0889037
Apr 12 19:06:34.137437 dv-cinder-837541-1-smb neutron-server[103566]: DEBUG neutron.wsgi [-] (103566) accepted ('10.222.0.13', 57994) {{(pid=103566) server /usr/local/lib/python3.8/dist-packages/eventlet/wsgi.py:1004}}
Apr 12 19:06:34.163076 dv-cinder-837541-1-smb neutron-server[103566]: DEBUG neutron_lib.callbacks.manager [None req-b33123d8-afd9-4298-ad90-624154051e19 admin admin] Publish callbacks [] for security_group (None), before_create {{(pid=103566) _notify_loop /usr/local/lib/python3.8/dist-packages/neutron_lib/callbacks/manager.py:176}}
Apr 12 19:06:34.171614 dv-cinder-837541-1-smb neutron-server[103566]: DEBUG novaclient.v2.client [-] RESP: [200] Connection: close Content-Length: 179 Content-Type: application/json Date: Tue, 12 Apr 2022 19:06:33 GMT OpenStack-API-Version: compute 2.1 Server: Apache/2.4.41 (Ubuntu) Vary: OpenStack-API-Version,X-OpenStack-Nova-API-Version X-OpenStack-Nova-API-Version: 2.1 x-compute-request-id: req-3c76003a-82a6-4a4b-b077-0724c74283f9 x-openstack-request-id: req-3c76003a-82a6-4a4b-b077-0724c74283f9 {{(pid=103566) _http_log_response /usr/local/lib/python3.8/dist-packages/keystoneauth1/session.py:550}}
Apr 12 19:06:34.171914 dv-cinder-837541-1-smb neutron-server[103566]: DEBUG novaclient.v2.client [-] RESP BODY: {"events": [{"name": "network-changed", "server_uuid": "08d5c507-4e8f-45cf-a53e-3d0841de3026", "tag": "4eb59cd7-5dc8-4c35-b8c2-71635ef93677", "status": "completed", "code": 200}]} {{(pid=103566) _http_log_response /usr/local/lib/python3.8/dist-packages/keystoneauth1/session.py:582}}
Apr 12 19:06:34.172250 dv-cinder-837541-1-smb neutron-server[103566]: DEBUG novaclient.v2.client [-] POST call to compute for http://10.222.0.13/compute/v2.1/os-server-external-events used request id req-3c76003a-82a6-4a4b-b077-0724c74283f9 {{(pid=103566) request /usr/local/lib/python3.8/dist-packages/keystoneauth1/session.py:954}}
Apr 12 19:06:34.172526 dv-cinder-837541-1-smb neutron-server[103566]: INFO neutron.notifiers.nova [-] Nova event matching ['req-3c76003a-82a6-4a4b-b077-0724c74283f9'] response: {'name': 'network-changed', 'server_uuid': '08d5c507-4e8f-45cf-a53e-3d0841de3026', 'tag': '4eb59cd7-5dc8-4c35-b8c2-71635ef93677', 'status': 'completed', 'code': 200}
Apr 12 19:06:34.172639 dv-cinder-837541-1-smb neutron-server[103567]: DEBUG neutron.plugins.ml2.db [None req-c4a61e4c-988a-4cb0-a05a-b858afad0f3e None None] For port a283e5f9-b8e8-4a79-90c1-1ea203b397de, host hv-cinder-83754, got binding levels [PortBindingLevel(driver='hyperv',host='hv-cinder-83754',level=0,port_id=a283e5f9-b8e8-4a79-90c1-1ea203b397de,segment=NetworkSegment(927182bf-4ec1-4abc-a652-501c6887053e),segment_id=927182bf-4ec1-4abc-a652-501c6887053e)] {{(pid=103567) get_binding_level_objs /opt/stack/neutron/neutron/plugins/ml2/db.py:74}}
Apr 12 19:06:34.185181 dv-cinder-837541-1-smb neutron-server[103567]: DEBUG neutron.plugins.ml2.rpc [None req-c4a61e4c-988a-4cb0-a05a-b858afad0f3e None None] Returning: {'device': 'a283e5f9-b8e8-4a79-90c1-1ea203b397de', 'network_id': '0f621b28-5063-4546-90c8-73ed5b94eede', 'port_id': 'a283e5f9-b8e8-4a79-90c1-1ea203b397de', 'mac_address': 'fa:16:3e:3f:7f:84', 'admin_state_up': True, 'network_type': 'vlan', 'segmentation_id': 445, 'physical_network': 'physnet1', 'mtu': 1500, 'fixed_ips': [{'subnet_id': '76ac1a60-50f6-44e6-bc84-0440c994f453', 'ip_address': '172.20.0.5'}], 'device_owner': 'compute:nova', 'allowed_address_pairs': [], 'port_security_enabled': True, 'qos_policy_id': None, 'network_qos_policy_id': None, 'profile': {}, 'propagate_uplink_status': False} {{(pid=103567) _get_device_details /opt/stack/neutron/neutron/plugins/ml2/rpc.py:184}}
Apr 12 19:06:34.233418 dv-cinder-837541-1-smb neutron-server[103567]: DEBUG neutron.plugins.ml2.plugin [None req-c4a61e4c-988a-4cb0-a05a-b858afad0f3e None None] Current status of the port a283e5f9-b8e8-4a79-90c1-1ea203b397de is: DOWN; New status is: BUILD {{(pid=103567) _update_individual_port_db_status /opt/stack/neutron/neutron/plugins/ml2/plugin.py:2257}}
Apr 12 19:06:34.233816 dv-cinder-837541-1-smb neutron-server[103567]: DEBUG neutron_lib.callbacks.manager [None req-c4a61e4c-988a-4cb0-a05a-b858afad0f3e None None] Publish callbacks ['neutron.plugins.ml2.plugin.SecurityGroupDbMixin._ensure_default_security_group_handler-1003013'] for port (a283e5f9-b8e8-4a79-90c1-1ea203b397de), before_update {{(pid=103567) _notify_loop /usr/local/lib/python3.8/dist-packages/neutron_lib/callbacks/manager.py:176}}
Apr 12 19:06:34.243551 dv-cinder-837541-1-smb neutron-server[103566]: DEBUG neutron_lib.callbacks.manager [None req-b33123d8-afd9-4298-ad90-624154051e19 admin admin] Publish callbacks [] for security_group (89c7c45f-e819-4f3d-b19e-24fdc53f65b0), precommit_create {{(pid=103566) _notify_loop /usr/local/lib/python3.8/dist-packages/neutron_lib/callbacks/manager.py:176}}
Apr 12 19:06:34.248173 dv-cinder-837541-1-smb neutron-server[103567]: DEBUG neutron.notifiers.nova [None req-c4a61e4c-988a-4cb0-a05a-b858afad0f3e None None] Ignoring state change previous_port_status: DOWN current_port_status: BUILD port_id a283e5f9-b8e8-4a79-90c1-1ea203b397de {{(pid=103567) record_port_status_changed /opt/stack/neutron/neutron/notifiers/nova.py:233}}
Apr 12 19:06:34.250256 dv-cinder-837541-1-smb neutron-server[103566]: DEBUG neutron_lib.callbacks.manager [None req-b33123d8-afd9-4298-ad90-624154051e19 admin admin] Publish callbacks ['neutron.plugins.ml2.ovo_rpc._ObjectChangeHandler.handle_event-1858912'] for security_group (89c7c45f-e819-4f3d-b19e-24fdc53f65b0), after_create {{(pid=103566) _notify_loop /usr/local/lib/python3.8/dist-packages/neutron_lib/callbacks/manager.py:176}}
Apr 12 19:06:34.271169 dv-cinder-837541-1-smb neutron-server[103567]: DEBUG neutron.plugins.ml2.db [None req-c4a61e4c-988a-4cb0-a05a-b858afad0f3e None None] For port a283e5f9-b8e8-4a79-90c1-1ea203b397de, host hv-cinder-83754, got binding levels [PortBindingLevel(driver='hyperv',host='hv-cinder-83754',level=0,port_id=a283e5f9-b8e8-4a79-90c1-1ea203b397de,segment=NetworkSegment(927182bf-4ec1-4abc-a652-501c6887053e),segment_id=927182bf-4ec1-4abc-a652-501c6887053e)] {{(pid=103567) get_binding_level_objs /opt/stack/neutron/neutron/plugins/ml2/db.py:74}}
Apr 12 19:06:34.276167 dv-cinder-837541-1-smb neutron-server[103567]: DEBUG neutron_lib.callbacks.manager [None req-c4a61e4c-988a-4cb0-a05a-b858afad0f3e None None] Publish callbacks ['neutron.plugins.ml2.plugin.SecurityGroupServerNotifierRpcMixin._notify_sg_on_port_change-1003202', 'neutron.plugins.ml2.ovo_rpc._ObjectChangeHandler.handle_event-189064', 'neutron.api.rpc.agentnotifiers.dhcp_rpc_agent_api.DhcpAgentNotifyAPI._native_event_send_dhcp_notification-1666774', 'neutron.db.l3_db.L3RpcNotifierMixin._notify_gateway_port_ip_changed-8793133063208', 'neutron.db.l3_dvrscheduler_db._notify_l3_agent_port_update-8793132687800', 'neutron.db.l3_hascheduler_db._notify_l3_agent_ha_port_update-8793132687818'] for port (a283e5f9-b8e8-4a79-90c1-1ea203b397de), after_update {{(pid=103567) _notify_loop /usr/local/lib/python3.8/dist-packages/neutron_lib/callbacks/manager.py:176}}
Apr 12 19:06:34.294760 dv-cinder-837541-1-smb neutron-server[103565]: DEBUG neutron.wsgi [-] (103565) accepted ('10.222.0.13', 57998) {{(pid=103565) server /usr/local/lib/python3.8/dist-packages/eventlet/wsgi.py:1004}}
Apr 12 19:06:34.298855 dv-cinder-837541-1-smb neutron-server[103566]: INFO neutron.wsgi [None req-b33123d8-afd9-4298-ad90-624154051e19 admin admin] 10.222.0.13 "GET /v2.0/security-groups?tenant_id=3a19fe984eeb4e75a926b1faa43ba616&name=default HTTP/1.1" status: 200 len: 2996 time: 0.1603186
Apr 12 19:06:34.302372 dv-cinder-837541-1-smb neutron-server[103566]: DEBUG neutron.api.rpc.handlers.resources_rpc [None req-b33123d8-afd9-4298-ad90-624154051e19 admin admin] Pushing event updated for resources: {'SecurityGroup': ['ID=89c7c45f-e819-4f3d-b19e-24fdc53f65b0,revision_number=1']} {{(pid=103566) push /opt/stack/neutron/neutron/api/rpc/handlers/resources_rpc.py:237}}
Apr 12 19:06:34.331318 dv-cinder-837541-1-smb neutron-server[103567]: DEBUG neutron.api.rpc.handlers.resources_rpc [None req-c4a61e4c-988a-4cb0-a05a-b858afad0f3e None None] Pushing event updated for resources: {'Port': ['ID=a283e5f9-b8e8-4a79-90c1-1ea203b397de,revision_number=4']} {{(pid=103567) push /opt/stack/neutron/neutron/api/rpc/handlers/resources_rpc.py:237}}
Apr 12 19:06:34.378538 dv-cinder-837541-1-smb neutron-server[103565]: DEBUG neutron_lib.callbacks.manager [None req-668e0169-1266-4560-914c-d957058b7ee6 admin admin] Publish callbacks [] for security_group (89c7c45f-e819-4f3d-b19e-24fdc53f65b0), before_delete {{(pid=103565) _notify_loop /usr/local/lib/python3.8/dist-packages/neutron_lib/callbacks/manager.py:176}}
Apr 12 19:06:34.400909 dv-cinder-837541-1-smb neutron-server[103565]: DEBUG neutron_lib.callbacks.manager [None req-668e0169-1266-4560-914c-d957058b7ee6 admin admin] Publish callbacks [] for security_group (89c7c45f-e819-4f3d-b19e-24fdc53f65b0), precommit_delete {{(pid=103565) _notify_loop /usr/local/lib/python3.8/dist-packages/neutron_lib/callbacks/manager.py:176}}
Apr 12 19:06:34.466250 dv-cinder-837541-1-smb neutron-server[103565]: DEBUG neutron_lib.callbacks.manager [None req-668e0169-1266-4560-914c-d957058b7ee6 admin admin] Publish callbacks ['neutron.plugins.ml2.ovo_rpc._ObjectChangeHandler.handle_event-1858912'] for security_group (89c7c45f-e819-4f3d-b19e-24fdc53f65b0), after_delete {{(pid=103565) _notify_loop /usr/local/lib/python3.8/dist-packages/neutron_lib/callbacks/manager.py:176}}
Apr 12 19:06:34.469374 dv-cinder-837541-1-smb neutron-server[103565]: DEBUG neutron_lib.callbacks.manager [None req-668e0169-1266-4560-914c-d957058b7ee6 admin admin] Publish callbacks [] for security_group (None), before_response {{(pid=103565) _notify_loop /usr/local/lib/python3.8/dist-packages/neutron_lib/callbacks/manager.py:176}}
Apr 12 19:06:34.473149 dv-cinder-837541-1-smb neutron-server[103565]: INFO neutron.wsgi [None req-668e0169-1266-4560-914c-d957058b7ee6 admin admin] 10.222.0.13 "DELETE /v2.0/security-groups/89c7c45f-e819-4f3d-b19e-24fdc53f65b0 HTTP/1.1" status: 204 len: 168 time: 0.1748877
Apr 12 19:06:34.480859 dv-cinder-837541-1-smb neutron-server[103565]: DEBUG neutron.api.rpc.handlers.resources_rpc [None req-668e0169-1266-4560-914c-d957058b7ee6 admin admin] Pushing event deleted for resources: {'SecurityGroup': ['ID=89c7c45f-e819-4f3d-b19e-24fdc53f65b0,revision_number=None']} {{(pid=103565) push /opt/stack/neutron/neutron/api/rpc/handlers/resources_rpc.py:237}}
Apr 12 19:06:34.630376 dv-cinder-837541-1-smb neutron-server[103567]: DEBUG neutron.plugins.ml2.db [None req-c4a61e4c-988a-4cb0-a05a-b858afad0f3e None None] get_ports_and_sgs() called for port_ids ['a283e5f9-b8e8-4a79-90c1-1ea203b397de'] {{(pid=103567) get_ports_and_sgs /opt/stack/neutron/neutron/plugins/ml2/db.py:156}}
Apr 12 19:06:34.757365 dv-cinder-837541-1-smb neutron-server[103566]: INFO neutron.wsgi [req-274f48ad-e281-4660-af2b-75fd9271074c req-fc899a74-be28-4ea5-adb2-41f450c1a8be service neutron] 10.222.0.18 "GET /v2.0/networks/3cb6122f-2151-4783-8a34-dae1a8ef370c?fields=segments HTTP/1.1" status: 200 len: 212 time: 0.3446012
Apr 12 19:06:34.758604 dv-cinder-837541-1-smb neutron-server[103566]: DEBUG neutron.pecan_wsgi.hooks.policy_enforcement [req-1440c6ec-0e1c-4b30-99f1-7fd2ac0c01e4 req-4bd81ea2-c162-44eb-bbae-bca417063e76 service neutron] Attributes excluded by policy engine: ['standard_attr_id', 'vlan_transparent'] {{(pid=103566) _exclude_attributes_by_policy /opt/stack/neutron/neutron/pecan_wsgi/hooks/policy_enforcement.py:259}}
Apr 12 19:06:34.760351 dv-cinder-837541-1-smb neutron-server[103566]: INFO neutron.wsgi [req-1440c6ec-0e1c-4b30-99f1-7fd2ac0c01e4 req-4bd81ea2-c162-44eb-bbae-bca417063e76 service neutron] 10.222.0.18 "GET /v2.0/networks?shared=True HTTP/1.1" status: 200 len: 870 time: 0.3344905
Apr 12 19:06:34.763456 dv-cinder-837541-1-smb neutron-server[103566]: INFO neutron.wsgi [req-692e5c37-c8b4-43f4-a6b4-d44e16474277 req-55c3914c-77dc-431a-aa1f-f7ddd37ba7cb service neutron] 10.222.0.18 "GET /v2.0/networks/0f621b28-5063-4546-90c8-73ed5b94eede?fields=segments HTTP/1.1" status: 200 len: 212 time: 0.3613923
Apr 12 19:06:34.889510 dv-cinder-837541-1-smb neutron-server[103566]: INFO neutron.wsgi [req-274f48ad-e281-4660-af2b-75fd9271074c req-7fd42e49-2763-4392-aed4-9b859e3bb108 service neutron] 10.222.0.18 "GET /v2.0/networks/3cb6122f-2151-4783-8a34-dae1a8ef370c?fields=provider%3Aphysical_network&fields=provider%3Anetwork_type HTTP/1.1" status: 200 len: 281 time: 0.1168721
Apr 12 19:06:34.997022 dv-cinder-837541-1-smb neutron-server[103566]: DEBUG neutron.pecan_wsgi.hooks.policy_enforcement [req-7955a1ac-22fc-417a-8711-b9b6f3963fc9 req-c6329a43-604b-414f-aacc-f6e8f002a97d service neutron] Attributes excluded by policy engine: ['standard_attr_id'] {{(pid=103566) _exclude_attributes_by_policy /opt/stack/neutron/neutron/pecan_wsgi/hooks/policy_enforcement.py:259}}
Apr 12 19:06:34.998783 dv-cinder-837541-1-smb neutron-server[103566]: INFO neutron.wsgi [req-7955a1ac-22fc-417a-8711-b9b6f3963fc9 req-c6329a43-604b-414f-aacc-f6e8f002a97d service neutron] 10.222.0.18 "GET /v2.0/ports?tenant_id=7532cde48bcb4058929e724c9eb658f0&device_id=fd8f133d-f7d3-45dd-9a7a-c5d1cac3c454 HTTP/1.1" status: 200 len: 1128 time: 0.1063640
Apr 12 19:06:35.007645 dv-cinder-837541-1-smb neutron-server[103567]: DEBUG neutron_lib.callbacks.manager [None req-730d283d-94f7-4d0e-b0f0-6b85bd0c52f0 None None] Publish callbacks ['neutron.services.segments.db._update_segment_host_mapping_for_agent-8793133211814', 'neutron.plugins.ml2.plugin.Ml2Plugin._retry_binding_revived_agents-570324'] for agent (35541722-c7ad-432b-a015-c5103a1343b4), after_update {{(pid=103567) _notify_loop /usr/local/lib/python3.8/dist-packages/neutron_lib/callbacks/manager.py:176}}
Apr 12 19:06:35.048817 dv-cinder-837541-1-smb neutron-server[103566]: INFO neutron.wsgi [req-692e5c37-c8b4-43f4-a6b4-d44e16474277 req-330ff947-8478-43fb-b6c1-39ccb71bf599 service neutron] 10.222.0.18 "GET /v2.0/networks/0f621b28-5063-4546-90c8-73ed5b94eede?fields=provider%3Aphysical_network&fields=provider%3Anetwork_type HTTP/1.1" status: 200 len: 281 time: 0.1580348
Apr 12 19:06:35.111953 dv-cinder-837541-1-smb neutron-server[103566]: DEBUG neutron.pecan_wsgi.hooks.policy_enforcement [req-859b663c-0456-4049-a704-b93d5b5b5283 req-376f4166-bf6b-41cc-a778-792ab88c86c2 tempest-ServerRescueNegativeTestJSON-928658455 tempest-ServerRescueNegativeTestJSON-928658455-project] Attributes excluded by policy engine: ['standard_attr_id', 'binding:profile', 'binding:host_id', 'binding:vif_type', 'binding:vif_details'] {{(pid=103566) _exclude_attributes_by_policy /opt/stack/neutron/neutron/pecan_wsgi/hooks/policy_enforcement.py:259}}
Apr 12 19:06:35.122184 dv-cinder-837541-1-smb neutron-server[103566]: INFO neutron.wsgi [req-859b663c-0456-4049-a704-b93d5b5b5283 req-376f4166-bf6b-41cc-a778-792ab88c86c2 tempest-ServerRescueNegativeTestJSON-928658455 tempest-ServerRescueNegativeTestJSON-928658455-project] 10.222.0.13 "GET /v2.0/ports?device_id=fd8f133d-f7d3-45dd-9a7a-c5d1cac3c454 HTTP/1.1" status: 200 len: 944 time: 0.0699754
Apr 12 19:06:35.184161 dv-cinder-837541-1-smb neutron-server[103566]: INFO neutron.wsgi [req-859b663c-0456-4049-a704-b93d5b5b5283 req-94213e55-0244-4575-be5f-7c37e1e09280 tempest-ServerRescueNegativeTestJSON-928658455 tempest-ServerRescueNegativeTestJSON-928658455-project] 10.222.0.13 "GET /v2.0/security-groups?id=58a85159-bb61-4297-a832-7f73dc460348&fields=id&fields=name HTTP/1.1" status: 200 len: 286 time: 0.0608478
Apr 12 19:06:35.270099 dv-cinder-837541-1-smb neutron-server[103565]: DEBUG neutron.pecan_wsgi.hooks.policy_enforcement [req-db8d3d37-49ac-4073-abde-a538ee038a21 req-c97ac468-5742-48f1-b75e-852e6c8f2661 tempest-AttachVolumeNegativeTest-386798472 tempest-AttachVolumeNegativeTest-386798472-project] Attributes excluded by policy engine: ['standard_attr_id', 'binding:profile', 'binding:host_id', 'binding:vif_type', 'binding:vif_details'] {{(pid=103565) _exclude_attributes_by_policy /opt/stack/neutron/neutron/pecan_wsgi/hooks/policy_enforcement.py:259}}
Apr 12 19:06:35.278136 dv-cinder-837541-1-smb neutron-server[103565]: INFO neutron.wsgi [req-db8d3d37-49ac-4073-abde-a538ee038a21 req-c97ac468-5742-48f1-b75e-852e6c8f2661 tempest-AttachVolumeNegativeTest-386798472 tempest-AttachVolumeNegativeTest-386798472-project] 10.222.0.13 "GET /v2.0/ports?device_id=08d5c507-4e8f-45cf-a53e-3d0841de3026 HTTP/1.1" status: 200 len: 944 time: 0.0564229
Apr 12 19:06:35.337143 dv-cinder-837541-1-smb neutron-server[103565]: INFO neutron.wsgi [req-db8d3d37-49ac-4073-abde-a538ee038a21 req-d73ace05-bf31-4d86-b373-54b21ebc1b57 tempest-AttachVolumeNegativeTest-386798472 tempest-AttachVolumeNegativeTest-386798472-project] 10.222.0.13 "GET /v2.0/security-groups?id=89d99c07-b1a3-4496-8e15-d7af5b513f4d&fields=id&fields=name HTTP/1.1" status: 200 len: 313 time: 0.0577993
Apr 12 19:06:35.345404 dv-cinder-837541-1-smb neutron-server[103566]: DEBUG neutron.pecan_wsgi.hooks.policy_enforcement [req-b56b8b92-4fd5-43e8-b8a7-ba2dcff2408e req-813632e8-8609-4b24-ae18-10d95f8dced6 tempest-DeleteServersTestJSON-298902458 tempest-DeleteServersTestJSON-298902458-project] Attributes excluded by policy engine: ['standard_attr_id', 'binding:profile', 'binding:host_id', 'binding:vif_type', 'binding:vif_details'] {{(pid=103566) _exclude_attributes_by_policy /opt/stack/neutron/neutron/pecan_wsgi/hooks/policy_enforcement.py:259}}
Apr 12 19:06:35.352482 dv-cinder-837541-1-smb neutron-server[103566]: INFO neutron.wsgi [req-b56b8b92-4fd5-43e8-b8a7-ba2dcff2408e req-813632e8-8609-4b24-ae18-10d95f8dced6 tempest-DeleteServersTestJSON-298902458 tempest-DeleteServersTestJSON-298902458-project] 10.222.0.13 "GET /v2.0/ports?device_id=0bb64be0-16a2-4b0c-8022-23c837ff1a6f HTTP/1.1" status: 200 len: 945 time: 0.0757213
Apr 12 19:06:35.422091 dv-cinder-837541-1-smb neutron-server[103566]: INFO neutron.wsgi [req-b56b8b92-4fd5-43e8-b8a7-ba2dcff2408e req-e2051cda-7047-490f-98e3-2643b4164e3a tempest-DeleteServersTestJSON-298902458 tempest-DeleteServersTestJSON-298902458-project] 10.222.0.13 "GET /v2.0/security-groups?id=2ae20e1e-a451-4526-a09e-f9ed57ae2ebe&fields=id&fields=name HTTP/1.1" status: 200 len: 286 time: 0.0685434
Apr 12 19:06:35.435048 dv-cinder-837541-1-smb neutron-server[103565]: DEBUG neutron.wsgi [-] (103565) accepted ('10.222.0.13', 58070) {{(pid=103565) server /usr/local/lib/python3.8/dist-packages/eventlet/wsgi.py:1004}}
Apr 12 19:06:35.635203 dv-cinder-837541-1-smb neutron-server[103565]: DEBUG neutron_lib.callbacks.manager [None req-f1d16c67-3147-4d12-b23a-7634df7fcc9d admin admin] Publish callbacks [] for security_group (None), before_create {{(pid=103565) _notify_loop /usr/local/lib/python3.8/dist-packages/neutron_lib/callbacks/manager.py:176}}
Apr 12 19:06:35.727129 dv-cinder-837541-1-smb neutron-server[103565]: DEBUG neutron_lib.callbacks.manager [None req-f1d16c67-3147-4d12-b23a-7634df7fcc9d admin admin] Publish callbacks [] for security_group (490d8c3b-ba39-48bd-851d-15b45f20c7d8), precommit_create {{(pid=103565) _notify_loop /usr/local/lib/python3.8/dist-packages/neutron_lib/callbacks/manager.py:176}}
