Apr 12 19:06:39.608567 dv-cinder-837541-1-smb devstack@c-api.service[110355]: DEBUG cinder.api.openstack.wsgi [None req-80ab0d6c-606f-461f-92ef-268222fd7715 tempest-GroupSnapshotsTest-976853889 tempest-GroupSnapshotsTest-976853889-project] Empty body provided in request {{(pid=110355) get_body /opt/stack/cinder/cinder/api/openstack/wsgi.py:715}}
Apr 12 19:06:39.609228 dv-cinder-837541-1-smb devstack@c-api.service[110355]: DEBUG cinder.api.openstack.wsgi [None req-80ab0d6c-606f-461f-92ef-268222fd7715 tempest-GroupSnapshotsTest-976853889 tempest-GroupSnapshotsTest-976853889-project] Calling method 'show' {{(pid=110355) _process_stack /opt/stack/cinder/cinder/api/openstack/wsgi.py:868}}
Apr 12 19:06:39.623377 dv-cinder-837541-1-smb devstack@c-api.service[110355]: /usr/local/lib/python3.8/dist-packages/oslo_context/context.py:100: DeprecationWarning: Policy enforcement is depending on the value of is_admin. This key is deprecated. Please update your policy file to use the standard policy values.
Apr 12 19:06:39.623377 dv-cinder-837541-1-smb devstack@c-api.service[110355]: warnings.warn('Policy enforcement is depending on the value of '
Apr 12 19:06:39.629610 dv-cinder-837541-1-smb devstack@c-api.service[110354]: WARNING cinder.quota [None req-b9a7b092-269c-411e-869d-8fcbe1f5cc7b tempest-VolumeRetypeWithoutMigrationTest-1121415982 tempest-VolumeRetypeWithoutMigrationTest-1121415982-project] Deprecated: Default quota for resource: volumes_volume-type-1 is set by the default quota flag: quota_volumes_volume-type-1, it is now deprecated. Please use the default quota class for default quota.
Apr 12 19:06:39.630091 dv-cinder-837541-1-smb devstack@c-api.service[110355]: INFO cinder.volume.api [None req-80ab0d6c-606f-461f-92ef-268222fd7715 tempest-GroupSnapshotsTest-976853889 tempest-GroupSnapshotsTest-976853889-project] Volume info retrieved successfully.
Apr 12 19:06:39.630416 dv-cinder-837541-1-smb devstack@c-api.service[110354]: WARNING cinder.quota [None req-b9a7b092-269c-411e-869d-8fcbe1f5cc7b tempest-VolumeRetypeWithoutMigrationTest-1121415982 tempest-VolumeRetypeWithoutMigrationTest-1121415982-project] Deprecated: Default quota for resource: gigabytes_volume-type-1 is set by the default quota flag: quota_gigabytes_volume-type-1, it is now deprecated. Please use the default quota class for default quota.
Apr 12 19:06:39.631481 dv-cinder-837541-1-smb devstack@c-api.service[110355]: WARNING stevedore.named [None req-80ab0d6c-606f-461f-92ef-268222fd7715 tempest-GroupSnapshotsTest-976853889 tempest-GroupSnapshotsTest-976853889-project] Could not load cinder.keymgr.conf_key_mgr.ConfKeyManager
Apr 12 19:06:39.631856 dv-cinder-837541-1-smb devstack@c-api.service[110355]: WARNING castellan.key_manager [None req-80ab0d6c-606f-461f-92ef-268222fd7715 tempest-GroupSnapshotsTest-976853889 tempest-GroupSnapshotsTest-976853889-project] Deprecation Warning : cinder.keymgr.conf_key_mgr.ConfKeyManager is not a stevedore based driver, trying to load it as a class: stevedore.exception.NoMatches: No 'castellan.drivers' driver found, looking for 'cinder.keymgr.conf_key_mgr.ConfKeyManager'
Apr 12 19:06:39.638728 dv-cinder-837541-1-smb devstack@c-api.service[110355]: DEBUG oslo_db.sqlalchemy.engines [None req-80ab0d6c-606f-461f-92ef-268222fd7715 tempest-GroupSnapshotsTest-976853889 tempest-GroupSnapshotsTest-976853889-project] MySQL server mode set to STRICT_TRANS_TABLES,STRICT_ALL_TABLES,NO_ZERO_IN_DATE,NO_ZERO_DATE,ERROR_FOR_DIVISION_BY_ZERO,TRADITIONAL,NO_ENGINE_SUBSTITUTION {{(pid=110355) _check_effective_sql_mode /usr/local/lib/python3.8/dist-packages/oslo_db/sqlalchemy/engines.py:314}}
Apr 12 19:06:39.644494 dv-cinder-837541-1-smb devstack@c-api.service[110354]: DEBUG cinder.quota [None req-b9a7b092-269c-411e-869d-8fcbe1f5cc7b tempest-VolumeRetypeWithoutMigrationTest-1121415982 tempest-VolumeRetypeWithoutMigrationTest-1121415982-project] Created reservations ['9e7a453d-3f52-4754-b0d3-a615891b41cb', '8e72480b-efc3-4427-97fa-ac9d26329cf6'] {{(pid=110354) reserve /opt/stack/cinder/cinder/quota.py:755}}
Apr 12 19:06:39.645700 dv-cinder-837541-1-smb devstack@c-api.service[110355]: /usr/local/lib/python3.8/dist-packages/oslo_context/context.py:100: DeprecationWarning: Policy enforcement is depending on the value of is_admin. This key is deprecated. Please update your policy file to use the standard policy values.
Apr 12 19:06:39.645700 dv-cinder-837541-1-smb devstack@c-api.service[110355]: warnings.warn('Policy enforcement is depending on the value of '
Apr 12 19:06:39.647847 dv-cinder-837541-1-smb devstack@c-api.service[110354]: /opt/stack/cinder/cinder/db/sqlalchemy/api.py:2954: SADeprecationWarning: The SelectBase.as_scalar() method is deprecated and will be removed in a future release. Please refer to SelectBase.scalar_subquery(). (deprecated since: 1.4)
Apr 12 19:06:39.647847 dv-cinder-837541-1-smb devstack@c-api.service[110354]: models.VolumeType.qos_specs_id == q.as_scalar())),
Apr 12 19:06:39.658818 dv-cinder-837541-1-smb devstack@c-api.service[110355]: INFO cinder.api.openstack.wsgi [None req-80ab0d6c-606f-461f-92ef-268222fd7715 tempest-GroupSnapshotsTest-976853889 tempest-GroupSnapshotsTest-976853889-project] http://10.222.0.13/volume/v3/50044064930c4390a9a53c7c8d612d1a/volumes/d5041256-9be8-4ba9-93cf-17af58590473 returned with HTTP 200
Apr 12 19:06:39.659711 dv-cinder-837541-1-smb devstack@c-api.service[110355]: [pid: 110355|app: 0|req: 176/349] 10.222.0.13 () {60 vars in 1365 bytes} [Tue Apr 12 19:06:39 2022] GET /volume/v3/50044064930c4390a9a53c7c8d612d1a/volumes/d5041256-9be8-4ba9-93cf-17af58590473 => generated 1001 bytes in 57 msecs (HTTP/1.1 200) 7 headers in 287 bytes (1 switches on core 0)
Apr 12 19:06:39.660747 dv-cinder-837541-1-smb devstack@c-api.service[110355]: DEBUG cinder.api.middleware.request_id [None req-fb90e971-a2c9-4090-8af8-658a8e93879b None None] RequestId filter calling following filter/app {{(pid=110355) _context_setter /opt/stack/cinder/cinder/api/middleware/request_id.py:62}}
Apr 12 19:06:39.664601 dv-cinder-837541-1-smb devstack@c-api.service[110355]: INFO cinder.api.openstack.wsgi [None req-fb90e971-a2c9-4090-8af8-658a8e93879b tempest-GroupsTest-1767313966 tempest-GroupsTest-1767313966-project] GET http://10.222.0.13/volume/v3/553975f77e2443e3acb2b31fdcf169ab/volumes/369ef101-f06c-450a-9715-195f33a43801
Apr 12 19:06:39.665075 dv-cinder-837541-1-smb devstack@c-api.service[110355]: DEBUG cinder.api.openstack.wsgi [None req-fb90e971-a2c9-4090-8af8-658a8e93879b tempest-GroupsTest-1767313966 tempest-GroupsTest-1767313966-project] Empty body provided in request {{(pid=110355) get_body /opt/stack/cinder/cinder/api/openstack/wsgi.py:715}}
Apr 12 19:06:39.665517 dv-cinder-837541-1-smb devstack@c-api.service[110355]: DEBUG cinder.api.openstack.wsgi [None req-fb90e971-a2c9-4090-8af8-658a8e93879b tempest-GroupsTest-1767313966 tempest-GroupsTest-1767313966-project] Calling method 'show' {{(pid=110355) _process_stack /opt/stack/cinder/cinder/api/openstack/wsgi.py:868}}
Apr 12 19:06:39.676573 dv-cinder-837541-1-smb devstack@c-api.service[110355]: INFO cinder.api.openstack.wsgi [None req-fb90e971-a2c9-4090-8af8-658a8e93879b tempest-GroupsTest-1767313966 tempest-GroupsTest-1767313966-project] http://10.222.0.13/volume/v3/553975f77e2443e3acb2b31fdcf169ab/volumes/369ef101-f06c-450a-9715-195f33a43801 returned with HTTP 404
Apr 12 19:06:39.677479 dv-cinder-837541-1-smb devstack@c-api.service[110355]: [pid: 110355|app: 0|req: 177/350] 10.222.0.13 () {60 vars in 1365 bytes} [Tue Apr 12 19:06:39 2022] GET /volume/v3/553975f77e2443e3acb2b31fdcf169ab/volumes/369ef101-f06c-450a-9715-195f33a43801 => generated 109 bytes in 17 msecs (HTTP/1.1 404) 7 headers in 293 bytes (1 switches on core 0)
Apr 12 19:06:39.678688 dv-cinder-837541-1-smb devstack@c-api.service[110355]: DEBUG cinder.api.middleware.request_id [None req-159a1f2a-f736-470a-bd42-406f6dd0f891 None None] RequestId filter calling following filter/app {{(pid=110355) _context_setter /opt/stack/cinder/cinder/api/middleware/request_id.py:62}}
Apr 12 19:06:39.683644 dv-cinder-837541-1-smb devstack@c-api.service[110355]: INFO cinder.api.openstack.wsgi [None req-159a1f2a-f736-470a-bd42-406f6dd0f891 tempest-ExtraSpecsNegativeTest-2142778784 tempest-ExtraSpecsNegativeTest-2142778784-project-admin] PUT http://10.222.0.13/volume/v3/0ea73918513549f388c76e2dee1618e3/types/2cc0c339-e0f6-4fb6-8c54-be8877ab8cb8/extra_specs/spec1
Apr 12 19:06:39.684326 dv-cinder-837541-1-smb devstack@c-api.service[110355]: DEBUG cinder.api.openstack.wsgi [None req-159a1f2a-f736-470a-bd42-406f6dd0f891 tempest-ExtraSpecsNegativeTest-2142778784 tempest-ExtraSpecsNegativeTest-2142778784-project-admin] Action: 'update', calling method: update, body: {"spec1": "val2", "spec2": "val1"} {{(pid=110355) _process_stack /opt/stack/cinder/cinder/api/openstack/wsgi.py:866}}
Apr 12 19:06:39.685259 dv-cinder-837541-1-smb devstack@c-api.service[110355]: INFO cinder.api.openstack.wsgi [None req-159a1f2a-f736-470a-bd42-406f6dd0f891 tempest-ExtraSpecsNegativeTest-2142778784 tempest-ExtraSpecsNegativeTest-2142778784-project-admin] http://10.222.0.13/volume/v3/0ea73918513549f388c76e2dee1618e3/types/2cc0c339-e0f6-4fb6-8c54-be8877ab8cb8/extra_specs/spec1 returned with HTTP 400
Apr 12 19:06:39.686071 dv-cinder-837541-1-smb devstack@c-api.service[110355]: [pid: 110355|app: 0|req: 178/351] 10.222.0.13 () {60 vars in 1392 bytes} [Tue Apr 12 19:06:39 2022] PUT /volume/v3/0ea73918513549f388c76e2dee1618e3/types/2cc0c339-e0f6-4fb6-8c54-be8877ab8cb8/extra_specs/spec1 => generated 102 bytes in 8 msecs (HTTP/1.1 400) 7 headers in 294 bytes (1 switches on core 0)
Apr 12 19:06:39.687208 dv-cinder-837541-1-smb devstack@c-api.service[110355]: DEBUG cinder.api.middleware.request_id [None req-f3d6d075-6ca4-426c-8773-4e9ee5af41ad None None] RequestId filter calling following filter/app {{(pid=110355) _context_setter /opt/stack/cinder/cinder/api/middleware/request_id.py:62}}
Apr 12 19:06:39.690762 dv-cinder-837541-1-smb devstack@c-api.service[110355]: INFO cinder.api.openstack.wsgi [None req-f3d6d075-6ca4-426c-8773-4e9ee5af41ad tempest-GroupSnapshotsTest-976853889 tempest-GroupSnapshotsTest-976853889-project] PUT http://10.222.0.13/volume/v3/50044064930c4390a9a53c7c8d612d1a/groups/a8d5f31f-1791-4b24-8455-d555ca40a0b3
Apr 12 19:06:39.691404 dv-cinder-837541-1-smb devstack@c-api.service[110355]: DEBUG cinder.api.openstack.wsgi [None req-f3d6d075-6ca4-426c-8773-4e9ee5af41ad tempest-GroupSnapshotsTest-976853889 tempest-GroupSnapshotsTest-976853889-project] Action: 'update', calling method: version_select, body: {"group": {"remove_volumes": "6fb42568-7031-490f-b28e-ae4452deb42d"}} {{(pid=110355) _process_stack /opt/stack/cinder/cinder/api/openstack/wsgi.py:866}}
Apr 12 19:06:39.692259 dv-cinder-837541-1-smb devstack@c-api.service[110355]: DEBUG cinder.api.v3.groups [None req-f3d6d075-6ca4-426c-8773-4e9ee5af41ad tempest-GroupSnapshotsTest-976853889 tempest-GroupSnapshotsTest-976853889-project] Update called for group a8d5f31f-1791-4b24-8455-d555ca40a0b3. {{(pid=110355) update /opt/stack/cinder/cinder/api/v3/groups.py:302}}
Apr 12 19:06:39.692546 dv-cinder-837541-1-smb devstack@c-api.service[110355]: INFO cinder.api.v3.groups [None req-f3d6d075-6ca4-426c-8773-4e9ee5af41ad tempest-GroupSnapshotsTest-976853889 tempest-GroupSnapshotsTest-976853889-project] Updating group a8d5f31f-1791-4b24-8455-d555ca40a0b3 with name None description: None add_volumes: None remove_volumes: 6fb42568-7031-490f-b28e-ae4452deb42d.
Apr 12 19:06:39.698106 dv-cinder-837541-1-smb devstack@c-api.service[110355]: /usr/local/lib/python3.8/dist-packages/oslo_context/context.py:100: DeprecationWarning: Policy enforcement is depending on the value of is_admin. This key is deprecated. Please update your policy file to use the standard policy values.
Apr 12 19:06:39.698106 dv-cinder-837541-1-smb devstack@c-api.service[110355]: warnings.warn('Policy enforcement is depending on the value of '
Apr 12 19:06:39.706866 dv-cinder-837541-1-smb devstack@c-api.service[110354]: INFO cinder.volume.api [None req-b9a7b092-269c-411e-869d-8fcbe1f5cc7b tempest-VolumeRetypeWithoutMigrationTest-1121415982 tempest-VolumeRetypeWithoutMigrationTest-1121415982-project] Retype volume request issued successfully.
Apr 12 19:06:39.707541 dv-cinder-837541-1-smb devstack@c-api.service[110354]: INFO cinder.api.openstack.wsgi [None req-b9a7b092-269c-411e-869d-8fcbe1f5cc7b tempest-VolumeRetypeWithoutMigrationTest-1121415982 tempest-VolumeRetypeWithoutMigrationTest-1121415982-project] http://10.222.0.13/volume/v3/aaa0fcb9f2384054800c26f864febb0a/volumes/9d2821a7-025a-4fc2-b25d-d1aa22ae4e85/action returned with HTTP 202
Apr 12 19:06:39.711411 dv-cinder-837541-1-smb devstack@c-api.service[110354]: [pid: 110354|app: 0|req: 174/352] 10.222.0.13 () {60 vars in 1366 bytes} [Tue Apr 12 19:06:39 2022] POST /volume/v3/aaa0fcb9f2384054800c26f864febb0a/volumes/9d2821a7-025a-4fc2-b25d-d1aa22ae4e85/action => generated 0 bytes in 227 msecs (HTTP/1.1 202) 7 headers in 289 bytes (2 switches on core 0)
Apr 12 19:06:39.713789 dv-cinder-837541-1-smb devstack@c-api.service[110354]: DEBUG cinder.api.middleware.request_id [None req-3a4372bf-9492-42e4-b7e5-b9b316795b0f None None] RequestId filter calling following filter/app {{(pid=110354) _context_setter /opt/stack/cinder/cinder/api/middleware/request_id.py:62}}
Apr 12 19:06:39.718016 dv-cinder-837541-1-smb devstack@c-api.service[110354]: INFO cinder.api.openstack.wsgi [None req-3a4372bf-9492-42e4-b7e5-b9b316795b0f tempest-GroupsTest-1767313966 tempest-GroupsTest-1767313966-project] GET http://10.222.0.13/volume/v3/553975f77e2443e3acb2b31fdcf169ab/groups/fa41bd86-2d6b-4bcc-8029-9932e78479ed
Apr 12 19:06:39.719238 dv-cinder-837541-1-smb devstack@c-api.service[110354]: DEBUG cinder.api.openstack.wsgi [None req-3a4372bf-9492-42e4-b7e5-b9b316795b0f tempest-GroupsTest-1767313966 tempest-GroupsTest-1767313966-project] Empty body provided in request {{(pid=110354) get_body /opt/stack/cinder/cinder/api/openstack/wsgi.py:715}}
Apr 12 19:06:39.719856 dv-cinder-837541-1-smb devstack@c-api.service[110354]: DEBUG cinder.api.openstack.wsgi [None req-3a4372bf-9492-42e4-b7e5-b9b316795b0f tempest-GroupsTest-1767313966 tempest-GroupsTest-1767313966-project] Calling method 'version_select' {{(pid=110354) _process_stack /opt/stack/cinder/cinder/api/openstack/wsgi.py:868}}
Apr 12 19:06:39.720228 dv-cinder-837541-1-smb devstack@c-api.service[110354]: DEBUG cinder.api.v3.groups [None req-3a4372bf-9492-42e4-b7e5-b9b316795b0f tempest-GroupsTest-1767313966 tempest-GroupsTest-1767313966-project] show called for member fa41bd86-2d6b-4bcc-8029-9932e78479ed {{(pid=110354) show /opt/stack/cinder/cinder/api/v3/groups.py:58}}
Apr 12 19:06:39.725697 dv-cinder-837541-1-smb devstack@c-api.service[110354]: INFO cinder.api.openstack.wsgi [None req-3a4372bf-9492-42e4-b7e5-b9b316795b0f tempest-GroupsTest-1767313966 tempest-GroupsTest-1767313966-project] http://10.222.0.13/volume/v3/553975f77e2443e3acb2b31fdcf169ab/groups/fa41bd86-2d6b-4bcc-8029-9932e78479ed returned with HTTP 404
Apr 12 19:06:39.726038 dv-cinder-837541-1-smb devstack@c-api.service[110355]: INFO cinder.api.openstack.wsgi [None req-f3d6d075-6ca4-426c-8773-4e9ee5af41ad tempest-GroupSnapshotsTest-976853889 tempest-GroupSnapshotsTest-976853889-project] http://10.222.0.13/volume/v3/50044064930c4390a9a53c7c8d612d1a/groups/a8d5f31f-1791-4b24-8455-d555ca40a0b3 returned with HTTP 202
Apr 12 19:06:39.727157 dv-cinder-837541-1-smb devstack@c-api.service[110354]: [pid: 110354|app: 0|req: 175/353] 10.222.0.13 () {60 vars in 1362 bytes} [Tue Apr 12 19:06:39 2022] GET /volume/v3/553975f77e2443e3acb2b31fdcf169ab/groups/fa41bd86-2d6b-4bcc-8029-9932e78479ed => generated 108 bytes in 15 msecs (HTTP/1.1 404) 7 headers in 293 bytes (1 switches on core 0)
Apr 12 19:06:39.728459 dv-cinder-837541-1-smb devstack@c-api.service[110354]: DEBUG cinder.api.middleware.request_id [None req-f63c935a-9bab-4cf5-a6d9-a76f8ef66fff None None] RequestId filter calling following filter/app {{(pid=110354) _context_setter /opt/stack/cinder/cinder/api/middleware/request_id.py:62}}
Apr 12 19:06:39.730350 dv-cinder-837541-1-smb devstack@c-api.service[110355]: [pid: 110355|app: 0|req: 179/354] 10.222.0.13 () {62 vars in 1382 bytes} [Tue Apr 12 19:06:39 2022] PUT /volume/v3/50044064930c4390a9a53c7c8d612d1a/groups/a8d5f31f-1791-4b24-8455-d555ca40a0b3 => generated 0 bytes in 43 msecs (HTTP/1.1 202) 6 headers in 234 bytes (1 switches on core 0)
Apr 12 19:06:39.731847 dv-cinder-837541-1-smb devstack@c-api.service[110355]: DEBUG cinder.api.middleware.request_id [None req-7bcd4841-454f-4a31-af54-5e45349bac4d None None] RequestId filter calling following filter/app {{(pid=110355) _context_setter /opt/stack/cinder/cinder/api/middleware/request_id.py:62}}
Apr 12 19:06:39.735413 dv-cinder-837541-1-smb devstack@c-api.service[110355]: INFO cinder.api.openstack.wsgi [None req-7bcd4841-454f-4a31-af54-5e45349bac4d tempest-VolumeRetypeWithoutMigrationTest-1121415982 tempest-VolumeRetypeWithoutMigrationTest-1121415982-project] GET http://10.222.0.13/volume/v3/aaa0fcb9f2384054800c26f864febb0a/volumes/9d2821a7-025a-4fc2-b25d-d1aa22ae4e85
Apr 12 19:06:39.735621 dv-cinder-837541-1-smb devstack@c-api.service[110354]: INFO cinder.api.openstack.wsgi [None req-f63c935a-9bab-4cf5-a6d9-a76f8ef66fff tempest-ExtraSpecsNegativeTest-2142778784 tempest-ExtraSpecsNegativeTest-2142778784-project-admin] PUT http://10.222.0.13/volume/v3/0ea73918513549f388c76e2dee1618e3/types/2cc0c339-e0f6-4fb6-8c54-be8877ab8cb8/extra_specs/spec1
Apr 12 19:06:39.735850 dv-cinder-837541-1-smb devstack@c-api.service[110355]: DEBUG cinder.api.openstack.wsgi [None req-7bcd4841-454f-4a31-af54-5e45349bac4d tempest-VolumeRetypeWithoutMigrationTest-1121415982 tempest-VolumeRetypeWithoutMigrationTest-1121415982-project] Empty body provided in request {{(pid=110355) get_body /opt/stack/cinder/cinder/api/openstack/wsgi.py:715}}
Apr 12 19:06:39.736293 dv-cinder-837541-1-smb devstack@c-api.service[110355]: DEBUG cinder.api.openstack.wsgi [None req-7bcd4841-454f-4a31-af54-5e45349bac4d tempest-VolumeRetypeWithoutMigrationTest-1121415982 tempest-VolumeRetypeWithoutMigrationTest-1121415982-project] Calling method 'show' {{(pid=110355) _process_stack /opt/stack/cinder/cinder/api/openstack/wsgi.py:868}}
Apr 12 19:06:39.736386 dv-cinder-837541-1-smb devstack@c-api.service[110354]: DEBUG cinder.api.openstack.wsgi [None req-f63c935a-9bab-4cf5-a6d9-a76f8ef66fff tempest-ExtraSpecsNegativeTest-2142778784 tempest-ExtraSpecsNegativeTest-2142778784-project-admin] Action: 'update', calling method: update, body: null {{(pid=110354) _process_stack /opt/stack/cinder/cinder/api/openstack/wsgi.py:866}}
Apr 12 19:06:39.737140 dv-cinder-837541-1-smb devstack@c-api.service[110354]: INFO cinder.api.openstack.wsgi [None req-f63c935a-9bab-4cf5-a6d9-a76f8ef66fff tempest-ExtraSpecsNegativeTest-2142778784 tempest-ExtraSpecsNegativeTest-2142778784-project-admin] http://10.222.0.13/volume/v3/0ea73918513549f388c76e2dee1618e3/types/2cc0c339-e0f6-4fb6-8c54-be8877ab8cb8/extra_specs/spec1 returned with HTTP 400
Apr 12 19:06:39.742042 dv-cinder-837541-1-smb devstack@c-api.service[110354]: [pid: 110354|app: 0|req: 176/355] 10.222.0.13 () {60 vars in 1391 bytes} [Tue Apr 12 19:06:39 2022] PUT /volume/v3/0ea73918513549f388c76e2dee1618e3/types/2cc0c339-e0f6-4fb6-8c54-be8877ab8cb8/extra_specs/spec1 => generated 72 bytes in 10 msecs (HTTP/1.1 400) 7 headers in 293 bytes (1 switches on core 0)
Apr 12 19:06:39.742042 dv-cinder-837541-1-smb devstack@c-api.service[110354]: DEBUG cinder.api.middleware.request_id [None req-64517604-9a45-4865-8609-8d2a77e66858 None None] RequestId filter calling following filter/app {{(pid=110354) _context_setter /opt/stack/cinder/cinder/api/middleware/request_id.py:62}}
Apr 12 19:06:39.743203 dv-cinder-837541-1-smb devstack@c-api.service[110354]: INFO cinder.api.openstack.wsgi [None req-64517604-9a45-4865-8609-8d2a77e66858 tempest-GroupSnapshotsTest-976853889 tempest-GroupSnapshotsTest-976853889-project] GET http://10.222.0.13/volume/v3/50044064930c4390a9a53c7c8d612d1a/groups/a8d5f31f-1791-4b24-8455-d555ca40a0b3
Apr 12 19:06:39.744061 dv-cinder-837541-1-smb devstack@c-api.service[110354]: DEBUG cinder.api.openstack.wsgi [None req-64517604-9a45-4865-8609-8d2a77e66858 tempest-GroupSnapshotsTest-976853889 tempest-GroupSnapshotsTest-976853889-project] Empty body provided in request {{(pid=110354) get_body /opt/stack/cinder/cinder/api/openstack/wsgi.py:715}}
Apr 12 19:06:39.744884 dv-cinder-837541-1-smb devstack@c-api.service[110354]: DEBUG cinder.api.openstack.wsgi [None req-64517604-9a45-4865-8609-8d2a77e66858 tempest-GroupSnapshotsTest-976853889 tempest-GroupSnapshotsTest-976853889-project] Calling method 'version_select' {{(pid=110354) _process_stack /opt/stack/cinder/cinder/api/openstack/wsgi.py:868}}
Apr 12 19:06:39.745333 dv-cinder-837541-1-smb devstack@c-api.service[110354]: DEBUG cinder.api.v3.groups [None req-64517604-9a45-4865-8609-8d2a77e66858 tempest-GroupSnapshotsTest-976853889 tempest-GroupSnapshotsTest-976853889-project] show called for member a8d5f31f-1791-4b24-8455-d555ca40a0b3 {{(pid=110354) show /opt/stack/cinder/cinder/api/v3/groups.py:58}}
Apr 12 19:06:39.751159 dv-cinder-837541-1-smb devstack@c-api.service[110354]: /usr/local/lib/python3.8/dist-packages/oslo_context/context.py:100: DeprecationWarning: Policy enforcement is depending on the value of is_admin. This key is deprecated. Please update your policy file to use the standard policy values.
Apr 12 19:06:39.751159 dv-cinder-837541-1-smb devstack@c-api.service[110354]: warnings.warn('Policy enforcement is depending on the value of '
Apr 12 19:06:39.754651 dv-cinder-837541-1-smb devstack@c-api.service[110355]: /usr/local/lib/python3.8/dist-packages/oslo_context/context.py:100: DeprecationWarning: Policy enforcement is depending on the value of is_admin. This key is deprecated. Please update your policy file to use the standard policy values.
Apr 12 19:06:39.754651 dv-cinder-837541-1-smb devstack@c-api.service[110355]: warnings.warn('Policy enforcement is depending on the value of '
Apr 12 19:06:39.762760 dv-cinder-837541-1-smb devstack@c-api.service[110355]: INFO cinder.volume.api [None req-7bcd4841-454f-4a31-af54-5e45349bac4d tempest-VolumeRetypeWithoutMigrationTest-1121415982 tempest-VolumeRetypeWithoutMigrationTest-1121415982-project] Volume info retrieved successfully.
Apr 12 19:06:39.766310 dv-cinder-837541-1-smb devstack@c-api.service[110354]: INFO cinder.api.openstack.wsgi [None req-64517604-9a45-4865-8609-8d2a77e66858 tempest-GroupSnapshotsTest-976853889 tempest-GroupSnapshotsTest-976853889-project] http://10.222.0.13/volume/v3/50044064930c4390a9a53c7c8d612d1a/groups/a8d5f31f-1791-4b24-8455-d555ca40a0b3 returned with HTTP 200
Apr 12 19:06:39.767088 dv-cinder-837541-1-smb devstack@c-api.service[110354]: [pid: 110354|app: 0|req: 177/356] 10.222.0.13 () {60 vars in 1362 bytes} [Tue Apr 12 19:06:39 2022] GET /volume/v3/50044064930c4390a9a53c7c8d612d1a/groups/a8d5f31f-1791-4b24-8455-d555ca40a0b3 => generated 391 bytes in 29 msecs (HTTP/1.1 200) 7 headers in 286 bytes (1 switches on core 0)
Apr 12 19:06:39.769202 dv-cinder-837541-1-smb devstack@c-api.service[110354]: DEBUG cinder.api.middleware.request_id [None req-ec4aefc1-d989-4eee-8437-f90afdc85997 None None] RequestId filter calling following filter/app {{(pid=110354) _context_setter /opt/stack/cinder/cinder/api/middleware/request_id.py:62}}
Apr 12 19:06:39.772008 dv-cinder-837541-1-smb devstack@c-api.service[110355]: INFO cinder.api.openstack.wsgi [None req-7bcd4841-454f-4a31-af54-5e45349bac4d tempest-VolumeRetypeWithoutMigrationTest-1121415982 tempest-VolumeRetypeWithoutMigrationTest-1121415982-project] http://10.222.0.13/volume/v3/aaa0fcb9f2384054800c26f864febb0a/volumes/9d2821a7-025a-4fc2-b25d-d1aa22ae4e85 returned with HTTP 200
Apr 12 19:06:39.772757 dv-cinder-837541-1-smb devstack@c-api.service[110355]: [pid: 110355|app: 0|req: 180/357] 10.222.0.13 () {58 vars in 1324 bytes} [Tue Apr 12 19:06:39 2022] GET /volume/v3/aaa0fcb9f2384054800c26f864febb0a/volumes/9d2821a7-025a-4fc2-b25d-d1aa22ae4e85 => generated 925 bytes in 42 msecs (HTTP/1.1 200) 7 headers in 285 bytes (1 switches on core 0)
Apr 12 19:06:39.773946 dv-cinder-837541-1-smb devstack@c-api.service[110355]: DEBUG cinder.api.middleware.request_id [None req-7b4b6810-db1f-4098-974d-eb541164a794 None None] RequestId filter calling following filter/app {{(pid=110355) _context_setter /opt/stack/cinder/cinder/api/middleware/request_id.py:62}}
Apr 12 19:06:39.774051 dv-cinder-837541-1-smb devstack@c-api.service[110354]: INFO cinder.api.openstack.wsgi [None req-ec4aefc1-d989-4eee-8437-f90afdc85997 tempest-GroupsTest-1112019018 tempest-GroupsTest-1112019018-project-admin] DELETE http://10.222.0.13/volume/v3/1140e16f3c9d4d3a9c011949cfe3eaa4/group_types/387f98a2-a16b-4d69-825d-c035148c8cbc
Apr 12 19:06:39.774680 dv-cinder-837541-1-smb devstack@c-api.service[110354]: DEBUG cinder.api.openstack.wsgi [None req-ec4aefc1-d989-4eee-8437-f90afdc85997 tempest-GroupsTest-1112019018 tempest-GroupsTest-1112019018-project-admin] Empty body provided in request {{(pid=110354) get_body /opt/stack/cinder/cinder/api/openstack/wsgi.py:715}}
Apr 12 19:06:39.775170 dv-cinder-837541-1-smb devstack@c-api.service[110354]: DEBUG cinder.api.openstack.wsgi [None req-ec4aefc1-d989-4eee-8437-f90afdc85997 tempest-GroupsTest-1112019018 tempest-GroupsTest-1112019018-project-admin] Calling method 'version_select' {{(pid=110354) _process_stack /opt/stack/cinder/cinder/api/openstack/wsgi.py:868}}
Apr 12 19:06:39.775997 dv-cinder-837541-1-smb devstack@c-api.service[110354]: /usr/local/lib/python3.8/dist-packages/oslo_context/context.py:100: DeprecationWarning: Policy enforcement is depending on the value of is_admin. This key is deprecated. Please update your policy file to use the standard policy values.
Apr 12 19:06:39.775997 dv-cinder-837541-1-smb devstack@c-api.service[110354]: warnings.warn('Policy enforcement is depending on the value of '
Apr 12 19:06:39.779243 dv-cinder-837541-1-smb devstack@c-api.service[110355]: INFO cinder.api.openstack.wsgi [None req-7b4b6810-db1f-4098-974d-eb541164a794 tempest-ExtraSpecsNegativeTest-2142778784 tempest-ExtraSpecsNegativeTest-2142778784-project-admin] PUT http://10.222.0.13/volume/v3/0ea73918513549f388c76e2dee1618e3/types/2cc0c339-e0f6-4fb6-8c54-be8877ab8cb8/extra_specs/None
Apr 12 19:06:39.779931 dv-cinder-837541-1-smb devstack@c-api.service[110355]: DEBUG cinder.api.openstack.wsgi [None req-7b4b6810-db1f-4098-974d-eb541164a794 tempest-ExtraSpecsNegativeTest-2142778784 tempest-ExtraSpecsNegativeTest-2142778784-project-admin] Action: 'update', calling method: update, body: {"spec1": "val2"} {{(pid=110355) _process_stack /opt/stack/cinder/cinder/api/openstack/wsgi.py:866}}
Apr 12 19:06:39.797511 dv-cinder-837541-1-smb devstack@c-api.service[110354]: INFO cinder.api.openstack.wsgi [None req-ec4aefc1-d989-4eee-8437-f90afdc85997 tempest-GroupsTest-1112019018 tempest-GroupsTest-1112019018-project-admin] http://10.222.0.13/volume/v3/1140e16f3c9d4d3a9c011949cfe3eaa4/group_types/387f98a2-a16b-4d69-825d-c035148c8cbc returned with HTTP 202
Apr 12 19:06:39.798180 dv-cinder-837541-1-smb devstack@c-api.service[110355]: INFO cinder.api.openstack.wsgi [None req-7b4b6810-db1f-4098-974d-eb541164a794 tempest-ExtraSpecsNegativeTest-2142778784 tempest-ExtraSpecsNegativeTest-2142778784-project-admin] HTTP exception thrown: Request body and URI mismatch
Apr 12 19:06:39.798972 dv-cinder-837541-1-smb devstack@c-api.service[110354]: [pid: 110354|app: 0|req: 178/358] 10.222.0.13 () {60 vars in 1380 bytes} [Tue Apr 12 19:06:39 2022] DELETE /volume/v3/1140e16f3c9d4d3a9c011949cfe3eaa4/group_types/387f98a2-a16b-4d69-825d-c035148c8cbc => generated 0 bytes in 31 msecs (HTTP/1.1 202) 6 headers in 234 bytes (1 switches on core 0)
Apr 12 19:06:39.802640 dv-cinder-837541-1-smb devstack@c-api.service[110355]: INFO cinder.api.openstack.wsgi [None req-7b4b6810-db1f-4098-974d-eb541164a794 tempest-ExtraSpecsNegativeTest-2142778784 tempest-ExtraSpecsNegativeTest-2142778784-project-admin] http://10.222.0.13/volume/v3/0ea73918513549f388c76e2dee1618e3/types/2cc0c339-e0f6-4fb6-8c54-be8877ab8cb8/extra_specs/None returned with HTTP 400
Apr 12 19:06:39.803663 dv-cinder-837541-1-smb devstack@c-api.service[110355]: [pid: 110355|app: 0|req: 181/359] 10.222.0.13 () {60 vars in 1389 bytes} [Tue Apr 12 19:06:39 2022] PUT /volume/v3/0ea73918513549f388c76e2dee1618e3/types/2cc0c339-e0f6-4fb6-8c54-be8877ab8cb8/extra_specs/None => generated 73 bytes in 30 msecs (HTTP/1.1 400) 7 headers in 293 bytes (1 switches on core 0)
Apr 12 19:06:39.807285 dv-cinder-837541-1-smb devstack@c-api.service[110354]: DEBUG cinder.api.middleware.request_id [None req-321f53b3-473c-44f6-badd-a4a13d4430f6 None None] RequestId filter calling following filter/app {{(pid=110354) _context_setter /opt/stack/cinder/cinder/api/middleware/request_id.py:62}}
Apr 12 19:06:39.809355 dv-cinder-837541-1-smb devstack@c-api.service[110355]: DEBUG cinder.api.middleware.request_id [None req-9799b52b-1080-4be3-a6a3-a21525c92e51 None None] RequestId filter calling following filter/app {{(pid=110355) _context_setter /opt/stack/cinder/cinder/api/middleware/request_id.py:62}}
Apr 12 19:06:39.810963 dv-cinder-837541-1-smb devstack@c-api.service[110354]: INFO cinder.api.openstack.wsgi [None req-321f53b3-473c-44f6-badd-a4a13d4430f6 tempest-GroupsTest-1767313966 tempest-GroupsTest-1767313966-project] DELETE http://10.222.0.13/volume/v3/553975f77e2443e3acb2b31fdcf169ab/volumes/c5f80480-2df1-4969-b0e7-59ba89b79925
Apr 12 19:06:39.811451 dv-cinder-837541-1-smb devstack@c-api.service[110354]: DEBUG cinder.api.openstack.wsgi [None req-321f53b3-473c-44f6-badd-a4a13d4430f6 tempest-GroupsTest-1767313966 tempest-GroupsTest-1767313966-project] Empty body provided in request {{(pid=110354) get_body /opt/stack/cinder/cinder/api/openstack/wsgi.py:715}}
Apr 12 19:06:39.811903 dv-cinder-837541-1-smb devstack@c-api.service[110354]: DEBUG cinder.api.openstack.wsgi [None req-321f53b3-473c-44f6-badd-a4a13d4430f6 tempest-GroupsTest-1767313966 tempest-GroupsTest-1767313966-project] Calling method 'delete' {{(pid=110354) _process_stack /opt/stack/cinder/cinder/api/openstack/wsgi.py:868}}
Apr 12 19:06:39.812296 dv-cinder-837541-1-smb devstack@c-api.service[110354]: INFO cinder.api.v3.volumes [None req-321f53b3-473c-44f6-badd-a4a13d4430f6 tempest-GroupsTest-1767313966 tempest-GroupsTest-1767313966-project] Delete volume with id: c5f80480-2df1-4969-b0e7-59ba89b79925
Apr 12 19:06:39.814533 dv-cinder-837541-1-smb devstack@c-api.service[110355]: INFO cinder.api.openstack.wsgi [None req-9799b52b-1080-4be3-a6a3-a21525c92e51 tempest-ExtraSpecsNegativeTest-2142778784 tempest-ExtraSpecsNegativeTest-2142778784-project-admin] PUT http://10.222.0.13/volume/v3/0ea73918513549f388c76e2dee1618e3/types/2cc0c339-e0f6-4fb6-8c54-be8877ab8cb8/extra_specs/0cae62bb-b56a-412e-bfd6-b05e63bf17f3
Apr 12 19:06:39.815502 dv-cinder-837541-1-smb devstack@c-api.service[110355]: DEBUG cinder.api.openstack.wsgi [None req-9799b52b-1080-4be3-a6a3-a21525c92e51 tempest-ExtraSpecsNegativeTest-2142778784 tempest-ExtraSpecsNegativeTest-2142778784-project-admin] Action: 'update', calling method: update, body: {"spec1": "val2"} {{(pid=110355) _process_stack /opt/stack/cinder/cinder/api/openstack/wsgi.py:866}}
Apr 12 19:06:39.823852 dv-cinder-837541-1-smb devstack@c-api.service[110354]: INFO cinder.api.openstack.wsgi [None req-321f53b3-473c-44f6-badd-a4a13d4430f6 tempest-GroupsTest-1767313966 tempest-GroupsTest-1767313966-project] http://10.222.0.13/volume/v3/553975f77e2443e3acb2b31fdcf169ab/volumes/c5f80480-2df1-4969-b0e7-59ba89b79925 returned with HTTP 404
Apr 12 19:06:39.824767 dv-cinder-837541-1-smb devstack@c-api.service[110354]: [pid: 110354|app: 0|req: 179/360] 10.222.0.13 () {60 vars in 1368 bytes} [Tue Apr 12 19:06:39 2022] DELETE /volume/v3/553975f77e2443e3acb2b31fdcf169ab/volumes/c5f80480-2df1-4969-b0e7-59ba89b79925 => generated 109 bytes in 21 msecs (HTTP/1.1 404) 7 headers in 293 bytes (1 switches on core 0)
Apr 12 19:06:39.829423 dv-cinder-837541-1-smb devstack@c-api.service[110354]: DEBUG cinder.api.middleware.request_id [None req-0715650b-4f6d-4ca4-9845-0f48055ceff3 None None] RequestId filter calling following filter/app {{(pid=110354) _context_setter /opt/stack/cinder/cinder/api/middleware/request_id.py:62}}
Apr 12 19:06:39.832879 dv-cinder-837541-1-smb devstack@c-api.service[110354]: INFO cinder.api.openstack.wsgi [None req-0715650b-4f6d-4ca4-9845-0f48055ceff3 tempest-GroupsTest-1767313966 tempest-GroupsTest-1767313966-project] DELETE http://10.222.0.13/volume/v3/553975f77e2443e3acb2b31fdcf169ab/volumes/369ef101-f06c-450a-9715-195f33a43801
Apr 12 19:06:39.833361 dv-cinder-837541-1-smb devstack@c-api.service[110354]: DEBUG cinder.api.openstack.wsgi [None req-0715650b-4f6d-4ca4-9845-0f48055ceff3 tempest-GroupsTest-1767313966 tempest-GroupsTest-1767313966-project] Empty body provided in request {{(pid=110354) get_body /opt/stack/cinder/cinder/api/openstack/wsgi.py:715}}
Apr 12 19:06:39.833688 dv-cinder-837541-1-smb devstack@c-api.service[110355]: INFO cinder.api.openstack.wsgi [None req-9799b52b-1080-4be3-a6a3-a21525c92e51 tempest-ExtraSpecsNegativeTest-2142778784 tempest-ExtraSpecsNegativeTest-2142778784-project-admin] HTTP exception thrown: Request body and URI mismatch
Apr 12 19:06:39.834237 dv-cinder-837541-1-smb devstack@c-api.service[110354]: DEBUG cinder.api.openstack.wsgi [None req-0715650b-4f6d-4ca4-9845-0f48055ceff3 tempest-GroupsTest-1767313966 tempest-GroupsTest-1767313966-project] Calling method 'delete' {{(pid=110354) _process_stack /opt/stack/cinder/cinder/api/openstack/wsgi.py:868}}
Apr 12 19:06:39.834353 dv-cinder-837541-1-smb devstack@c-api.service[110355]: INFO cinder.api.openstack.wsgi [None req-9799b52b-1080-4be3-a6a3-a21525c92e51 tempest-ExtraSpecsNegativeTest-2142778784 tempest-ExtraSpecsNegativeTest-2142778784-project-admin] http://10.222.0.13/volume/v3/0ea73918513549f388c76e2dee1618e3/types/2cc0c339-e0f6-4fb6-8c54-be8877ab8cb8/extra_specs/0cae62bb-b56a-412e-bfd6-b05e63bf17f3 returned with HTTP 400
Apr 12 19:06:39.834464 dv-cinder-837541-1-smb devstack@c-api.service[110354]: INFO cinder.api.v3.volumes [None req-0715650b-4f6d-4ca4-9845-0f48055ceff3 tempest-GroupsTest-1767313966 tempest-GroupsTest-1767313966-project] Delete volume with id: 369ef101-f06c-450a-9715-195f33a43801
Apr 12 19:06:39.839932 dv-cinder-837541-1-smb devstack@c-api.service[110355]: [pid: 110355|app: 0|req: 182/361] 10.222.0.13 () {60 vars in 1485 bytes} [Tue Apr 12 19:06:39 2022] PUT /volume/v3/0ea73918513549f388c76e2dee1618e3/types/2cc0c339-e0f6-4fb6-8c54-be8877ab8cb8/extra_specs/0cae62bb-b56a-412e-bfd6-b05e63bf17f3 => generated 73 bytes in 27 msecs (HTTP/1.1 400) 7 headers in 293 bytes (1 switches on core 0)
Apr 12 19:06:39.841476 dv-cinder-837541-1-smb devstack@c-api.service[110355]: DEBUG cinder.api.middleware.request_id [None req-24de87c1-12aa-4057-bc9b-93f68729fea4 None None] RequestId filter calling following filter/app {{(pid=110355) _context_setter /opt/stack/cinder/cinder/api/middleware/request_id.py:62}}
Apr 12 19:06:39.845357 dv-cinder-837541-1-smb devstack@c-api.service[110354]: INFO cinder.api.openstack.wsgi [None req-0715650b-4f6d-4ca4-9845-0f48055ceff3 tempest-GroupsTest-1767313966 tempest-GroupsTest-1767313966-project] http://10.222.0.13/volume/v3/553975f77e2443e3acb2b31fdcf169ab/volumes/369ef101-f06c-450a-9715-195f33a43801 returned with HTTP 404
Apr 12 19:06:39.846262 dv-cinder-837541-1-smb devstack@c-api.service[110354]: [pid: 110354|app: 0|req: 180/362] 10.222.0.13 () {60 vars in 1368 bytes} [Tue Apr 12 19:06:39 2022] DELETE /volume/v3/553975f77e2443e3acb2b31fdcf169ab/volumes/369ef101-f06c-450a-9715-195f33a43801 => generated 109 bytes in 18 msecs (HTTP/1.1 404) 7 headers in 293 bytes (2 switches on core 0)
Apr 12 19:06:39.846400 dv-cinder-837541-1-smb devstack@c-api.service[110355]: INFO cinder.api.openstack.wsgi [None req-24de87c1-12aa-4057-bc9b-93f68729fea4 tempest-ExtraSpecsNegativeTest-2142778784 tempest-ExtraSpecsNegativeTest-2142778784-project-admin] PUT http://10.222.0.13/volume/v3/0ea73918513549f388c76e2dee1618e3/types/f1c75bee-04cf-40f7-b349-cacee4c84e95/extra_specs/spec1
Apr 12 19:06:39.846994 dv-cinder-837541-1-smb devstack@c-api.service[110355]: DEBUG cinder.api.openstack.wsgi [None req-24de87c1-12aa-4057-bc9b-93f68729fea4 tempest-ExtraSpecsNegativeTest-2142778784 tempest-ExtraSpecsNegativeTest-2142778784-project-admin] Action: 'update', calling method: update, body: {"spec1": "val5"} {{(pid=110355) _process_stack /opt/stack/cinder/cinder/api/openstack/wsgi.py:866}}
Apr 12 19:06:39.851093 dv-cinder-837541-1-smb devstack@c-api.service[110354]: DEBUG cinder.api.middleware.request_id [None req-7877ed6f-21a8-487d-bf31-75d0f9095404 None None] RequestId filter calling following filter/app {{(pid=110354) _context_setter /opt/stack/cinder/cinder/api/middleware/request_id.py:62}}
Apr 12 19:06:39.855153 dv-cinder-837541-1-smb devstack@c-api.service[110354]: INFO cinder.api.openstack.wsgi [None req-7877ed6f-21a8-487d-bf31-75d0f9095404 tempest-GroupsTest-1112019018 tempest-GroupsTest-1112019018-project-admin] DELETE http://10.222.0.13/volume/v3/1140e16f3c9d4d3a9c011949cfe3eaa4/types/9c4fac1a-b440-49a9-a405-fe0c41750216
Apr 12 19:06:39.855632 dv-cinder-837541-1-smb devstack@c-api.service[110354]: DEBUG cinder.api.openstack.wsgi [None req-7877ed6f-21a8-487d-bf31-75d0f9095404 tempest-GroupsTest-1112019018 tempest-GroupsTest-1112019018-project-admin] Empty body provided in request {{(pid=110354) get_body /opt/stack/cinder/cinder/api/openstack/wsgi.py:715}}
Apr 12 19:06:39.856101 dv-cinder-837541-1-smb devstack@c-api.service[110354]: DEBUG cinder.api.openstack.wsgi [None req-7877ed6f-21a8-487d-bf31-75d0f9095404 tempest-GroupsTest-1112019018 tempest-GroupsTest-1112019018-project-admin] Calling method '_delete' {{(pid=110354) _process_stack /opt/stack/cinder/cinder/api/openstack/wsgi.py:868}}
Apr 12 19:06:39.865283 dv-cinder-837541-1-smb devstack@c-api.service[110355]: INFO cinder.api.openstack.wsgi [None req-24de87c1-12aa-4057-bc9b-93f68729fea4 tempest-ExtraSpecsNegativeTest-2142778784 tempest-ExtraSpecsNegativeTest-2142778784-project-admin] http://10.222.0.13/volume/v3/0ea73918513549f388c76e2dee1618e3/types/f1c75bee-04cf-40f7-b349-cacee4c84e95/extra_specs/spec1 returned with HTTP 404
Apr 12 19:06:39.866490 dv-cinder-837541-1-smb devstack@c-api.service[110355]: [pid: 110355|app: 0|req: 183/363] 10.222.0.13 () {60 vars in 1392 bytes} [Tue Apr 12 19:06:39 2022] PUT /volume/v3/0ea73918513549f388c76e2dee1618e3/types/f1c75bee-04cf-40f7-b349-cacee4c84e95/extra_specs/spec1 => generated 114 bytes in 26 msecs (HTTP/1.1 404) 7 headers in 292 bytes (2 switches on core 0)
Apr 12 19:06:39.871655 dv-cinder-837541-1-smb devstack@c-api.service[110355]: DEBUG cinder.api.middleware.request_id [None req-e0bb2fd3-4c35-4e53-b013-2137b949a450 None None] RequestId filter calling following filter/app {{(pid=110355) _context_setter /opt/stack/cinder/cinder/api/middleware/request_id.py:62}}
Apr 12 19:06:39.875346 dv-cinder-837541-1-smb devstack@c-api.service[110355]: INFO cinder.api.openstack.wsgi [None req-e0bb2fd3-4c35-4e53-b013-2137b949a450 tempest-ExtraSpecsNegativeTest-2142778784 tempest-ExtraSpecsNegativeTest-2142778784-project-admin] DELETE http://10.222.0.13/volume/v3/0ea73918513549f388c76e2dee1618e3/types/2cc0c339-e0f6-4fb6-8c54-be8877ab8cb8
Apr 12 19:06:39.875744 dv-cinder-837541-1-smb devstack@c-api.service[110355]: DEBUG cinder.api.openstack.wsgi [None req-e0bb2fd3-4c35-4e53-b013-2137b949a450 tempest-ExtraSpecsNegativeTest-2142778784 tempest-ExtraSpecsNegativeTest-2142778784-project-admin] Empty body provided in request {{(pid=110355) get_body /opt/stack/cinder/cinder/api/openstack/wsgi.py:715}}
Apr 12 19:06:39.876221 dv-cinder-837541-1-smb devstack@c-api.service[110355]: DEBUG cinder.api.openstack.wsgi [None req-e0bb2fd3-4c35-4e53-b013-2137b949a450 tempest-ExtraSpecsNegativeTest-2142778784 tempest-ExtraSpecsNegativeTest-2142778784-project-admin] Calling method '_delete' {{(pid=110355) _process_stack /opt/stack/cinder/cinder/api/openstack/wsgi.py:868}}
Apr 12 19:06:39.899153 dv-cinder-837541-1-smb devstack@c-api.service[110354]: INFO cinder.api.openstack.wsgi [None req-7877ed6f-21a8-487d-bf31-75d0f9095404 tempest-GroupsTest-1112019018 tempest-GroupsTest-1112019018-project-admin] http://10.222.0.13/volume/v3/1140e16f3c9d4d3a9c011949cfe3eaa4/types/9c4fac1a-b440-49a9-a405-fe0c41750216 returned with HTTP 202
Apr 12 19:06:39.900080 dv-cinder-837541-1-smb devstack@c-api.service[110354]: [pid: 110354|app: 0|req: 181/364] 10.222.0.13 () {58 vars in 1321 bytes} [Tue Apr 12 19:06:39 2022] DELETE /volume/v3/1140e16f3c9d4d3a9c011949cfe3eaa4/types/9c4fac1a-b440-49a9-a405-fe0c41750216 => generated 0 bytes in 50 msecs (HTTP/1.1 202) 6 headers in 233 bytes (2 switches on core 0)
Apr 12 19:06:39.904432 dv-cinder-837541-1-smb devstack@c-api.service[110354]: DEBUG cinder.api.middleware.request_id [None req-7cba3fd1-18b8-4f77-8f17-ae375f1b1762 None None] RequestId filter calling following filter/app {{(pid=110354) _context_setter /opt/stack/cinder/cinder/api/middleware/request_id.py:62}}
Apr 12 19:06:39.908047 dv-cinder-837541-1-smb devstack@c-api.service[110354]: INFO cinder.api.openstack.wsgi [None req-7cba3fd1-18b8-4f77-8f17-ae375f1b1762 tempest-GroupsTest-1112019018 tempest-GroupsTest-1112019018-project-admin] GET http://10.222.0.13/volume/v3/1140e16f3c9d4d3a9c011949cfe3eaa4/types/9c4fac1a-b440-49a9-a405-fe0c41750216
Apr 12 19:06:39.908482 dv-cinder-837541-1-smb devstack@c-api.service[110354]: DEBUG cinder.api.openstack.wsgi [None req-7cba3fd1-18b8-4f77-8f17-ae375f1b1762 tempest-GroupsTest-1112019018 tempest-GroupsTest-1112019018-project-admin] Empty body provided in request {{(pid=110354) get_body /opt/stack/cinder/cinder/api/openstack/wsgi.py:715}}
Apr 12 19:06:39.908928 dv-cinder-837541-1-smb devstack@c-api.service[110354]: DEBUG cinder.api.openstack.wsgi [None req-7cba3fd1-18b8-4f77-8f17-ae375f1b1762 tempest-GroupsTest-1112019018 tempest-GroupsTest-1112019018-project-admin] Calling method 'show' {{(pid=110354) _process_stack /opt/stack/cinder/cinder/api/openstack/wsgi.py:868}}
Apr 12 19:06:39.913843 dv-cinder-837541-1-smb devstack@c-api.service[110354]: INFO cinder.api.openstack.wsgi [None req-7cba3fd1-18b8-4f77-8f17-ae375f1b1762 tempest-GroupsTest-1112019018 tempest-GroupsTest-1112019018-project-admin] http://10.222.0.13/volume/v3/1140e16f3c9d4d3a9c011949cfe3eaa4/types/9c4fac1a-b440-49a9-a405-fe0c41750216 returned with HTTP 404
Apr 12 19:06:39.914785 dv-cinder-837541-1-smb devstack@c-api.service[110354]: [pid: 110354|app: 0|req: 182/365] 10.222.0.13 () {58 vars in 1318 bytes} [Tue Apr 12 19:06:39 2022] GET /volume/v3/1140e16f3c9d4d3a9c011949cfe3eaa4/types/9c4fac1a-b440-49a9-a405-fe0c41750216 => generated 114 bytes in 11 msecs (HTTP/1.1 404) 7 headers in 292 bytes (2 switches on core 0)
Apr 12 19:06:39.919694 dv-cinder-837541-1-smb devstack@c-api.service[110354]: DEBUG cinder.api.middleware.request_id [None req-90675945-430c-4c34-b1f2-bec665bc19e4 None None] RequestId filter calling following filter/app {{(pid=110354) _context_setter /opt/stack/cinder/cinder/api/middleware/request_id.py:62}}
Apr 12 19:06:39.921925 dv-cinder-837541-1-smb devstack@c-api.service[110355]: INFO cinder.api.openstack.wsgi [None req-e0bb2fd3-4c35-4e53-b013-2137b949a450 tempest-ExtraSpecsNegativeTest-2142778784 tempest-ExtraSpecsNegativeTest-2142778784-project-admin] http://10.222.0.13/volume/v3/0ea73918513549f388c76e2dee1618e3/types/2cc0c339-e0f6-4fb6-8c54-be8877ab8cb8 returned with HTTP 202
Apr 12 19:06:39.925543 dv-cinder-837541-1-smb devstack@c-api.service[110355]: [pid: 110355|app: 0|req: 184/366] 10.222.0.13 () {58 vars in 1321 bytes} [Tue Apr 12 19:06:39 2022] DELETE /volume/v3/0ea73918513549f388c76e2dee1618e3/types/2cc0c339-e0f6-4fb6-8c54-be8877ab8cb8 => generated 0 bytes in 52 msecs (HTTP/1.1 202) 6 headers in 233 bytes (1 switches on core 0)
Apr 12 19:06:39.925663 dv-cinder-837541-1-smb devstack@c-api.service[110354]: INFO cinder.api.openstack.wsgi [None req-90675945-430c-4c34-b1f2-bec665bc19e4 tempest-GroupsTest-1112019018 tempest-GroupsTest-1112019018-project-admin] DELETE http://10.222.0.13/volume/v3/1140e16f3c9d4d3a9c011949cfe3eaa4/types/aae0fa43-f2df-4e28-aeed-ee0f53110a91
Apr 12 19:06:39.925663 dv-cinder-837541-1-smb devstack@c-api.service[110354]: DEBUG cinder.api.openstack.wsgi [None req-90675945-430c-4c34-b1f2-bec665bc19e4 tempest-GroupsTest-1112019018 tempest-GroupsTest-1112019018-project-admin] Empty body provided in request {{(pid=110354) get_body /opt/stack/cinder/cinder/api/openstack/wsgi.py:715}}
Apr 12 19:06:39.925663 dv-cinder-837541-1-smb devstack@c-api.service[110354]: DEBUG cinder.api.openstack.wsgi [None req-90675945-430c-4c34-b1f2-bec665bc19e4 tempest-GroupsTest-1112019018 tempest-GroupsTest-1112019018-project-admin] Calling method '_delete' {{(pid=110354) _process_stack /opt/stack/cinder/cinder/api/openstack/wsgi.py:868}}
Apr 12 19:06:39.927000 dv-cinder-837541-1-smb devstack@c-api.service[110355]: DEBUG cinder.api.middleware.request_id [None req-dc0a4a4b-a498-4462-818d-81d3fb8b7637 None None] RequestId filter calling following filter/app {{(pid=110355) _context_setter /opt/stack/cinder/cinder/api/middleware/request_id.py:62}}
Apr 12 19:06:39.930623 dv-cinder-837541-1-smb devstack@c-api.service[110355]: INFO cinder.api.openstack.wsgi [None req-dc0a4a4b-a498-4462-818d-81d3fb8b7637 tempest-ExtraSpecsNegativeTest-2142778784 tempest-ExtraSpecsNegativeTest-2142778784-project-admin] GET http://10.222.0.13/volume/v3/0ea73918513549f388c76e2dee1618e3/types/2cc0c339-e0f6-4fb6-8c54-be8877ab8cb8
Apr 12 19:06:39.931059 dv-cinder-837541-1-smb devstack@c-api.service[110355]: DEBUG cinder.api.openstack.wsgi [None req-dc0a4a4b-a498-4462-818d-81d3fb8b7637 tempest-ExtraSpecsNegativeTest-2142778784 tempest-ExtraSpecsNegativeTest-2142778784-project-admin] Empty body provided in request {{(pid=110355) get_body /opt/stack/cinder/cinder/api/openstack/wsgi.py:715}}
Apr 12 19:06:39.931512 dv-cinder-837541-1-smb devstack@c-api.service[110355]: DEBUG cinder.api.openstack.wsgi [None req-dc0a4a4b-a498-4462-818d-81d3fb8b7637 tempest-ExtraSpecsNegativeTest-2142778784 tempest-ExtraSpecsNegativeTest-2142778784-project-admin] Calling method 'show' {{(pid=110355) _process_stack /opt/stack/cinder/cinder/api/openstack/wsgi.py:868}}
Apr 12 19:06:39.936838 dv-cinder-837541-1-smb devstack@c-api.service[110355]: INFO cinder.api.openstack.wsgi [None req-dc0a4a4b-a498-4462-818d-81d3fb8b7637 tempest-ExtraSpecsNegativeTest-2142778784 tempest-ExtraSpecsNegativeTest-2142778784-project-admin] http://10.222.0.13/volume/v3/0ea73918513549f388c76e2dee1618e3/types/2cc0c339-e0f6-4fb6-8c54-be8877ab8cb8 returned with HTTP 404
Apr 12 19:06:39.937865 dv-cinder-837541-1-smb devstack@c-api.service[110355]: [pid: 110355|app: 0|req: 185/367] 10.222.0.13 () {58 vars in 1318 bytes} [Tue Apr 12 19:06:39 2022] GET /volume/v3/0ea73918513549f388c76e2dee1618e3/types/2cc0c339-e0f6-4fb6-8c54-be8877ab8cb8 => generated 114 bytes in 12 msecs (HTTP/1.1 404) 7 headers in 292 bytes (1 switches on core 0)
Apr 12 19:06:39.966796 dv-cinder-837541-1-smb devstack@c-api.service[110354]: INFO cinder.api.openstack.wsgi [None req-90675945-430c-4c34-b1f2-bec665bc19e4 tempest-GroupsTest-1112019018 tempest-GroupsTest-1112019018-project-admin] http://10.222.0.13/volume/v3/1140e16f3c9d4d3a9c011949cfe3eaa4/types/aae0fa43-f2df-4e28-aeed-ee0f53110a91 returned with HTTP 202
Apr 12 19:06:39.967619 dv-cinder-837541-1-smb devstack@c-api.service[110354]: [pid: 110354|app: 0|req: 183/368] 10.222.0.13 () {58 vars in 1321 bytes} [Tue Apr 12 19:06:39 2022] DELETE /volume/v3/1140e16f3c9d4d3a9c011949cfe3eaa4/types/aae0fa43-f2df-4e28-aeed-ee0f53110a91 => generated 0 bytes in 49 msecs (HTTP/1.1 202) 6 headers in 233 bytes (2 switches on core 0)
Apr 12 19:06:39.972255 dv-cinder-837541-1-smb devstack@c-api.service[110355]: DEBUG cinder.api.middleware.request_id [None req-62df0b93-3911-4868-8e31-c6f39b02f085 None None] RequestId filter calling following filter/app {{(pid=110355) _context_setter /opt/stack/cinder/cinder/api/middleware/request_id.py:62}}
Apr 12 19:06:39.976105 dv-cinder-837541-1-smb devstack@c-api.service[110355]: INFO cinder.api.openstack.wsgi [None req-62df0b93-3911-4868-8e31-c6f39b02f085 tempest-GroupsTest-1112019018 tempest-GroupsTest-1112019018-project-admin] GET http://10.222.0.13/volume/v3/1140e16f3c9d4d3a9c011949cfe3eaa4/types/aae0fa43-f2df-4e28-aeed-ee0f53110a91
Apr 12 19:06:39.976545 dv-cinder-837541-1-smb devstack@c-api.service[110355]: DEBUG cinder.api.openstack.wsgi [None req-62df0b93-3911-4868-8e31-c6f39b02f085 tempest-GroupsTest-1112019018 tempest-GroupsTest-1112019018-project-admin] Empty body provided in request {{(pid=110355) get_body /opt/stack/cinder/cinder/api/openstack/wsgi.py:715}}
Apr 12 19:06:39.976995 dv-cinder-837541-1-smb devstack@c-api.service[110355]: DEBUG cinder.api.openstack.wsgi [None req-62df0b93-3911-4868-8e31-c6f39b02f085 tempest-GroupsTest-1112019018 tempest-GroupsTest-1112019018-project-admin] Calling method 'show' {{(pid=110355) _process_stack /opt/stack/cinder/cinder/api/openstack/wsgi.py:868}}
Apr 12 19:06:39.982018 dv-cinder-837541-1-smb devstack@c-api.service[110355]: INFO cinder.api.openstack.wsgi [None req-62df0b93-3911-4868-8e31-c6f39b02f085 tempest-GroupsTest-1112019018 tempest-GroupsTest-1112019018-project-admin] http://10.222.0.13/volume/v3/1140e16f3c9d4d3a9c011949cfe3eaa4/types/aae0fa43-f2df-4e28-aeed-ee0f53110a91 returned with HTTP 404
Apr 12 19:06:39.982859 dv-cinder-837541-1-smb devstack@c-api.service[110355]: [pid: 110355|app: 0|req: 186/369] 10.222.0.13 () {58 vars in 1318 bytes} [Tue Apr 12 19:06:39 2022] GET /volume/v3/1140e16f3c9d4d3a9c011949cfe3eaa4/types/aae0fa43-f2df-4e28-aeed-ee0f53110a91 => generated 114 bytes in 12 msecs (HTTP/1.1 404) 7 headers in 292 bytes (2 switches on core 0)
