Apr 14 20:23:33.583818 dv-cinder-837539-3-smb devstack@c-api.service[110097]: [pid: 110097|app: 0|req: 207/433] 10.222.0.30 () {58 vars in 1327 bytes} [Thu Apr 14 20:23:33 2022] DELETE /volume/v3/bc2639658a864b1f892ea34ede7fcad3/volumes/8055e5cd-3a20-4c9e-a5a7-774392b42743 => generated 0 bytes in 110 msecs (HTTP/1.1 202) 6 headers in 233 bytes (1 switches on core 0)
Apr 14 20:23:33.586638 dv-cinder-837539-3-smb devstack@c-api.service[110097]: DEBUG cinder.api.middleware.request_id [None req-81a963c1-fc3b-464b-a565-65129e66c6a6 None None] RequestId filter calling following filter/app {{(pid=110097) _context_setter /opt/stack/cinder/cinder/api/middleware/request_id.py:62}}
Apr 14 20:23:33.595652 dv-cinder-837539-3-smb devstack@c-api.service[110097]: INFO cinder.api.openstack.wsgi [None req-81a963c1-fc3b-464b-a565-65129e66c6a6 tempest-VolumesServicesTestJSON-365374101 tempest-VolumesServicesTestJSON-365374101-project] GET http://10.222.0.30/volume/v3/bc2639658a864b1f892ea34ede7fcad3/volumes/8055e5cd-3a20-4c9e-a5a7-774392b42743
Apr 14 20:23:33.598127 dv-cinder-837539-3-smb devstack@c-api.service[110097]: DEBUG cinder.api.openstack.wsgi [None req-81a963c1-fc3b-464b-a565-65129e66c6a6 tempest-VolumesServicesTestJSON-365374101 tempest-VolumesServicesTestJSON-365374101-project] Empty body provided in request {{(pid=110097) get_body /opt/stack/cinder/cinder/api/openstack/wsgi.py:715}}
Apr 14 20:23:33.598946 dv-cinder-837539-3-smb devstack@c-api.service[110097]: DEBUG cinder.api.openstack.wsgi [None req-81a963c1-fc3b-464b-a565-65129e66c6a6 tempest-VolumesServicesTestJSON-365374101 tempest-VolumesServicesTestJSON-365374101-project] Calling method 'show' {{(pid=110097) _process_stack /opt/stack/cinder/cinder/api/openstack/wsgi.py:868}}
Apr 14 20:23:33.631536 dv-cinder-837539-3-smb devstack@c-api.service[110097]: /usr/local/lib/python3.8/dist-packages/oslo_context/context.py:100: DeprecationWarning: Policy enforcement is depending on the value of is_admin. This key is deprecated. Please update your policy file to use the standard policy values.
Apr 14 20:23:33.631536 dv-cinder-837539-3-smb devstack@c-api.service[110097]: warnings.warn('Policy enforcement is depending on the value of '
Apr 14 20:23:33.646150 dv-cinder-837539-3-smb devstack@c-api.service[110097]: INFO cinder.volume.api [None req-81a963c1-fc3b-464b-a565-65129e66c6a6 tempest-VolumesServicesTestJSON-365374101 tempest-VolumesServicesTestJSON-365374101-project] Volume info retrieved successfully.
Apr 14 20:23:33.672632 dv-cinder-837539-3-smb devstack@c-api.service[110096]: INFO cinder.api.openstack.wsgi [None req-e3ef6310-3b17-47aa-915a-57e8940c8e8d tempest-VolumeQuotasAdminTestJSON-1215915984 tempest-VolumeQuotasAdminTestJSON-1215915984-project-admin] http://10.222.0.30/volume/v3/2211c03ff93c47939ef38c563f52fe96/os-quota-sets/ece2d55a50c64ebd9be6abc47acc40ba?usage=True returned with HTTP 200
Apr 14 20:23:33.676205 dv-cinder-837539-3-smb devstack@c-api.service[110097]: INFO cinder.api.openstack.wsgi [None req-81a963c1-fc3b-464b-a565-65129e66c6a6 tempest-VolumesServicesTestJSON-365374101 tempest-VolumesServicesTestJSON-365374101-project] http://10.222.0.30/volume/v3/bc2639658a864b1f892ea34ede7fcad3/volumes/8055e5cd-3a20-4c9e-a5a7-774392b42743 returned with HTTP 200
Apr 14 20:23:33.686297 dv-cinder-837539-3-smb devstack@c-api.service[110096]: [pid: 110096|app: 0|req: 227/434] 10.222.0.30 () {58 vars in 1351 bytes} [Thu Apr 14 20:23:33 2022] GET /volume/v3/2211c03ff93c47939ef38c563f52fe96/os-quota-sets/ece2d55a50c64ebd9be6abc47acc40ba?usage=True => generated 868 bytes in 131 msecs (HTTP/1.1 200) 7 headers in 285 bytes (2 switches on core 0)
Apr 14 20:23:33.687310 dv-cinder-837539-3-smb devstack@c-api.service[110097]: [pid: 110097|app: 0|req: 208/435] 10.222.0.30 () {58 vars in 1324 bytes} [Thu Apr 14 20:23:33 2022] GET /volume/v3/bc2639658a864b1f892ea34ede7fcad3/volumes/8055e5cd-3a20-4c9e-a5a7-774392b42743 => generated 915 bytes in 102 msecs (HTTP/1.1 200) 7 headers in 285 bytes (1 switches on core 0)
Apr 14 20:23:33.693615 dv-cinder-837539-3-smb devstack@c-api.service[110096]: DEBUG cinder.api.middleware.request_id [None req-a034773b-7fd4-45e1-9935-e4d11e5ab66d None None] RequestId filter calling following filter/app {{(pid=110096) _context_setter /opt/stack/cinder/cinder/api/middleware/request_id.py:62}}
Apr 14 20:23:33.711581 dv-cinder-837539-3-smb devstack@c-api.service[110096]: INFO cinder.api.openstack.wsgi [None req-a034773b-7fd4-45e1-9935-e4d11e5ab66d tempest-VolumeQuotasAdminTestJSON-1215915984 tempest-VolumeQuotasAdminTestJSON-1215915984-project-admin] GET http://10.222.0.30/volume/v3/2211c03ff93c47939ef38c563f52fe96/os-quota-sets/60e8383e31864b279078595eedaef9c0?usage=True
Apr 14 20:23:33.712078 dv-cinder-837539-3-smb devstack@c-api.service[110096]: DEBUG cinder.api.openstack.wsgi [None req-a034773b-7fd4-45e1-9935-e4d11e5ab66d tempest-VolumeQuotasAdminTestJSON-1215915984 tempest-VolumeQuotasAdminTestJSON-1215915984-project-admin] Empty body provided in request {{(pid=110096) get_body /opt/stack/cinder/cinder/api/openstack/wsgi.py:715}}
Apr 14 20:23:33.712653 dv-cinder-837539-3-smb devstack@c-api.service[110096]: DEBUG cinder.api.openstack.wsgi [None req-a034773b-7fd4-45e1-9935-e4d11e5ab66d tempest-VolumeQuotasAdminTestJSON-1215915984 tempest-VolumeQuotasAdminTestJSON-1215915984-project-admin] Calling method 'show' {{(pid=110096) _process_stack /opt/stack/cinder/cinder/api/openstack/wsgi.py:868}}
Apr 14 20:23:33.831319 dv-cinder-837539-3-smb devstack@c-api.service[110096]: INFO cinder.api.openstack.wsgi [None req-a034773b-7fd4-45e1-9935-e4d11e5ab66d tempest-VolumeQuotasAdminTestJSON-1215915984 tempest-VolumeQuotasAdminTestJSON-1215915984-project-admin] http://10.222.0.30/volume/v3/2211c03ff93c47939ef38c563f52fe96/os-quota-sets/60e8383e31864b279078595eedaef9c0?usage=True returned with HTTP 200
Apr 14 20:23:33.832123 dv-cinder-837539-3-smb devstack@c-api.service[110096]: [pid: 110096|app: 0|req: 228/436] 10.222.0.30 () {58 vars in 1351 bytes} [Thu Apr 14 20:23:33 2022] GET /volume/v3/2211c03ff93c47939ef38c563f52fe96/os-quota-sets/60e8383e31864b279078595eedaef9c0?usage=True => generated 868 bytes in 145 msecs (HTTP/1.1 200) 7 headers in 285 bytes (1 switches on core 0)
Apr 14 20:23:33.842174 dv-cinder-837539-3-smb devstack@c-api.service[110097]: DEBUG cinder.api.middleware.request_id [None req-e6eab845-be24-4b08-a5e4-1262ffd07579 None None] RequestId filter calling following filter/app {{(pid=110097) _context_setter /opt/stack/cinder/cinder/api/middleware/request_id.py:62}}
Apr 14 20:23:33.847732 dv-cinder-837539-3-smb devstack@c-api.service[110097]: INFO cinder.api.openstack.wsgi [None req-e6eab845-be24-4b08-a5e4-1262ffd07579 tempest-VolumeQuotasAdminTestJSON-706417159 tempest-VolumeQuotasAdminTestJSON-706417159-project] POST http://10.222.0.30/volume/v3/ece2d55a50c64ebd9be6abc47acc40ba/os-volume-transfer
Apr 14 20:23:33.848553 dv-cinder-837539-3-smb devstack@c-api.service[110097]: DEBUG cinder.api.openstack.wsgi [None req-e6eab845-be24-4b08-a5e4-1262ffd07579 tempest-VolumeQuotasAdminTestJSON-706417159 tempest-VolumeQuotasAdminTestJSON-706417159-project] Action: 'create', calling method: create, body: {"transfer": {"volume_id": "10e514e5-87ab-4c0d-85f2-1e5da19f6942"}} {{(pid=110097) _process_stack /opt/stack/cinder/cinder/api/openstack/wsgi.py:866}}
Apr 14 20:23:33.849404 dv-cinder-837539-3-smb devstack@c-api.service[110097]: DEBUG cinder.api.contrib.volume_transfer [None req-e6eab845-be24-4b08-a5e4-1262ffd07579 tempest-VolumeQuotasAdminTestJSON-706417159 tempest-VolumeQuotasAdminTestJSON-706417159-project] Creating new volume transfer {'transfer': {'volume_id': '10e514e5-87ab-4c0d-85f2-1e5da19f6942'}} {{(pid=110097) create /opt/stack/cinder/cinder/api/contrib/volume_transfer.py:85}}
Apr 14 20:23:33.849704 dv-cinder-837539-3-smb devstack@c-api.service[110097]: INFO cinder.api.contrib.volume_transfer [None req-e6eab845-be24-4b08-a5e4-1262ffd07579 tempest-VolumeQuotasAdminTestJSON-706417159 tempest-VolumeQuotasAdminTestJSON-706417159-project] Creating transfer of volume 10e514e5-87ab-4c0d-85f2-1e5da19f6942
Apr 14 20:23:33.850038 dv-cinder-837539-3-smb devstack@c-api.service[110097]: INFO cinder.transfer.api [None req-e6eab845-be24-4b08-a5e4-1262ffd07579 tempest-VolumeQuotasAdminTestJSON-706417159 tempest-VolumeQuotasAdminTestJSON-706417159-project] Generating transfer record for volume 10e514e5-87ab-4c0d-85f2-1e5da19f6942
Apr 14 20:23:33.899603 dv-cinder-837539-3-smb devstack@c-api.service[110097]: /usr/local/lib/python3.8/dist-packages/oslo_context/context.py:100: DeprecationWarning: Policy enforcement is depending on the value of is_admin. This key is deprecated. Please update your policy file to use the standard policy values.
Apr 14 20:23:33.899603 dv-cinder-837539-3-smb devstack@c-api.service[110097]: warnings.warn('Policy enforcement is depending on the value of '
Apr 14 20:23:33.944220 dv-cinder-837539-3-smb devstack@c-api.service[110097]: INFO cinder.api.openstack.wsgi [None req-e6eab845-be24-4b08-a5e4-1262ffd07579 tempest-VolumeQuotasAdminTestJSON-706417159 tempest-VolumeQuotasAdminTestJSON-706417159-project] http://10.222.0.30/volume/v3/ece2d55a50c64ebd9be6abc47acc40ba/os-volume-transfer returned with HTTP 202
Apr 14 20:23:33.945376 dv-cinder-837539-3-smb devstack@c-api.service[110097]: [pid: 110097|app: 0|req: 209/437] 10.222.0.30 () {60 vars in 1267 bytes} [Thu Apr 14 20:23:33 2022] POST /volume/v3/ece2d55a50c64ebd9be6abc47acc40ba/os-volume-transfer => generated 507 bytes in 104 msecs (HTTP/1.1 202) 7 headers in 291 bytes (1 switches on core 0)
Apr 14 20:23:33.952755 dv-cinder-837539-3-smb devstack@c-api.service[110096]: DEBUG cinder.api.middleware.request_id [None req-7a34de85-0196-4be8-99fe-0cf1268e352b None None] RequestId filter calling following filter/app {{(pid=110096) _context_setter /opt/stack/cinder/cinder/api/middleware/request_id.py:62}}
Apr 14 20:23:34.170095 dv-cinder-837539-3-smb devstack@c-api.service[110097]: DEBUG cinder.api.middleware.request_id [None req-123bc0ff-7809-4e88-83ee-69de74f9cb62 None None] RequestId filter calling following filter/app {{(pid=110097) _context_setter /opt/stack/cinder/cinder/api/middleware/request_id.py:62}}
Apr 14 20:23:34.273712 dv-cinder-837539-3-smb devstack@c-api.service[110096]: INFO cinder.api.openstack.wsgi [None req-7a34de85-0196-4be8-99fe-0cf1268e352b tempest-VolumeQuotasAdminTestJSON-1203283945 tempest-VolumeQuotasAdminTestJSON-1203283945-project] POST http://10.222.0.30/volume/v3/60e8383e31864b279078595eedaef9c0/os-volume-transfer/8505e9fc-ff5a-41a0-a38b-333b25894f0e/accept
Apr 14 20:23:34.274500 dv-cinder-837539-3-smb devstack@c-api.service[110096]: DEBUG cinder.api.openstack.wsgi [None req-7a34de85-0196-4be8-99fe-0cf1268e352b tempest-VolumeQuotasAdminTestJSON-1203283945 tempest-VolumeQuotasAdminTestJSON-1203283945-project] Action: 'accept', calling method: accept, body: {"accept": {"auth_key": "5072177f88d4e5ef"}} {{(pid=110096) _process_stack /opt/stack/cinder/cinder/api/openstack/wsgi.py:866}}
Apr 14 20:23:34.275481 dv-cinder-837539-3-smb devstack@c-api.service[110096]: DEBUG cinder.api.contrib.volume_transfer [None req-7a34de85-0196-4be8-99fe-0cf1268e352b tempest-VolumeQuotasAdminTestJSON-1203283945 tempest-VolumeQuotasAdminTestJSON-1203283945-project] Accepting volume transfer 8505e9fc-ff5a-41a0-a38b-333b25894f0e {{(pid=110096) accept /opt/stack/cinder/cinder/api/contrib/volume_transfer.py:115}}
Apr 14 20:23:34.275782 dv-cinder-837539-3-smb devstack@c-api.service[110096]: INFO cinder.api.contrib.volume_transfer [None req-7a34de85-0196-4be8-99fe-0cf1268e352b tempest-VolumeQuotasAdminTestJSON-1203283945 tempest-VolumeQuotasAdminTestJSON-1203283945-project] Accepting transfer 8505e9fc-ff5a-41a0-a38b-333b25894f0e
Apr 14 20:23:34.354418 dv-cinder-837539-3-smb devstack@c-api.service[110097]: INFO cinder.api.openstack.wsgi [None req-123bc0ff-7809-4e88-83ee-69de74f9cb62 tempest-VolumeTypesExtraSpecsTest-875616288 tempest-VolumeTypesExtraSpecsTest-875616288-project-admin] POST http://10.222.0.30/volume/v3/78dd4d54b8ff48efa63976d387d3dce4/types
Apr 14 20:23:34.355249 dv-cinder-837539-3-smb devstack@c-api.service[110097]: DEBUG cinder.api.openstack.wsgi [None req-123bc0ff-7809-4e88-83ee-69de74f9cb62 tempest-VolumeTypesExtraSpecsTest-875616288 tempest-VolumeTypesExtraSpecsTest-875616288-project-admin] Action: 'create', calling method: _create, body: {"volume_type": {"name": "tempest-VolumeTypesExtraSpecsTest-volume-type-667492572"}} {{(pid=110097) _process_stack /opt/stack/cinder/cinder/api/openstack/wsgi.py:866}}
Apr 14 20:23:34.397781 dv-cinder-837539-3-smb devstack@c-api.service[110097]: INFO cinder.api.openstack.wsgi [None req-123bc0ff-7809-4e88-83ee-69de74f9cb62 tempest-VolumeTypesExtraSpecsTest-875616288 tempest-VolumeTypesExtraSpecsTest-875616288-project-admin] http://10.222.0.30/volume/v3/78dd4d54b8ff48efa63976d387d3dce4/types returned with HTTP 200
Apr 14 20:23:34.400405 dv-cinder-837539-3-smb devstack@c-api.service[110097]: [pid: 110097|app: 0|req: 210/438] 10.222.0.30 () {60 vars in 1228 bytes} [Thu Apr 14 20:23:34 2022] POST /volume/v3/78dd4d54b8ff48efa63976d387d3dce4/types => generated 230 bytes in 231 msecs (HTTP/1.1 200) 7 headers in 285 bytes (2 switches on core 0)
Apr 14 20:23:34.409065 dv-cinder-837539-3-smb devstack@c-api.service[110097]: DEBUG cinder.api.middleware.request_id [None req-ca11179b-e8ff-40a7-82e5-8a7633c578a8 None None] RequestId filter calling following filter/app {{(pid=110097) _context_setter /opt/stack/cinder/cinder/api/middleware/request_id.py:62}}
Apr 14 20:23:34.414420 dv-cinder-837539-3-smb devstack@c-api.service[110097]: INFO cinder.api.openstack.wsgi [None req-ca11179b-e8ff-40a7-82e5-8a7633c578a8 tempest-VolumeTypesExtraSpecsTest-875616288 tempest-VolumeTypesExtraSpecsTest-875616288-project-admin] POST http://10.222.0.30/volume/v3/78dd4d54b8ff48efa63976d387d3dce4/types/3e7e5ad1-10e8-4b72-abb9-2eb244f09341/extra_specs
Apr 14 20:23:34.415113 dv-cinder-837539-3-smb devstack@c-api.service[110097]: DEBUG cinder.api.openstack.wsgi [None req-ca11179b-e8ff-40a7-82e5-8a7633c578a8 tempest-VolumeTypesExtraSpecsTest-875616288 tempest-VolumeTypesExtraSpecsTest-875616288-project-admin] Action: 'create', calling method: create, body: {"extra_specs": {"spec3": "val1"}} {{(pid=110097) _process_stack /opt/stack/cinder/cinder/api/openstack/wsgi.py:866}}
Apr 14 20:23:34.483992 dv-cinder-837539-3-smb devstack@c-api.service[110097]: INFO cinder.api.openstack.wsgi [None req-ca11179b-e8ff-40a7-82e5-8a7633c578a8 tempest-VolumeTypesExtraSpecsTest-875616288 tempest-VolumeTypesExtraSpecsTest-875616288-project-admin] http://10.222.0.30/volume/v3/78dd4d54b8ff48efa63976d387d3dce4/types/3e7e5ad1-10e8-4b72-abb9-2eb244f09341/extra_specs returned with HTTP 200
Apr 14 20:23:34.486053 dv-cinder-837539-3-smb devstack@c-api.service[110097]: [pid: 110097|app: 0|req: 211/439] 10.222.0.30 () {60 vars in 1375 bytes} [Thu Apr 14 20:23:34 2022] POST /volume/v3/78dd4d54b8ff48efa63976d387d3dce4/types/3e7e5ad1-10e8-4b72-abb9-2eb244f09341/extra_specs => generated 34 bytes in 79 msecs (HTTP/1.1 200) 7 headers in 284 bytes (1 switches on core 0)
Apr 14 20:23:34.494075 dv-cinder-837539-3-smb devstack@c-api.service[110097]: DEBUG cinder.api.middleware.request_id [None req-ca058b86-0f28-4511-93dd-ab71f184c7c4 None None] RequestId filter calling following filter/app {{(pid=110097) _context_setter /opt/stack/cinder/cinder/api/middleware/request_id.py:62}}
Apr 14 20:23:34.502766 dv-cinder-837539-3-smb devstack@c-api.service[110097]: INFO cinder.api.openstack.wsgi [None req-ca058b86-0f28-4511-93dd-ab71f184c7c4 tempest-VolumeTypesExtraSpecsTest-875616288 tempest-VolumeTypesExtraSpecsTest-875616288-project-admin] GET http://10.222.0.30/volume/v3/78dd4d54b8ff48efa63976d387d3dce4/types/3e7e5ad1-10e8-4b72-abb9-2eb244f09341/extra_specs/spec3
Apr 14 20:23:34.504062 dv-cinder-837539-3-smb devstack@c-api.service[110097]: DEBUG cinder.api.openstack.wsgi [None req-ca058b86-0f28-4511-93dd-ab71f184c7c4 tempest-VolumeTypesExtraSpecsTest-875616288 tempest-VolumeTypesExtraSpecsTest-875616288-project-admin] Empty body provided in request {{(pid=110097) get_body /opt/stack/cinder/cinder/api/openstack/wsgi.py:715}}
Apr 14 20:23:34.505165 dv-cinder-837539-3-smb devstack@c-api.service[110097]: DEBUG cinder.api.openstack.wsgi [None req-ca058b86-0f28-4511-93dd-ab71f184c7c4 tempest-VolumeTypesExtraSpecsTest-875616288 tempest-VolumeTypesExtraSpecsTest-875616288-project-admin] Calling method 'show' {{(pid=110097) _process_stack /opt/stack/cinder/cinder/api/openstack/wsgi.py:868}}
Apr 14 20:23:34.509808 dv-cinder-837539-3-smb devstack@c-api.service[110096]: DEBUG cinder.quota [None req-7a34de85-0196-4be8-99fe-0cf1268e352b tempest-VolumeQuotasAdminTestJSON-1203283945 tempest-VolumeQuotasAdminTestJSON-1203283945-project] Created reservations ['a238ea23-94ae-4174-a276-476d8a3c684a', '4e1cbbaf-9df8-4a6c-aa01-d9a09105a01c', 'e2cafa9a-5bfc-4792-91dc-98a710c391a1', '7197ef90-dc83-42cb-8aac-4ed8f55b1a6d'] {{(pid=110096) reserve /opt/stack/cinder/cinder/quota.py:755}}
Apr 14 20:23:34.523907 dv-cinder-837539-3-smb devstack@c-api.service[110097]: INFO cinder.api.openstack.wsgi [None req-ca058b86-0f28-4511-93dd-ab71f184c7c4 tempest-VolumeTypesExtraSpecsTest-875616288 tempest-VolumeTypesExtraSpecsTest-875616288-project-admin] http://10.222.0.30/volume/v3/78dd4d54b8ff48efa63976d387d3dce4/types/3e7e5ad1-10e8-4b72-abb9-2eb244f09341/extra_specs/spec3 returned with HTTP 200
Apr 14 20:23:34.525249 dv-cinder-837539-3-smb devstack@c-api.service[110097]: [pid: 110097|app: 0|req: 212/440] 10.222.0.30 () {58 vars in 1372 bytes} [Thu Apr 14 20:23:34 2022] GET /volume/v3/78dd4d54b8ff48efa63976d387d3dce4/types/3e7e5ad1-10e8-4b72-abb9-2eb244f09341/extra_specs/spec3 => generated 17 bytes in 33 msecs (HTTP/1.1 200) 7 headers in 284 bytes (2 switches on core 0)
Apr 14 20:23:34.531736 dv-cinder-837539-3-smb devstack@c-api.service[110097]: DEBUG cinder.api.middleware.request_id [None req-151f1158-5cce-4532-9921-0749108bd83c None None] RequestId filter calling following filter/app {{(pid=110097) _context_setter /opt/stack/cinder/cinder/api/middleware/request_id.py:62}}
Apr 14 20:23:34.539183 dv-cinder-837539-3-smb devstack@c-api.service[110097]: INFO cinder.api.openstack.wsgi [None req-151f1158-5cce-4532-9921-0749108bd83c tempest-VolumeTypesExtraSpecsTest-875616288 tempest-VolumeTypesExtraSpecsTest-875616288-project-admin] DELETE http://10.222.0.30/volume/v3/78dd4d54b8ff48efa63976d387d3dce4/types/3e7e5ad1-10e8-4b72-abb9-2eb244f09341/extra_specs/spec3
Apr 14 20:23:34.539723 dv-cinder-837539-3-smb devstack@c-api.service[110097]: DEBUG cinder.api.openstack.wsgi [None req-151f1158-5cce-4532-9921-0749108bd83c tempest-VolumeTypesExtraSpecsTest-875616288 tempest-VolumeTypesExtraSpecsTest-875616288-project-admin] Empty body provided in request {{(pid=110097) get_body /opt/stack/cinder/cinder/api/openstack/wsgi.py:715}}
Apr 14 20:23:34.540844 dv-cinder-837539-3-smb devstack@c-api.service[110097]: DEBUG cinder.api.openstack.wsgi [None req-151f1158-5cce-4532-9921-0749108bd83c tempest-VolumeTypesExtraSpecsTest-875616288 tempest-VolumeTypesExtraSpecsTest-875616288-project-admin] Calling method 'delete' {{(pid=110097) _process_stack /opt/stack/cinder/cinder/api/openstack/wsgi.py:868}}
Apr 14 20:23:34.562186 dv-cinder-837539-3-smb devstack@c-api.service[110096]: DEBUG cinder.quota [None req-7a34de85-0196-4be8-99fe-0cf1268e352b tempest-VolumeQuotasAdminTestJSON-1203283945 tempest-VolumeQuotasAdminTestJSON-1203283945-project] Created reservations ['f19b87e3-8e3b-451b-9548-5acff8b497db', '867e7824-6f6f-4429-9e37-a3c7789c355a', '15651103-5e33-4037-93a2-72086ab4ae99', 'c72385e6-c8b2-48b1-99ab-5ec43efcdb96'] {{(pid=110096) reserve /opt/stack/cinder/cinder/quota.py:755}}
Apr 14 20:23:34.604570 dv-cinder-837539-3-smb devstack@c-api.service[110097]: INFO cinder.api.openstack.wsgi [None req-151f1158-5cce-4532-9921-0749108bd83c tempest-VolumeTypesExtraSpecsTest-875616288 tempest-VolumeTypesExtraSpecsTest-875616288-project-admin] http://10.222.0.30/volume/v3/78dd4d54b8ff48efa63976d387d3dce4/types/3e7e5ad1-10e8-4b72-abb9-2eb244f09341/extra_specs/spec3 returned with HTTP 202
Apr 14 20:23:34.605690 dv-cinder-837539-3-smb devstack@c-api.service[110097]: [pid: 110097|app: 0|req: 213/441] 10.222.0.30 () {58 vars in 1375 bytes} [Thu Apr 14 20:23:34 2022] DELETE /volume/v3/78dd4d54b8ff48efa63976d387d3dce4/types/3e7e5ad1-10e8-4b72-abb9-2eb244f09341/extra_specs/spec3 => generated 0 bytes in 76 msecs (HTTP/1.1 202) 7 headers in 289 bytes (2 switches on core 0)
Apr 14 20:23:34.610247 dv-cinder-837539-3-smb devstack@c-api.service[110097]: DEBUG cinder.api.middleware.request_id [None req-22a46f3f-e2b1-4ebe-8a84-366db81b0108 None None] RequestId filter calling following filter/app {{(pid=110097) _context_setter /opt/stack/cinder/cinder/api/middleware/request_id.py:62}}
Apr 14 20:23:34.621986 dv-cinder-837539-3-smb devstack@c-api.service[110097]: INFO cinder.api.openstack.wsgi [None req-22a46f3f-e2b1-4ebe-8a84-366db81b0108 tempest-VolumeTypesExtraSpecsTest-875616288 tempest-VolumeTypesExtraSpecsTest-875616288-project-admin] GET http://10.222.0.30/volume/v3/78dd4d54b8ff48efa63976d387d3dce4/types/3e7e5ad1-10e8-4b72-abb9-2eb244f09341/extra_specs/spec3
Apr 14 20:23:34.622448 dv-cinder-837539-3-smb devstack@c-api.service[110097]: DEBUG cinder.api.openstack.wsgi [None req-22a46f3f-e2b1-4ebe-8a84-366db81b0108 tempest-VolumeTypesExtraSpecsTest-875616288 tempest-VolumeTypesExtraSpecsTest-875616288-project-admin] Empty body provided in request {{(pid=110097) get_body /opt/stack/cinder/cinder/api/openstack/wsgi.py:715}}
Apr 14 20:23:34.622902 dv-cinder-837539-3-smb devstack@c-api.service[110097]: DEBUG cinder.api.openstack.wsgi [None req-22a46f3f-e2b1-4ebe-8a84-366db81b0108 tempest-VolumeTypesExtraSpecsTest-875616288 tempest-VolumeTypesExtraSpecsTest-875616288-project-admin] Calling method 'show' {{(pid=110097) _process_stack /opt/stack/cinder/cinder/api/openstack/wsgi.py:868}}
Apr 14 20:23:34.637893 dv-cinder-837539-3-smb devstack@c-api.service[110097]: INFO cinder.api.openstack.wsgi [None req-22a46f3f-e2b1-4ebe-8a84-366db81b0108 tempest-VolumeTypesExtraSpecsTest-875616288 tempest-VolumeTypesExtraSpecsTest-875616288-project-admin] http://10.222.0.30/volume/v3/78dd4d54b8ff48efa63976d387d3dce4/types/3e7e5ad1-10e8-4b72-abb9-2eb244f09341/extra_specs/spec3 returned with HTTP 404
Apr 14 20:23:34.638847 dv-cinder-837539-3-smb devstack@c-api.service[110097]: [pid: 110097|app: 0|req: 214/442] 10.222.0.30 () {58 vars in 1372 bytes} [Thu Apr 14 20:23:34 2022] GET /volume/v3/78dd4d54b8ff48efa63976d387d3dce4/types/3e7e5ad1-10e8-4b72-abb9-2eb244f09341/extra_specs/spec3 => generated 129 bytes in 30 msecs (HTTP/1.1 404) 7 headers in 292 bytes (2 switches on core 0)
Apr 14 20:23:34.646672 dv-cinder-837539-3-smb devstack@c-api.service[110097]: DEBUG cinder.api.middleware.request_id [None req-a3a78567-baab-40f9-ad72-03d6594bae4e None None] RequestId filter calling following filter/app {{(pid=110097) _context_setter /opt/stack/cinder/cinder/api/middleware/request_id.py:62}}
Apr 14 20:23:34.652381 dv-cinder-837539-3-smb devstack@c-api.service[110097]: INFO cinder.api.openstack.wsgi [None req-a3a78567-baab-40f9-ad72-03d6594bae4e tempest-VolumeTypesExtraSpecsTest-875616288 tempest-VolumeTypesExtraSpecsTest-875616288-project-admin] POST http://10.222.0.30/volume/v3/78dd4d54b8ff48efa63976d387d3dce4/types/3e7e5ad1-10e8-4b72-abb9-2eb244f09341/extra_specs
Apr 14 20:23:34.653302 dv-cinder-837539-3-smb devstack@c-api.service[110097]: DEBUG cinder.api.openstack.wsgi [None req-a3a78567-baab-40f9-ad72-03d6594bae4e tempest-VolumeTypesExtraSpecsTest-875616288 tempest-VolumeTypesExtraSpecsTest-875616288-project-admin] Action: 'create', calling method: create, body: {"extra_specs": {"spec1": "val1"}} {{(pid=110097) _process_stack /opt/stack/cinder/cinder/api/openstack/wsgi.py:866}}
Apr 14 20:23:34.656791 dv-cinder-837539-3-smb devstack@c-api.service[110096]: DEBUG cinder.quota [None req-7a34de85-0196-4be8-99fe-0cf1268e352b tempest-VolumeQuotasAdminTestJSON-1203283945 tempest-VolumeQuotasAdminTestJSON-1203283945-project] Created reservations ['8686394d-a3e5-43a0-947c-e09d64191b3c', '3a7ace19-50aa-4042-959c-0a5834d1c505', '0bd708fb-f16b-4c52-b5b5-c55459a7e051', '26d45e72-529d-41f8-a52f-42380c176526'] {{(pid=110096) reserve /opt/stack/cinder/cinder/quota.py:755}}
Apr 14 20:23:34.705524 dv-cinder-837539-3-smb devstack@c-api.service[110097]: INFO cinder.api.openstack.wsgi [None req-a3a78567-baab-40f9-ad72-03d6594bae4e tempest-VolumeTypesExtraSpecsTest-875616288 tempest-VolumeTypesExtraSpecsTest-875616288-project-admin] http://10.222.0.30/volume/v3/78dd4d54b8ff48efa63976d387d3dce4/types/3e7e5ad1-10e8-4b72-abb9-2eb244f09341/extra_specs returned with HTTP 200
Apr 14 20:23:34.706708 dv-cinder-837539-3-smb devstack@c-api.service[110097]: [pid: 110097|app: 0|req: 215/443] 10.222.0.30 () {60 vars in 1375 bytes} [Thu Apr 14 20:23:34 2022] POST /volume/v3/78dd4d54b8ff48efa63976d387d3dce4/types/3e7e5ad1-10e8-4b72-abb9-2eb244f09341/extra_specs => generated 34 bytes in 62 msecs (HTTP/1.1 200) 7 headers in 284 bytes (1 switches on core 0)
Apr 14 20:23:34.712366 dv-cinder-837539-3-smb devstack@c-api.service[110097]: DEBUG cinder.api.middleware.request_id [None req-7a45db8d-52b9-4afe-8f42-c196d2fb319c None None] RequestId filter calling following filter/app {{(pid=110097) _context_setter /opt/stack/cinder/cinder/api/middleware/request_id.py:62}}
Apr 14 20:23:34.716767 dv-cinder-837539-3-smb devstack@c-api.service[110097]: INFO cinder.api.openstack.wsgi [None req-7a45db8d-52b9-4afe-8f42-c196d2fb319c tempest-VolumesServicesTestJSON-365374101 tempest-VolumesServicesTestJSON-365374101-project] GET http://10.222.0.30/volume/v3/bc2639658a864b1f892ea34ede7fcad3/volumes/8055e5cd-3a20-4c9e-a5a7-774392b42743
Apr 14 20:23:34.717219 dv-cinder-837539-3-smb devstack@c-api.service[110097]: DEBUG cinder.api.openstack.wsgi [None req-7a45db8d-52b9-4afe-8f42-c196d2fb319c tempest-VolumesServicesTestJSON-365374101 tempest-VolumesServicesTestJSON-365374101-project] Empty body provided in request {{(pid=110097) get_body /opt/stack/cinder/cinder/api/openstack/wsgi.py:715}}
Apr 14 20:23:34.718375 dv-cinder-837539-3-smb devstack@c-api.service[110097]: DEBUG cinder.api.openstack.wsgi [None req-7a45db8d-52b9-4afe-8f42-c196d2fb319c tempest-VolumesServicesTestJSON-365374101 tempest-VolumesServicesTestJSON-365374101-project] Calling method 'show' {{(pid=110097) _process_stack /opt/stack/cinder/cinder/api/openstack/wsgi.py:868}}
Apr 14 20:23:34.731319 dv-cinder-837539-3-smb devstack@c-api.service[110097]: INFO cinder.api.openstack.wsgi [None req-7a45db8d-52b9-4afe-8f42-c196d2fb319c tempest-VolumesServicesTestJSON-365374101 tempest-VolumesServicesTestJSON-365374101-project] http://10.222.0.30/volume/v3/bc2639658a864b1f892ea34ede7fcad3/volumes/8055e5cd-3a20-4c9e-a5a7-774392b42743 returned with HTTP 404
Apr 14 20:23:34.735622 dv-cinder-837539-3-smb devstack@c-api.service[110097]: [pid: 110097|app: 0|req: 216/444] 10.222.0.30 () {58 vars in 1324 bytes} [Thu Apr 14 20:23:34 2022] GET /volume/v3/bc2639658a864b1f892ea34ede7fcad3/volumes/8055e5cd-3a20-4c9e-a5a7-774392b42743 => generated 109 bytes in 21 msecs (HTTP/1.1 404) 7 headers in 292 bytes (1 switches on core 0)
Apr 14 20:23:34.735622 dv-cinder-837539-3-smb devstack@c-api.service[110097]: DEBUG cinder.api.middleware.request_id [None req-648d6189-e7a6-4a75-a856-22d6a4166f74 None None] RequestId filter calling following filter/app {{(pid=110097) _context_setter /opt/stack/cinder/cinder/api/middleware/request_id.py:62}}
Apr 14 20:23:34.741473 dv-cinder-837539-3-smb devstack@c-api.service[110097]: INFO cinder.api.openstack.wsgi [None req-648d6189-e7a6-4a75-a856-22d6a4166f74 tempest-VolumeTypesExtraSpecsTest-875616288 tempest-VolumeTypesExtraSpecsTest-875616288-project-admin] GET http://10.222.0.30/volume/v3/78dd4d54b8ff48efa63976d387d3dce4/types/3e7e5ad1-10e8-4b72-abb9-2eb244f09341/extra_specs
Apr 14 20:23:34.742347 dv-cinder-837539-3-smb devstack@c-api.service[110097]: DEBUG cinder.api.openstack.wsgi [None req-648d6189-e7a6-4a75-a856-22d6a4166f74 tempest-VolumeTypesExtraSpecsTest-875616288 tempest-VolumeTypesExtraSpecsTest-875616288-project-admin] Empty body provided in request {{(pid=110097) get_body /opt/stack/cinder/cinder/api/openstack/wsgi.py:715}}
Apr 14 20:23:34.743306 dv-cinder-837539-3-smb devstack@c-api.service[110097]: DEBUG cinder.api.openstack.wsgi [None req-648d6189-e7a6-4a75-a856-22d6a4166f74 tempest-VolumeTypesExtraSpecsTest-875616288 tempest-VolumeTypesExtraSpecsTest-875616288-project-admin] Calling method 'index' {{(pid=110097) _process_stack /opt/stack/cinder/cinder/api/openstack/wsgi.py:868}}
Apr 14 20:23:34.745465 dv-cinder-837539-3-smb devstack@c-api.service[110096]: DEBUG cinder.quota [None req-7a34de85-0196-4be8-99fe-0cf1268e352b tempest-VolumeQuotasAdminTestJSON-1203283945 tempest-VolumeQuotasAdminTestJSON-1203283945-project] Created reservations ['1bb8a994-ccde-466e-9b17-2bbb135f8bdf', '0799c530-186e-4f07-af6c-d83ab4729773', 'abc79295-a9d9-4ed8-9f43-09aaf47ff416', 'addb0720-35bc-49ff-bf13-7ed10575b88f'] {{(pid=110096) reserve /opt/stack/cinder/cinder/quota.py:755}}
Apr 14 20:23:34.760692 dv-cinder-837539-3-smb devstack@c-api.service[110097]: INFO cinder.api.openstack.wsgi [None req-648d6189-e7a6-4a75-a856-22d6a4166f74 tempest-VolumeTypesExtraSpecsTest-875616288 tempest-VolumeTypesExtraSpecsTest-875616288-project-admin] http://10.222.0.30/volume/v3/78dd4d54b8ff48efa63976d387d3dce4/types/3e7e5ad1-10e8-4b72-abb9-2eb244f09341/extra_specs returned with HTTP 200
Apr 14 20:23:34.767637 dv-cinder-837539-3-smb devstack@c-api.service[110097]: [pid: 110097|app: 0|req: 217/445] 10.222.0.30 () {58 vars in 1354 bytes} [Thu Apr 14 20:23:34 2022] GET /volume/v3/78dd4d54b8ff48efa63976d387d3dce4/types/3e7e5ad1-10e8-4b72-abb9-2eb244f09341/extra_specs => generated 34 bytes in 34 msecs (HTTP/1.1 200) 7 headers in 284 bytes (1 switches on core 0)
Apr 14 20:23:34.769043 dv-cinder-837539-3-smb devstack@c-api.service[110097]: DEBUG cinder.api.middleware.request_id [None req-6f5c55e6-e196-47df-a8f7-f46828c16e2d None None] RequestId filter calling following filter/app {{(pid=110097) _context_setter /opt/stack/cinder/cinder/api/middleware/request_id.py:62}}
Apr 14 20:23:34.774395 dv-cinder-837539-3-smb devstack@c-api.service[110097]: INFO cinder.api.openstack.wsgi [None req-6f5c55e6-e196-47df-a8f7-f46828c16e2d tempest-VolumeTypesExtraSpecsTest-875616288 tempest-VolumeTypesExtraSpecsTest-875616288-project-admin] POST http://10.222.0.30/volume/v3/78dd4d54b8ff48efa63976d387d3dce4/types/3e7e5ad1-10e8-4b72-abb9-2eb244f09341/extra_specs
Apr 14 20:23:34.775121 dv-cinder-837539-3-smb devstack@c-api.service[110097]: DEBUG cinder.api.openstack.wsgi [None req-6f5c55e6-e196-47df-a8f7-f46828c16e2d tempest-VolumeTypesExtraSpecsTest-875616288 tempest-VolumeTypesExtraSpecsTest-875616288-project-admin] Action: 'create', calling method: create, body: {"extra_specs": {"spec2": "val1"}} {{(pid=110097) _process_stack /opt/stack/cinder/cinder/api/openstack/wsgi.py:866}}
Apr 14 20:23:34.780443 dv-cinder-837539-3-smb devstack@c-api.service[110096]: INFO cinder.volume.api [None req-7a34de85-0196-4be8-99fe-0cf1268e352b tempest-VolumeQuotasAdminTestJSON-1203283945 tempest-VolumeQuotasAdminTestJSON-1203283945-project] Transfer volume completed successfully.
Apr 14 20:23:34.879962 dv-cinder-837539-3-smb devstack@c-api.service[110097]: INFO cinder.api.openstack.wsgi [None req-6f5c55e6-e196-47df-a8f7-f46828c16e2d tempest-VolumeTypesExtraSpecsTest-875616288 tempest-VolumeTypesExtraSpecsTest-875616288-project-admin] http://10.222.0.30/volume/v3/78dd4d54b8ff48efa63976d387d3dce4/types/3e7e5ad1-10e8-4b72-abb9-2eb244f09341/extra_specs returned with HTTP 200
Apr 14 20:23:34.881364 dv-cinder-837539-3-smb devstack@c-api.service[110097]: [pid: 110097|app: 0|req: 218/446] 10.222.0.30 () {60 vars in 1375 bytes} [Thu Apr 14 20:23:34 2022] POST /volume/v3/78dd4d54b8ff48efa63976d387d3dce4/types/3e7e5ad1-10e8-4b72-abb9-2eb244f09341/extra_specs => generated 34 bytes in 113 msecs (HTTP/1.1 200) 7 headers in 284 bytes (1 switches on core 0)
Apr 14 20:23:34.888480 dv-cinder-837539-3-smb devstack@c-api.service[110097]: DEBUG cinder.api.middleware.request_id [None req-4854787d-f60c-4d6a-8716-53431f6fd814 None None] RequestId filter calling following filter/app {{(pid=110097) _context_setter /opt/stack/cinder/cinder/api/middleware/request_id.py:62}}
Apr 14 20:23:34.894901 dv-cinder-837539-3-smb devstack@c-api.service[110097]: INFO cinder.api.openstack.wsgi [None req-4854787d-f60c-4d6a-8716-53431f6fd814 tempest-VolumeTypesExtraSpecsTest-875616288 tempest-VolumeTypesExtraSpecsTest-875616288-project-admin] PUT http://10.222.0.30/volume/v3/78dd4d54b8ff48efa63976d387d3dce4/types/3e7e5ad1-10e8-4b72-abb9-2eb244f09341/extra_specs/spec2
Apr 14 20:23:34.895910 dv-cinder-837539-3-smb devstack@c-api.service[110097]: DEBUG cinder.api.openstack.wsgi [None req-4854787d-f60c-4d6a-8716-53431f6fd814 tempest-VolumeTypesExtraSpecsTest-875616288 tempest-VolumeTypesExtraSpecsTest-875616288-project-admin] Action: 'update', calling method: update, body: {"spec2": "val2"} {{(pid=110097) _process_stack /opt/stack/cinder/cinder/api/openstack/wsgi.py:866}}
Apr 14 20:23:34.943434 dv-cinder-837539-3-smb devstack@c-api.service[110097]: INFO cinder.api.openstack.wsgi [None req-4854787d-f60c-4d6a-8716-53431f6fd814 tempest-VolumeTypesExtraSpecsTest-875616288 tempest-VolumeTypesExtraSpecsTest-875616288-project-admin] http://10.222.0.30/volume/v3/78dd4d54b8ff48efa63976d387d3dce4/types/3e7e5ad1-10e8-4b72-abb9-2eb244f09341/extra_specs/spec2 returned with HTTP 200
Apr 14 20:23:34.949488 dv-cinder-837539-3-smb devstack@c-api.service[110097]: [pid: 110097|app: 0|req: 219/447] 10.222.0.30 () {60 vars in 1392 bytes} [Thu Apr 14 20:23:34 2022] PUT /volume/v3/78dd4d54b8ff48efa63976d387d3dce4/types/3e7e5ad1-10e8-4b72-abb9-2eb244f09341/extra_specs/spec2 => generated 17 bytes in 63 msecs (HTTP/1.1 200) 7 headers in 284 bytes (1 switches on core 0)
Apr 14 20:23:34.952920 dv-cinder-837539-3-smb devstack@c-api.service[110097]: DEBUG cinder.api.middleware.request_id [None req-22a025f5-90b2-4a86-9162-975218a42987 None None] RequestId filter calling following filter/app {{(pid=110097) _context_setter /opt/stack/cinder/cinder/api/middleware/request_id.py:62}}
Apr 14 20:23:34.967901 dv-cinder-837539-3-smb devstack@c-api.service[110097]: INFO cinder.api.openstack.wsgi [None req-22a025f5-90b2-4a86-9162-975218a42987 tempest-VolumeTypesExtraSpecsTest-875616288 tempest-VolumeTypesExtraSpecsTest-875616288-project-admin] GET http://10.222.0.30/volume/v3/78dd4d54b8ff48efa63976d387d3dce4/types/3e7e5ad1-10e8-4b72-abb9-2eb244f09341/extra_specs/spec2
Apr 14 20:23:34.970693 dv-cinder-837539-3-smb devstack@c-api.service[110097]: DEBUG cinder.api.openstack.wsgi [None req-22a025f5-90b2-4a86-9162-975218a42987 tempest-VolumeTypesExtraSpecsTest-875616288 tempest-VolumeTypesExtraSpecsTest-875616288-project-admin] Empty body provided in request {{(pid=110097) get_body /opt/stack/cinder/cinder/api/openstack/wsgi.py:715}}
Apr 14 20:23:34.972145 dv-cinder-837539-3-smb devstack@c-api.service[110097]: DEBUG cinder.api.openstack.wsgi [None req-22a025f5-90b2-4a86-9162-975218a42987 tempest-VolumeTypesExtraSpecsTest-875616288 tempest-VolumeTypesExtraSpecsTest-875616288-project-admin] Calling method 'show' {{(pid=110097) _process_stack /opt/stack/cinder/cinder/api/openstack/wsgi.py:868}}
Apr 14 20:23:34.975877 dv-cinder-837539-3-smb devstack@c-api.service[110096]: INFO cinder.transfer.api [None req-7a34de85-0196-4be8-99fe-0cf1268e352b tempest-VolumeQuotasAdminTestJSON-1203283945 tempest-VolumeQuotasAdminTestJSON-1203283945-project] Volume 10e514e5-87ab-4c0d-85f2-1e5da19f6942 has been transferred.
Apr 14 20:23:34.999638 dv-cinder-837539-3-smb devstack@c-api.service[110097]: INFO cinder.api.openstack.wsgi [None req-22a025f5-90b2-4a86-9162-975218a42987 tempest-VolumeTypesExtraSpecsTest-875616288 tempest-VolumeTypesExtraSpecsTest-875616288-project-admin] http://10.222.0.30/volume/v3/78dd4d54b8ff48efa63976d387d3dce4/types/3e7e5ad1-10e8-4b72-abb9-2eb244f09341/extra_specs/spec2 returned with HTTP 200
Apr 14 20:23:35.001483 dv-cinder-837539-3-smb devstack@c-api.service[110097]: [pid: 110097|app: 0|req: 220/448] 10.222.0.30 () {58 vars in 1372 bytes} [Thu Apr 14 20:23:34 2022] GET /volume/v3/78dd4d54b8ff48efa63976d387d3dce4/types/3e7e5ad1-10e8-4b72-abb9-2eb244f09341/extra_specs/spec2 => generated 17 bytes in 51 msecs (HTTP/1.1 200) 7 headers in 284 bytes (1 switches on core 0)
Apr 14 20:23:35.007443 dv-cinder-837539-3-smb devstack@c-api.service[110097]: DEBUG cinder.api.middleware.request_id [None req-3c9e07d7-6fe2-4f28-a669-147ee3d49304 None None] RequestId filter calling following filter/app {{(pid=110097) _context_setter /opt/stack/cinder/cinder/api/middleware/request_id.py:62}}
Apr 14 20:23:35.010344 dv-cinder-837539-3-smb devstack@c-api.service[110096]: INFO cinder.api.openstack.wsgi [None req-7a34de85-0196-4be8-99fe-0cf1268e352b tempest-VolumeQuotasAdminTestJSON-1203283945 tempest-VolumeQuotasAdminTestJSON-1203283945-project] http://10.222.0.30/volume/v3/60e8383e31864b279078595eedaef9c0/os-volume-transfer/8505e9fc-ff5a-41a0-a38b-333b25894f0e/accept returned with HTTP 202
Apr 14 20:23:35.011234 dv-cinder-837539-3-smb devstack@c-api.service[110096]: [pid: 110096|app: 0|req: 229/449] 10.222.0.30 () {60 vars in 1399 bytes} [Thu Apr 14 20:23:33 2022] POST /volume/v3/60e8383e31864b279078595eedaef9c0/os-volume-transfer/8505e9fc-ff5a-41a0-a38b-333b25894f0e/accept => generated 431 bytes in 1060 msecs (HTTP/1.1 202) 7 headers in 291 bytes (1 switches on core 0)
Apr 14 20:23:35.013813 dv-cinder-837539-3-smb devstack@c-api.service[110097]: INFO cinder.api.openstack.wsgi [None req-3c9e07d7-6fe2-4f28-a669-147ee3d49304 tempest-VolumeTypesExtraSpecsTest-875616288 tempest-VolumeTypesExtraSpecsTest-875616288-project-admin] POST http://10.222.0.30/volume/v3/78dd4d54b8ff48efa63976d387d3dce4/types/3e7e5ad1-10e8-4b72-abb9-2eb244f09341/extra_specs
Apr 14 20:23:35.016361 dv-cinder-837539-3-smb devstack@c-api.service[110097]: DEBUG cinder.api.openstack.wsgi [None req-3c9e07d7-6fe2-4f28-a669-147ee3d49304 tempest-VolumeTypesExtraSpecsTest-875616288 tempest-VolumeTypesExtraSpecsTest-875616288-project-admin] Action: 'create', calling method: create, body: {"extra_specs": {"spec2": "val3", "spec4": "val4"}} {{(pid=110097) _process_stack /opt/stack/cinder/cinder/api/openstack/wsgi.py:866}}
Apr 14 20:23:35.020317 dv-cinder-837539-3-smb devstack@c-api.service[110096]: DEBUG cinder.api.middleware.request_id [None req-977315e0-1f55-4748-bc0e-746d59360712 None None] RequestId filter calling following filter/app {{(pid=110096) _context_setter /opt/stack/cinder/cinder/api/middleware/request_id.py:62}}
Apr 14 20:23:35.025134 dv-cinder-837539-3-smb devstack@c-api.service[110096]: INFO cinder.api.openstack.wsgi [None req-977315e0-1f55-4748-bc0e-746d59360712 tempest-VolumeQuotasAdminTestJSON-1203283945 tempest-VolumeQuotasAdminTestJSON-1203283945-project] GET http://10.222.0.30/volume/v3/60e8383e31864b279078595eedaef9c0/volumes/10e514e5-87ab-4c0d-85f2-1e5da19f6942
Apr 14 20:23:35.026059 dv-cinder-837539-3-smb devstack@c-api.service[110096]: DEBUG cinder.api.openstack.wsgi [None req-977315e0-1f55-4748-bc0e-746d59360712 tempest-VolumeQuotasAdminTestJSON-1203283945 tempest-VolumeQuotasAdminTestJSON-1203283945-project] Empty body provided in request {{(pid=110096) get_body /opt/stack/cinder/cinder/api/openstack/wsgi.py:715}}
Apr 14 20:23:35.026615 dv-cinder-837539-3-smb devstack@c-api.service[110096]: DEBUG cinder.api.openstack.wsgi [None req-977315e0-1f55-4748-bc0e-746d59360712 tempest-VolumeQuotasAdminTestJSON-1203283945 tempest-VolumeQuotasAdminTestJSON-1203283945-project] Calling method 'show' {{(pid=110096) _process_stack /opt/stack/cinder/cinder/api/openstack/wsgi.py:868}}
Apr 14 20:23:35.049416 dv-cinder-837539-3-smb devstack@c-api.service[110096]: /usr/local/lib/python3.8/dist-packages/oslo_context/context.py:100: DeprecationWarning: Policy enforcement is depending on the value of is_admin. This key is deprecated. Please update your policy file to use the standard policy values.
Apr 14 20:23:35.049416 dv-cinder-837539-3-smb devstack@c-api.service[110096]: warnings.warn('Policy enforcement is depending on the value of '
Apr 14 20:23:35.052330 dv-cinder-837539-3-smb devstack@c-api.service[110096]: INFO cinder.volume.api [None req-977315e0-1f55-4748-bc0e-746d59360712 tempest-VolumeQuotasAdminTestJSON-1203283945 tempest-VolumeQuotasAdminTestJSON-1203283945-project] Volume info retrieved successfully.
Apr 14 20:23:35.065456 dv-cinder-837539-3-smb devstack@c-api.service[110096]: INFO cinder.api.openstack.wsgi [None req-977315e0-1f55-4748-bc0e-746d59360712 tempest-VolumeQuotasAdminTestJSON-1203283945 tempest-VolumeQuotasAdminTestJSON-1203283945-project] http://10.222.0.30/volume/v3/60e8383e31864b279078595eedaef9c0/volumes/10e514e5-87ab-4c0d-85f2-1e5da19f6942 returned with HTTP 200
Apr 14 20:23:35.066567 dv-cinder-837539-3-smb devstack@c-api.service[110096]: [pid: 110096|app: 0|req: 230/450] 10.222.0.30 () {58 vars in 1324 bytes} [Thu Apr 14 20:23:35 2022] GET /volume/v3/60e8383e31864b279078595eedaef9c0/volumes/10e514e5-87ab-4c0d-85f2-1e5da19f6942 => generated 917 bytes in 48 msecs (HTTP/1.1 200) 7 headers in 285 bytes (1 switches on core 0)
Apr 14 20:23:35.078794 dv-cinder-837539-3-smb devstack@c-api.service[110096]: DEBUG cinder.api.middleware.request_id [None req-a33dfaeb-91fc-4ed0-9bbb-894df4368496 None None] RequestId filter calling following filter/app {{(pid=110096) _context_setter /opt/stack/cinder/cinder/api/middleware/request_id.py:62}}
Apr 14 20:23:35.106162 dv-cinder-837539-3-smb devstack@c-api.service[110096]: INFO cinder.api.openstack.wsgi [None req-a33dfaeb-91fc-4ed0-9bbb-894df4368496 tempest-VolumeQuotasAdminTestJSON-1215915984 tempest-VolumeQuotasAdminTestJSON-1215915984-project-admin] GET http://10.222.0.30/volume/v3/2211c03ff93c47939ef38c563f52fe96/os-quota-sets/ece2d55a50c64ebd9be6abc47acc40ba?usage=True
Apr 14 20:23:35.107032 dv-cinder-837539-3-smb devstack@c-api.service[110096]: DEBUG cinder.api.openstack.wsgi [None req-a33dfaeb-91fc-4ed0-9bbb-894df4368496 tempest-VolumeQuotasAdminTestJSON-1215915984 tempest-VolumeQuotasAdminTestJSON-1215915984-project-admin] Empty body provided in request {{(pid=110096) get_body /opt/stack/cinder/cinder/api/openstack/wsgi.py:715}}
Apr 14 20:23:35.107952 dv-cinder-837539-3-smb devstack@c-api.service[110096]: DEBUG cinder.api.openstack.wsgi [None req-a33dfaeb-91fc-4ed0-9bbb-894df4368496 tempest-VolumeQuotasAdminTestJSON-1215915984 tempest-VolumeQuotasAdminTestJSON-1215915984-project-admin] Calling method 'show' {{(pid=110096) _process_stack /opt/stack/cinder/cinder/api/openstack/wsgi.py:868}}
Apr 14 20:23:35.122211 dv-cinder-837539-3-smb devstack@c-api.service[110097]: INFO cinder.api.openstack.wsgi [None req-3c9e07d7-6fe2-4f28-a669-147ee3d49304 tempest-VolumeTypesExtraSpecsTest-875616288 tempest-VolumeTypesExtraSpecsTest-875616288-project-admin] http://10.222.0.30/volume/v3/78dd4d54b8ff48efa63976d387d3dce4/types/3e7e5ad1-10e8-4b72-abb9-2eb244f09341/extra_specs returned with HTTP 200
Apr 14 20:23:35.122914 dv-cinder-837539-3-smb devstack@c-api.service[110097]: [pid: 110097|app: 0|req: 221/451] 10.222.0.30 () {60 vars in 1375 bytes} [Thu Apr 14 20:23:35 2022] POST /volume/v3/78dd4d54b8ff48efa63976d387d3dce4/types/3e7e5ad1-10e8-4b72-abb9-2eb244f09341/extra_specs => generated 51 bytes in 117 msecs (HTTP/1.1 200) 7 headers in 284 bytes (1 switches on core 0)
Apr 14 20:23:35.134349 dv-cinder-837539-3-smb devstack@c-api.service[110097]: DEBUG cinder.api.middleware.request_id [None req-98009b12-e4da-4627-b3ef-a09c5f27e154 None None] RequestId filter calling following filter/app {{(pid=110097) _context_setter /opt/stack/cinder/cinder/api/middleware/request_id.py:62}}
Apr 14 20:23:35.143360 dv-cinder-837539-3-smb devstack@c-api.service[110097]: INFO cinder.api.openstack.wsgi [None req-98009b12-e4da-4627-b3ef-a09c5f27e154 tempest-VolumeTypesExtraSpecsTest-875616288 tempest-VolumeTypesExtraSpecsTest-875616288-project-admin] GET http://10.222.0.30/volume/v3/78dd4d54b8ff48efa63976d387d3dce4/types/3e7e5ad1-10e8-4b72-abb9-2eb244f09341/extra_specs
Apr 14 20:23:35.143808 dv-cinder-837539-3-smb devstack@c-api.service[110097]: DEBUG cinder.api.openstack.wsgi [None req-98009b12-e4da-4627-b3ef-a09c5f27e154 tempest-VolumeTypesExtraSpecsTest-875616288 tempest-VolumeTypesExtraSpecsTest-875616288-project-admin] Empty body provided in request {{(pid=110097) get_body /opt/stack/cinder/cinder/api/openstack/wsgi.py:715}}
Apr 14 20:23:35.144255 dv-cinder-837539-3-smb devstack@c-api.service[110097]: DEBUG cinder.api.openstack.wsgi [None req-98009b12-e4da-4627-b3ef-a09c5f27e154 tempest-VolumeTypesExtraSpecsTest-875616288 tempest-VolumeTypesExtraSpecsTest-875616288-project-admin] Calling method 'index' {{(pid=110097) _process_stack /opt/stack/cinder/cinder/api/openstack/wsgi.py:868}}
Apr 14 20:23:35.158973 dv-cinder-837539-3-smb devstack@c-api.service[110096]: WARNING cinder.quota [None req-a33dfaeb-91fc-4ed0-9bbb-894df4368496 tempest-VolumeQuotasAdminTestJSON-1215915984 tempest-VolumeQuotasAdminTestJSON-1215915984-project-admin] Deprecated: Default quota for resource: volumes_tempest-VolumeTypesExtraSpecsTest-volume-type-667492572 is set by the default quota flag: quota_volumes_tempest-VolumeTypesExtraSpecsTest-volume-type-667492572, it is now deprecated. Please use the default quota class for default quota.
Apr 14 20:23:35.163140 dv-cinder-837539-3-smb devstack@c-api.service[110097]: INFO cinder.api.openstack.wsgi [None req-98009b12-e4da-4627-b3ef-a09c5f27e154 tempest-VolumeTypesExtraSpecsTest-875616288 tempest-VolumeTypesExtraSpecsTest-875616288-project-admin] http://10.222.0.30/volume/v3/78dd4d54b8ff48efa63976d387d3dce4/types/3e7e5ad1-10e8-4b72-abb9-2eb244f09341/extra_specs returned with HTTP 200
Apr 14 20:23:35.164398 dv-cinder-837539-3-smb devstack@c-api.service[110096]: WARNING cinder.quota [None req-a33dfaeb-91fc-4ed0-9bbb-894df4368496 tempest-VolumeQuotasAdminTestJSON-1215915984 tempest-VolumeQuotasAdminTestJSON-1215915984-project-admin] Deprecated: Default quota for resource: gigabytes_tempest-VolumeTypesExtraSpecsTest-volume-type-667492572 is set by the default quota flag: quota_gigabytes_tempest-VolumeTypesExtraSpecsTest-volume-type-667492572, it is now deprecated. Please use the default quota class for default quota.
Apr 14 20:23:35.165466 dv-cinder-837539-3-smb devstack@c-api.service[110096]: WARNING cinder.quota [None req-a33dfaeb-91fc-4ed0-9bbb-894df4368496 tempest-VolumeQuotasAdminTestJSON-1215915984 tempest-VolumeQuotasAdminTestJSON-1215915984-project-admin] Deprecated: Default quota for resource: snapshots_tempest-VolumeTypesExtraSpecsTest-volume-type-667492572 is set by the default quota flag: quota_snapshots_tempest-VolumeTypesExtraSpecsTest-volume-type-667492572, it is now deprecated. Please use the default quota class for default quota.
Apr 14 20:23:35.166449 dv-cinder-837539-3-smb devstack@c-api.service[110097]: [pid: 110097|app: 0|req: 222/452] 10.222.0.30 () {58 vars in 1354 bytes} [Thu Apr 14 20:23:35 2022] GET /volume/v3/78dd4d54b8ff48efa63976d387d3dce4/types/3e7e5ad1-10e8-4b72-abb9-2eb244f09341/extra_specs => generated 68 bytes in 34 msecs (HTTP/1.1 200) 7 headers in 284 bytes (1 switches on core 0)
Apr 14 20:23:35.174354 dv-cinder-837539-3-smb devstack@c-api.service[110097]: DEBUG cinder.api.middleware.request_id [None req-cb08309a-8ba0-442e-9e21-9ca4a62cfdec None None] RequestId filter calling following filter/app {{(pid=110097) _context_setter /opt/stack/cinder/cinder/api/middleware/request_id.py:62}}
Apr 14 20:23:35.179954 dv-cinder-837539-3-smb devstack@c-api.service[110097]: INFO cinder.api.openstack.wsgi [None req-cb08309a-8ba0-442e-9e21-9ca4a62cfdec tempest-VolumeTypesExtraSpecsTest-875616288 tempest-VolumeTypesExtraSpecsTest-875616288-project-admin] DELETE http://10.222.0.30/volume/v3/78dd4d54b8ff48efa63976d387d3dce4/types/3e7e5ad1-10e8-4b72-abb9-2eb244f09341
Apr 14 20:23:35.180609 dv-cinder-837539-3-smb devstack@c-api.service[110097]: DEBUG cinder.api.openstack.wsgi [None req-cb08309a-8ba0-442e-9e21-9ca4a62cfdec tempest-VolumeTypesExtraSpecsTest-875616288 tempest-VolumeTypesExtraSpecsTest-875616288-project-admin] Empty body provided in request {{(pid=110097) get_body /opt/stack/cinder/cinder/api/openstack/wsgi.py:715}}
Apr 14 20:23:35.181295 dv-cinder-837539-3-smb devstack@c-api.service[110097]: DEBUG cinder.api.openstack.wsgi [None req-cb08309a-8ba0-442e-9e21-9ca4a62cfdec tempest-VolumeTypesExtraSpecsTest-875616288 tempest-VolumeTypesExtraSpecsTest-875616288-project-admin] Calling method '_delete' {{(pid=110097) _process_stack /opt/stack/cinder/cinder/api/openstack/wsgi.py:868}}
Apr 14 20:23:35.205124 dv-cinder-837539-3-smb devstack@c-api.service[110096]: INFO cinder.api.openstack.wsgi [None req-a33dfaeb-91fc-4ed0-9bbb-894df4368496 tempest-VolumeQuotasAdminTestJSON-1215915984 tempest-VolumeQuotasAdminTestJSON-1215915984-project-admin] http://10.222.0.30/volume/v3/2211c03ff93c47939ef38c563f52fe96/os-quota-sets/ece2d55a50c64ebd9be6abc47acc40ba?usage=True returned with HTTP 200
Apr 14 20:23:35.205932 dv-cinder-837539-3-smb devstack@c-api.service[110096]: [pid: 110096|app: 0|req: 231/453] 10.222.0.30 () {58 vars in 1351 bytes} [Thu Apr 14 20:23:35 2022] GET /volume/v3/2211c03ff93c47939ef38c563f52fe96/os-quota-sets/ece2d55a50c64ebd9be6abc47acc40ba?usage=True => generated 1202 bytes in 129 msecs (HTTP/1.1 200) 7 headers in 286 bytes (2 switches on core 0)
Apr 14 20:23:35.216378 dv-cinder-837539-3-smb devstack@c-api.service[110096]: DEBUG cinder.api.middleware.request_id [None req-a56d8c5b-7d20-4785-acc3-0ce173422389 None None] RequestId filter calling following filter/app {{(pid=110096) _context_setter /opt/stack/cinder/cinder/api/middleware/request_id.py:62}}
