Apr 12 16:50:13.607091 dv-cinder-837529-1-iscsi neutron-server[109990]: DEBUG neutron_lib.callbacks.manager [None req-5e939ba9-c78e-4803-9696-77efca491ffd tempest-AttachVolumeShelveTestJSON-40216796 tempest-AttachVolumeShelveTestJSON-40216796-project] Publish callbacks [] for floatingip (55d90430-5f3b-41d9-b890-98e4c23ea732), precommit_create {{(pid=109990) _notify_loop /usr/local/lib/python3.8/dist-packages/neutron_lib/callbacks/manager.py:176}}
Apr 12 16:50:13.608421 dv-cinder-837529-1-iscsi neutron-server[109991]: DEBUG neutron_lib.callbacks.manager [None req-547b734b-7ddf-457d-ac55-f51afbe5e325 None None] Publish callbacks ['neutron.plugins.ml2.plugin.SecurityGroupServerNotifierRpcMixin._notify_sg_on_port_change-1819825', 'neutron.plugins.ml2.ovo_rpc._ObjectChangeHandler.handle_event-962439', 'neutron.api.rpc.agentnotifiers.dhcp_rpc_agent_api.DhcpAgentNotifyAPI._native_event_send_dhcp_notification-568537', 'neutron.db.l3_db.L3RpcNotifierMixin._notify_gateway_port_ip_changed-8791372886056', 'neutron.db.l3_dvrscheduler_db._notify_l3_agent_port_update-8791372509624', 'neutron.db.l3_hascheduler_db._notify_l3_agent_ha_port_update-8791372509642'] for port (212a2726-05d4-4ddb-8e68-7d26d7191cdc), after_update {{(pid=109991) _notify_loop /usr/local/lib/python3.8/dist-packages/neutron_lib/callbacks/manager.py:176}}
Apr 12 16:50:13.689076 dv-cinder-837529-1-iscsi neutron-server[109991]: DEBUG neutron.api.rpc.handlers.resources_rpc [None req-547b734b-7ddf-457d-ac55-f51afbe5e325 None None] Pushing event updated for resources: {'Port': ['ID=212a2726-05d4-4ddb-8e68-7d26d7191cdc,revision_number=4']} {{(pid=109991) push /opt/stack/neutron/neutron/api/rpc/handlers/resources_rpc.py:237}}
Apr 12 16:50:13.709563 dv-cinder-837529-1-iscsi neutron-server[109989]: DEBUG neutron_lib.callbacks.manager [None req-cf59c5bc-14be-41b0-9491-7a1be8d55971 tempest-AttachVolumeTestJSON-717500788 tempest-AttachVolumeTestJSON-717500788-project] Publish callbacks [] for port (d291fda6-b44f-48b7-8f9a-20a228f737a9), precommit_update {{(pid=109989) _notify_loop /usr/local/lib/python3.8/dist-packages/neutron_lib/callbacks/manager.py:176}}
Apr 12 16:50:13.717075 dv-cinder-837529-1-iscsi neutron-server[109991]: DEBUG neutron.plugins.ml2.plugin [None req-ebfcf5e6-6c94-40b0-8400-a7909cabc3f6 None None] Current status of the port 43a6d26e-344c-4cd0-acc6-7b64e604d36a is: ACTIVE; New status is: ACTIVE {{(pid=109991) _update_individual_port_db_status /opt/stack/neutron/neutron/plugins/ml2/plugin.py:2257}}
Apr 12 16:50:13.720591 dv-cinder-837529-1-iscsi neutron-server[109990]: DEBUG neutron_lib.callbacks.manager [None req-5e939ba9-c78e-4803-9696-77efca491ffd tempest-AttachVolumeShelveTestJSON-40216796 tempest-AttachVolumeShelveTestJSON-40216796-project] Publish callbacks ['neutron.plugins.ml2.plugin.SecurityGroupDbMixin._ensure_default_security_group_handler-1819766'] for port (af76288b-6457-4204-98d8-8264af446ab4), before_update {{(pid=109990) _notify_loop /usr/local/lib/python3.8/dist-packages/neutron_lib/callbacks/manager.py:176}}
Apr 12 16:50:13.724251 dv-cinder-837529-1-iscsi neutron-server[109991]: DEBUG neutron.plugins.ml2.rpc [None req-ebfcf5e6-6c94-40b0-8400-a7909cabc3f6 None None] Device de721837-a8d3-466d-b4f1-6d483fdbb052 up at agent ovs-agent-dv-cinder-837529-1-iscsi {{(pid=109991) update_device_up /opt/stack/neutron/neutron/plugins/ml2/rpc.py:296}}
Apr 12 16:50:13.778761 dv-cinder-837529-1-iscsi neutron-server[109989]: DEBUG neutron_lib.callbacks.manager [None req-cf59c5bc-14be-41b0-9491-7a1be8d55971 tempest-AttachVolumeTestJSON-717500788 tempest-AttachVolumeTestJSON-717500788-project] Publish callbacks ['neutron.plugins.ml2.plugin.SecurityGroupServerNotifierRpcMixin._notify_sg_on_port_change-1819825', 'neutron.plugins.ml2.ovo_rpc._ObjectChangeHandler.handle_event-962439', 'neutron.api.rpc.agentnotifiers.dhcp_rpc_agent_api.DhcpAgentNotifyAPI._native_event_send_dhcp_notification-568537', 'neutron.db.l3_db.L3RpcNotifierMixin._notify_gateway_port_ip_changed-8791372886056', 'neutron.db.l3_dvrscheduler_db._notify_l3_agent_port_update-8791372509624', 'neutron.db.l3_hascheduler_db._notify_l3_agent_ha_port_update-8791372509642'] for port (d291fda6-b44f-48b7-8f9a-20a228f737a9), after_update {{(pid=109989) _notify_loop /usr/local/lib/python3.8/dist-packages/neutron_lib/callbacks/manager.py:176}}
Apr 12 16:50:13.817918 dv-cinder-837529-1-iscsi neutron-server[109991]: DEBUG neutron.plugins.ml2.db [None req-f55801df-da16-4ee1-8411-b5950dd5af78 None None] For port c175bf22-c159-46ae-8487-cfdb4232b9b4, host dv-cinder-837529-1-iscsi, cleared binding levels {{(pid=109991) clear_binding_levels /opt/stack/neutron/neutron/plugins/ml2/db.py:87}}
Apr 12 16:50:13.851790 dv-cinder-837529-1-iscsi neutron-server[109989]: INFO neutron.wsgi [req-dfbd16bd-6b02-4a12-b65f-3aca12809ff2 req-72950fed-54b6-41c3-8df3-af07b29d0f33 tempest-AttachVolumeNegativeTest-680521751 tempest-AttachVolumeNegativeTest-680521751-project] 10.222.0.55 "GET /v2.0/security-groups?name=tempest-securitygroup--863114792&fields=id&tenant_id=fae28403f9c94d76899fbfb5e997f585 HTTP/1.1" status: 200 len: 267 time: 0.2589622
Apr 12 16:50:13.890757 dv-cinder-837529-1-iscsi neutron-server[109991]: DEBUG neutron.plugins.ml2.plugin [None req-3dd0377b-6f70-4d0c-a84f-86a5e7716703 None None] Current status of the port cf1fca8b-abe8-428f-b196-af730180c0f2 is: DOWN; New status is: ACTIVE {{(pid=109991) _update_individual_port_db_status /opt/stack/neutron/neutron/plugins/ml2/plugin.py:2257}}
Apr 12 16:50:13.891516 dv-cinder-837529-1-iscsi neutron-server[109991]: DEBUG neutron_lib.callbacks.manager [None req-3dd0377b-6f70-4d0c-a84f-86a5e7716703 None None] Publish callbacks ['neutron.plugins.ml2.plugin.SecurityGroupDbMixin._ensure_default_security_group_handler-1819766'] for port (cf1fca8b-abe8-428f-b196-af730180c0f2), before_update {{(pid=109991) _notify_loop /usr/local/lib/python3.8/dist-packages/neutron_lib/callbacks/manager.py:176}}
Apr 12 16:50:13.910675 dv-cinder-837529-1-iscsi neutron-server[109991]: DEBUG neutron.plugins.ml2.db [None req-f55801df-da16-4ee1-8411-b5950dd5af78 None None] For port c175bf22-c159-46ae-8487-cfdb4232b9b4, host dv-cinder-837529-1-iscsi, set binding levels [PortBindingLevel(driver='openvswitch',host='dv-cinder-837529-1-iscsi',level=0,port_id=c175bf22-c159-46ae-8487-cfdb4232b9b4,segment=NetworkSegment(0d764cd9-8752-4649-b47a-f708f7c67b0c),segment_id=0d764cd9-8752-4649-b47a-f708f7c67b0c)] {{(pid=109991) set_binding_levels /opt/stack/neutron/neutron/plugins/ml2/db.py:59}}
Apr 12 16:50:13.926077 dv-cinder-837529-1-iscsi neutron-server[109989]: DEBUG neutron_lib.callbacks.manager [None req-cf59c5bc-14be-41b0-9491-7a1be8d55971 tempest-AttachVolumeTestJSON-717500788 tempest-AttachVolumeTestJSON-717500788-project] Publish callbacks ['neutron.services.l3_router.l3_router_plugin.DVRResourceOperationHandler._create_dvr_floating_gw_port-694230'] for floatingip (d718fdab-0ab9-40c3-824b-270e86284502), after_create {{(pid=109989) _notify_loop /usr/local/lib/python3.8/dist-packages/neutron_lib/callbacks/manager.py:176}}
Apr 12 16:50:13.941331 dv-cinder-837529-1-iscsi neutron-server[109991]: DEBUG neutron_lib.callbacks.manager [None req-f55801df-da16-4ee1-8411-b5950dd5af78 None None] Publish callbacks ['neutron.plugins.ml2.plugin.SecurityGroupServerNotifierRpcMixin._notify_sg_on_port_change-1819825', 'neutron.plugins.ml2.ovo_rpc._ObjectChangeHandler.handle_event-962439', 'neutron.api.rpc.agentnotifiers.dhcp_rpc_agent_api.DhcpAgentNotifyAPI._native_event_send_dhcp_notification-568537', 'neutron.db.l3_db.L3RpcNotifierMixin._notify_gateway_port_ip_changed-8791372886056', 'neutron.db.l3_dvrscheduler_db._notify_l3_agent_port_update-8791372509624', 'neutron.db.l3_hascheduler_db._notify_l3_agent_ha_port_update-8791372509642'] for port (c175bf22-c159-46ae-8487-cfdb4232b9b4), after_update {{(pid=109991) _notify_loop /usr/local/lib/python3.8/dist-packages/neutron_lib/callbacks/manager.py:176}}
Apr 12 16:50:14.020618 dv-cinder-837529-1-iscsi neutron-server[109989]: INFO neutron.wsgi [req-8c948a55-c436-4321-af78-a00d0104e386 req-24f6fa58-e09d-4298-bb95-3c868538cc6e service neutron] 10.222.0.55 "GET /v2.0/networks/553f844a-d4d6-4ae6-9e49-7078ca5d959f?fields=segments HTTP/1.1" status: 200 len: 212 time: 0.5255537
Apr 12 16:50:14.038767 dv-cinder-837529-1-iscsi neutron-server[109991]: DEBUG neutron.api.rpc.handlers.resources_rpc [None req-b110efea-a9d2-4d4e-b258-1849fe3fb53c None None] Pushing event updated for resources: {'Port': ['ID=c175bf22-c159-46ae-8487-cfdb4232b9b4,revision_number=4']} {{(pid=109991) push /opt/stack/neutron/neutron/api/rpc/handlers/resources_rpc.py:237}}
Apr 12 16:50:14.073082 dv-cinder-837529-1-iscsi neutron-server[109991]: DEBUG neutron.plugins.ml2.db [None req-3dd0377b-6f70-4d0c-a84f-86a5e7716703 None None] For port cf1fca8b-abe8-428f-b196-af730180c0f2, host dv-cinder-837529-1-iscsi, got binding levels [PortBindingLevel(driver='openvswitch',host='dv-cinder-837529-1-iscsi',level=0,port_id=cf1fca8b-abe8-428f-b196-af730180c0f2,segment=NetworkSegment(bcb63dec-7e90-46aa-b54a-d68327be1a28),segment_id=bcb63dec-7e90-46aa-b54a-d68327be1a28)] {{(pid=109991) get_binding_level_objs /opt/stack/neutron/neutron/plugins/ml2/db.py:74}}
Apr 12 16:50:14.078500 dv-cinder-837529-1-iscsi neutron-server[109991]: DEBUG neutron.db.provisioning_blocks [None req-ebfcf5e6-6c94-40b0-8400-a7909cabc3f6 None None] Provisioning complete for port de721837-a8d3-466d-b4f1-6d483fdbb052 triggered by entity L2. {{(pid=109991) provisioning_complete /opt/stack/neutron/neutron/db/provisioning_blocks.py:145}}
Apr 12 16:50:14.079784 dv-cinder-837529-1-iscsi neutron-server[109991]: DEBUG neutron_lib.callbacks.manager [None req-ebfcf5e6-6c94-40b0-8400-a7909cabc3f6 None None] Publish callbacks ['neutron.plugins.ml2.plugin.Ml2Plugin._port_provisioned-1709945'] for port (de721837-a8d3-466d-b4f1-6d483fdbb052), provisioning_complete {{(pid=109991) _notify_loop /usr/local/lib/python3.8/dist-packages/neutron_lib/callbacks/manager.py:176}}
Apr 12 16:50:14.097493 dv-cinder-837529-1-iscsi neutron-server[109989]: DEBUG neutron_lib.callbacks.manager [None req-cf59c5bc-14be-41b0-9491-7a1be8d55971 tempest-AttachVolumeTestJSON-717500788 tempest-AttachVolumeTestJSON-717500788-project] Publish callbacks ['neutron.notifiers.nova.Notifier._send_nova_notification-103202'] for floatingip (None), before_response {{(pid=109989) _notify_loop /usr/local/lib/python3.8/dist-packages/neutron_lib/callbacks/manager.py:176}}
Apr 12 16:50:14.104394 dv-cinder-837529-1-iscsi neutron-server[109989]: INFO neutron.wsgi [None req-cf59c5bc-14be-41b0-9491-7a1be8d55971 tempest-AttachVolumeTestJSON-717500788 tempest-AttachVolumeTestJSON-717500788-project] 10.222.0.55 "POST /v2.0/floatingips HTTP/1.1" status: 201 len: 693 time: 5.7515690
Apr 12 16:50:14.105309 dv-cinder-837529-1-iscsi neutron-server[109989]: DEBUG neutron.api.rpc.handlers.resources_rpc [None req-cf59c5bc-14be-41b0-9491-7a1be8d55971 tempest-AttachVolumeTestJSON-717500788 tempest-AttachVolumeTestJSON-717500788-project] Pushing event updated for resources: {'Port': ['ID=d291fda6-b44f-48b7-8f9a-20a228f737a9,revision_number=2']} {{(pid=109989) push /opt/stack/neutron/neutron/api/rpc/handlers/resources_rpc.py:237}}
Apr 12 16:50:14.117748 dv-cinder-837529-1-iscsi neutron-server[109991]: DEBUG neutron_lib.callbacks.manager [None req-3dd0377b-6f70-4d0c-a84f-86a5e7716703 None None] Publish callbacks ['neutron.plugins.ml2.plugin.SecurityGroupServerNotifierRpcMixin._notify_sg_on_port_change-1819825', 'neutron.plugins.ml2.ovo_rpc._ObjectChangeHandler.handle_event-962439', 'neutron.api.rpc.agentnotifiers.dhcp_rpc_agent_api.DhcpAgentNotifyAPI._native_event_send_dhcp_notification-568537', 'neutron.db.l3_db.L3RpcNotifierMixin._notify_gateway_port_ip_changed-8791372886056', 'neutron.db.l3_dvrscheduler_db._notify_l3_agent_port_update-8791372509624', 'neutron.db.l3_hascheduler_db._notify_l3_agent_ha_port_update-8791372509642'] for port (cf1fca8b-abe8-428f-b196-af730180c0f2), after_update {{(pid=109991) _notify_loop /usr/local/lib/python3.8/dist-packages/neutron_lib/callbacks/manager.py:176}}
Apr 12 16:50:14.281551 dv-cinder-837529-1-iscsi neutron-server[109991]: DEBUG neutron.db.l3_dvrscheduler_db [None req-f55801df-da16-4ee1-8411-b5950dd5af78 None None] Routers {'e681618b-f086-45a2-a686-d3fee66f0071'} bound to L3 agent in host dv-cinder-837529-1-iscsi {{(pid=109991) _get_router_ids_for_agent /opt/stack/neutron/neutron/db/l3_dvrscheduler_db.py:421}}
Apr 12 16:50:14.282942 dv-cinder-837529-1-iscsi neutron-server[109991]: DEBUG neutron.db.l3_hamode_db [None req-f55801df-da16-4ee1-8411-b5950dd5af78 None None] neutron.services.l3_router.l3_router_plugin.L3RouterPlugin method get_ha_sync_data_for_host called with arguments (, 'dv-cinder-837529-1-iscsi', Agent(admin_state_up=True,agent_type='L3 agent',availability_zone='nova',binary='neutron-l3-agent',configurations={"agent_mode": "legacy", "ex_gw_ports": 1, "extensions": [], "floating_ips": 0, "handle_internal_only_routers": true, "interface_driver": "openvswitch", "interfaces": 1, "log_agent_heartbeats": false, "routers": 1},created_at=2022-04-12T16:40:55Z,description=,heartbeat_timestamp=2022-04-12T16:49:55Z,host='dv-cinder-837529-1-iscsi',id=7627c550-1158-423b-b7b1-50543bf4aff4,load=0,resource_versions=,resources_synced=,started_at=2022-04-12T16:40:55Z,topic='l3_agent')) {'router_ids': ['e681618b-f086-45a2-a686-d3fee66f0071'], 'active': True} {{(pid=109991) wrapper /usr/local/lib/python3.8/dist-packages/oslo_log/helpers.py:65}}
Apr 12 16:50:14.288762 dv-cinder-837529-1-iscsi neutron-server[109991]: DEBUG neutron.api.rpc.handlers.resources_rpc [None req-3dd0377b-6f70-4d0c-a84f-86a5e7716703 None None] Pushing event updated for resources: {'Port': ['ID=cf1fca8b-abe8-428f-b196-af730180c0f2,revision_number=5']} {{(pid=109991) push /opt/stack/neutron/neutron/api/rpc/handlers/resources_rpc.py:237}}
Apr 12 16:50:14.333676 dv-cinder-837529-1-iscsi neutron-server[109989]: DEBUG neutron.pecan_wsgi.hooks.policy_enforcement [req-dfbd16bd-6b02-4a12-b65f-3aca12809ff2 req-36c68dc4-a961-4eab-8a19-ea11b333f6f6 tempest-AttachVolumeNegativeTest-680521751 tempest-AttachVolumeNegativeTest-680521751-project] Attributes excluded by policy engine: ['standard_attr_id', 'vlan_transparent', 'provider:network_type', 'provider:physical_network', 'provider:segmentation_id'] {{(pid=109989) _exclude_attributes_by_policy /opt/stack/neutron/neutron/pecan_wsgi/hooks/policy_enforcement.py:255}}
Apr 12 16:50:14.335276 dv-cinder-837529-1-iscsi neutron-server[109989]: INFO neutron.wsgi [req-dfbd16bd-6b02-4a12-b65f-3aca12809ff2 req-36c68dc4-a961-4eab-8a19-ea11b333f6f6 tempest-AttachVolumeNegativeTest-680521751 tempest-AttachVolumeNegativeTest-680521751-project] 10.222.0.55 "GET /v2.0/networks?id=fd491a4c-3c01-45c6-ba4b-d85f30b21624 HTTP/1.1" status: 200 len: 815 time: 0.4662247
Apr 12 16:50:14.374143 dv-cinder-837529-1-iscsi neutron-server[109991]: DEBUG neutron.db.provisioning_blocks [None req-b3c1fb51-3c3f-411a-b58b-0dfbe64f42f4 None None] Provisioning complete for port c175bf22-c159-46ae-8487-cfdb4232b9b4 triggered by entity DHCP. {{(pid=109991) provisioning_complete /opt/stack/neutron/neutron/db/provisioning_blocks.py:145}}
Apr 12 16:50:14.374584 dv-cinder-837529-1-iscsi neutron-server[109991]: DEBUG neutron_lib.callbacks.manager [None req-b3c1fb51-3c3f-411a-b58b-0dfbe64f42f4 None None] Publish callbacks ['neutron.plugins.ml2.plugin.Ml2Plugin._port_provisioned-1709945'] for port (c175bf22-c159-46ae-8487-cfdb4232b9b4), provisioning_complete {{(pid=109991) _notify_loop /usr/local/lib/python3.8/dist-packages/neutron_lib/callbacks/manager.py:176}}
Apr 12 16:50:14.385553 dv-cinder-837529-1-iscsi neutron-server[109989]: INFO neutron.wsgi [req-dfbd16bd-6b02-4a12-b65f-3aca12809ff2 req-0e8b9859-c6c8-4df9-803e-56a395870a95 tempest-AttachVolumeNegativeTest-680521751 tempest-AttachVolumeNegativeTest-680521751-project] 10.222.0.55 "GET /v2.0/quotas/fae28403f9c94d76899fbfb5e997f585 HTTP/1.1" status: 200 len: 375 time: 0.0406785
Apr 12 16:50:14.406967 dv-cinder-837529-1-iscsi neutron-server[109989]: INFO neutron.wsgi [req-8c948a55-c436-4321-af78-a00d0104e386 req-c9ac3344-7f56-4940-b2f4-8c0f0b4dadb1 service neutron] 10.222.0.55 "GET /v2.0/networks/553f844a-d4d6-4ae6-9e49-7078ca5d959f?fields=provider%3Aphysical_network&fields=provider%3Anetwork_type HTTP/1.1" status: 200 len: 281 time: 0.2966793
Apr 12 16:50:14.472533 dv-cinder-837529-1-iscsi neutron-server[109989]: INFO neutron.wsgi [req-dfbd16bd-6b02-4a12-b65f-3aca12809ff2 req-fe73aed0-02f9-4ceb-97e5-fc93bf5985cc tempest-AttachVolumeNegativeTest-680521751 tempest-AttachVolumeNegativeTest-680521751-project] 10.222.0.55 "GET /v2.0/ports?tenant_id=fae28403f9c94d76899fbfb5e997f585&fields=id HTTP/1.1" status: 200 len: 302 time: 0.0734408
Apr 12 16:50:14.520623 dv-cinder-837529-1-iscsi neutron-server[109990]: DEBUG neutron_lib.callbacks.manager [None req-5e939ba9-c78e-4803-9696-77efca491ffd tempest-AttachVolumeShelveTestJSON-40216796 tempest-AttachVolumeShelveTestJSON-40216796-project] Publish callbacks [] for port (af76288b-6457-4204-98d8-8264af446ab4), precommit_update {{(pid=109990) _notify_loop /usr/local/lib/python3.8/dist-packages/neutron_lib/callbacks/manager.py:176}}
Apr 12 16:50:14.528599 dv-cinder-837529-1-iscsi neutron-server[109990]: DEBUG neutron_lib.callbacks.manager [None req-5e939ba9-c78e-4803-9696-77efca491ffd tempest-AttachVolumeShelveTestJSON-40216796 tempest-AttachVolumeShelveTestJSON-40216796-project] Publish callbacks ['neutron.plugins.ml2.plugin.SecurityGroupServerNotifierRpcMixin._notify_sg_on_port_change-1819825', 'neutron.plugins.ml2.ovo_rpc._ObjectChangeHandler.handle_event-962439', 'neutron.api.rpc.agentnotifiers.dhcp_rpc_agent_api.DhcpAgentNotifyAPI._native_event_send_dhcp_notification-568537', 'neutron.db.l3_db.L3RpcNotifierMixin._notify_gateway_port_ip_changed-8791372886056', 'neutron.db.l3_dvrscheduler_db._notify_l3_agent_port_update-8791372509624', 'neutron.db.l3_hascheduler_db._notify_l3_agent_ha_port_update-8791372509642'] for port (af76288b-6457-4204-98d8-8264af446ab4), after_update {{(pid=109990) _notify_loop /usr/local/lib/python3.8/dist-packages/neutron_lib/callbacks/manager.py:176}}
Apr 12 16:50:14.607703 dv-cinder-837529-1-iscsi neutron-server[109990]: DEBUG neutron_lib.callbacks.manager [None req-5e939ba9-c78e-4803-9696-77efca491ffd tempest-AttachVolumeShelveTestJSON-40216796 tempest-AttachVolumeShelveTestJSON-40216796-project] Publish callbacks ['neutron.services.l3_router.l3_router_plugin.DVRResourceOperationHandler._create_dvr_floating_gw_port-694230'] for floatingip (55d90430-5f3b-41d9-b890-98e4c23ea732), after_create {{(pid=109990) _notify_loop /usr/local/lib/python3.8/dist-packages/neutron_lib/callbacks/manager.py:176}}
Apr 12 16:50:14.612548 dv-cinder-837529-1-iscsi neutron-server[109990]: DEBUG neutron.api.rpc.handlers.resources_rpc [None req-5e939ba9-c78e-4803-9696-77efca491ffd tempest-AttachVolumeShelveTestJSON-40216796 tempest-AttachVolumeShelveTestJSON-40216796-project] Pushing event updated for resources: {'Port': ['ID=af76288b-6457-4204-98d8-8264af446ab4,revision_number=2']} {{(pid=109990) push /opt/stack/neutron/neutron/api/rpc/handlers/resources_rpc.py:237}}
Apr 12 16:50:14.623079 dv-cinder-837529-1-iscsi neutron-server[109991]: DEBUG neutron.plugins.ml2.plugin [None req-ebfcf5e6-6c94-40b0-8400-a7909cabc3f6 None None] Current status of the port de721837-a8d3-466d-b4f1-6d483fdbb052 is: ACTIVE; New status is: ACTIVE {{(pid=109991) _update_individual_port_db_status /opt/stack/neutron/neutron/plugins/ml2/plugin.py:2257}}
Apr 12 16:50:14.625921 dv-cinder-837529-1-iscsi neutron-server[109991]: DEBUG neutron.plugins.ml2.rpc [None req-ebfcf5e6-6c94-40b0-8400-a7909cabc3f6 None None] Device ba64af1e-7139-4868-814c-8c8a57c2d4ef up at agent ovs-agent-dv-cinder-837529-1-iscsi {{(pid=109991) update_device_up /opt/stack/neutron/neutron/plugins/ml2/rpc.py:296}}
Apr 12 16:50:14.631467 dv-cinder-837529-1-iscsi neutron-server[109991]: DEBUG neutron.db.l3_dvr_db [None req-f55801df-da16-4ee1-8411-b5950dd5af78 None None] Set router e681618b-f086-45a2-a686-d3fee66f0071 gateway port host: dv-cinder-837529-1-iscsi {{(pid=109991) _build_routers_list /opt/stack/neutron/neutron/db/l3_dvr_db.py:906}}
Apr 12 16:50:14.636649 dv-cinder-837529-1-iscsi neutron-server[109990]: DEBUG neutron_lib.callbacks.manager [None req-5e939ba9-c78e-4803-9696-77efca491ffd tempest-AttachVolumeShelveTestJSON-40216796 tempest-AttachVolumeShelveTestJSON-40216796-project] Publish callbacks ['neutron.notifiers.nova.Notifier._send_nova_notification-103202'] for floatingip (None), before_response {{(pid=109990) _notify_loop /usr/local/lib/python3.8/dist-packages/neutron_lib/callbacks/manager.py:176}}
Apr 12 16:50:14.638254 dv-cinder-837529-1-iscsi neutron-server[109990]: INFO neutron.wsgi [None req-5e939ba9-c78e-4803-9696-77efca491ffd tempest-AttachVolumeShelveTestJSON-40216796 tempest-AttachVolumeShelveTestJSON-40216796-project] 10.222.0.55 "POST /v2.0/floatingips HTTP/1.1" status: 201 len: 692 time: 2.4446464
Apr 12 16:50:14.689082 dv-cinder-837529-1-iscsi neutron-server[109989]: INFO neutron.wsgi [req-dfbd16bd-6b02-4a12-b65f-3aca12809ff2 req-f307fe9e-6959-40b6-834b-cbeb7ec9c41a service neutron] 10.222.0.55 "GET /v2.0/networks/fd491a4c-3c01-45c6-ba4b-d85f30b21624?fields=segments HTTP/1.1" status: 200 len: 212 time: 0.1936674
Apr 12 16:50:14.745666 dv-cinder-837529-1-iscsi neutron-server[109991]: DEBUG neutron.plugins.ml2.plugin [None req-b3c1fb51-3c3f-411a-b58b-0dfbe64f42f4 None None] Current status of the port c175bf22-c159-46ae-8487-cfdb4232b9b4 is: DOWN; New status is: ACTIVE {{(pid=109991) _update_individual_port_db_status /opt/stack/neutron/neutron/plugins/ml2/plugin.py:2257}}
Apr 12 16:50:14.748062 dv-cinder-837529-1-iscsi neutron-server[109991]: DEBUG neutron_lib.callbacks.manager [None req-b3c1fb51-3c3f-411a-b58b-0dfbe64f42f4 None None] Publish callbacks ['neutron.plugins.ml2.plugin.SecurityGroupDbMixin._ensure_default_security_group_handler-1819766'] for port (c175bf22-c159-46ae-8487-cfdb4232b9b4), before_update {{(pid=109991) _notify_loop /usr/local/lib/python3.8/dist-packages/neutron_lib/callbacks/manager.py:176}}
Apr 12 16:50:14.978569 dv-cinder-837529-1-iscsi neutron-server[109989]: INFO neutron.wsgi [req-dfbd16bd-6b02-4a12-b65f-3aca12809ff2 req-78b8ed9f-dca5-4abf-86dc-68ce0e916ffb service neutron] 10.222.0.55 "GET /v2.0/networks/fd491a4c-3c01-45c6-ba4b-d85f30b21624?fields=provider%3Aphysical_network&fields=provider%3Anetwork_type HTTP/1.1" status: 200 len: 281 time: 0.2820559
Apr 12 16:50:15.044430 dv-cinder-837529-1-iscsi neutron-server[109991]: DEBUG neutron.db.provisioning_blocks [None req-ebfcf5e6-6c94-40b0-8400-a7909cabc3f6 None None] Provisioning complete for port ba64af1e-7139-4868-814c-8c8a57c2d4ef triggered by entity L2. {{(pid=109991) provisioning_complete /opt/stack/neutron/neutron/db/provisioning_blocks.py:145}}
Apr 12 16:50:15.044842 dv-cinder-837529-1-iscsi neutron-server[109991]: DEBUG neutron_lib.callbacks.manager [None req-ebfcf5e6-6c94-40b0-8400-a7909cabc3f6 None None] Publish callbacks ['neutron.plugins.ml2.plugin.Ml2Plugin._port_provisioned-1709945'] for port (ba64af1e-7139-4868-814c-8c8a57c2d4ef), provisioning_complete {{(pid=109991) _notify_loop /usr/local/lib/python3.8/dist-packages/neutron_lib/callbacks/manager.py:176}}
Apr 12 16:50:15.106869 dv-cinder-837529-1-iscsi neutron-server[109991]: DEBUG neutron.plugins.ml2.db [None req-b3c1fb51-3c3f-411a-b58b-0dfbe64f42f4 None None] For port c175bf22-c159-46ae-8487-cfdb4232b9b4, host dv-cinder-837529-1-iscsi, got binding levels [PortBindingLevel(driver='openvswitch',host='dv-cinder-837529-1-iscsi',level=0,port_id=c175bf22-c159-46ae-8487-cfdb4232b9b4,segment=NetworkSegment(0d764cd9-8752-4649-b47a-f708f7c67b0c),segment_id=0d764cd9-8752-4649-b47a-f708f7c67b0c)] {{(pid=109991) get_binding_level_objs /opt/stack/neutron/neutron/plugins/ml2/db.py:74}}
Apr 12 16:50:15.128655 dv-cinder-837529-1-iscsi neutron-server[109991]: DEBUG neutron_lib.callbacks.manager [None req-b3c1fb51-3c3f-411a-b58b-0dfbe64f42f4 None None] Publish callbacks ['neutron.plugins.ml2.plugin.SecurityGroupServerNotifierRpcMixin._notify_sg_on_port_change-1819825', 'neutron.plugins.ml2.ovo_rpc._ObjectChangeHandler.handle_event-962439', 'neutron.api.rpc.agentnotifiers.dhcp_rpc_agent_api.DhcpAgentNotifyAPI._native_event_send_dhcp_notification-568537', 'neutron.db.l3_db.L3RpcNotifierMixin._notify_gateway_port_ip_changed-8791372886056', 'neutron.db.l3_dvrscheduler_db._notify_l3_agent_port_update-8791372509624', 'neutron.db.l3_hascheduler_db._notify_l3_agent_ha_port_update-8791372509642'] for port (c175bf22-c159-46ae-8487-cfdb4232b9b4), after_update {{(pid=109991) _notify_loop /usr/local/lib/python3.8/dist-packages/neutron_lib/callbacks/manager.py:176}}
Apr 12 16:50:15.198734 dv-cinder-837529-1-iscsi neutron-server[109989]: DEBUG neutron.pecan_wsgi.hooks.policy_enforcement [req-e15fe9ec-0fe2-455f-a48e-ca4b42c62175 req-babed36d-4a47-42cd-a688-6119ef02b820 tempest-DeleteServersTestJSON-337409079 tempest-DeleteServersTestJSON-337409079-project] Attributes excluded by policy engine: ['standard_attr_id', 'binding:profile', 'binding:host_id', 'binding:vif_type', 'binding:vif_details'] {{(pid=109989) _exclude_attributes_by_policy /opt/stack/neutron/neutron/pecan_wsgi/hooks/policy_enforcement.py:255}}
Apr 12 16:50:15.201019 dv-cinder-837529-1-iscsi neutron-server[109989]: INFO neutron.wsgi [req-e15fe9ec-0fe2-455f-a48e-ca4b42c62175 req-babed36d-4a47-42cd-a688-6119ef02b820 tempest-DeleteServersTestJSON-337409079 tempest-DeleteServersTestJSON-337409079-project] 10.222.0.55 "GET /v2.0/ports?device_id=a15503d7-161f-4fe6-88f6-c64d059401b5 HTTP/1.1" status: 200 len: 944 time: 0.1302254
Apr 12 16:50:15.318865 dv-cinder-837529-1-iscsi neutron-server[109989]: INFO neutron.wsgi [req-e15fe9ec-0fe2-455f-a48e-ca4b42c62175 req-b1522a9d-fdb8-480e-af02-77e97b06d92c tempest-DeleteServersTestJSON-337409079 tempest-DeleteServersTestJSON-337409079-project] 10.222.0.55 "GET /v2.0/security-groups?id=13d9d564-a4e0-4ee4-a69f-d10dfa25c97b&fields=id&fields=name HTTP/1.1" status: 200 len: 286 time: 0.1074579
Apr 12 16:50:15.573457 dv-cinder-837529-1-iscsi neutron-server[109989]: INFO neutron.wsgi [req-1935ac50-2850-4934-8650-3adeb86497ee req-161fd770-9730-4de5-9b83-ca64aef16a52 tempest-AttachVolumeTestJSON-717500788 tempest-AttachVolumeTestJSON-717500788-project] 10.222.0.55 "GET /v2.0/security-groups?name=tempest-securitygroup--269633891&fields=id&tenant_id=21fccd96273b4b87b5822b82c0512412 HTTP/1.1" status: 200 len: 267 time: 0.1745288
Apr 12 16:50:15.585237 dv-cinder-837529-1-iscsi neutron-server[109989]: INFO neutron.wsgi [req-32122fef-15fe-4e0c-a8f5-2d8e55376dd9 req-0f783050-cbe3-40c3-9729-2971a81ad093 tempest-ServerRescueNegativeTestJSON-1955312502 tempest-ServerRescueNegativeTestJSON-1955312502-project] 10.222.0.55 "GET /v2.0/ports?device_id=e1266676-e6d5-4b97-af82-8ff8f898058d HTTP/1.1" status: 200 len: 210 time: 0.1566174
Apr 12 16:50:15.757746 dv-cinder-837529-1-iscsi neutron-server[109991]: DEBUG neutron.db.provisioning_blocks [None req-a0a1b977-5dd7-4f06-8e17-3c70935401ea None None] Provisioning complete for port c175bf22-c159-46ae-8487-cfdb4232b9b4 triggered by entity DHCP. {{(pid=109991) provisioning_complete /opt/stack/neutron/neutron/db/provisioning_blocks.py:145}}
Apr 12 16:50:15.759412 dv-cinder-837529-1-iscsi neutron-server[109991]: DEBUG neutron_lib.callbacks.manager [None req-a0a1b977-5dd7-4f06-8e17-3c70935401ea None None] Publish callbacks ['neutron.plugins.ml2.plugin.Ml2Plugin._port_provisioned-1709945'] for port (c175bf22-c159-46ae-8487-cfdb4232b9b4), provisioning_complete {{(pid=109991) _notify_loop /usr/local/lib/python3.8/dist-packages/neutron_lib/callbacks/manager.py:176}}
Apr 12 16:50:15.764816 dv-cinder-837529-1-iscsi neutron-server[109991]: DEBUG neutron.api.rpc.handlers.resources_rpc [None req-b3c1fb51-3c3f-411a-b58b-0dfbe64f42f4 None None] Pushing event updated for resources: {'Port': ['ID=c175bf22-c159-46ae-8487-cfdb4232b9b4,revision_number=5']} {{(pid=109991) push /opt/stack/neutron/neutron/api/rpc/handlers/resources_rpc.py:237}}
Apr 12 16:50:15.797628 dv-cinder-837529-1-iscsi neutron-server[109991]: DEBUG neutron.db.l3_hamode_db [None req-f55801df-da16-4ee1-8411-b5950dd5af78 None None] neutron.services.l3_router.l3_router_plugin.L3RouterPlugin method _process_sync_ha_data called with arguments (, [{'id': 'e681618b-f086-45a2-a686-d3fee66f0071', 'name': 'tempest-AttachVolumeShelveTestJSON-1938991066-router', 'tenant_id': 'ef824b9ffd3845c385039cb871fc6deb', 'admin_state_up': True, 'status': 'ACTIVE', 'external_gateway_info': {'network_id': 'f9b6a2a8-97e2-4de3-b4f2-ab533010709b', 'external_fixed_ips': [{'subnet_id': 'ed2a15f6-a18a-48ec-bc6b-6ff030122bcb', 'ip_address': '172.27.3.13'}], 'enable_snat': True}, 'gw_port_id': 'ba64af1e-7139-4868-814c-8c8a57c2d4ef', 'description': '', 'availability_zones': ['nova'], 'distributed': False, 'ha': False, 'ha_vr_id': 0, 'availability_zone_hints': [], 'routes': [], 'flavor_id': None, 'tags': [], 'created_at': '2022-04-12T16:49:46Z', 'updated_at': '2022-04-12T16:50:05Z', 'revision_number': 4, 'project_id': 'ef824b9ffd3845c385039cb871fc6deb', 'gw_port': {'id': 'ba64af1e-7139-4868-814c-8c8a57c2d4ef', 'name': '', 'network_id': 'f9b6a2a8-97e2-4de3-b4f2-ab533010709b', 'tenant_id': '', 'mac_address': 'fa:16:3e:42:af:04', 'admin_state_up': True, 'status': 'DOWN', 'device_id': 'e681618b-f086-45a2-a686-d3fee66f0071', 'device_owner': 'network:router_gateway', 'standard_attr_id': 97, 'fixed_ips': [{'subnet_id': 'ed2a15f6-a18a-48ec-bc6b-6ff030122bcb', 'ip_address': '172.27.3.13', 'prefixlen': 24}], 'allowed_address_pairs': [], 'extra_dhcp_opts': [], 'security_groups': [], 'description': '', 'binding:vnic_type': 'normal', 'binding:profile': {}, 'binding:host_id': 'dv-cinder-837529-1-iscsi', 'binding:vif_type': 'ovs', 'binding:vif_details': {'connectivity': 'l2', 'port_filter': True, 'ovs_hybrid_plug': False, 'datapath_type': 'system', 'bridge_name': 'br-int', 'bound_drivers': {'0': 'openvswitch'}}, 'port_security_enabled': False, 'tags': [], 'created_at': '2022-04-12T16:49:49Z', 'updated_at': '2022-04-12T16:50:01Z', 'revision_number': 3, 'project_id': '', 'subnets': [{'id': 'ed2a15f6-a18a-48ec-bc6b-6ff030122bcb', 'cidr': '172.27.3.0/24', 'gateway_ip': '172.27.3.1', 'dns_nameservers': [], 'ipv6_ra_mode': None, 'subnetpool_id': None}], 'extra_subnets': [], 'address_scopes': {4: None, 6: None}, 'mtu': 1500}, 'enable_snat': True, 'gw_port_host': 'dv-cinder-837529-1-iscsi', '_interfaces': [{'id': 'c175bf22-c159-46ae-8487-cfdb4232b9b4', 'name': '', 'network_id': '81575361-a873-4c78-99bf-1c98b2aa1f17', 'tenant_id': 'ef824b9ffd3845c385039cb871fc6deb', 'mac_address': 'fa:16:3e:39:14:08', 'admin_state_up': True, 'status': 'DOWN', 'device_id': 'e681618b-f086-45a2-a686-d3fee66f0071', 'device_owner': 'network:router_interface', 'standard_attr_id': 113, 'fixed_ips': [{'subnet_id': '9c184ff4-106e-45a4-acd6-38988f568359', 'ip_address': '172.20.0.1', 'prefixlen': 28}], 'allowed_address_pairs': [], 'extra_dhcp_opts': [], 'security_groups': [], 'description': '', 'binding:vnic_type': 'normal', 'binding:profile': {}, 'binding:host_id': 'dv-cinder-837529-1-iscsi', 'binding:vif_type': 'ovs', 'binding:vif_details': {'connectivity': 'l2', 'port_filter': True, 'ovs_hybrid_plug': False, 'datapath_type': 'system', 'bridge_name': 'br-int', 'bound_drivers': {'0': 'openvswitch'}}, 'port_security_enabled': False, 'tags': [], 'created_at': '2022-04-12T16:50:00Z', 'updated_at': '2022-04-12T16:50:13Z', 'revision_number': 4, 'project_id': 'ef824b9ffd3845c385039cb871fc6deb', 'subnets': [{'id': '9c184ff4-106e-45a4-acd6-38988f568359', 'cidr': '172.20.0.0/28', 'gateway_ip': '172.20.0.1', 'dns_nameservers': [], 'ipv6_ra_mode': None, 'subnetpool_id': None}], 'extra_subnets': [], 'address_scopes': {4: None, 6: None}, 'mtu': 1500}]}], 'dv-cinder-837529-1-iscsi', False) {} {{(pid=109991) wrapper /usr/local/lib/python3.8/dist-packages/oslo_log/helpers.py:65}}
Apr 12 16:50:15.804687 dv-cinder-837529-1-iscsi neutron-server[109989]: DEBUG neutron.pecan_wsgi.hooks.policy_enforcement [req-1935ac50-2850-4934-8650-3adeb86497ee req-856224e9-53a7-4091-9fd5-81c865908ef1 tempest-AttachVolumeTestJSON-717500788 tempest-AttachVolumeTestJSON-717500788-project] Attributes excluded by policy engine: ['standard_attr_id', 'vlan_transparent', 'provider:network_type', 'provider:physical_network', 'provider:segmentation_id'] {{(pid=109989) _exclude_attributes_by_policy /opt/stack/neutron/neutron/pecan_wsgi/hooks/policy_enforcement.py:255}}
Apr 12 16:50:15.813916 dv-cinder-837529-1-iscsi neutron-server[109989]: INFO neutron.wsgi [req-1935ac50-2850-4934-8650-3adeb86497ee req-856224e9-53a7-4091-9fd5-81c865908ef1 tempest-AttachVolumeTestJSON-717500788 tempest-AttachVolumeTestJSON-717500788-project] 10.222.0.55 "GET /v2.0/networks?id=2ec0f6d3-dea3-4bb2-88b6-b3fe48aea7ef HTTP/1.1" status: 200 len: 810 time: 0.2271216
Apr 12 16:50:15.831293 dv-cinder-837529-1-iscsi neutron-server[109991]: DEBUG neutron.plugins.ml2.plugin [None req-ebfcf5e6-6c94-40b0-8400-a7909cabc3f6 None None] Current status of the port ba64af1e-7139-4868-814c-8c8a57c2d4ef is: DOWN; New status is: ACTIVE {{(pid=109991) _update_individual_port_db_status /opt/stack/neutron/neutron/plugins/ml2/plugin.py:2257}}
Apr 12 16:50:15.831761 dv-cinder-837529-1-iscsi neutron-server[109991]: DEBUG neutron_lib.callbacks.manager [None req-ebfcf5e6-6c94-40b0-8400-a7909cabc3f6 None None] Publish callbacks ['neutron.plugins.ml2.plugin.SecurityGroupDbMixin._ensure_default_security_group_handler-1819766'] for port (ba64af1e-7139-4868-814c-8c8a57c2d4ef), before_update {{(pid=109991) _notify_loop /usr/local/lib/python3.8/dist-packages/neutron_lib/callbacks/manager.py:176}}
Apr 12 16:50:15.841803 dv-cinder-837529-1-iscsi neutron-server[109989]: INFO neutron.wsgi [req-1935ac50-2850-4934-8650-3adeb86497ee req-4811f5ab-3fa4-4df6-b8d6-e116cea59ff3 tempest-AttachVolumeTestJSON-717500788 tempest-AttachVolumeTestJSON-717500788-project] 10.222.0.55 "GET /v2.0/quotas/21fccd96273b4b87b5822b82c0512412 HTTP/1.1" status: 200 len: 375 time: 0.0259111
Apr 12 16:50:15.843395 dv-cinder-837529-1-iscsi neutron-server[109991]: DEBUG neutron.api.rpc.handlers.l3_rpc [None req-f55801df-da16-4ee1-8411-b5950dd5af78 None None] The sync data for ids ['e681618b-f086-45a2-a686-d3fee66f0071'] in dv-cinder-837529-1-iscsi is: [{'id': 'e681618b-f086-45a2-a686-d3fee66f0071', 'name': 'tempest-AttachVolumeShelveTestJSON-1938991066-router', 'tenant_id': 'ef824b9ffd3845c385039cb871fc6deb', 'admin_state_up': True, 'status': 'ACTIVE', 'external_gateway_info': {'network_id': 'f9b6a2a8-97e2-4de3-b4f2-ab533010709b', 'external_fixed_ips': [{'subnet_id': 'ed2a15f6-a18a-48ec-bc6b-6ff030122bcb', 'ip_address': '172.27.3.13'}], 'enable_snat': True}, 'gw_port_id': 'ba64af1e-7139-4868-814c-8c8a57c2d4ef', 'description': '', 'availability_zones': ['nova'], 'distributed': False, 'ha': False, 'ha_vr_id': 0, 'availability_zone_hints': [], 'routes': [], 'flavor_id': None, 'tags': [], 'created_at': '2022-04-12T16:49:46Z', 'updated_at': '2022-04-12T16:50:05Z', 'revision_number': 4, 'project_id': 'ef824b9ffd3845c385039cb871fc6deb', 'gw_port': {'id': 'ba64af1e-7139-4868-814c-8c8a57c2d4ef', 'name': '', 'network_id': 'f9b6a2a8-97e2-4de3-b4f2-ab533010709b', 'tenant_id': '', 'mac_address': 'fa:16:3e:42:af:04', 'admin_state_up': True, 'status': 'DOWN', 'device_id': 'e681618b-f086-45a2-a686-d3fee66f0071', 'device_owner': 'network:router_gateway', 'standard_attr_id': 97, 'fixed_ips': [{'subnet_id': 'ed2a15f6-a18a-48ec-bc6b-6ff030122bcb', 'ip_address': '172.27.3.13', 'prefixlen': 24}], 'allowed_address_pairs': [], 'extra_dhcp_opts': [], 'security_groups': [], 'description': '', 'binding:vnic_type': 'normal', 'binding:profile': {}, 'binding:host_id': 'dv-cinder-837529-1-iscsi', 'binding:vif_type': 'ovs', 'binding:vif_details': {'connectivity': 'l2', 'port_filter': True, 'ovs_hybrid_plug': False, 'datapath_type': 'system', 'bridge_name': 'br-int', 'bound_drivers': {'0': 'openvswitch'}}, 'port_security_enabled': False, 'tags': [], 'created_at': '2022-04-12T16:49:49Z', 'updated_at': '2022-04-12T16:50:01Z', 'revision_number': 3, 'project_id': '', 'subnets': [{'id': 'ed2a15f6-a18a-48ec-bc6b-6ff030122bcb', 'cidr': '172.27.3.0/24', 'gateway_ip': '172.27.3.1', 'dns_nameservers': [], 'ipv6_ra_mode': None, 'subnetpool_id': None}], 'extra_subnets': [], 'address_scopes': {4: None, 6: None}, 'mtu': 1500}, 'enable_snat': True, 'gw_port_host': 'dv-cinder-837529-1-iscsi', '_interfaces': [{'id': 'c175bf22-c159-46ae-8487-cfdb4232b9b4', 'name': '', 'network_id': '81575361-a873-4c78-99bf-1c98b2aa1f17', 'tenant_id': 'ef824b9ffd3845c385039cb871fc6deb', 'mac_address': 'fa:16:3e:39:14:08', 'admin_state_up': True, 'status': 'DOWN', 'device_id': 'e681618b-f086-45a2-a686-d3fee66f0071', 'device_owner': 'network:router_interface', 'standard_attr_id': 113, 'fixed_ips': [{'subnet_id': '9c184ff4-106e-45a4-acd6-38988f568359', 'ip_address': '172.20.0.1', 'prefixlen': 28}], 'allowed_address_pairs': [], 'extra_dhcp_opts': [], 'security_groups': [], 'description': '', 'binding:vnic_type': 'normal', 'binding:profile': {}, 'binding:host_id': 'dv-cinder-837529-1-iscsi', 'binding:vif_type': 'ovs', 'binding:vif_details': {'connectivity': 'l2', 'port_filter': True, 'ovs_hybrid_plug': False, 'datapath_type': 'system', 'bridge_name': 'br-int', 'bound_drivers': {'0': 'openvswitch'}}, 'port_security_enabled': False, 'tags': [], 'created_at': '2022-04-12T16:50:00Z', 'updated_at': '2022-04-12T16:50:13Z', 'revision_number': 4, 'project_id': 'ef824b9ffd3845c385039cb871fc6deb', 'subnets': [{'id': '9c184ff4-106e-45a4-acd6-38988f568359', 'cidr': '172.20.0.0/28', 'gateway_ip': '172.20.0.1', 'dns_nameservers': [], 'ipv6_ra_mode': None, 'subnetpool_id': None}], 'extra_subnets': [], 'address_scopes': {4: None, 6: None}, 'mtu': 1500}]}] {{(pid=109991) sync_routers /opt/stack/neutron/neutron/api/rpc/handlers/l3_rpc.py:137}}
Apr 12 16:50:15.845938 dv-cinder-837529-1-iscsi neutron-server[109989]: INFO neutron.wsgi [req-033f0f24-6005-4fef-a9a1-e52103028759 req-6e91d552-007a-43f3-bc18-87eab00b7f70 tempest-AttachVolumeShelveTestJSON-40216796 tempest-AttachVolumeShelveTestJSON-40216796-project] 10.222.0.55 "GET /v2.0/security-groups?name=tempest-securitygroup--1826154226&fields=id&tenant_id=ef824b9ffd3845c385039cb871fc6deb HTTP/1.1" status: 200 len: 267 time: 0.0995650
Apr 12 16:50:15.867953 dv-cinder-837529-1-iscsi neutron-server[109991]: DEBUG neutron.plugins.ml2.db [None req-ebfcf5e6-6c94-40b0-8400-a7909cabc3f6 None None] For port ba64af1e-7139-4868-814c-8c8a57c2d4ef, host dv-cinder-837529-1-iscsi, got binding levels [PortBindingLevel(driver='openvswitch',host='dv-cinder-837529-1-iscsi',level=0,port_id=ba64af1e-7139-4868-814c-8c8a57c2d4ef,segment=NetworkSegment(41da4625-1f4f-41ed-bc28-4085fb9e2f0d),segment_id=41da4625-1f4f-41ed-bc28-4085fb9e2f0d)] {{(pid=109991) get_binding_level_objs /opt/stack/neutron/neutron/plugins/ml2/db.py:74}}
Apr 12 16:50:15.876904 dv-cinder-837529-1-iscsi neutron-server[109991]: DEBUG neutron_lib.callbacks.manager [None req-ebfcf5e6-6c94-40b0-8400-a7909cabc3f6 None None] Publish callbacks ['neutron.plugins.ml2.plugin.SecurityGroupServerNotifierRpcMixin._notify_sg_on_port_change-1819825', 'neutron.plugins.ml2.ovo_rpc._ObjectChangeHandler.handle_event-962439', 'neutron.api.rpc.agentnotifiers.dhcp_rpc_agent_api.DhcpAgentNotifyAPI._native_event_send_dhcp_notification-568537', 'neutron.db.l3_db.L3RpcNotifierMixin._notify_gateway_port_ip_changed-8791372886056', 'neutron.db.l3_dvrscheduler_db._notify_l3_agent_port_update-8791372509624', 'neutron.db.l3_hascheduler_db._notify_l3_agent_ha_port_update-8791372509642'] for port (ba64af1e-7139-4868-814c-8c8a57c2d4ef), after_update {{(pid=109991) _notify_loop /usr/local/lib/python3.8/dist-packages/neutron_lib/callbacks/manager.py:176}}
Apr 12 16:50:15.991944 dv-cinder-837529-1-iscsi neutron-server[109991]: DEBUG neutron.api.rpc.handlers.resources_rpc [None req-ebfcf5e6-6c94-40b0-8400-a7909cabc3f6 None None] Pushing event updated for resources: {'Port': ['ID=ba64af1e-7139-4868-814c-8c8a57c2d4ef,revision_number=4']} {{(pid=109991) push /opt/stack/neutron/neutron/api/rpc/handlers/resources_rpc.py:237}}
Apr 12 16:50:15.998963 dv-cinder-837529-1-iscsi neutron-server[109991]: DEBUG neutron.plugins.ml2.plugin [None req-a0a1b977-5dd7-4f06-8e17-3c70935401ea None None] Current status of the port c175bf22-c159-46ae-8487-cfdb4232b9b4 is: ACTIVE; New status is: ACTIVE {{(pid=109991) _update_individual_port_db_status /opt/stack/neutron/neutron/plugins/ml2/plugin.py:2257}}
Apr 12 16:50:16.192602 dv-cinder-837529-1-iscsi neutron-server[109989]: INFO neutron.wsgi [req-1935ac50-2850-4934-8650-3adeb86497ee req-cac7cc08-f7aa-4e30-ad01-7074a564e4a1 tempest-AttachVolumeTestJSON-717500788 tempest-AttachVolumeTestJSON-717500788-project] 10.222.0.55 "GET /v2.0/ports?tenant_id=21fccd96273b4b87b5822b82c0512412&fields=id HTTP/1.1" status: 200 len: 302 time: 0.3342619
Apr 12 16:50:16.328681 dv-cinder-837529-1-iscsi neutron-server[109991]: DEBUG neutron.plugins.ml2.rpc [None req-ebfcf5e6-6c94-40b0-8400-a7909cabc3f6 None None] Device cf1fca8b-abe8-428f-b196-af730180c0f2 up at agent ovs-agent-dv-cinder-837529-1-iscsi {{(pid=109991) update_device_up /opt/stack/neutron/neutron/plugins/ml2/rpc.py:296}}
Apr 12 16:50:16.410144 dv-cinder-837529-1-iscsi neutron-server[109991]: DEBUG neutron.plugins.ml2.db [None req-547b734b-7ddf-457d-ac55-f51afbe5e325 None None] get_ports_and_sgs() called for port_ids ['212a2726-05d4-4ddb-8e68-7d26d7191cdc'] {{(pid=109991) get_ports_and_sgs /opt/stack/neutron/neutron/plugins/ml2/db.py:156}}
Apr 12 16:50:16.500526 dv-cinder-837529-1-iscsi neutron-server[109989]: INFO neutron.wsgi [req-1935ac50-2850-4934-8650-3adeb86497ee req-db81dd2f-e759-4706-a3a7-d08b72a96063 service neutron] 10.222.0.55 "GET /v2.0/networks/2ec0f6d3-dea3-4bb2-88b6-b3fe48aea7ef?fields=segments HTTP/1.1" status: 200 len: 212 time: 0.2813818
Apr 12 16:50:16.520559 dv-cinder-837529-1-iscsi neutron-server[109989]: DEBUG neutron.pecan_wsgi.hooks.policy_enforcement [req-033f0f24-6005-4fef-a9a1-e52103028759 req-838e5613-d427-497d-9551-ac4b0c3673bb tempest-AttachVolumeShelveTestJSON-40216796 tempest-AttachVolumeShelveTestJSON-40216796-project] Attributes excluded by policy engine: ['standard_attr_id', 'vlan_transparent', 'provider:network_type', 'provider:physical_network', 'provider:segmentation_id'] {{(pid=109989) _exclude_attributes_by_policy /opt/stack/neutron/neutron/pecan_wsgi/hooks/policy_enforcement.py:255}}
Apr 12 16:50:16.522112 dv-cinder-837529-1-iscsi neutron-server[109989]: INFO neutron.wsgi [req-033f0f24-6005-4fef-a9a1-e52103028759 req-838e5613-d427-497d-9551-ac4b0c3673bb tempest-AttachVolumeShelveTestJSON-40216796 tempest-AttachVolumeShelveTestJSON-40216796-project] 10.222.0.55 "GET /v2.0/networks?id=81575361-a873-4c78-99bf-1c98b2aa1f17 HTTP/1.1" status: 200 len: 817 time: 0.6618257
Apr 12 16:50:16.605963 dv-cinder-837529-1-iscsi neutron-server[109989]: INFO neutron.wsgi [req-033f0f24-6005-4fef-a9a1-e52103028759 req-0ee751bc-338b-4157-84da-3a5a756469de tempest-AttachVolumeShelveTestJSON-40216796 tempest-AttachVolumeShelveTestJSON-40216796-project] 10.222.0.55 "GET /v2.0/quotas/ef824b9ffd3845c385039cb871fc6deb HTTP/1.1" status: 200 len: 375 time: 0.0560846
Apr 12 16:50:16.610777 dv-cinder-837529-1-iscsi neutron-server[109990]: DEBUG neutron.pecan_wsgi.hooks.policy_enforcement [req-4abe851a-5d68-4573-b968-f250d507a814 req-dd86d0f0-f77d-4852-939c-14044fa63d62 tempest-ServerRescueNegativeTestJSON-1955312502 tempest-ServerRescueNegativeTestJSON-1955312502-project] Attributes excluded by policy engine: ['standard_attr_id', 'vlan_transparent', 'provider:network_type', 'provider:physical_network', 'provider:segmentation_id'] {{(pid=109990) _exclude_attributes_by_policy /opt/stack/neutron/neutron/pecan_wsgi/hooks/policy_enforcement.py:255}}
Apr 12 16:50:16.621067 dv-cinder-837529-1-iscsi neutron-server[109990]: INFO neutron.wsgi [req-4abe851a-5d68-4573-b968-f250d507a814 req-dd86d0f0-f77d-4852-939c-14044fa63d62 tempest-ServerRescueNegativeTestJSON-1955312502 tempest-ServerRescueNegativeTestJSON-1955312502-project] 10.222.0.49 "GET /v2.0/networks?id=553f844a-d4d6-4ae6-9e49-7078ca5d959f HTTP/1.1" status: 200 len: 818 time: 0.2352376
Apr 12 16:50:16.651770 dv-cinder-837529-1-iscsi neutron-server[109990]: DEBUG neutron.api.v2.base [req-4abe851a-5d68-4573-b968-f250d507a814 req-cf031fde-cdc0-4ee6-95b8-6ca8e4102f9a tempest-ServerRescueNegativeTestJSON-1955312502 tempest-ServerRescueNegativeTestJSON-1955312502-project] Request body: {'port': {'device_id': '62b99fbc-e162-4e6c-9672-d7fa7a1f702d', 'network_id': '553f844a-d4d6-4ae6-9e49-7078ca5d959f', 'admin_state_up': True, 'tenant_id': '5b0e32ed9af5417c9ca8c8d4e7774980'}} {{(pid=109990) prepare_request_body /opt/stack/neutron/neutron/api/v2/base.py:729}}
Apr 12 16:50:16.843196 dv-cinder-837529-1-iscsi neutron-server[109989]: INFO neutron.wsgi [req-033f0f24-6005-4fef-a9a1-e52103028759 req-53b78acf-d5ed-4234-8158-782487a578c1 tempest-AttachVolumeShelveTestJSON-40216796 tempest-AttachVolumeShelveTestJSON-40216796-project] 10.222.0.55 "GET /v2.0/ports?tenant_id=ef824b9ffd3845c385039cb871fc6deb&fields=id HTTP/1.1" status: 200 len: 302 time: 0.2360742
Apr 12 16:50:16.889278 dv-cinder-837529-1-iscsi neutron-server[109991]: DEBUG neutron.db.provisioning_blocks [None req-ebfcf5e6-6c94-40b0-8400-a7909cabc3f6 None None] Provisioning complete for port cf1fca8b-abe8-428f-b196-af730180c0f2 triggered by entity L2. {{(pid=109991) provisioning_complete /opt/stack/neutron/neutron/db/provisioning_blocks.py:145}}
Apr 12 16:50:16.890341 dv-cinder-837529-1-iscsi neutron-server[109991]: DEBUG neutron_lib.callbacks.manager [None req-ebfcf5e6-6c94-40b0-8400-a7909cabc3f6 None None] Publish callbacks ['neutron.plugins.ml2.plugin.Ml2Plugin._port_provisioned-1709945'] for port (cf1fca8b-abe8-428f-b196-af730180c0f2), provisioning_complete {{(pid=109991) _notify_loop /usr/local/lib/python3.8/dist-packages/neutron_lib/callbacks/manager.py:176}}
Apr 12 16:50:16.965935 dv-cinder-837529-1-iscsi neutron-server[109989]: INFO neutron.wsgi [req-1935ac50-2850-4934-8650-3adeb86497ee req-9f605a06-0e6f-427e-b085-ece3230e8662 service neutron] 10.222.0.55 "GET /v2.0/networks/2ec0f6d3-dea3-4bb2-88b6-b3fe48aea7ef?fields=provider%3Aphysical_network&fields=provider%3Anetwork_type HTTP/1.1" status: 200 len: 281 time: 0.4332769
Apr 12 16:50:17.020060 dv-cinder-837529-1-iscsi neutron-server[109990]: DEBUG neutron.pecan_wsgi.hooks.quota_enforcement [req-4abe851a-5d68-4573-b968-f250d507a814 req-cf031fde-cdc0-4ee6-95b8-6ca8e4102f9a tempest-ServerRescueNegativeTestJSON-1955312502 tempest-ServerRescueNegativeTestJSON-1955312502-project] Made reservation on behalf of 5b0e32ed9af5417c9ca8c8d4e7774980 for: {'port': 1} {{(pid=109990) before /opt/stack/neutron/neutron/pecan_wsgi/hooks/quota_enforcement.py:53}}
Apr 12 16:50:17.025759 dv-cinder-837529-1-iscsi neutron-server[109990]: DEBUG neutron_lib.callbacks.manager [req-4abe851a-5d68-4573-b968-f250d507a814 req-cf031fde-cdc0-4ee6-95b8-6ca8e4102f9a tempest-ServerRescueNegativeTestJSON-1955312502 tempest-ServerRescueNegativeTestJSON-1955312502-project] Publish callbacks ['neutron.plugins.ml2.plugin.SecurityGroupDbMixin._ensure_default_security_group_handler-1819766'] for port (None), before_create {{(pid=109990) _notify_loop /usr/local/lib/python3.8/dist-packages/neutron_lib/callbacks/manager.py:176}}
Apr 12 16:50:17.171019 dv-cinder-837529-1-iscsi neutron-server[109989]: INFO neutron.wsgi [req-033f0f24-6005-4fef-a9a1-e52103028759 req-b6cf062e-f1e9-4a38-b015-173b9ed9f7ef service neutron] 10.222.0.55 "GET /v2.0/networks/81575361-a873-4c78-99bf-1c98b2aa1f17?fields=segments HTTP/1.1" status: 200 len: 212 time: 0.3116477
Apr 12 16:50:17.305170 dv-cinder-837529-1-iscsi neutron-server[109990]: DEBUG neutron.db.db_base_plugin_common [req-4abe851a-5d68-4573-b968-f250d507a814 req-cf031fde-cdc0-4ee6-95b8-6ca8e4102f9a tempest-ServerRescueNegativeTestJSON-1955312502 tempest-ServerRescueNegativeTestJSON-1955312502-project] Allocated IP 172.20.0.13 (553f844a-d4d6-4ae6-9e49-7078ca5d959f/710531b1-3a07-41c7-8397-ca5bb84350f7/601c0518-68cb-4083-bd32-1d234098509b) {{(pid=109990) _store_ip_allocation /opt/stack/neutron/neutron/db/db_base_plugin_common.py:131}}
Apr 12 16:50:17.395120 dv-cinder-837529-1-iscsi neutron-server[109989]: INFO neutron.wsgi [req-033f0f24-6005-4fef-a9a1-e52103028759 req-7e9523f7-2d6f-480a-a076-072be302ba0d service neutron] 10.222.0.55 "GET /v2.0/networks/81575361-a873-4c78-99bf-1c98b2aa1f17?fields=provider%3Aphysical_network&fields=provider%3Anetwork_type HTTP/1.1" status: 200 len: 281 time: 0.2228506
Apr 12 16:50:17.410100 dv-cinder-837529-1-iscsi neutron-server[109991]: DEBUG neutron.plugins.ml2.plugin [None req-ebfcf5e6-6c94-40b0-8400-a7909cabc3f6 None None] Current status of the port cf1fca8b-abe8-428f-b196-af730180c0f2 is: ACTIVE; New status is: ACTIVE {{(pid=109991) _update_individual_port_db_status /opt/stack/neutron/neutron/plugins/ml2/plugin.py:2257}}
Apr 12 16:50:17.412703 dv-cinder-837529-1-iscsi neutron-server[109991]: DEBUG neutron.plugins.ml2.rpc [None req-ebfcf5e6-6c94-40b0-8400-a7909cabc3f6 None None] Device 5b6734b6-859f-4a08-9149-e7f3766c40bd up at agent ovs-agent-dv-cinder-837529-1-iscsi {{(pid=109991) update_device_up /opt/stack/neutron/neutron/plugins/ml2/rpc.py:296}}
Apr 12 16:50:17.512174 dv-cinder-837529-1-iscsi neutron-server[109989]: INFO neutron.wsgi [req-7b9c376b-6e64-4aad-9639-7ae615aa09c6 req-a24f1254-ace2-48b5-b0d0-68756728c627 tempest-AttachVolumeNegativeTest-680521751 tempest-AttachVolumeNegativeTest-680521751-project] 10.222.0.55 "GET /v2.0/ports?device_id=8077e568-9147-44b6-85c8-ae7616a07df6 HTTP/1.1" status: 200 len: 210 time: 0.0568676
