Apr 12 14:40:50.030016 dv-cinder-837525-1-smb neutron-server[110009]: DEBUG neutron.api.rpc.handlers.l3_rpc [None req-931527ff-2ade-4a61-a71a-d6bb8c8ddb58 None None] The sync data for ids ['9f0bdeac-950b-4911-91ca-940b593fbfe8'] in dv-cinder-837525-1-smb is: [{'id': '9f0bdeac-950b-4911-91ca-940b593fbfe8', 'name': 'tempest-AttachVolumeShelveTestJSON-1533430433-router', 'tenant_id': '6fec8693d7f84fdb9431edd99e0ab5e4', 'admin_state_up': True, 'status': 'ACTIVE', 'external_gateway_info': {'network_id': 'c06b221d-64c6-460d-8b8c-d9a1049cd7c5', 'external_fixed_ips': [{'subnet_id': 'a55b68ec-131b-4fd3-b6cd-430179d2967e', 'ip_address': '172.28.1.74'}], 'enable_snat': True}, 'gw_port_id': 'c080830b-6040-4723-9093-45f5225207cf', 'description': '', 'availability_zones': ['nova'], 'distributed': False, 'ha': False, 'ha_vr_id': 0, 'availability_zone_hints': [], 'routes': [], 'flavor_id': None, 'tags': [], 'created_at': '2022-04-12T14:40:35Z', 'updated_at': '2022-04-12T14:40:42Z', 'revision_number': 4, 'project_id': '6fec8693d7f84fdb9431edd99e0ab5e4', 'gw_port': {'id': 'c080830b-6040-4723-9093-45f5225207cf', 'name': '', 'network_id': 'c06b221d-64c6-460d-8b8c-d9a1049cd7c5', 'tenant_id': '', 'mac_address': 'fa:16:3e:1a:4f:ff', 'admin_state_up': True, 'status': 'ACTIVE', 'device_id': '9f0bdeac-950b-4911-91ca-940b593fbfe8', 'device_owner': 'network:router_gateway', 'standard_attr_id': 59, 'fixed_ips': [{'subnet_id': 'a55b68ec-131b-4fd3-b6cd-430179d2967e', 'ip_address': '172.28.1.74', 'prefixlen': 24}], 'allowed_address_pairs': [], 'extra_dhcp_opts': [], 'security_groups': [], 'description': '', 'binding:vnic_type': 'normal', 'binding:profile': {}, 'binding:host_id': 'dv-cinder-837525-1-smb', 'binding:vif_type': 'ovs', 'binding:vif_details': {'connectivity': 'l2', 'port_filter': True, 'ovs_hybrid_plug': False, 'datapath_type': 'system', 'bridge_name': 'br-int', 'bound_drivers': {'0': 'openvswitch'}}, 'port_security_enabled': False, 'tags': [], 'created_at': '2022-04-12T14:40:36Z', 'updated_at': '2022-04-12T14:40:44Z', 'revision_number': 4, 'project_id': '', 'subnets': [{'id': 'a55b68ec-131b-4fd3-b6cd-430179d2967e', 'cidr': '172.28.1.0/24', 'gateway_ip': '172.28.1.1', 'dns_nameservers': [], 'ipv6_ra_mode': None, 'subnetpool_id': None}], 'extra_subnets': [], 'address_scopes': {4: None, 6: None}, 'mtu': 1500}, 'enable_snat': True, 'gw_port_host': 'dv-cinder-837525-1-smb', '_interfaces': [{'id': '568b3be6-6cf3-40e0-9355-fcc7d0ec512d', 'name': '', 'network_id': '83451703-1457-404e-8ff4-af678785021c', 'tenant_id': '6fec8693d7f84fdb9431edd99e0ab5e4', 'mac_address': 'fa:16:3e:f3:a4:ed', 'admin_state_up': True, 'status': 'DOWN', 'device_id': '9f0bdeac-950b-4911-91ca-940b593fbfe8', 'device_owner': 'network:router_interface', 'standard_attr_id': 66, 'fixed_ips': [{'subnet_id': '849e51f7-6ff1-4c92-9482-091a540f2ab0', 'ip_address': '172.20.0.1', 'prefixlen': 28}], 'allowed_address_pairs': [], 'extra_dhcp_opts': [], 'security_groups': [], 'description': '', 'binding:vnic_type': 'normal', 'binding:profile': {}, 'binding:host_id': 'dv-cinder-837525-1-smb', 'binding:vif_type': 'ovs', 'binding:vif_details': {'connectivity': 'l2', 'port_filter': True, 'ovs_hybrid_plug': False, 'datapath_type': 'system', 'bridge_name': 'br-int', 'bound_drivers': {'0': 'openvswitch'}}, 'port_security_enabled': False, 'tags': [], 'created_at': '2022-04-12T14:40:40Z', 'updated_at': '2022-04-12T14:40:48Z', 'revision_number': 4, 'project_id': '6fec8693d7f84fdb9431edd99e0ab5e4', 'subnets': [{'id': '849e51f7-6ff1-4c92-9482-091a540f2ab0', 'cidr': '172.20.0.0/28', 'gateway_ip': '172.20.0.1', 'dns_nameservers': [], 'ipv6_ra_mode': None, 'subnetpool_id': None}], 'extra_subnets': [], 'address_scopes': {4: None, 6: None}, 'mtu': 1500}]}] {{(pid=110009) sync_routers /opt/stack/neutron/neutron/api/rpc/handlers/l3_rpc.py:137}}
Apr 12 14:40:50.131794 dv-cinder-837525-1-smb neutron-server[110008]: DEBUG neutron.db.provisioning_blocks [None req-283f8e7b-343c-459d-994d-7764c935f083 None None] Provisioning complete for port 056c067c-d38d-4ce8-aca0-52758b89b5bf triggered by entity L2. {{(pid=110008) provisioning_complete /opt/stack/neutron/neutron/db/provisioning_blocks.py:145}}
Apr 12 14:40:50.131794 dv-cinder-837525-1-smb neutron-server[110008]: DEBUG neutron_lib.callbacks.manager [None req-283f8e7b-343c-459d-994d-7764c935f083 None None] Publish callbacks ['neutron.plugins.ml2.plugin.Ml2Plugin._port_provisioned-1760859'] for port (056c067c-d38d-4ce8-aca0-52758b89b5bf), provisioning_complete {{(pid=110008) _notify_loop /usr/local/lib/python3.8/dist-packages/neutron_lib/callbacks/manager.py:176}}
Apr 12 14:40:50.204135 dv-cinder-837525-1-smb neutron-server[110006]: DEBUG neutron_lib.callbacks.manager [None req-9394191f-60a6-4e2d-b156-87b6b0d451b2 admin admin] Publish callbacks [] for security_group (e177e27a-5019-495d-a023-adc643307e24), precommit_delete {{(pid=110006) _notify_loop /usr/local/lib/python3.8/dist-packages/neutron_lib/callbacks/manager.py:176}}
Apr 12 14:40:50.266652 dv-cinder-837525-1-smb neutron-server[110005]: INFO neutron.wsgi [req-4bcaa48c-dbae-43d9-af1e-f2e8f63ac9cb req-cda0e58c-d5a2-4ddd-9031-577a4c15abfa tempest-DeleteServersTestJSON-1113608506 tempest-DeleteServersTestJSON-1113608506-project] 10.222.0.66 "GET /v2.0/security-groups?id=583804f1-5124-4fbc-b767-4a34529b3a7b&fields=id&fields=name HTTP/1.1" status: 200 len: 286 time: 1.1204441
Apr 12 14:40:50.435576 dv-cinder-837525-1-smb neutron-server[110005]: DEBUG neutron.db.db_base_plugin_common [None req-6c9e0f8c-5190-421a-b7b8-639db6393fc0 tempest-AttachVolumeShelveTestJSON-1490205010 tempest-AttachVolumeShelveTestJSON-1490205010-project] Allocated IP 172.28.1.155 (c06b221d-64c6-460d-8b8c-d9a1049cd7c5/a55b68ec-131b-4fd3-b6cd-430179d2967e/58c3bb90-1598-4abe-b335-8a9e355476c6) {{(pid=110005) _store_ip_allocation /opt/stack/neutron/neutron/db/db_base_plugin_common.py:131}}
Apr 12 14:40:50.443794 dv-cinder-837525-1-smb neutron-server[110008]: DEBUG neutron.plugins.ml2.plugin [None req-283f8e7b-343c-459d-994d-7764c935f083 None None] Current status of the port 056c067c-d38d-4ce8-aca0-52758b89b5bf is: DOWN; New status is: ACTIVE {{(pid=110008) _update_individual_port_db_status /opt/stack/neutron/neutron/plugins/ml2/plugin.py:2257}}
Apr 12 14:40:50.444324 dv-cinder-837525-1-smb neutron-server[110008]: DEBUG neutron_lib.callbacks.manager [None req-283f8e7b-343c-459d-994d-7764c935f083 None None] Publish callbacks ['neutron.plugins.ml2.plugin.SecurityGroupDbMixin._ensure_default_security_group_handler-1665872'] for port (056c067c-d38d-4ce8-aca0-52758b89b5bf), before_update {{(pid=110008) _notify_loop /usr/local/lib/python3.8/dist-packages/neutron_lib/callbacks/manager.py:176}}
Apr 12 14:40:50.530325 dv-cinder-837525-1-smb neutron-server[110006]: DEBUG neutron_lib.callbacks.manager [req-a38e8d95-b373-423a-b42b-edf06025900b req-41597543-0499-42e6-be6a-f549d207ac5d service neutron] Publish callbacks ['neutron.plugins.ml2.plugin.SecurityGroupDbMixin._ensure_default_security_group_handler-1665872'] for port (da1c6a9c-d071-4455-84f7-7efae9de1861), before_update {{(pid=110006) _notify_loop /usr/local/lib/python3.8/dist-packages/neutron_lib/callbacks/manager.py:176}}
Apr 12 14:40:50.579495 dv-cinder-837525-1-smb neutron-server[110008]: DEBUG neutron.plugins.ml2.db [None req-283f8e7b-343c-459d-994d-7764c935f083 None None] For port 056c067c-d38d-4ce8-aca0-52758b89b5bf, host dv-cinder-837525-1-smb, got binding levels [PortBindingLevel(driver='openvswitch',host='dv-cinder-837525-1-smb',level=0,port_id=056c067c-d38d-4ce8-aca0-52758b89b5bf,segment=NetworkSegment(8e3eb19b-11a5-4d8c-94cd-482e6b910b7e),segment_id=8e3eb19b-11a5-4d8c-94cd-482e6b910b7e)] {{(pid=110008) get_binding_level_objs /opt/stack/neutron/neutron/plugins/ml2/db.py:74}}
Apr 12 14:40:50.583104 dv-cinder-837525-1-smb neutron-server[110005]: DEBUG neutron_lib.callbacks.manager [None req-a35af7e8-96d5-4588-acc3-e8d39523ccde admin admin] Publish callbacks ['neutron.plugins.ml2.ovo_rpc._ObjectChangeHandler.handle_event-783138'] for security_group (e72f06bb-7c24-4b6a-b437-85347113aba9), after_delete {{(pid=110005) _notify_loop /usr/local/lib/python3.8/dist-packages/neutron_lib/callbacks/manager.py:176}}
Apr 12 14:40:50.585833 dv-cinder-837525-1-smb neutron-server[110005]: DEBUG neutron_lib.callbacks.manager [None req-a35af7e8-96d5-4588-acc3-e8d39523ccde admin admin] Publish callbacks [] for security_group (None), before_response {{(pid=110005) _notify_loop /usr/local/lib/python3.8/dist-packages/neutron_lib/callbacks/manager.py:176}}
Apr 12 14:40:50.587398 dv-cinder-837525-1-smb neutron-server[110008]: DEBUG neutron_lib.callbacks.manager [None req-283f8e7b-343c-459d-994d-7764c935f083 None None] Publish callbacks ['neutron.plugins.ml2.plugin.SecurityGroupServerNotifierRpcMixin._notify_sg_on_port_change-1665458', 'neutron.plugins.ml2.ovo_rpc._ObjectChangeHandler.handle_event-105725', 'neutron.api.rpc.agentnotifiers.dhcp_rpc_agent_api.DhcpAgentNotifyAPI._native_event_send_dhcp_notification-529346', 'neutron.db.l3_db.L3RpcNotifierMixin._notify_gateway_port_ip_changed-8772618448671', 'neutron.db.l3_dvrscheduler_db._notify_l3_agent_port_update-8772617939258', 'neutron.db.l3_hascheduler_db._notify_l3_agent_ha_port_update-8772617939276'] for port (056c067c-d38d-4ce8-aca0-52758b89b5bf), after_update {{(pid=110008) _notify_loop /usr/local/lib/python3.8/dist-packages/neutron_lib/callbacks/manager.py:176}}
Apr 12 14:40:50.593325 dv-cinder-837525-1-smb neutron-server[110005]: INFO neutron.wsgi [None req-a35af7e8-96d5-4588-acc3-e8d39523ccde admin admin] 10.222.0.66 "DELETE /v2.0/security-groups/e72f06bb-7c24-4b6a-b437-85347113aba9 HTTP/1.1" status: 204 len: 168 time: 2.8072138
Apr 12 14:40:50.728829 dv-cinder-837525-1-smb neutron-server[110008]: DEBUG neutron.api.rpc.handlers.resources_rpc [None req-283f8e7b-343c-459d-994d-7764c935f083 None None] Pushing event updated for resources: {'Port': ['ID=056c067c-d38d-4ce8-aca0-52758b89b5bf,revision_number=4']} {{(pid=110008) push /opt/stack/neutron/neutron/api/rpc/handlers/resources_rpc.py:237}}
Apr 12 14:40:50.730853 dv-cinder-837525-1-smb neutron-server[110005]: DEBUG neutron.api.rpc.handlers.resources_rpc [None req-a35af7e8-96d5-4588-acc3-e8d39523ccde admin admin] Pushing event deleted for resources: {'SecurityGroup': ['ID=e72f06bb-7c24-4b6a-b437-85347113aba9,revision_number=None']} {{(pid=110005) push /opt/stack/neutron/neutron/api/rpc/handlers/resources_rpc.py:237}}
Apr 12 14:40:50.873556 dv-cinder-837525-1-smb neutron-server[110005]: DEBUG neutron_lib.callbacks.manager [None req-6c9e0f8c-5190-421a-b7b8-639db6393fc0 tempest-AttachVolumeShelveTestJSON-1490205010 tempest-AttachVolumeShelveTestJSON-1490205010-project] Publish callbacks [] for port (58c3bb90-1598-4abe-b335-8a9e355476c6), precommit_create {{(pid=110005) _notify_loop /usr/local/lib/python3.8/dist-packages/neutron_lib/callbacks/manager.py:176}}
Apr 12 14:40:50.920306 dv-cinder-837525-1-smb neutron-server[110006]: DEBUG neutron_lib.callbacks.manager [None req-9394191f-60a6-4e2d-b156-87b6b0d451b2 admin admin] Publish callbacks ['neutron.plugins.ml2.ovo_rpc._ObjectChangeHandler.handle_event-783138'] for security_group (e177e27a-5019-495d-a023-adc643307e24), after_delete {{(pid=110006) _notify_loop /usr/local/lib/python3.8/dist-packages/neutron_lib/callbacks/manager.py:176}}
Apr 12 14:40:50.924205 dv-cinder-837525-1-smb neutron-server[110006]: DEBUG neutron_lib.callbacks.manager [None req-9394191f-60a6-4e2d-b156-87b6b0d451b2 admin admin] Publish callbacks [] for security_group (None), before_response {{(pid=110006) _notify_loop /usr/local/lib/python3.8/dist-packages/neutron_lib/callbacks/manager.py:176}}
Apr 12 14:40:50.938420 dv-cinder-837525-1-smb neutron-server[110006]: INFO neutron.wsgi [None req-9394191f-60a6-4e2d-b156-87b6b0d451b2 admin admin] 10.222.0.66 "DELETE /v2.0/security-groups/e177e27a-5019-495d-a023-adc643307e24 HTTP/1.1" status: 204 len: 168 time: 1.5033343
Apr 12 14:40:51.034399 dv-cinder-837525-1-smb neutron-server[110005]: DEBUG neutron_lib.callbacks.manager [None req-6c9e0f8c-5190-421a-b7b8-639db6393fc0 tempest-AttachVolumeShelveTestJSON-1490205010 tempest-AttachVolumeShelveTestJSON-1490205010-project] Publish callbacks ['neutron.plugins.ml2.plugin.SecurityGroupServerNotifierRpcMixin._notify_sg_on_port_change-1665458', 'neutron.plugins.ml2.ovo_rpc._ObjectChangeHandler.handle_event-105725', 'neutron.api.rpc.agentnotifiers.dhcp_rpc_agent_api.DhcpAgentNotifyAPI._native_event_send_dhcp_notification-529346', 'neutron.db.l3_dvrscheduler_db._notify_l3_agent_new_port-8772617939240'] for port (58c3bb90-1598-4abe-b335-8a9e355476c6), after_create {{(pid=110005) _notify_loop /usr/local/lib/python3.8/dist-packages/neutron_lib/callbacks/manager.py:176}}
Apr 12 14:40:51.100145 dv-cinder-837525-1-smb neutron-server[110006]: DEBUG neutron.api.rpc.handlers.resources_rpc [None req-9394191f-60a6-4e2d-b156-87b6b0d451b2 admin admin] Pushing event deleted for resources: {'SecurityGroup': ['ID=e177e27a-5019-495d-a023-adc643307e24,revision_number=None']} {{(pid=110006) push /opt/stack/neutron/neutron/api/rpc/handlers/resources_rpc.py:237}}
Apr 12 14:40:51.163611 dv-cinder-837525-1-smb neutron-server[110008]: DEBUG neutron.api.rpc.handlers.l3_rpc [None req-2412f388-0ca3-425c-a09d-ddda269421a9 None None] Sync routers for ids ['13cb0a28-a5ea-4a74-87e3-d72dc9f3038b'] in dv-cinder-837525-1-smb {{(pid=110008) sync_routers /opt/stack/neutron/neutron/api/rpc/handlers/l3_rpc.py:125}}
Apr 12 14:40:51.210384 dv-cinder-837525-1-smb neutron-server[110008]: DEBUG neutron.db.l3_dvrscheduler_db [None req-2412f388-0ca3-425c-a09d-ddda269421a9 None None] Routers {'13cb0a28-a5ea-4a74-87e3-d72dc9f3038b'} bound to L3 agent in host dv-cinder-837525-1-smb {{(pid=110008) _get_router_ids_for_agent /opt/stack/neutron/neutron/db/l3_dvrscheduler_db.py:421}}
Apr 12 14:40:51.210925 dv-cinder-837525-1-smb neutron-server[110008]: DEBUG neutron.db.l3_hamode_db [None req-2412f388-0ca3-425c-a09d-ddda269421a9 None None] neutron.services.l3_router.l3_router_plugin.L3RouterPlugin method get_ha_sync_data_for_host called with arguments (, 'dv-cinder-837525-1-smb', Agent(admin_state_up=True,agent_type='L3 agent',availability_zone='nova',binary='neutron-l3-agent',configurations={"agent_mode": "legacy", "ex_gw_ports": 1, "extensions": [], "floating_ips": 0, "handle_internal_only_routers": true, "interface_driver": "openvswitch", "interfaces": 1, "log_agent_heartbeats": false, "routers": 1},created_at=2022-04-12T14:31:40Z,description=,heartbeat_timestamp=2022-04-12T14:40:40Z,host='dv-cinder-837525-1-smb',id=b09001f3-9171-4696-88a0-3573cdfbf3e1,load=0,resource_versions=,resources_synced=,started_at=2022-04-12T14:31:40Z,topic='l3_agent')) {'router_ids': ['13cb0a28-a5ea-4a74-87e3-d72dc9f3038b'], 'active': True} {{(pid=110008) wrapper /usr/local/lib/python3.8/dist-packages/oslo_log/helpers.py:65}}
Apr 12 14:40:51.279077 dv-cinder-837525-1-smb neutron-server[110005]: DEBUG neutron.api.rpc.handlers.resources_rpc [None req-6c9e0f8c-5190-421a-b7b8-639db6393fc0 tempest-AttachVolumeShelveTestJSON-1490205010 tempest-AttachVolumeShelveTestJSON-1490205010-project] Pushing event updated for resources: {'Port': ['ID=58c3bb90-1598-4abe-b335-8a9e355476c6,revision_number=1']} {{(pid=110005) push /opt/stack/neutron/neutron/api/rpc/handlers/resources_rpc.py:237}}
Apr 12 14:40:51.310819 dv-cinder-837525-1-smb neutron-server[110005]: DEBUG neutron.scheduler.dhcp_agent_scheduler [None req-6c9e0f8c-5190-421a-b7b8-639db6393fc0 tempest-AttachVolumeShelveTestJSON-1490205010 tempest-AttachVolumeShelveTestJSON-1490205010-project] Network c06b221d-64c6-460d-8b8c-d9a1049cd7c5 is already hosted by enough agents. {{(pid=110005) _get_dhcp_agents_hosting_network /opt/stack/neutron/neutron/scheduler/dhcp_agent_scheduler.py:275}}
Apr 12 14:40:51.312561 dv-cinder-837525-1-smb neutron-server[110005]: DEBUG neutron.scheduler.base_scheduler [None req-6c9e0f8c-5190-421a-b7b8-639db6393fc0 tempest-AttachVolumeShelveTestJSON-1490205010 tempest-AttachVolumeShelveTestJSON-1490205010-project] Resources bound (agent type, host, resource id): {{(pid=110005) schedule /opt/stack/neutron/neutron/scheduler/base_scheduler.py:57}}
Apr 12 14:40:51.327087 dv-cinder-837525-1-smb neutron-server[110005]: DEBUG neutron.db.l3_dvrscheduler_db [None req-6c9e0f8c-5190-421a-b7b8-639db6393fc0 tempest-AttachVolumeShelveTestJSON-1490205010 tempest-AttachVolumeShelveTestJSON-1490205010-project] Received port after_create {{(pid=110005) _notify_l3_agent_new_port /opt/stack/neutron/neutron/db/l3_dvrscheduler_db.py:536}}
Apr 12 14:40:51.437182 dv-cinder-837525-1-smb neutron-server[110005]: DEBUG neutron.wsgi [-] (110005) accepted ('10.222.0.66', 58294) {{(pid=110005) server /usr/local/lib/python3.8/dist-packages/eventlet/wsgi.py:1004}}
Apr 12 14:40:51.638449 dv-cinder-837525-1-smb neutron-server[110005]: DEBUG neutron_lib.callbacks.manager [None req-33c17fc2-6ca4-4f38-b106-acdd4c5b6ef7 admin admin] Publish callbacks [] for security_group (None), before_create {{(pid=110005) _notify_loop /usr/local/lib/python3.8/dist-packages/neutron_lib/callbacks/manager.py:176}}
Apr 12 14:40:51.745764 dv-cinder-837525-1-smb neutron-server[110008]: DEBUG neutron.db.l3_dvr_db [None req-2412f388-0ca3-425c-a09d-ddda269421a9 None None] Set router 13cb0a28-a5ea-4a74-87e3-d72dc9f3038b gateway port host: dv-cinder-837525-1-smb {{(pid=110008) _build_routers_list /opt/stack/neutron/neutron/db/l3_dvr_db.py:906}}
Apr 12 14:40:51.819614 dv-cinder-837525-1-smb neutron-server[110006]: DEBUG neutron.notifiers.nova [req-a38e8d95-b373-423a-b42b-edf06025900b req-41597543-0499-42e6-be6a-f549d207ac5d service neutron] Ignoring state change previous_port_status: DOWN current_port_status: DOWN port_id da1c6a9c-d071-4455-84f7-7efae9de1861 {{(pid=110006) record_port_status_changed /opt/stack/neutron/neutron/notifiers/nova.py:233}}
Apr 12 14:40:51.831795 dv-cinder-837525-1-smb neutron-server[110006]: DEBUG neutron_lib.callbacks.manager [req-a38e8d95-b373-423a-b42b-edf06025900b req-41597543-0499-42e6-be6a-f549d207ac5d service neutron] Publish callbacks [] for port (da1c6a9c-d071-4455-84f7-7efae9de1861), precommit_update {{(pid=110006) _notify_loop /usr/local/lib/python3.8/dist-packages/neutron_lib/callbacks/manager.py:176}}
Apr 12 14:40:51.878592 dv-cinder-837525-1-smb neutron-server[110006]: DEBUG neutron.db.provisioning_blocks [req-a38e8d95-b373-423a-b42b-edf06025900b req-41597543-0499-42e6-be6a-f549d207ac5d service neutron] Transition to ACTIVE for port object da1c6a9c-d071-4455-84f7-7efae9de1861 will not be triggered until provisioned by entity L2. {{(pid=110006) add_provisioning_component /opt/stack/neutron/neutron/db/provisioning_blocks.py:75}}
Apr 12 14:40:51.899125 dv-cinder-837525-1-smb neutron-server[110006]: DEBUG neutron_lib.callbacks.manager [req-a38e8d95-b373-423a-b42b-edf06025900b req-41597543-0499-42e6-be6a-f549d207ac5d service neutron] Publish callbacks ['neutron.plugins.ml2.plugin.SecurityGroupServerNotifierRpcMixin._notify_sg_on_port_change-1665458', 'neutron.plugins.ml2.ovo_rpc._ObjectChangeHandler.handle_event-105725', 'neutron.api.rpc.agentnotifiers.dhcp_rpc_agent_api.DhcpAgentNotifyAPI._native_event_send_dhcp_notification-529346', 'neutron.db.l3_db.L3RpcNotifierMixin._notify_gateway_port_ip_changed-8772618448671', 'neutron.db.l3_dvrscheduler_db._notify_l3_agent_port_update-8772617939258', 'neutron.db.l3_hascheduler_db._notify_l3_agent_ha_port_update-8772617939276'] for port (da1c6a9c-d071-4455-84f7-7efae9de1861), after_update {{(pid=110006) _notify_loop /usr/local/lib/python3.8/dist-packages/neutron_lib/callbacks/manager.py:176}}
Apr 12 14:40:52.011738 dv-cinder-837525-1-smb neutron-server[110005]: DEBUG neutron_lib.callbacks.manager [None req-33c17fc2-6ca4-4f38-b106-acdd4c5b6ef7 admin admin] Publish callbacks [] for security_group (e511ce05-78fb-4a8a-b87f-87262288595e), precommit_create {{(pid=110005) _notify_loop /usr/local/lib/python3.8/dist-packages/neutron_lib/callbacks/manager.py:176}}
Apr 12 14:40:52.104357 dv-cinder-837525-1-smb neutron-server[110008]: DEBUG neutron.plugins.ml2.rpc [None req-283f8e7b-343c-459d-994d-7764c935f083 None None] Device 056c067c-d38d-4ce8-aca0-52758b89b5bf up at agent ovs-agent-dv-cinder-837525-1-smb {{(pid=110008) update_device_up /opt/stack/neutron/neutron/plugins/ml2/rpc.py:296}}
Apr 12 14:40:52.116470 dv-cinder-837525-1-smb neutron-server[110005]: DEBUG neutron_lib.callbacks.manager [None req-33c17fc2-6ca4-4f38-b106-acdd4c5b6ef7 admin admin] Publish callbacks ['neutron.plugins.ml2.ovo_rpc._ObjectChangeHandler.handle_event-783138'] for security_group (e511ce05-78fb-4a8a-b87f-87262288595e), after_create {{(pid=110005) _notify_loop /usr/local/lib/python3.8/dist-packages/neutron_lib/callbacks/manager.py:176}}
Apr 12 14:40:52.187378 dv-cinder-837525-1-smb neutron-server[110005]: DEBUG neutron.wsgi [-] (110005) accepted ('10.222.0.66', 58312) {{(pid=110005) server /usr/local/lib/python3.8/dist-packages/eventlet/wsgi.py:1004}}
Apr 12 14:40:52.271765 dv-cinder-837525-1-smb neutron-server[110008]: DEBUG neutron.db.provisioning_blocks [None req-283f8e7b-343c-459d-994d-7764c935f083 None None] Provisioning complete for port 056c067c-d38d-4ce8-aca0-52758b89b5bf triggered by entity L2. {{(pid=110008) provisioning_complete /opt/stack/neutron/neutron/db/provisioning_blocks.py:145}}
Apr 12 14:40:52.272271 dv-cinder-837525-1-smb neutron-server[110008]: DEBUG neutron_lib.callbacks.manager [None req-283f8e7b-343c-459d-994d-7764c935f083 None None] Publish callbacks ['neutron.plugins.ml2.plugin.Ml2Plugin._port_provisioned-1760859'] for port (056c067c-d38d-4ce8-aca0-52758b89b5bf), provisioning_complete {{(pid=110008) _notify_loop /usr/local/lib/python3.8/dist-packages/neutron_lib/callbacks/manager.py:176}}
Apr 12 14:40:52.321708 dv-cinder-837525-1-smb neutron-server[110006]: DEBUG neutron.api.rpc.handlers.resources_rpc [None req-41597543-0499-42e6-be6a-f549d207ac5d service neutron] Pushing event updated for resources: {'Port': ['ID=da1c6a9c-d071-4455-84f7-7efae9de1861,revision_number=2']} {{(pid=110006) push /opt/stack/neutron/neutron/api/rpc/handlers/resources_rpc.py:237}}
Apr 12 14:40:52.359120 dv-cinder-837525-1-smb neutron-server[110005]: INFO neutron.wsgi [None req-33c17fc2-6ca4-4f38-b106-acdd4c5b6ef7 admin admin] 10.222.0.66 "GET /v2.0/security-groups?tenant_id=8423d1c026a349f48e6a489112baf2dd&name=default HTTP/1.1" status: 200 len: 2992 time: 0.9143121
Apr 12 14:40:52.363669 dv-cinder-837525-1-smb neutron-server[110005]: DEBUG neutron.wsgi [-] (110005) accepted ('10.222.0.66', 58314) {{(pid=110005) server /usr/local/lib/python3.8/dist-packages/eventlet/wsgi.py:1004}}
Apr 12 14:40:52.443536 dv-cinder-837525-1-smb neutron-server[110006]: DEBUG neutron.plugins.ml2.managers [req-a38e8d95-b373-423a-b42b-edf06025900b req-41597543-0499-42e6-be6a-f549d207ac5d service neutron] Attempting to bind port da1c6a9c-d071-4455-84f7-7efae9de1861 on host hv-cinder-83752 for vnic_type normal with profile {{(pid=110006) bind_port /opt/stack/neutron/neutron/plugins/ml2/managers.py:795}}
Apr 12 14:40:52.453269 dv-cinder-837525-1-smb neutron-server[110006]: DEBUG neutron.plugins.ml2.managers [req-a38e8d95-b373-423a-b42b-edf06025900b req-41597543-0499-42e6-be6a-f549d207ac5d service neutron] Attempting to bind port da1c6a9c-d071-4455-84f7-7efae9de1861 by drivers openvswitch,hyperv on host hv-cinder-83752 at level 0 using segments [{'id': '711034e9-7fd1-40a3-84c6-168aa795a7c4', 'network_type': 'vlan', 'physical_network': 'physnet1', 'segmentation_id': 223, 'network_id': '1d0c13db-6779-44bb-9f48-91722801fd24'}] {{(pid=110006) _bind_port_level /opt/stack/neutron/neutron/plugins/ml2/managers.py:820}}
Apr 12 14:40:52.459228 dv-cinder-837525-1-smb neutron-server[110006]: DEBUG neutron.plugins.ml2.drivers.mech_agent [req-a38e8d95-b373-423a-b42b-edf06025900b req-41597543-0499-42e6-be6a-f549d207ac5d service neutron] Attempting to bind port da1c6a9c-d071-4455-84f7-7efae9de1861 on network 1d0c13db-6779-44bb-9f48-91722801fd24 {{(pid=110006) bind_port /opt/stack/neutron/neutron/plugins/ml2/drivers/mech_agent.py:91}}
Apr 12 14:40:52.470011 dv-cinder-837525-1-smb neutron-server[110008]: DEBUG neutron.db.l3_hamode_db [None req-2412f388-0ca3-425c-a09d-ddda269421a9 None None] neutron.services.l3_router.l3_router_plugin.L3RouterPlugin method _process_sync_ha_data called with arguments (, [{'id': '13cb0a28-a5ea-4a74-87e3-d72dc9f3038b', 'name': 'tempest-ServerRescueNegativeTestJSON-575607077-router', 'tenant_id': '71b7bea658c04097a5cfc8c21f29bcf8', 'admin_state_up': True, 'status': 'ACTIVE', 'external_gateway_info': {'network_id': 'c06b221d-64c6-460d-8b8c-d9a1049cd7c5', 'external_fixed_ips': [{'subnet_id': 'a55b68ec-131b-4fd3-b6cd-430179d2967e', 'ip_address': '172.28.1.194'}], 'enable_snat': True}, 'gw_port_id': '056c067c-d38d-4ce8-aca0-52758b89b5bf', 'description': '', 'availability_zones': ['nova'], 'distributed': False, 'ha': False, 'ha_vr_id': 0, 'availability_zone_hints': [], 'routes': [], 'flavor_id': None, 'tags': [], 'created_at': '2022-04-12T14:40:34Z', 'updated_at': '2022-04-12T14:40:45Z', 'revision_number': 4, 'project_id': '71b7bea658c04097a5cfc8c21f29bcf8', 'gw_port': {'id': '056c067c-d38d-4ce8-aca0-52758b89b5bf', 'name': '', 'network_id': 'c06b221d-64c6-460d-8b8c-d9a1049cd7c5', 'tenant_id': '', 'mac_address': 'fa:16:3e:93:78:b3', 'admin_state_up': True, 'status': 'ACTIVE', 'device_id': '13cb0a28-a5ea-4a74-87e3-d72dc9f3038b', 'device_owner': 'network:router_gateway', 'standard_attr_id': 60, 'fixed_ips': [{'subnet_id': 'a55b68ec-131b-4fd3-b6cd-430179d2967e', 'ip_address': '172.28.1.194', 'prefixlen': 24}], 'allowed_address_pairs': [], 'extra_dhcp_opts': [], 'security_groups': [], 'description': '', 'binding:vnic_type': 'normal', 'binding:profile': {}, 'binding:host_id': 'dv-cinder-837525-1-smb', 'binding:vif_type': 'ovs', 'binding:vif_details': {'connectivity': 'l2', 'port_filter': True, 'ovs_hybrid_plug': False, 'datapath_type': 'system', 'bridge_name': 'br-int', 'bound_drivers': {'0': 'openvswitch'}}, 'port_security_enabled': False, 'tags': [], 'created_at': '2022-04-12T14:40:36Z', 'updated_at': '2022-04-12T14:40:50Z', 'revision_number': 4, 'project_id': '', 'subnets': [{'id': 'a55b68ec-131b-4fd3-b6cd-430179d2967e', 'cidr': '172.28.1.0/24', 'gateway_ip': '172.28.1.1', 'dns_nameservers': [], 'ipv6_ra_mode': None, 'subnetpool_id': None}], 'extra_subnets': [], 'address_scopes': {4: None, 6: None}, 'mtu': 1500}, 'enable_snat': True, 'gw_port_host': 'dv-cinder-837525-1-smb', '_interfaces': [{'id': '99bb16cc-8297-4dcc-879b-7e844d49e406', 'name': '', 'network_id': '0af3775a-b112-44a5-8f70-20f1ef74754a', 'tenant_id': '71b7bea658c04097a5cfc8c21f29bcf8', 'mac_address': 'fa:16:3e:9c:11:39', 'admin_state_up': True, 'status': 'DOWN', 'device_id': '13cb0a28-a5ea-4a74-87e3-d72dc9f3038b', 'device_owner': 'network:router_interface', 'standard_attr_id': 73, 'fixed_ips': [{'subnet_id': '1cb41d00-3b0f-45da-9986-f8ec04b78e93', 'ip_address': '172.20.0.1', 'prefixlen': 28}], 'allowed_address_pairs': [], 'extra_dhcp_opts': [], 'security_groups': [], 'description': '', 'binding:vnic_type': 'normal', 'binding:profile': {}, 'binding:host_id': '', 'binding:vif_type': 'unbound', 'binding:vif_details': {}, 'port_security_enabled': False, 'tags': [], 'created_at': '2022-04-12T14:40:43Z', 'updated_at': '2022-04-12T14:40:46Z', 'revision_number': 2, 'project_id': '71b7bea658c04097a5cfc8c21f29bcf8', 'subnets': [{'id': '1cb41d00-3b0f-45da-9986-f8ec04b78e93', 'cidr': '172.20.0.0/28', 'gateway_ip': '172.20.0.1', 'dns_nameservers': [], 'ipv6_ra_mode': None, 'subnetpool_id': None}], 'extra_subnets': [], 'address_scopes': {4: None, 6: None}, 'mtu': 1500}]}], 'dv-cinder-837525-1-smb', False) {} {{(pid=110008) wrapper /usr/local/lib/python3.8/dist-packages/oslo_log/helpers.py:65}}
Apr 12 14:40:52.485892 dv-cinder-837525-1-smb neutron-server[110006]: DEBUG neutron.plugins.ml2.drivers.mech_agent [req-a38e8d95-b373-423a-b42b-edf06025900b req-41597543-0499-42e6-be6a-f549d207ac5d service neutron] Port da1c6a9c-d071-4455-84f7-7efae9de1861 on network 1d0c13db-6779-44bb-9f48-91722801fd24 not bound, no agent of type Open vSwitch agent registered on host hv-cinder-83752 {{(pid=110006) bind_port /opt/stack/neutron/neutron/plugins/ml2/drivers/mech_agent.py:103}}
Apr 12 14:40:52.489019 dv-cinder-837525-1-smb neutron-server[110006]: DEBUG neutron.plugins.ml2.drivers.mech_agent [req-a38e8d95-b373-423a-b42b-edf06025900b req-41597543-0499-42e6-be6a-f549d207ac5d service neutron] Attempting to bind port da1c6a9c-d071-4455-84f7-7efae9de1861 on network 1d0c13db-6779-44bb-9f48-91722801fd24 {{(pid=110006) bind_port /opt/stack/neutron/neutron/plugins/ml2/drivers/mech_agent.py:91}}
Apr 12 14:40:52.499055 dv-cinder-837525-1-smb neutron-server[110006]: DEBUG neutron.plugins.ml2.drivers.mech_agent [req-a38e8d95-b373-423a-b42b-edf06025900b req-41597543-0499-42e6-be6a-f549d207ac5d service neutron] Checking agent: {'id': '85b0d238-564c-4605-ad95-1848a75b96b2', 'agent_type': 'HyperV agent', 'binary': 'neutron-hyperv-agent', 'topic': 'N/A', 'host': 'hv-cinder-83752', 'admin_state_up': True, 'created_at': datetime.datetime(2022, 4, 12, 14, 38, 26), 'started_at': datetime.datetime(2022, 4, 12, 14, 38, 26), 'heartbeat_timestamp': datetime.datetime(2022, 4, 12, 14, 40, 26), 'description': None, 'resources_synced': None, 'availability_zone': None, 'alive': True, 'configurations': {'vswitch_mappings': {'physnet1$': 'br-data'}}, 'resource_versions': {}} {{(pid=110006) bind_port /opt/stack/neutron/neutron/plugins/ml2/drivers/mech_agent.py:110}}
Apr 12 14:40:52.512312 dv-cinder-837525-1-smb neutron-server[110006]: DEBUG neutron.plugins.ml2.drivers.mech_agent [req-a38e8d95-b373-423a-b42b-edf06025900b req-41597543-0499-42e6-be6a-f549d207ac5d service neutron] Checking segment: {'id': '711034e9-7fd1-40a3-84c6-168aa795a7c4', 'network_type': 'vlan', 'physical_network': 'physnet1', 'segmentation_id': 223, 'network_id': '1d0c13db-6779-44bb-9f48-91722801fd24'} for mappings: {'physnet1$': 'br-data'} with network types: ['local', 'flat', 'vlan'] {{(pid=110006) check_segment_for_agent /opt/stack/neutron/neutron/plugins/ml2/drivers/mech_agent.py:373}}
Apr 12 14:40:52.513096 dv-cinder-837525-1-smb neutron-server[110006]: DEBUG neutron.plugins.ml2.drivers.mech_agent [req-a38e8d95-b373-423a-b42b-edf06025900b req-41597543-0499-42e6-be6a-f549d207ac5d service neutron] Bound using segment: {'id': '711034e9-7fd1-40a3-84c6-168aa795a7c4', 'network_type': 'vlan', 'physical_network': 'physnet1', 'segmentation_id': 223, 'network_id': '1d0c13db-6779-44bb-9f48-91722801fd24'} {{(pid=110006) bind_port /opt/stack/neutron/neutron/plugins/ml2/drivers/mech_agent.py:120}}
Apr 12 14:40:52.513742 dv-cinder-837525-1-smb neutron-server[110006]: DEBUG neutron.plugins.ml2.managers [req-a38e8d95-b373-423a-b42b-edf06025900b req-41597543-0499-42e6-be6a-f549d207ac5d service neutron] Bound port: da1c6a9c-d071-4455-84f7-7efae9de1861, host: hv-cinder-83752, vif_type: hyperv, vif_details: {"connectivity": "legacy", "port_filter": false}, binding_levels: [{'bound_driver': 'hyperv', 'bound_segment': {'id': '711034e9-7fd1-40a3-84c6-168aa795a7c4', 'network_type': 'vlan', 'physical_network': 'physnet1', 'segmentation_id': 223, 'network_id': '1d0c13db-6779-44bb-9f48-91722801fd24'}}] {{(pid=110006) _bind_port_level /opt/stack/neutron/neutron/plugins/ml2/managers.py:932}}
Apr 12 14:40:52.514268 dv-cinder-837525-1-smb neutron-server[110006]: DEBUG neutron_lib.callbacks.manager [req-a38e8d95-b373-423a-b42b-edf06025900b req-41597543-0499-42e6-be6a-f549d207ac5d service neutron] Publish callbacks ['neutron.plugins.ml2.plugin.SecurityGroupDbMixin._ensure_default_security_group_handler-1665872'] for port (da1c6a9c-d071-4455-84f7-7efae9de1861), before_update {{(pid=110006) _notify_loop /usr/local/lib/python3.8/dist-packages/neutron_lib/callbacks/manager.py:176}}
Apr 12 14:40:52.514498 dv-cinder-837525-1-smb neutron-server[110005]: DEBUG neutron_lib.callbacks.manager [None req-86d7da93-65f1-4bbd-9b1d-7da37265a53e admin admin] Publish callbacks [] for security_group (None), before_create {{(pid=110005) _notify_loop /usr/local/lib/python3.8/dist-packages/neutron_lib/callbacks/manager.py:176}}
Apr 12 14:40:52.521485 dv-cinder-837525-1-smb neutron-server[110005]: DEBUG neutron_lib.callbacks.manager [None req-6c9e0f8c-5190-421a-b7b8-639db6393fc0 tempest-AttachVolumeShelveTestJSON-1490205010 tempest-AttachVolumeShelveTestJSON-1490205010-project] Publish callbacks [] for floatingip (3845bfaa-da4d-42bf-9b79-e56ea86467dd), precommit_create {{(pid=110005) _notify_loop /usr/local/lib/python3.8/dist-packages/neutron_lib/callbacks/manager.py:176}}
Apr 12 14:40:52.545696 dv-cinder-837525-1-smb neutron-server[110008]: DEBUG neutron.api.rpc.handlers.l3_rpc [None req-2412f388-0ca3-425c-a09d-ddda269421a9 None None] Checking router: 13cb0a28-a5ea-4a74-87e3-d72dc9f3038b for host: dv-cinder-837525-1-smb {{(pid=110008) _ensure_host_set_on_ports /opt/stack/neutron/neutron/api/rpc/handlers/l3_rpc.py:155}}
Apr 12 14:40:52.546279 dv-cinder-837525-1-smb neutron-server[110008]: DEBUG neutron.api.rpc.handlers.l3_rpc [None req-2412f388-0ca3-425c-a09d-ddda269421a9 None None] Updating router 13cb0a28-a5ea-4a74-87e3-d72dc9f3038b port 99bb16cc-8297-4dcc-879b-7e844d49e406 binding host dv-cinder-837525-1-smb {{(pid=110008) _ensure_host_set_on_port /opt/stack/neutron/neutron/api/rpc/handlers/l3_rpc.py:205}}
Apr 12 14:40:52.595208 dv-cinder-837525-1-smb neutron-server[110005]: DEBUG neutron.pecan_wsgi.hooks.policy_enforcement [req-4d0915d7-cd8a-4214-a897-35de2bd5834a req-196d108e-5032-4db3-82ce-5f02204d689d tempest-DeleteServersTestJSON-1113608506 tempest-DeleteServersTestJSON-1113608506-project] Attributes excluded by policy engine: ['standard_attr_id', 'binding:profile', 'binding:host_id', 'binding:vif_type', 'binding:vif_details'] {{(pid=110005) _exclude_attributes_by_policy /opt/stack/neutron/neutron/pecan_wsgi/hooks/policy_enforcement.py:255}}
Apr 12 14:40:52.607932 dv-cinder-837525-1-smb neutron-server[110005]: INFO neutron.wsgi [req-4d0915d7-cd8a-4214-a897-35de2bd5834a req-196d108e-5032-4db3-82ce-5f02204d689d tempest-DeleteServersTestJSON-1113608506 tempest-DeleteServersTestJSON-1113608506-project] 10.222.0.66 "GET /v2.0/ports?device_id=1554e674-91da-4781-af68-acee3243c517 HTTP/1.1" status: 200 len: 932 time: 0.9646537
Apr 12 14:40:52.611094 dv-cinder-837525-1-smb neutron-server[110008]: DEBUG neutron_lib.callbacks.manager [None req-2412f388-0ca3-425c-a09d-ddda269421a9 None None] Publish callbacks ['neutron.plugins.ml2.plugin.SecurityGroupDbMixin._ensure_default_security_group_handler-1665872'] for port (99bb16cc-8297-4dcc-879b-7e844d49e406), before_update {{(pid=110008) _notify_loop /usr/local/lib/python3.8/dist-packages/neutron_lib/callbacks/manager.py:176}}
Apr 12 14:40:52.613624 dv-cinder-837525-1-smb neutron-server[110008]: DEBUG neutron.plugins.ml2.plugin [None req-283f8e7b-343c-459d-994d-7764c935f083 None None] Current status of the port 056c067c-d38d-4ce8-aca0-52758b89b5bf is: ACTIVE; New status is: ACTIVE {{(pid=110008) _update_individual_port_db_status /opt/stack/neutron/neutron/plugins/ml2/plugin.py:2257}}
Apr 12 14:40:52.616705 dv-cinder-837525-1-smb neutron-server[110008]: DEBUG neutron.plugins.ml2.rpc [None req-283f8e7b-343c-459d-994d-7764c935f083 None None] Device 568b3be6-6cf3-40e0-9355-fcc7d0ec512d up at agent ovs-agent-dv-cinder-837525-1-smb {{(pid=110008) update_device_up /opt/stack/neutron/neutron/plugins/ml2/rpc.py:296}}
Apr 12 14:40:52.629801 dv-cinder-837525-1-smb neutron-server[110006]: DEBUG neutron.pecan_wsgi.hooks.policy_enforcement [req-bac355dd-21aa-42c1-b058-53e7b0faf735 req-f5e2f8b3-84bf-443b-8d18-ccba010da54c tempest-ServerRescueNegativeTestJSON-755851463 tempest-ServerRescueNegativeTestJSON-755851463-project] Attributes excluded by policy engine: ['standard_attr_id', 'vlan_transparent', 'provider:network_type', 'provider:physical_network', 'provider:segmentation_id'] {{(pid=110006) _exclude_attributes_by_policy /opt/stack/neutron/neutron/pecan_wsgi/hooks/policy_enforcement.py:255}}
Apr 12 14:40:52.631584 dv-cinder-837525-1-smb neutron-server[110006]: INFO neutron.wsgi [req-bac355dd-21aa-42c1-b058-53e7b0faf735 req-f5e2f8b3-84bf-443b-8d18-ccba010da54c tempest-ServerRescueNegativeTestJSON-755851463 tempest-ServerRescueNegativeTestJSON-755851463-project] 10.222.0.66 "GET /v2.0/networks?id=0af3775a-b112-44a5-8f70-20f1ef74754a HTTP/1.1" status: 200 len: 818 time: 0.7500961
Apr 12 14:40:52.669843 dv-cinder-837525-1-smb neutron-server[110006]: INFO neutron.wsgi [req-bac355dd-21aa-42c1-b058-53e7b0faf735 req-484b7259-0e45-4470-a768-5f4a0af7d228 tempest-ServerRescueNegativeTestJSON-755851463 tempest-ServerRescueNegativeTestJSON-755851463-project] 10.222.0.66 "GET /v2.0/quotas/71b7bea658c04097a5cfc8c21f29bcf8 HTTP/1.1" status: 200 len: 375 time: 0.0316331
Apr 12 14:40:52.726354 dv-cinder-837525-1-smb neutron-server[110006]: DEBUG neutron.plugins.ml2.db [req-a38e8d95-b373-423a-b42b-edf06025900b req-41597543-0499-42e6-be6a-f549d207ac5d service neutron] For port da1c6a9c-d071-4455-84f7-7efae9de1861, host hv-cinder-83752, cleared binding levels {{(pid=110006) clear_binding_levels /opt/stack/neutron/neutron/plugins/ml2/db.py:87}}
Apr 12 14:40:52.727036 dv-cinder-837525-1-smb neutron-server[110005]: DEBUG neutron.api.rpc.handlers.resources_rpc [None req-33c17fc2-6ca4-4f38-b106-acdd4c5b6ef7 admin admin] Pushing event updated for resources: {'SecurityGroup': ['ID=e511ce05-78fb-4a8a-b87f-87262288595e,revision_number=1']} {{(pid=110005) push /opt/stack/neutron/neutron/api/rpc/handlers/resources_rpc.py:237}}
Apr 12 14:40:52.775768 dv-cinder-837525-1-smb neutron-server[110006]: DEBUG neutron.plugins.ml2.db [req-a38e8d95-b373-423a-b42b-edf06025900b req-41597543-0499-42e6-be6a-f549d207ac5d service neutron] For port da1c6a9c-d071-4455-84f7-7efae9de1861, host hv-cinder-83752, set binding levels [PortBindingLevel(driver='hyperv',host='hv-cinder-83752',level=0,port_id=da1c6a9c-d071-4455-84f7-7efae9de1861,segment=NetworkSegment(711034e9-7fd1-40a3-84c6-168aa795a7c4),segment_id=711034e9-7fd1-40a3-84c6-168aa795a7c4)] {{(pid=110006) set_binding_levels /opt/stack/neutron/neutron/plugins/ml2/db.py:59}}
Apr 12 14:40:52.784677 dv-cinder-837525-1-smb neutron-server[110006]: INFO neutron.wsgi [req-bac355dd-21aa-42c1-b058-53e7b0faf735 req-661c2609-cbfd-4f4b-a51c-5f19f25dcf17 tempest-ServerRescueNegativeTestJSON-755851463 tempest-ServerRescueNegativeTestJSON-755851463-project] 10.222.0.66 "GET /v2.0/ports?tenant_id=71b7bea658c04097a5cfc8c21f29bcf8&fields=id HTTP/1.1" status: 200 len: 302 time: 0.1064184
Apr 12 14:40:52.791819 dv-cinder-837525-1-smb neutron-server[110006]: DEBUG neutron_lib.callbacks.manager [req-a38e8d95-b373-423a-b42b-edf06025900b req-41597543-0499-42e6-be6a-f549d207ac5d service neutron] Publish callbacks ['neutron.plugins.ml2.plugin.SecurityGroupServerNotifierRpcMixin._notify_sg_on_port_change-1665458', 'neutron.plugins.ml2.ovo_rpc._ObjectChangeHandler.handle_event-105725', 'neutron.api.rpc.agentnotifiers.dhcp_rpc_agent_api.DhcpAgentNotifyAPI._native_event_send_dhcp_notification-529346', 'neutron.db.l3_db.L3RpcNotifierMixin._notify_gateway_port_ip_changed-8772618448671', 'neutron.db.l3_dvrscheduler_db._notify_l3_agent_port_update-8772617939258', 'neutron.db.l3_hascheduler_db._notify_l3_agent_ha_port_update-8772617939276'] for port (da1c6a9c-d071-4455-84f7-7efae9de1861), after_update {{(pid=110006) _notify_loop /usr/local/lib/python3.8/dist-packages/neutron_lib/callbacks/manager.py:176}}
Apr 12 14:40:52.866493 dv-cinder-837525-1-smb neutron-server[110008]: DEBUG neutron.db.provisioning_blocks [None req-283f8e7b-343c-459d-994d-7764c935f083 None None] Provisioning complete for port 568b3be6-6cf3-40e0-9355-fcc7d0ec512d triggered by entity L2. {{(pid=110008) provisioning_complete /opt/stack/neutron/neutron/db/provisioning_blocks.py:145}}
Apr 12 14:40:52.868581 dv-cinder-837525-1-smb neutron-server[110008]: DEBUG neutron_lib.callbacks.manager [None req-283f8e7b-343c-459d-994d-7764c935f083 None None] Publish callbacks ['neutron.plugins.ml2.plugin.Ml2Plugin._port_provisioned-1760859'] for port (568b3be6-6cf3-40e0-9355-fcc7d0ec512d), provisioning_complete {{(pid=110008) _notify_loop /usr/local/lib/python3.8/dist-packages/neutron_lib/callbacks/manager.py:176}}
Apr 12 14:40:52.948452 dv-cinder-837525-1-smb neutron-server[110006]: DEBUG neutron.pecan_wsgi.hooks.policy_enforcement [req-a38e8d95-b373-423a-b42b-edf06025900b req-41597543-0499-42e6-be6a-f549d207ac5d service neutron] Attributes excluded by policy engine: ['standard_attr_id'] {{(pid=110006) _exclude_attributes_by_policy /opt/stack/neutron/neutron/pecan_wsgi/hooks/policy_enforcement.py:255}}
Apr 12 14:40:52.949149 dv-cinder-837525-1-smb neutron-server[110006]: DEBUG neutron_lib.callbacks.manager [req-a38e8d95-b373-423a-b42b-edf06025900b req-41597543-0499-42e6-be6a-f549d207ac5d service neutron] Publish callbacks ['neutron.notifiers.nova.Notifier._send_nova_notification-489975', 'neutron.api.rpc.agentnotifiers.dhcp_rpc_agent_api.DhcpAgentNotifyAPI._send_dhcp_notification-529200'] for port (None), before_response {{(pid=110006) _notify_loop /usr/local/lib/python3.8/dist-packages/neutron_lib/callbacks/manager.py:176}}
Apr 12 14:40:52.950698 dv-cinder-837525-1-smb neutron-server[110006]: INFO neutron.wsgi [req-a38e8d95-b373-423a-b42b-edf06025900b req-41597543-0499-42e6-be6a-f549d207ac5d service neutron] 10.222.0.71 "PUT /v2.0/ports/da1c6a9c-d071-4455-84f7-7efae9de1861 HTTP/1.1" status: 200 len: 1094 time: 3.3983767
Apr 12 14:40:52.961624 dv-cinder-837525-1-smb neutron-server[110006]: DEBUG neutron.notifiers.nova [-] Sending events: [{'name': 'network-changed', 'server_uuid': '1554e674-91da-4781-af68-acee3243c517', 'tag': 'da1c6a9c-d071-4455-84f7-7efae9de1861'}] {{(pid=110006) send_events /opt/stack/neutron/neutron/notifiers/nova.py:271}}
Apr 12 14:40:52.975918 dv-cinder-837525-1-smb neutron-server[110005]: DEBUG neutron_lib.callbacks.manager [None req-6c9e0f8c-5190-421a-b7b8-639db6393fc0 tempest-AttachVolumeShelveTestJSON-1490205010 tempest-AttachVolumeShelveTestJSON-1490205010-project] Publish callbacks ['neutron.plugins.ml2.plugin.SecurityGroupDbMixin._ensure_default_security_group_handler-1665872'] for port (58c3bb90-1598-4abe-b335-8a9e355476c6), before_update {{(pid=110005) _notify_loop /usr/local/lib/python3.8/dist-packages/neutron_lib/callbacks/manager.py:176}}
Apr 12 14:40:53.124134 dv-cinder-837525-1-smb neutron-server[110006]: DEBUG neutron.api.rpc.handlers.resources_rpc [None req-41597543-0499-42e6-be6a-f549d207ac5d service neutron] Pushing event updated for resources: {'Port': ['ID=da1c6a9c-d071-4455-84f7-7efae9de1861,revision_number=3']} {{(pid=110006) push /opt/stack/neutron/neutron/api/rpc/handlers/resources_rpc.py:237}}
Apr 12 14:40:53.161904 dv-cinder-837525-1-smb neutron-server[110006]: INFO neutron.wsgi [req-bac355dd-21aa-42c1-b058-53e7b0faf735 req-52cc52f7-849e-47c0-9400-583cef16a914 service neutron] 10.222.0.66 "GET /v2.0/networks/0af3775a-b112-44a5-8f70-20f1ef74754a?fields=segments HTTP/1.1" status: 200 len: 212 time: 0.3635926
Apr 12 14:40:53.241032 dv-cinder-837525-1-smb neutron-server[110008]: DEBUG neutron.plugins.ml2.plugin [None req-283f8e7b-343c-459d-994d-7764c935f083 None None] Current status of the port 568b3be6-6cf3-40e0-9355-fcc7d0ec512d is: ACTIVE; New status is: ACTIVE {{(pid=110008) _update_individual_port_db_status /opt/stack/neutron/neutron/plugins/ml2/plugin.py:2257}}
Apr 12 14:40:53.360457 dv-cinder-837525-1-smb neutron-server[110006]: INFO neutron.wsgi [req-bac355dd-21aa-42c1-b058-53e7b0faf735 req-2e260be7-8cea-49f5-9653-2a29b009cd97 service neutron] 10.222.0.66 "GET /v2.0/networks/0af3775a-b112-44a5-8f70-20f1ef74754a?fields=provider%3Aphysical_network&fields=provider%3Anetwork_type HTTP/1.1" status: 200 len: 281 time: 0.1966677
Apr 12 14:40:53.371739 dv-cinder-837525-1-smb neutron-server[110006]: DEBUG novaclient.v2.client [-] REQ: curl -g -i --cacert "/opt/stack/data/ca-bundle.pem" -X POST http://10.222.0.66/compute/v2.1/os-server-external-events -H "Accept: application/json" -H "Content-Type: application/json" -H "User-Agent: python-novaclient" -H "X-Auth-Token: {SHA256}b9dfb7ae98713164e7cf04caea746539024bdefb0c7462363905268e26609822" -H "X-OpenStack-Nova-API-Version: 2.1" -H "X-OpenStack-Request-ID: req-c1d75f55-25c4-475e-882c-7e67afed6333" -d '{"events": [{"name": "network-changed", "server_uuid": "1554e674-91da-4781-af68-acee3243c517", "tag": "da1c6a9c-d071-4455-84f7-7efae9de1861"}]}' {{(pid=110006) _http_log_request /usr/local/lib/python3.8/dist-packages/keystoneauth1/session.py:519}}
Apr 12 14:40:53.392585 dv-cinder-837525-1-smb neutron-server[110005]: DEBUG neutron_lib.callbacks.manager [None req-8bfc656f-ce8c-4b1d-97c9-ace7ba7139d2 admin admin] Publish callbacks [] for security_group (e511ce05-78fb-4a8a-b87f-87262288595e), before_delete {{(pid=110005) _notify_loop /usr/local/lib/python3.8/dist-packages/neutron_lib/callbacks/manager.py:176}}
Apr 12 14:40:53.413433 dv-cinder-837525-1-smb neutron-server[110005]: INFO neutron.wsgi [req-4d0915d7-cd8a-4214-a897-35de2bd5834a req-d0257716-7259-498e-8b96-e84cf98dba7e tempest-DeleteServersTestJSON-1113608506 tempest-DeleteServersTestJSON-1113608506-project] 10.222.0.66 "GET /v2.0/security-groups?id=583804f1-5124-4fbc-b767-4a34529b3a7b&fields=id&fields=name HTTP/1.1" status: 200 len: 286 time: 0.8042192
Apr 12 14:40:53.582052 dv-cinder-837525-1-smb neutron-server[110005]: DEBUG neutron_lib.callbacks.manager [None req-86d7da93-65f1-4bbd-9b1d-7da37265a53e admin admin] Publish callbacks [] for security_group (eba8e13e-b9aa-4638-b23d-e7a30e58fc84), precommit_create {{(pid=110005) _notify_loop /usr/local/lib/python3.8/dist-packages/neutron_lib/callbacks/manager.py:176}}
Apr 12 14:40:53.614529 dv-cinder-837525-1-smb neutron-server[110005]: DEBUG neutron_lib.callbacks.manager [None req-86d7da93-65f1-4bbd-9b1d-7da37265a53e admin admin] Publish callbacks ['neutron.plugins.ml2.ovo_rpc._ObjectChangeHandler.handle_event-783138'] for security_group (eba8e13e-b9aa-4638-b23d-e7a30e58fc84), after_create {{(pid=110005) _notify_loop /usr/local/lib/python3.8/dist-packages/neutron_lib/callbacks/manager.py:176}}
Apr 12 14:40:53.699836 dv-cinder-837525-1-smb neutron-server[110008]: DEBUG neutron_lib.callbacks.manager [None req-2412f388-0ca3-425c-a09d-ddda269421a9 None None] Publish callbacks [] for port (99bb16cc-8297-4dcc-879b-7e844d49e406), precommit_update {{(pid=110008) _notify_loop /usr/local/lib/python3.8/dist-packages/neutron_lib/callbacks/manager.py:176}}
Apr 12 14:40:53.707059 dv-cinder-837525-1-smb neutron-server[110008]: DEBUG neutron_lib.callbacks.manager [None req-2412f388-0ca3-425c-a09d-ddda269421a9 None None] Publish callbacks ['neutron.plugins.ml2.plugin.SecurityGroupServerNotifierRpcMixin._notify_sg_on_port_change-1665458', 'neutron.plugins.ml2.ovo_rpc._ObjectChangeHandler.handle_event-105725', 'neutron.api.rpc.agentnotifiers.dhcp_rpc_agent_api.DhcpAgentNotifyAPI._native_event_send_dhcp_notification-529346', 'neutron.db.l3_db.L3RpcNotifierMixin._notify_gateway_port_ip_changed-8772618448671', 'neutron.db.l3_dvrscheduler_db._notify_l3_agent_port_update-8772617939258', 'neutron.db.l3_hascheduler_db._notify_l3_agent_ha_port_update-8772617939276'] for port (99bb16cc-8297-4dcc-879b-7e844d49e406), after_update {{(pid=110008) _notify_loop /usr/local/lib/python3.8/dist-packages/neutron_lib/callbacks/manager.py:176}}
Apr 12 14:40:53.839278 dv-cinder-837525-1-smb neutron-server[110005]: INFO neutron.wsgi [None req-86d7da93-65f1-4bbd-9b1d-7da37265a53e admin admin] 10.222.0.66 "GET /v2.0/security-groups?tenant_id=2e6535f398bc442786ddefae68b0227f&name=default HTTP/1.1" status: 200 len: 2993 time: 1.6360536
Apr 12 14:40:53.842309 dv-cinder-837525-1-smb neutron-server[110006]: DEBUG neutron.wsgi [-] (110006) accepted ('10.222.0.66', 58366) {{(pid=110006) server /usr/local/lib/python3.8/dist-packages/eventlet/wsgi.py:1004}}
Apr 12 14:40:53.864302 dv-cinder-837525-1-smb neutron-server[110005]: DEBUG neutron_lib.callbacks.manager [None req-8bfc656f-ce8c-4b1d-97c9-ace7ba7139d2 admin admin] Publish callbacks [] for security_group (e511ce05-78fb-4a8a-b87f-87262288595e), precommit_delete {{(pid=110005) _notify_loop /usr/local/lib/python3.8/dist-packages/neutron_lib/callbacks/manager.py:176}}
Apr 12 14:40:53.871258 dv-cinder-837525-1-smb neutron-server[110005]: DEBUG neutron_lib.callbacks.manager [None req-6c9e0f8c-5190-421a-b7b8-639db6393fc0 tempest-AttachVolumeShelveTestJSON-1490205010 tempest-AttachVolumeShelveTestJSON-1490205010-project] Publish callbacks [] for port (58c3bb90-1598-4abe-b335-8a9e355476c6), precommit_update {{(pid=110005) _notify_loop /usr/local/lib/python3.8/dist-packages/neutron_lib/callbacks/manager.py:176}}
Apr 12 14:40:53.873315 dv-cinder-837525-1-smb neutron-server[110006]: INFO neutron.wsgi [req-870368f7-71b9-4873-ab99-499b7415b8b6 req-4c8a7c69-1585-46a9-b322-7722cafb44ae tempest-ServerRescueNegativeTestJSON-755851463 tempest-ServerRescueNegativeTestJSON-755851463-project] 10.222.0.66 "GET /v2.0/ports?device_id=0ea31ec4-e441-42e5-884c-e49c2c10011c HTTP/1.1" status: 200 len: 210 time: 0.0951796
Apr 12 14:40:53.881020 dv-cinder-837525-1-smb neutron-server[110006]: DEBUG neutron.pecan_wsgi.hooks.policy_enforcement [req-a38e8d95-b373-423a-b42b-edf06025900b req-249d4154-bb19-4baa-9fde-1e5bf675d9e4 service neutron] Attributes excluded by policy engine: ['standard_attr_id'] {{(pid=110006) _exclude_attributes_by_policy /opt/stack/neutron/neutron/pecan_wsgi/hooks/policy_enforcement.py:255}}
Apr 12 14:40:53.882709 dv-cinder-837525-1-smb neutron-server[110006]: INFO neutron.wsgi [req-a38e8d95-b373-423a-b42b-edf06025900b req-249d4154-bb19-4baa-9fde-1e5bf675d9e4 service neutron] 10.222.0.71 "GET /v2.0/ports?tenant_id=dfa111d79c79449693895bd6afd16d01&device_id=1554e674-91da-4781-af68-acee3243c517 HTTP/1.1" status: 200 len: 1128 time: 0.3410563
