Apr 12 14:54:51.968569 dv-cinder-837524-1-iscsi neutron-server[110561]: DEBUG neutron.plugins.ml2.drivers.mech_agent [req-bd402cba-7fc7-4ae6-9756-09c8c29e7ada req-2787c427-98ad-476a-90ef-a214d12da0cb service neutron] Attempting to bind port f7b6eb0e-0b23-4a4b-81d8-d386bce95c9e on network 8f7bb313-4e99-4c79-b5eb-bf23757b656e {{(pid=110561) bind_port /opt/stack/neutron/neutron/plugins/ml2/drivers/mech_agent.py:91}}
Apr 12 14:54:51.985348 dv-cinder-837524-1-iscsi neutron-server[110561]: DEBUG neutron.plugins.ml2.drivers.mech_agent [req-96d07884-9509-4348-a92b-f8e1fa12884a req-e2ba1875-f906-4870-a531-e1360b5deec6 service neutron] Checking agent: {'id': '4cadaa5a-2b9a-4612-b8cd-25e2371650d1', 'agent_type': 'HyperV agent', 'binary': 'neutron-hyperv-agent', 'topic': 'N/A', 'host': 'hv-cinder-83752', 'admin_state_up': True, 'created_at': datetime.datetime(2022, 4, 12, 14, 52, 7), 'started_at': datetime.datetime(2022, 4, 12, 14, 52, 7), 'heartbeat_timestamp': datetime.datetime(2022, 4, 12, 14, 54, 37), 'description': None, 'resources_synced': None, 'availability_zone': None, 'alive': True, 'configurations': {'vswitch_mappings': {'physnet1$': 'br-data'}}, 'resource_versions': {}} {{(pid=110561) bind_port /opt/stack/neutron/neutron/plugins/ml2/drivers/mech_agent.py:110}}
Apr 12 14:54:51.990599 dv-cinder-837524-1-iscsi neutron-server[110563]: DEBUG neutron.notifiers.nova [-] Sending events: [{'server_uuid': '1d708580-277c-46d3-9972-57055255f9b9', 'name': 'network-vif-plugged', 'status': 'completed', 'tag': '9f9def6f-5f72-486a-9964-ccea9979c6f0'}] {{(pid=110563) send_events /opt/stack/neutron/neutron/notifiers/nova.py:271}}
Apr 12 14:54:51.990730 dv-cinder-837524-1-iscsi neutron-server[110561]: DEBUG neutron.plugins.ml2.drivers.mech_agent [req-96d07884-9509-4348-a92b-f8e1fa12884a req-e2ba1875-f906-4870-a531-e1360b5deec6 service neutron] Checking segment: {'id': 'b2eebc6e-1c5e-45e1-adac-7cd2e772e7c7', 'network_type': 'vlan', 'physical_network': 'physnet1', 'segmentation_id': 604, 'network_id': '6cdec854-4846-4896-ad7e-f14d9793db5b'} for mappings: {'physnet1$': 'br-data'} with network types: ['local', 'flat', 'vlan'] {{(pid=110561) check_segment_for_agent /opt/stack/neutron/neutron/plugins/ml2/drivers/mech_agent.py:373}}
Apr 12 14:54:51.990730 dv-cinder-837524-1-iscsi neutron-server[110561]: DEBUG neutron.plugins.ml2.drivers.mech_agent [req-96d07884-9509-4348-a92b-f8e1fa12884a req-e2ba1875-f906-4870-a531-e1360b5deec6 service neutron] Bound using segment: {'id': 'b2eebc6e-1c5e-45e1-adac-7cd2e772e7c7', 'network_type': 'vlan', 'physical_network': 'physnet1', 'segmentation_id': 604, 'network_id': '6cdec854-4846-4896-ad7e-f14d9793db5b'} {{(pid=110561) bind_port /opt/stack/neutron/neutron/plugins/ml2/drivers/mech_agent.py:120}}
Apr 12 14:54:51.990730 dv-cinder-837524-1-iscsi neutron-server[110561]: DEBUG neutron.plugins.ml2.managers [req-96d07884-9509-4348-a92b-f8e1fa12884a req-e2ba1875-f906-4870-a531-e1360b5deec6 service neutron] Bound port: 7448f465-5339-4bd1-91a9-94095a601931, host: hv-cinder-83752, vif_type: hyperv, vif_details: {"connectivity": "legacy", "port_filter": false}, binding_levels: [{'bound_driver': 'hyperv', 'bound_segment': {'id': 'b2eebc6e-1c5e-45e1-adac-7cd2e772e7c7', 'network_type': 'vlan', 'physical_network': 'physnet1', 'segmentation_id': 604, 'network_id': '6cdec854-4846-4896-ad7e-f14d9793db5b'}}] {{(pid=110561) _bind_port_level /opt/stack/neutron/neutron/plugins/ml2/managers.py:932}}
Apr 12 14:54:51.990730 dv-cinder-837524-1-iscsi neutron-server[110561]: DEBUG neutron_lib.callbacks.manager [req-96d07884-9509-4348-a92b-f8e1fa12884a req-e2ba1875-f906-4870-a531-e1360b5deec6 service neutron] Publish callbacks ['neutron.plugins.ml2.plugin.SecurityGroupDbMixin._ensure_default_security_group_handler-620373'] for port (7448f465-5339-4bd1-91a9-94095a601931), before_update {{(pid=110561) _notify_loop /usr/local/lib/python3.8/dist-packages/neutron_lib/callbacks/manager.py:176}}
Apr 12 14:54:52.031734 dv-cinder-837524-1-iscsi neutron-server[110561]: DEBUG neutron.plugins.ml2.drivers.mech_agent [req-bd402cba-7fc7-4ae6-9756-09c8c29e7ada req-2787c427-98ad-476a-90ef-a214d12da0cb service neutron] Checking agent: {'id': '4cadaa5a-2b9a-4612-b8cd-25e2371650d1', 'agent_type': 'HyperV agent', 'binary': 'neutron-hyperv-agent', 'topic': 'N/A', 'host': 'hv-cinder-83752', 'admin_state_up': True, 'created_at': datetime.datetime(2022, 4, 12, 14, 52, 7), 'started_at': datetime.datetime(2022, 4, 12, 14, 52, 7), 'heartbeat_timestamp': datetime.datetime(2022, 4, 12, 14, 54, 37), 'description': None, 'resources_synced': None, 'availability_zone': None, 'alive': True, 'configurations': {'vswitch_mappings': {'physnet1$': 'br-data'}}, 'resource_versions': {}} {{(pid=110561) bind_port /opt/stack/neutron/neutron/plugins/ml2/drivers/mech_agent.py:110}}
Apr 12 14:54:52.032082 dv-cinder-837524-1-iscsi neutron-server[110561]: DEBUG neutron.plugins.ml2.drivers.mech_agent [req-bd402cba-7fc7-4ae6-9756-09c8c29e7ada req-2787c427-98ad-476a-90ef-a214d12da0cb service neutron] Checking segment: {'id': '9a163a13-d920-47f2-95b0-2668a8bd37a7', 'network_type': 'vlan', 'physical_network': 'physnet1', 'segmentation_id': 609, 'network_id': '8f7bb313-4e99-4c79-b5eb-bf23757b656e'} for mappings: {'physnet1$': 'br-data'} with network types: ['local', 'flat', 'vlan'] {{(pid=110561) check_segment_for_agent /opt/stack/neutron/neutron/plugins/ml2/drivers/mech_agent.py:373}}
Apr 12 14:54:52.032475 dv-cinder-837524-1-iscsi neutron-server[110561]: DEBUG neutron.plugins.ml2.drivers.mech_agent [req-bd402cba-7fc7-4ae6-9756-09c8c29e7ada req-2787c427-98ad-476a-90ef-a214d12da0cb service neutron] Bound using segment: {'id': '9a163a13-d920-47f2-95b0-2668a8bd37a7', 'network_type': 'vlan', 'physical_network': 'physnet1', 'segmentation_id': 609, 'network_id': '8f7bb313-4e99-4c79-b5eb-bf23757b656e'} {{(pid=110561) bind_port /opt/stack/neutron/neutron/plugins/ml2/drivers/mech_agent.py:120}}
Apr 12 14:54:52.032927 dv-cinder-837524-1-iscsi neutron-server[110561]: DEBUG neutron.plugins.ml2.managers [req-bd402cba-7fc7-4ae6-9756-09c8c29e7ada req-2787c427-98ad-476a-90ef-a214d12da0cb service neutron] Bound port: f7b6eb0e-0b23-4a4b-81d8-d386bce95c9e, host: hv-cinder-83752, vif_type: hyperv, vif_details: {"connectivity": "legacy", "port_filter": false}, binding_levels: [{'bound_driver': 'hyperv', 'bound_segment': {'id': '9a163a13-d920-47f2-95b0-2668a8bd37a7', 'network_type': 'vlan', 'physical_network': 'physnet1', 'segmentation_id': 609, 'network_id': '8f7bb313-4e99-4c79-b5eb-bf23757b656e'}}] {{(pid=110561) _bind_port_level /opt/stack/neutron/neutron/plugins/ml2/managers.py:932}}
Apr 12 14:54:52.033295 dv-cinder-837524-1-iscsi neutron-server[110561]: DEBUG neutron_lib.callbacks.manager [req-bd402cba-7fc7-4ae6-9756-09c8c29e7ada req-2787c427-98ad-476a-90ef-a214d12da0cb service neutron] Publish callbacks ['neutron.plugins.ml2.plugin.SecurityGroupDbMixin._ensure_default_security_group_handler-620373'] for port (f7b6eb0e-0b23-4a4b-81d8-d386bce95c9e), before_update {{(pid=110561) _notify_loop /usr/local/lib/python3.8/dist-packages/neutron_lib/callbacks/manager.py:176}}
Apr 12 14:54:52.056040 dv-cinder-837524-1-iscsi neutron-server[110562]: DEBUG neutron.notifiers.nova [req-94d688d2-bff9-4472-accc-58256ae462ff req-4527d3b4-bf9a-4097-b3da-e04682225432 service neutron] Ignoring state change previous_port_status: DOWN current_port_status: DOWN port_id 90cc2ae2-1bf0-46e2-aaa3-df8b5b8c5f77 {{(pid=110562) record_port_status_changed /opt/stack/neutron/neutron/notifiers/nova.py:233}}
Apr 12 14:54:52.073474 dv-cinder-837524-1-iscsi neutron-server[110562]: DEBUG neutron_lib.callbacks.manager [req-94d688d2-bff9-4472-accc-58256ae462ff req-4527d3b4-bf9a-4097-b3da-e04682225432 service neutron] Publish callbacks [] for port (90cc2ae2-1bf0-46e2-aaa3-df8b5b8c5f77), precommit_update {{(pid=110562) _notify_loop /usr/local/lib/python3.8/dist-packages/neutron_lib/callbacks/manager.py:176}}
Apr 12 14:54:52.109983 dv-cinder-837524-1-iscsi neutron-server[110563]: DEBUG neutron.plugins.ml2.db [None req-415091ed-4b7e-459d-a377-4aff2a00abce None None] For port 9f9def6f-5f72-486a-9964-ccea9979c6f0, host hv-cinder-83752, got binding levels [PortBindingLevel(driver='hyperv',host='hv-cinder-83752',level=0,port_id=9f9def6f-5f72-486a-9964-ccea9979c6f0,segment=NetworkSegment(a5db16a2-adda-431b-b4ca-53ed5eed0504),segment_id=a5db16a2-adda-431b-b4ca-53ed5eed0504)] {{(pid=110563) get_binding_level_objs /opt/stack/neutron/neutron/plugins/ml2/db.py:74}}
Apr 12 14:54:52.141212 dv-cinder-837524-1-iscsi neutron-server[110562]: DEBUG neutron.db.provisioning_blocks [req-94d688d2-bff9-4472-accc-58256ae462ff req-4527d3b4-bf9a-4097-b3da-e04682225432 service neutron] Transition to ACTIVE for port object 90cc2ae2-1bf0-46e2-aaa3-df8b5b8c5f77 will not be triggered until provisioned by entity L2. {{(pid=110562) add_provisioning_component /opt/stack/neutron/neutron/db/provisioning_blocks.py:75}}
Apr 12 14:54:52.173656 dv-cinder-837524-1-iscsi neutron-server[110562]: INFO neutron.wsgi [req-3536ea58-3b8d-45e5-b721-acc161b24e27 req-71bf80fa-2d3e-42b7-af20-22b1bb20d07f tempest-AttachVolumeNegativeTest-1153643281 tempest-AttachVolumeNegativeTest-1153643281-project] 10.222.0.64 "GET /v2.0/ports?device_id=e2e10895-454d-437b-9325-591ccaa80da9 HTTP/1.1" status: 200 len: 210 time: 0.1033914
Apr 12 14:54:52.185125 dv-cinder-837524-1-iscsi neutron-server[110563]: DEBUG neutron_lib.callbacks.manager [None req-415091ed-4b7e-459d-a377-4aff2a00abce None None] Publish callbacks ['neutron.plugins.ml2.plugin.SecurityGroupServerNotifierRpcMixin._notify_sg_on_port_change-620215', 'neutron.plugins.ml2.ovo_rpc._ObjectChangeHandler.handle_event-236556', 'neutron.api.rpc.agentnotifiers.dhcp_rpc_agent_api.DhcpAgentNotifyAPI._native_event_send_dhcp_notification-1578434', 'neutron.db.l3_db.L3RpcNotifierMixin._notify_gateway_port_ip_changed-8751142030111', 'neutron.db.l3_dvrscheduler_db._notify_l3_agent_port_update-8751141554252', 'neutron.db.l3_hascheduler_db._notify_l3_agent_ha_port_update-8751141554270'] for port (9f9def6f-5f72-486a-9964-ccea9979c6f0), after_update {{(pid=110563) _notify_loop /usr/local/lib/python3.8/dist-packages/neutron_lib/callbacks/manager.py:176}}
Apr 12 14:54:52.225437 dv-cinder-837524-1-iscsi neutron-server[110562]: DEBUG neutron.pecan_wsgi.hooks.policy_enforcement [req-3cdbfc00-054d-48b9-bf97-aa961ef34fb4 req-b9457d89-951a-43c1-8149-ea58f034e80f tempest-DeleteServersTestJSON-1946837409 tempest-DeleteServersTestJSON-1946837409-project] Attributes excluded by policy engine: ['standard_attr_id', 'binding:profile', 'binding:host_id', 'binding:vif_type', 'binding:vif_details'] {{(pid=110562) _exclude_attributes_by_policy /opt/stack/neutron/neutron/pecan_wsgi/hooks/policy_enforcement.py:255}}
Apr 12 14:54:52.235883 dv-cinder-837524-1-iscsi neutron-server[110562]: INFO neutron.wsgi [req-3cdbfc00-054d-48b9-bf97-aa961ef34fb4 req-b9457d89-951a-43c1-8149-ea58f034e80f tempest-DeleteServersTestJSON-1946837409 tempest-DeleteServersTestJSON-1946837409-project] 10.222.0.64 "GET /v2.0/ports?device_id=1d708580-277c-46d3-9972-57055255f9b9 HTTP/1.1" status: 200 len: 944 time: 0.1667795
Apr 12 14:54:52.254691 dv-cinder-837524-1-iscsi neutron-server[110561]: INFO neutron.wsgi [req-a8d1b7aa-4c26-4ad5-bea8-95a5429da90c req-9d9f4f67-4be9-4a9f-9567-dfba1ce01fa8 tempest-AttachVolumeNegativeTest-1153643281 tempest-AttachVolumeNegativeTest-1153643281-project] 10.222.0.57 "GET /v2.0/security-groups?fields=id&fields=name&tenant_id=d1b1cfd6536e4795874488a31e0d41d1 HTTP/1.1" status: 200 len: 380 time: 0.3250701
Apr 12 14:54:52.266874 dv-cinder-837524-1-iscsi neutron-server[110563]: DEBUG neutron.api.rpc.handlers.resources_rpc [None req-415091ed-4b7e-459d-a377-4aff2a00abce None None] Pushing event updated for resources: {'Port': ['ID=9f9def6f-5f72-486a-9964-ccea9979c6f0,revision_number=5']} {{(pid=110563) push /opt/stack/neutron/neutron/api/rpc/handlers/resources_rpc.py:237}}
Apr 12 14:54:52.278511 dv-cinder-837524-1-iscsi neutron-server[110562]: DEBUG neutron_lib.callbacks.manager [req-94d688d2-bff9-4472-accc-58256ae462ff req-4527d3b4-bf9a-4097-b3da-e04682225432 service neutron] Publish callbacks ['neutron.plugins.ml2.plugin.SecurityGroupServerNotifierRpcMixin._notify_sg_on_port_change-620215', 'neutron.plugins.ml2.ovo_rpc._ObjectChangeHandler.handle_event-236556', 'neutron.api.rpc.agentnotifiers.dhcp_rpc_agent_api.DhcpAgentNotifyAPI._native_event_send_dhcp_notification-1578434', 'neutron.db.l3_db.L3RpcNotifierMixin._notify_gateway_port_ip_changed-8751142030111', 'neutron.db.l3_dvrscheduler_db._notify_l3_agent_port_update-8751141554252', 'neutron.db.l3_hascheduler_db._notify_l3_agent_ha_port_update-8751141554270'] for port (90cc2ae2-1bf0-46e2-aaa3-df8b5b8c5f77), after_update {{(pid=110562) _notify_loop /usr/local/lib/python3.8/dist-packages/neutron_lib/callbacks/manager.py:176}}
Apr 12 14:54:52.288044 dv-cinder-837524-1-iscsi neutron-server[110561]: DEBUG neutron.api.v2.base [req-a8d1b7aa-4c26-4ad5-bea8-95a5429da90c req-f4214fa6-6c76-4edf-8e79-1684e972d4ef tempest-AttachVolumeNegativeTest-1153643281 tempest-AttachVolumeNegativeTest-1153643281-project] Request body: {'port': {'device_id': 'e2e10895-454d-437b-9325-591ccaa80da9', 'network_id': 'bc73a003-4067-4844-9c4d-7187574c0c62', 'admin_state_up': True, 'tenant_id': 'd1b1cfd6536e4795874488a31e0d41d1', 'security_groups': ['2579914a-7ed7-42cc-a66d-a63cb07c59dc']}} {{(pid=110561) prepare_request_body /opt/stack/neutron/neutron/api/v2/base.py:729}}
Apr 12 14:54:52.377895 dv-cinder-837524-1-iscsi neutron-server[110563]: DEBUG novaclient.v2.client [-] REQ: curl -g -i --cacert "/opt/stack/data/ca-bundle.pem" -X POST http://10.222.0.64/compute/v2.1/os-server-external-events -H "Accept: application/json" -H "Content-Type: application/json" -H "User-Agent: python-novaclient" -H "X-Auth-Token: {SHA256}1942bac344f24858f62f3d380d2a5c035ac922ca13ccafbdec82117c15dc4383" -H "X-OpenStack-Nova-API-Version: 2.1" -H "X-OpenStack-Request-ID: req-fb562695-df00-49e2-82dd-1ec28ad37f78" -d '{"events": [{"server_uuid": "1d708580-277c-46d3-9972-57055255f9b9", "name": "network-vif-plugged", "status": "completed", "tag": "9f9def6f-5f72-486a-9964-ccea9979c6f0"}]}' {{(pid=110563) _http_log_request /usr/local/lib/python3.8/dist-packages/keystoneauth1/session.py:519}}
Apr 12 14:54:52.441233 dv-cinder-837524-1-iscsi neutron-server[110562]: INFO neutron.wsgi [req-3cdbfc00-054d-48b9-bf97-aa961ef34fb4 req-0a17a6a9-7daf-44f5-9e66-1f4710b53799 tempest-DeleteServersTestJSON-1946837409 tempest-DeleteServersTestJSON-1946837409-project] 10.222.0.64 "GET /v2.0/security-groups?id=76674c33-5cb7-45b2-9f43-664d3b8e4628&fields=id&fields=name HTTP/1.1" status: 200 len: 286 time: 0.2044585
Apr 12 14:54:52.455506 dv-cinder-837524-1-iscsi neutron-server[110561]: DEBUG neutron.plugins.ml2.db [req-96d07884-9509-4348-a92b-f8e1fa12884a req-e2ba1875-f906-4870-a531-e1360b5deec6 service neutron] For port 7448f465-5339-4bd1-91a9-94095a601931, host hv-cinder-83752, cleared binding levels {{(pid=110561) clear_binding_levels /opt/stack/neutron/neutron/plugins/ml2/db.py:87}}
Apr 12 14:54:52.514794 dv-cinder-837524-1-iscsi neutron-server[110561]: DEBUG neutron_lib.callbacks.manager [req-632ae723-76b8-4feb-8c90-5018193d3367 req-7e52018b-13ab-47a6-90e4-39394ef4c746 tempest-ServerRescueNegativeTestJSON-1553548520 tempest-ServerRescueNegativeTestJSON-1553548520-project] Publish callbacks [] for port (5d8aa5a2-fd7c-4d6a-b44f-15e67a9087c0), precommit_create {{(pid=110561) _notify_loop /usr/local/lib/python3.8/dist-packages/neutron_lib/callbacks/manager.py:176}}
Apr 12 14:54:52.586128 dv-cinder-837524-1-iscsi neutron-server[110562]: DEBUG neutron.pecan_wsgi.hooks.policy_enforcement [req-96e3e673-ad37-4196-ad4d-41236b891d34 req-725546c6-395d-48f9-aaca-a592c4100afe tempest-AttachVolumeTestJSON-2108516226 tempest-AttachVolumeTestJSON-2108516226-project] Attributes excluded by policy engine: ['standard_attr_id', 'binding:profile', 'binding:host_id', 'binding:vif_type', 'binding:vif_details'] {{(pid=110562) _exclude_attributes_by_policy /opt/stack/neutron/neutron/pecan_wsgi/hooks/policy_enforcement.py:255}}
Apr 12 14:54:52.595184 dv-cinder-837524-1-iscsi neutron-server[110562]: INFO neutron.wsgi [req-96e3e673-ad37-4196-ad4d-41236b891d34 req-725546c6-395d-48f9-aaca-a592c4100afe tempest-AttachVolumeTestJSON-2108516226 tempest-AttachVolumeTestJSON-2108516226-project] 10.222.0.64 "GET /v2.0/ports?device_id=cc3e6773-eb1f-4098-b443-1b2d62d1abe8 HTTP/1.1" status: 200 len: 944 time: 0.1141207
Apr 12 14:54:52.681010 dv-cinder-837524-1-iscsi neutron-server[110562]: DEBUG neutron.api.rpc.handlers.resources_rpc [None req-4527d3b4-bf9a-4097-b3da-e04682225432 service neutron] Pushing event updated for resources: {'Port': ['ID=90cc2ae2-1bf0-46e2-aaa3-df8b5b8c5f77,revision_number=2']} {{(pid=110562) push /opt/stack/neutron/neutron/api/rpc/handlers/resources_rpc.py:237}}
Apr 12 14:54:52.689930 dv-cinder-837524-1-iscsi neutron-server[110562]: DEBUG neutron.plugins.ml2.managers [req-94d688d2-bff9-4472-accc-58256ae462ff req-4527d3b4-bf9a-4097-b3da-e04682225432 service neutron] Attempting to bind port 90cc2ae2-1bf0-46e2-aaa3-df8b5b8c5f77 on host hv-cinder-83752 for vnic_type normal with profile {{(pid=110562) bind_port /opt/stack/neutron/neutron/plugins/ml2/managers.py:795}}
Apr 12 14:54:52.690327 dv-cinder-837524-1-iscsi neutron-server[110562]: DEBUG neutron.plugins.ml2.managers [req-94d688d2-bff9-4472-accc-58256ae462ff req-4527d3b4-bf9a-4097-b3da-e04682225432 service neutron] Attempting to bind port 90cc2ae2-1bf0-46e2-aaa3-df8b5b8c5f77 by drivers openvswitch,hyperv on host hv-cinder-83752 at level 0 using segments [{'id': '54addda5-11cd-4388-9316-653c730eca2f', 'network_type': 'vlan', 'physical_network': 'physnet1', 'segmentation_id': 648, 'network_id': '5444df66-cec9-4e6f-babf-6afcab69a266'}] {{(pid=110562) _bind_port_level /opt/stack/neutron/neutron/plugins/ml2/managers.py:820}}
Apr 12 14:54:52.690750 dv-cinder-837524-1-iscsi neutron-server[110562]: DEBUG neutron.plugins.ml2.drivers.mech_agent [req-94d688d2-bff9-4472-accc-58256ae462ff req-4527d3b4-bf9a-4097-b3da-e04682225432 service neutron] Attempting to bind port 90cc2ae2-1bf0-46e2-aaa3-df8b5b8c5f77 on network 5444df66-cec9-4e6f-babf-6afcab69a266 {{(pid=110562) bind_port /opt/stack/neutron/neutron/plugins/ml2/drivers/mech_agent.py:91}}
Apr 12 14:54:52.704371 dv-cinder-837524-1-iscsi neutron-server[110562]: DEBUG neutron.plugins.ml2.drivers.mech_agent [req-94d688d2-bff9-4472-accc-58256ae462ff req-4527d3b4-bf9a-4097-b3da-e04682225432 service neutron] Port 90cc2ae2-1bf0-46e2-aaa3-df8b5b8c5f77 on network 5444df66-cec9-4e6f-babf-6afcab69a266 not bound, no agent of type Open vSwitch agent registered on host hv-cinder-83752 {{(pid=110562) bind_port /opt/stack/neutron/neutron/plugins/ml2/drivers/mech_agent.py:103}}
Apr 12 14:54:52.704736 dv-cinder-837524-1-iscsi neutron-server[110562]: DEBUG neutron.plugins.ml2.drivers.mech_agent [req-94d688d2-bff9-4472-accc-58256ae462ff req-4527d3b4-bf9a-4097-b3da-e04682225432 service neutron] Attempting to bind port 90cc2ae2-1bf0-46e2-aaa3-df8b5b8c5f77 on network 5444df66-cec9-4e6f-babf-6afcab69a266 {{(pid=110562) bind_port /opt/stack/neutron/neutron/plugins/ml2/drivers/mech_agent.py:91}}
Apr 12 14:54:52.723486 dv-cinder-837524-1-iscsi neutron-server[110563]: DEBUG novaclient.v2.client [-] RESP: [200] Connection: close Content-Length: 183 Content-Type: application/json Date: Tue, 12 Apr 2022 14:54:52 GMT OpenStack-API-Version: compute 2.1 Server: Apache/2.4.41 (Ubuntu) Vary: OpenStack-API-Version,X-OpenStack-Nova-API-Version X-OpenStack-Nova-API-Version: 2.1 x-compute-request-id: req-f098a5fd-a5d1-44b1-a36e-101e0b179fd8 x-openstack-request-id: req-f098a5fd-a5d1-44b1-a36e-101e0b179fd8 {{(pid=110563) _http_log_response /usr/local/lib/python3.8/dist-packages/keystoneauth1/session.py:550}}
Apr 12 14:54:52.724393 dv-cinder-837524-1-iscsi neutron-server[110563]: DEBUG novaclient.v2.client [-] RESP BODY: {"events": [{"server_uuid": "1d708580-277c-46d3-9972-57055255f9b9", "name": "network-vif-plugged", "status": "completed", "tag": "9f9def6f-5f72-486a-9964-ccea9979c6f0", "code": 200}]} {{(pid=110563) _http_log_response /usr/local/lib/python3.8/dist-packages/keystoneauth1/session.py:582}}
Apr 12 14:54:52.724652 dv-cinder-837524-1-iscsi neutron-server[110563]: DEBUG novaclient.v2.client [-] POST call to compute for http://10.222.0.64/compute/v2.1/os-server-external-events used request id req-f098a5fd-a5d1-44b1-a36e-101e0b179fd8 {{(pid=110563) request /usr/local/lib/python3.8/dist-packages/keystoneauth1/session.py:954}}
Apr 12 14:54:52.725404 dv-cinder-837524-1-iscsi neutron-server[110563]: INFO neutron.notifiers.nova [-] Nova event matching ['req-f098a5fd-a5d1-44b1-a36e-101e0b179fd8'] response: {'server_uuid': '1d708580-277c-46d3-9972-57055255f9b9', 'name': 'network-vif-plugged', 'status': 'completed', 'tag': '9f9def6f-5f72-486a-9964-ccea9979c6f0', 'code': 200}
Apr 12 14:54:52.741120 dv-cinder-837524-1-iscsi neutron-server[110562]: DEBUG neutron.plugins.ml2.drivers.mech_agent [req-94d688d2-bff9-4472-accc-58256ae462ff req-4527d3b4-bf9a-4097-b3da-e04682225432 service neutron] Checking agent: {'id': '4cadaa5a-2b9a-4612-b8cd-25e2371650d1', 'agent_type': 'HyperV agent', 'binary': 'neutron-hyperv-agent', 'topic': 'N/A', 'host': 'hv-cinder-83752', 'admin_state_up': True, 'created_at': datetime.datetime(2022, 4, 12, 14, 52, 7), 'started_at': datetime.datetime(2022, 4, 12, 14, 52, 7), 'heartbeat_timestamp': datetime.datetime(2022, 4, 12, 14, 54, 37), 'description': None, 'resources_synced': None, 'availability_zone': None, 'alive': True, 'configurations': {'vswitch_mappings': {'physnet1$': 'br-data'}}, 'resource_versions': {}} {{(pid=110562) bind_port /opt/stack/neutron/neutron/plugins/ml2/drivers/mech_agent.py:110}}
Apr 12 14:54:52.741466 dv-cinder-837524-1-iscsi neutron-server[110562]: DEBUG neutron.plugins.ml2.drivers.mech_agent [req-94d688d2-bff9-4472-accc-58256ae462ff req-4527d3b4-bf9a-4097-b3da-e04682225432 service neutron] Checking segment: {'id': '54addda5-11cd-4388-9316-653c730eca2f', 'network_type': 'vlan', 'physical_network': 'physnet1', 'segmentation_id': 648, 'network_id': '5444df66-cec9-4e6f-babf-6afcab69a266'} for mappings: {'physnet1$': 'br-data'} with network types: ['local', 'flat', 'vlan'] {{(pid=110562) check_segment_for_agent /opt/stack/neutron/neutron/plugins/ml2/drivers/mech_agent.py:373}}
Apr 12 14:54:52.741880 dv-cinder-837524-1-iscsi neutron-server[110562]: DEBUG neutron.plugins.ml2.drivers.mech_agent [req-94d688d2-bff9-4472-accc-58256ae462ff req-4527d3b4-bf9a-4097-b3da-e04682225432 service neutron] Bound using segment: {'id': '54addda5-11cd-4388-9316-653c730eca2f', 'network_type': 'vlan', 'physical_network': 'physnet1', 'segmentation_id': 648, 'network_id': '5444df66-cec9-4e6f-babf-6afcab69a266'} {{(pid=110562) bind_port /opt/stack/neutron/neutron/plugins/ml2/drivers/mech_agent.py:120}}
Apr 12 14:54:52.742595 dv-cinder-837524-1-iscsi neutron-server[110562]: DEBUG neutron.plugins.ml2.managers [req-94d688d2-bff9-4472-accc-58256ae462ff req-4527d3b4-bf9a-4097-b3da-e04682225432 service neutron] Bound port: 90cc2ae2-1bf0-46e2-aaa3-df8b5b8c5f77, host: hv-cinder-83752, vif_type: hyperv, vif_details: {"connectivity": "legacy", "port_filter": false}, binding_levels: [{'bound_driver': 'hyperv', 'bound_segment': {'id': '54addda5-11cd-4388-9316-653c730eca2f', 'network_type': 'vlan', 'physical_network': 'physnet1', 'segmentation_id': 648, 'network_id': '5444df66-cec9-4e6f-babf-6afcab69a266'}}] {{(pid=110562) _bind_port_level /opt/stack/neutron/neutron/plugins/ml2/managers.py:932}}
Apr 12 14:54:52.742821 dv-cinder-837524-1-iscsi neutron-server[110562]: DEBUG neutron_lib.callbacks.manager [req-94d688d2-bff9-4472-accc-58256ae462ff req-4527d3b4-bf9a-4097-b3da-e04682225432 service neutron] Publish callbacks ['neutron.plugins.ml2.plugin.SecurityGroupDbMixin._ensure_default_security_group_handler-620373'] for port (90cc2ae2-1bf0-46e2-aaa3-df8b5b8c5f77), before_update {{(pid=110562) _notify_loop /usr/local/lib/python3.8/dist-packages/neutron_lib/callbacks/manager.py:176}}
Apr 12 14:54:52.769809 dv-cinder-837524-1-iscsi neutron-server[110562]: INFO neutron.wsgi [req-96e3e673-ad37-4196-ad4d-41236b891d34 req-f5ab1b07-f1b6-43c4-98bc-df2804c4c42c tempest-AttachVolumeTestJSON-2108516226 tempest-AttachVolumeTestJSON-2108516226-project] 10.222.0.64 "GET /v2.0/security-groups?id=ba7abd7f-c638-42c5-b1fd-548c3bd36ccc&fields=id&fields=name HTTP/1.1" status: 200 len: 311 time: 0.1723466
Apr 12 14:54:52.866736 dv-cinder-837524-1-iscsi neutron-server[110561]: DEBUG neutron.plugins.ml2.db [req-96d07884-9509-4348-a92b-f8e1fa12884a req-e2ba1875-f906-4870-a531-e1360b5deec6 service neutron] For port 7448f465-5339-4bd1-91a9-94095a601931, host hv-cinder-83752, set binding levels [PortBindingLevel(driver='hyperv',host='hv-cinder-83752',level=0,port_id=7448f465-5339-4bd1-91a9-94095a601931,segment=NetworkSegment(b2eebc6e-1c5e-45e1-adac-7cd2e772e7c7),segment_id=b2eebc6e-1c5e-45e1-adac-7cd2e772e7c7)] {{(pid=110561) set_binding_levels /opt/stack/neutron/neutron/plugins/ml2/db.py:59}}
Apr 12 14:54:52.909967 dv-cinder-837524-1-iscsi neutron-server[110561]: DEBUG neutron.plugins.ml2.db [req-bd402cba-7fc7-4ae6-9756-09c8c29e7ada req-2787c427-98ad-476a-90ef-a214d12da0cb service neutron] For port f7b6eb0e-0b23-4a4b-81d8-d386bce95c9e, host hv-cinder-83752, cleared binding levels {{(pid=110561) clear_binding_levels /opt/stack/neutron/neutron/plugins/ml2/db.py:87}}
Apr 12 14:54:52.934778 dv-cinder-837524-1-iscsi neutron-server[110561]: DEBUG neutron.plugins.ml2.db [req-bd402cba-7fc7-4ae6-9756-09c8c29e7ada req-2787c427-98ad-476a-90ef-a214d12da0cb service neutron] For port f7b6eb0e-0b23-4a4b-81d8-d386bce95c9e, host hv-cinder-83752, set binding levels [PortBindingLevel(driver='hyperv',host='hv-cinder-83752',level=0,port_id=f7b6eb0e-0b23-4a4b-81d8-d386bce95c9e,segment=NetworkSegment(9a163a13-d920-47f2-95b0-2668a8bd37a7),segment_id=9a163a13-d920-47f2-95b0-2668a8bd37a7)] {{(pid=110561) set_binding_levels /opt/stack/neutron/neutron/plugins/ml2/db.py:59}}
Apr 12 14:54:52.951210 dv-cinder-837524-1-iscsi neutron-server[110562]: INFO neutron.wsgi [req-9d579380-b6be-4664-af29-68f77cc64c35 req-d0b3d363-eb62-40a2-8794-6b8bd0a617f2 tempest-ServerRescueNegativeTestJSON-1553548520 tempest-ServerRescueNegativeTestJSON-1553548520-project] 10.222.0.64 "GET /v2.0/ports?device_id=71207994-1780-4e45-b693-8455d8038f21 HTTP/1.1" status: 200 len: 210 time: 0.0393078
Apr 12 14:54:52.955435 dv-cinder-837524-1-iscsi neutron-server[110562]: DEBUG neutron.plugins.ml2.db [req-94d688d2-bff9-4472-accc-58256ae462ff req-4527d3b4-bf9a-4097-b3da-e04682225432 service neutron] For port 90cc2ae2-1bf0-46e2-aaa3-df8b5b8c5f77, host hv-cinder-83752, cleared binding levels {{(pid=110562) clear_binding_levels /opt/stack/neutron/neutron/plugins/ml2/db.py:87}}
Apr 12 14:54:52.972562 dv-cinder-837524-1-iscsi neutron-server[110562]: DEBUG neutron.plugins.ml2.db [req-94d688d2-bff9-4472-accc-58256ae462ff req-4527d3b4-bf9a-4097-b3da-e04682225432 service neutron] For port 90cc2ae2-1bf0-46e2-aaa3-df8b5b8c5f77, host hv-cinder-83752, set binding levels [PortBindingLevel(driver='hyperv',host='hv-cinder-83752',level=0,port_id=90cc2ae2-1bf0-46e2-aaa3-df8b5b8c5f77,segment=NetworkSegment(54addda5-11cd-4388-9316-653c730eca2f),segment_id=54addda5-11cd-4388-9316-653c730eca2f)] {{(pid=110562) set_binding_levels /opt/stack/neutron/neutron/plugins/ml2/db.py:59}}
Apr 12 14:54:52.983275 dv-cinder-837524-1-iscsi neutron-server[110562]: DEBUG neutron.pecan_wsgi.hooks.policy_enforcement [req-ab5e4110-da66-4167-83de-d9b6d20cbde9 req-2e38cb56-47eb-41c9-9ad8-be8c0247b2fb tempest-AttachVolumeShelveTestJSON-1944384063 tempest-AttachVolumeShelveTestJSON-1944384063-project] Attributes excluded by policy engine: ['standard_attr_id', 'binding:profile', 'binding:host_id', 'binding:vif_type', 'binding:vif_details'] {{(pid=110562) _exclude_attributes_by_policy /opt/stack/neutron/neutron/pecan_wsgi/hooks/policy_enforcement.py:255}}
Apr 12 14:54:52.984942 dv-cinder-837524-1-iscsi neutron-server[110562]: INFO neutron.wsgi [req-ab5e4110-da66-4167-83de-d9b6d20cbde9 req-2e38cb56-47eb-41c9-9ad8-be8c0247b2fb tempest-AttachVolumeShelveTestJSON-1944384063 tempest-AttachVolumeShelveTestJSON-1944384063-project] 10.222.0.64 "GET /v2.0/ports?device_id=9d03f42e-2d51-459d-ade0-7e6a34283867 HTTP/1.1" status: 200 len: 943 time: 0.1412084
Apr 12 14:54:53.040755 dv-cinder-837524-1-iscsi neutron-server[110562]: INFO neutron.wsgi [req-ab5e4110-da66-4167-83de-d9b6d20cbde9 req-ad2efd8c-231a-446f-b795-f72c433f1c28 tempest-AttachVolumeShelveTestJSON-1944384063 tempest-AttachVolumeShelveTestJSON-1944384063-project] 10.222.0.64 "GET /v2.0/security-groups?id=558f72ac-e71f-46fd-b3c3-b07cea57b0ed&fields=id&fields=name HTTP/1.1" status: 200 len: 312 time: 0.0495987
Apr 12 14:54:53.092217 dv-cinder-837524-1-iscsi neutron-server[110561]: DEBUG neutron_lib.callbacks.manager [req-bd402cba-7fc7-4ae6-9756-09c8c29e7ada req-2787c427-98ad-476a-90ef-a214d12da0cb service neutron] Publish callbacks ['neutron.plugins.ml2.plugin.SecurityGroupServerNotifierRpcMixin._notify_sg_on_port_change-620215', 'neutron.plugins.ml2.ovo_rpc._ObjectChangeHandler.handle_event-236556', 'neutron.api.rpc.agentnotifiers.dhcp_rpc_agent_api.DhcpAgentNotifyAPI._native_event_send_dhcp_notification-1578434', 'neutron.db.l3_db.L3RpcNotifierMixin._notify_gateway_port_ip_changed-8751142030111', 'neutron.db.l3_dvrscheduler_db._notify_l3_agent_port_update-8751141554252', 'neutron.db.l3_hascheduler_db._notify_l3_agent_ha_port_update-8751141554270'] for port (f7b6eb0e-0b23-4a4b-81d8-d386bce95c9e), after_update {{(pid=110561) _notify_loop /usr/local/lib/python3.8/dist-packages/neutron_lib/callbacks/manager.py:176}}
Apr 12 14:54:53.096579 dv-cinder-837524-1-iscsi neutron-server[110561]: DEBUG neutron_lib.callbacks.manager [req-96d07884-9509-4348-a92b-f8e1fa12884a req-e2ba1875-f906-4870-a531-e1360b5deec6 service neutron] Publish callbacks ['neutron.plugins.ml2.plugin.SecurityGroupServerNotifierRpcMixin._notify_sg_on_port_change-620215', 'neutron.plugins.ml2.ovo_rpc._ObjectChangeHandler.handle_event-236556', 'neutron.api.rpc.agentnotifiers.dhcp_rpc_agent_api.DhcpAgentNotifyAPI._native_event_send_dhcp_notification-1578434', 'neutron.db.l3_db.L3RpcNotifierMixin._notify_gateway_port_ip_changed-8751142030111', 'neutron.db.l3_dvrscheduler_db._notify_l3_agent_port_update-8751141554252', 'neutron.db.l3_hascheduler_db._notify_l3_agent_ha_port_update-8751141554270'] for port (7448f465-5339-4bd1-91a9-94095a601931), after_update {{(pid=110561) _notify_loop /usr/local/lib/python3.8/dist-packages/neutron_lib/callbacks/manager.py:176}}
Apr 12 14:54:53.121436 dv-cinder-837524-1-iscsi neutron-server[110562]: DEBUG neutron_lib.callbacks.manager [req-94d688d2-bff9-4472-accc-58256ae462ff req-4527d3b4-bf9a-4097-b3da-e04682225432 service neutron] Publish callbacks ['neutron.plugins.ml2.plugin.SecurityGroupServerNotifierRpcMixin._notify_sg_on_port_change-620215', 'neutron.plugins.ml2.ovo_rpc._ObjectChangeHandler.handle_event-236556', 'neutron.api.rpc.agentnotifiers.dhcp_rpc_agent_api.DhcpAgentNotifyAPI._native_event_send_dhcp_notification-1578434', 'neutron.db.l3_db.L3RpcNotifierMixin._notify_gateway_port_ip_changed-8751142030111', 'neutron.db.l3_dvrscheduler_db._notify_l3_agent_port_update-8751141554252', 'neutron.db.l3_hascheduler_db._notify_l3_agent_ha_port_update-8751141554270'] for port (90cc2ae2-1bf0-46e2-aaa3-df8b5b8c5f77), after_update {{(pid=110562) _notify_loop /usr/local/lib/python3.8/dist-packages/neutron_lib/callbacks/manager.py:176}}
Apr 12 14:54:53.179264 dv-cinder-837524-1-iscsi neutron-server[110561]: DEBUG neutron_lib.callbacks.manager [req-632ae723-76b8-4feb-8c90-5018193d3367 req-7e52018b-13ab-47a6-90e4-39394ef4c746 tempest-ServerRescueNegativeTestJSON-1553548520 tempest-ServerRescueNegativeTestJSON-1553548520-project] Publish callbacks ['neutron.plugins.ml2.plugin.SecurityGroupServerNotifierRpcMixin._notify_sg_on_port_change-620215', 'neutron.plugins.ml2.ovo_rpc._ObjectChangeHandler.handle_event-236556', 'neutron.api.rpc.agentnotifiers.dhcp_rpc_agent_api.DhcpAgentNotifyAPI._native_event_send_dhcp_notification-1578434', 'neutron.db.l3_dvrscheduler_db._notify_l3_agent_new_port-8751141554234'] for port (5d8aa5a2-fd7c-4d6a-b44f-15e67a9087c0), after_create {{(pid=110561) _notify_loop /usr/local/lib/python3.8/dist-packages/neutron_lib/callbacks/manager.py:176}}
Apr 12 14:54:53.181201 dv-cinder-837524-1-iscsi neutron-server[110561]: DEBUG neutron.wsgi [-] (110561) accepted ('10.222.0.57', 64699) {{(pid=110561) server /usr/local/lib/python3.8/dist-packages/eventlet/wsgi.py:1004}}
Apr 12 14:54:53.190826 dv-cinder-837524-1-iscsi neutron-server[110561]: DEBUG neutron.pecan_wsgi.hooks.quota_enforcement [req-a8d1b7aa-4c26-4ad5-bea8-95a5429da90c req-f4214fa6-6c76-4edf-8e79-1684e972d4ef tempest-AttachVolumeNegativeTest-1153643281 tempest-AttachVolumeNegativeTest-1153643281-project] Made reservation on behalf of d1b1cfd6536e4795874488a31e0d41d1 for: {'port': 1} {{(pid=110561) before /opt/stack/neutron/neutron/pecan_wsgi/hooks/quota_enforcement.py:53}}
Apr 12 14:54:53.195991 dv-cinder-837524-1-iscsi neutron-server[110561]: DEBUG neutron_lib.callbacks.manager [req-a8d1b7aa-4c26-4ad5-bea8-95a5429da90c req-f4214fa6-6c76-4edf-8e79-1684e972d4ef tempest-AttachVolumeNegativeTest-1153643281 tempest-AttachVolumeNegativeTest-1153643281-project] Publish callbacks ['neutron.plugins.ml2.plugin.SecurityGroupDbMixin._ensure_default_security_group_handler-620373'] for port (None), before_create {{(pid=110561) _notify_loop /usr/local/lib/python3.8/dist-packages/neutron_lib/callbacks/manager.py:176}}
Apr 12 14:54:53.199117 dv-cinder-837524-1-iscsi neutron-server[110562]: DEBUG neutron.pecan_wsgi.hooks.policy_enforcement [req-94d688d2-bff9-4472-accc-58256ae462ff req-4527d3b4-bf9a-4097-b3da-e04682225432 service neutron] Attributes excluded by policy engine: ['standard_attr_id'] {{(pid=110562) _exclude_attributes_by_policy /opt/stack/neutron/neutron/pecan_wsgi/hooks/policy_enforcement.py:255}}
Apr 12 14:54:53.199695 dv-cinder-837524-1-iscsi neutron-server[110562]: DEBUG neutron_lib.callbacks.manager [req-94d688d2-bff9-4472-accc-58256ae462ff req-4527d3b4-bf9a-4097-b3da-e04682225432 service neutron] Publish callbacks ['neutron.notifiers.nova.Notifier._send_nova_notification-96472', 'neutron.api.rpc.agentnotifiers.dhcp_rpc_agent_api.DhcpAgentNotifyAPI._send_dhcp_notification-1578288'] for port (None), before_response {{(pid=110562) _notify_loop /usr/local/lib/python3.8/dist-packages/neutron_lib/callbacks/manager.py:176}}
Apr 12 14:54:53.210379 dv-cinder-837524-1-iscsi neutron-server[110562]: INFO neutron.wsgi [req-94d688d2-bff9-4472-accc-58256ae462ff req-4527d3b4-bf9a-4097-b3da-e04682225432 service neutron] 10.222.0.57 "PUT /v2.0/ports/90cc2ae2-1bf0-46e2-aaa3-df8b5b8c5f77 HTTP/1.1" status: 200 len: 1093 time: 1.8714566
Apr 12 14:54:53.210877 dv-cinder-837524-1-iscsi neutron-server[110562]: DEBUG neutron.notifiers.nova [-] Sending events: [{'name': 'network-changed', 'server_uuid': '9d03f42e-2d51-459d-ade0-7e6a34283867', 'tag': '90cc2ae2-1bf0-46e2-aaa3-df8b5b8c5f77'}] {{(pid=110562) send_events /opt/stack/neutron/neutron/notifiers/nova.py:271}}
Apr 12 14:54:53.213204 dv-cinder-837524-1-iscsi neutron-server[110562]: DEBUG novaclient.v2.client [-] REQ: curl -g -i --cacert "/opt/stack/data/ca-bundle.pem" -X POST http://10.222.0.64/compute/v2.1/os-server-external-events -H "Accept: application/json" -H "Content-Type: application/json" -H "User-Agent: python-novaclient" -H "X-Auth-Token: {SHA256}a1b760ee5e75cdd0da61739df4065bd805518737b94d9810e4fd1f3e785c6187" -H "X-OpenStack-Nova-API-Version: 2.1" -H "X-OpenStack-Request-ID: req-aef1f610-67fe-45fc-a18e-d3a87bb02541" -d '{"events": [{"name": "network-changed", "server_uuid": "9d03f42e-2d51-459d-ade0-7e6a34283867", "tag": "90cc2ae2-1bf0-46e2-aaa3-df8b5b8c5f77"}]}' {{(pid=110562) _http_log_request /usr/local/lib/python3.8/dist-packages/keystoneauth1/session.py:519}}
Apr 12 14:54:53.292786 dv-cinder-837524-1-iscsi neutron-server[110562]: DEBUG neutron.api.rpc.handlers.resources_rpc [None req-4527d3b4-bf9a-4097-b3da-e04682225432 service neutron] Pushing event updated for resources: {'Port': ['ID=90cc2ae2-1bf0-46e2-aaa3-df8b5b8c5f77,revision_number=3']} {{(pid=110562) push /opt/stack/neutron/neutron/api/rpc/handlers/resources_rpc.py:237}}
Apr 12 14:54:53.340217 dv-cinder-837524-1-iscsi neutron-server[110562]: DEBUG novaclient.v2.client [-] RESP: [200] Connection: close Content-Length: 179 Content-Type: application/json Date: Tue, 12 Apr 2022 14:54:53 GMT OpenStack-API-Version: compute 2.1 Server: Apache/2.4.41 (Ubuntu) Vary: OpenStack-API-Version,X-OpenStack-Nova-API-Version X-OpenStack-Nova-API-Version: 2.1 x-compute-request-id: req-ce8440a5-19f1-405b-b7b3-30e49f328942 x-openstack-request-id: req-ce8440a5-19f1-405b-b7b3-30e49f328942 {{(pid=110562) _http_log_response /usr/local/lib/python3.8/dist-packages/keystoneauth1/session.py:550}}
Apr 12 14:54:53.340504 dv-cinder-837524-1-iscsi neutron-server[110562]: DEBUG novaclient.v2.client [-] RESP BODY: {"events": [{"name": "network-changed", "server_uuid": "9d03f42e-2d51-459d-ade0-7e6a34283867", "tag": "90cc2ae2-1bf0-46e2-aaa3-df8b5b8c5f77", "status": "completed", "code": 200}]} {{(pid=110562) _http_log_response /usr/local/lib/python3.8/dist-packages/keystoneauth1/session.py:582}}
Apr 12 14:54:53.340714 dv-cinder-837524-1-iscsi neutron-server[110562]: DEBUG novaclient.v2.client [-] POST call to compute for http://10.222.0.64/compute/v2.1/os-server-external-events used request id req-ce8440a5-19f1-405b-b7b3-30e49f328942 {{(pid=110562) request /usr/local/lib/python3.8/dist-packages/keystoneauth1/session.py:954}}
Apr 12 14:54:53.343224 dv-cinder-837524-1-iscsi neutron-server[110562]: INFO neutron.notifiers.nova [-] Nova event matching ['req-ce8440a5-19f1-405b-b7b3-30e49f328942'] response: {'name': 'network-changed', 'server_uuid': '9d03f42e-2d51-459d-ade0-7e6a34283867', 'tag': '90cc2ae2-1bf0-46e2-aaa3-df8b5b8c5f77', 'status': 'completed', 'code': 200}
Apr 12 14:54:53.404806 dv-cinder-837524-1-iscsi neutron-server[110562]: DEBUG neutron.pecan_wsgi.hooks.policy_enforcement [req-aef1f610-67fe-45fc-a18e-d3a87bb02541 req-e4ff4351-3ceb-4a2a-8d37-0d36396c501a service neutron] Attributes excluded by policy engine: ['standard_attr_id'] {{(pid=110562) _exclude_attributes_by_policy /opt/stack/neutron/neutron/pecan_wsgi/hooks/policy_enforcement.py:255}}
Apr 12 14:54:53.406312 dv-cinder-837524-1-iscsi neutron-server[110562]: INFO neutron.wsgi [req-aef1f610-67fe-45fc-a18e-d3a87bb02541 req-e4ff4351-3ceb-4a2a-8d37-0d36396c501a service neutron] 10.222.0.57 "GET /v2.0/ports?tenant_id=7c2a576e2be74418bdef57686bad30a2&device_id=9d03f42e-2d51-459d-ade0-7e6a34283867 HTTP/1.1" status: 200 len: 1127 time: 0.0810263
Apr 12 14:54:53.415000 dv-cinder-837524-1-iscsi neutron-server[110561]: DEBUG neutron.pecan_wsgi.hooks.policy_enforcement [req-96d07884-9509-4348-a92b-f8e1fa12884a req-e2ba1875-f906-4870-a531-e1360b5deec6 service neutron] Attributes excluded by policy engine: ['standard_attr_id'] {{(pid=110561) _exclude_attributes_by_policy /opt/stack/neutron/neutron/pecan_wsgi/hooks/policy_enforcement.py:255}}
Apr 12 14:54:53.415653 dv-cinder-837524-1-iscsi neutron-server[110561]: DEBUG neutron_lib.callbacks.manager [req-96d07884-9509-4348-a92b-f8e1fa12884a req-e2ba1875-f906-4870-a531-e1360b5deec6 service neutron] Publish callbacks ['neutron.notifiers.nova.Notifier._send_nova_notification-96472', 'neutron.api.rpc.agentnotifiers.dhcp_rpc_agent_api.DhcpAgentNotifyAPI._send_dhcp_notification-1578288'] for port (None), before_response {{(pid=110561) _notify_loop /usr/local/lib/python3.8/dist-packages/neutron_lib/callbacks/manager.py:176}}
Apr 12 14:54:53.423008 dv-cinder-837524-1-iscsi neutron-server[110561]: INFO neutron.wsgi [req-96d07884-9509-4348-a92b-f8e1fa12884a req-e2ba1875-f906-4870-a531-e1360b5deec6 service neutron] 10.222.0.57 "PUT /v2.0/ports/7448f465-5339-4bd1-91a9-94095a601931 HTTP/1.1" status: 200 len: 1094 time: 3.8953958
Apr 12 14:54:53.430498 dv-cinder-837524-1-iscsi neutron-server[110561]: DEBUG neutron.notifiers.nova [-] Sending events: [{'name': 'network-changed', 'server_uuid': 'cc3e6773-eb1f-4098-b443-1b2d62d1abe8', 'tag': '7448f465-5339-4bd1-91a9-94095a601931'}] {{(pid=110561) send_events /opt/stack/neutron/neutron/notifiers/nova.py:271}}
Apr 12 14:54:53.445436 dv-cinder-837524-1-iscsi neutron-server[110562]: INFO neutron.wsgi [req-3a2bc7d3-3aef-4abb-96fd-4f05d8d498b0 req-81556d4e-97fe-4c78-9b63-5c95b1bed649 tempest-AttachVolumeNegativeTest-1153643281 tempest-AttachVolumeNegativeTest-1153643281-project] 10.222.0.64 "GET /v2.0/ports?device_id=e2e10895-454d-437b-9325-591ccaa80da9 HTTP/1.1" status: 200 len: 210 time: 0.1087337
Apr 12 14:54:53.602696 dv-cinder-837524-1-iscsi neutron-server[110561]: DEBUG neutron.pecan_wsgi.hooks.policy_enforcement [req-bd402cba-7fc7-4ae6-9756-09c8c29e7ada req-2787c427-98ad-476a-90ef-a214d12da0cb service neutron] Attributes excluded by policy engine: ['standard_attr_id'] {{(pid=110561) _exclude_attributes_by_policy /opt/stack/neutron/neutron/pecan_wsgi/hooks/policy_enforcement.py:255}}
Apr 12 14:54:53.603649 dv-cinder-837524-1-iscsi neutron-server[110561]: DEBUG neutron_lib.callbacks.manager [req-bd402cba-7fc7-4ae6-9756-09c8c29e7ada req-2787c427-98ad-476a-90ef-a214d12da0cb service neutron] Publish callbacks ['neutron.notifiers.nova.Notifier._send_nova_notification-96472', 'neutron.api.rpc.agentnotifiers.dhcp_rpc_agent_api.DhcpAgentNotifyAPI._send_dhcp_notification-1578288'] for port (None), before_response {{(pid=110561) _notify_loop /usr/local/lib/python3.8/dist-packages/neutron_lib/callbacks/manager.py:176}}
Apr 12 14:54:53.605811 dv-cinder-837524-1-iscsi neutron-server[110561]: INFO neutron.wsgi [req-bd402cba-7fc7-4ae6-9756-09c8c29e7ada req-2787c427-98ad-476a-90ef-a214d12da0cb service neutron] 10.222.0.57 "PUT /v2.0/ports/f7b6eb0e-0b23-4a4b-81d8-d386bce95c9e HTTP/1.1" status: 200 len: 1093 time: 4.0846350
Apr 12 14:54:53.760936 dv-cinder-837524-1-iscsi neutron-server[110561]: DEBUG neutron.db.db_base_plugin_common [req-a8d1b7aa-4c26-4ad5-bea8-95a5429da90c req-f4214fa6-6c76-4edf-8e79-1684e972d4ef tempest-AttachVolumeNegativeTest-1153643281 tempest-AttachVolumeNegativeTest-1153643281-project] Allocated IP 172.20.0.4 (bc73a003-4067-4844-9c4d-7187574c0c62/a936284e-f91e-462f-aab0-9a9a8f12fda6/83c56c7d-fadb-4e42-871f-2399e0153f94) {{(pid=110561) _store_ip_allocation /opt/stack/neutron/neutron/db/db_base_plugin_common.py:131}}
Apr 12 14:54:53.804758 dv-cinder-837524-1-iscsi neutron-server[110561]: DEBUG neutron.pecan_wsgi.hooks.policy_enforcement [req-ca6ac5de-e069-41d5-810e-596d6a2b34c4 req-4c3c5294-7568-40a9-a88c-ee024dfdcc10 service neutron] Attributes excluded by policy engine: ['standard_attr_id'] {{(pid=110561) _exclude_attributes_by_policy /opt/stack/neutron/neutron/pecan_wsgi/hooks/policy_enforcement.py:255}}
Apr 12 14:54:53.809682 dv-cinder-837524-1-iscsi neutron-server[110561]: INFO neutron.wsgi [req-ca6ac5de-e069-41d5-810e-596d6a2b34c4 req-4c3c5294-7568-40a9-a88c-ee024dfdcc10 service neutron] 10.222.0.57 "GET /v2.0/ports?device_id=1d708580-277c-46d3-9972-57055255f9b9 HTTP/1.1" status: 200 len: 1129 time: 0.6200078
Apr 12 14:54:53.861149 dv-cinder-837524-1-iscsi neutron-server[110561]: DEBUG neutron.api.rpc.handlers.resources_rpc [None req-2787c427-98ad-476a-90ef-a214d12da0cb service neutron] Pushing event updated for resources: {'Port': ['ID=f7b6eb0e-0b23-4a4b-81d8-d386bce95c9e,revision_number=3']} {{(pid=110561) push /opt/stack/neutron/neutron/api/rpc/handlers/resources_rpc.py:237}}
Apr 12 14:54:53.862539 dv-cinder-837524-1-iscsi neutron-server[110562]: DEBUG neutron.pecan_wsgi.hooks.policy_enforcement [req-a316cac0-a542-4406-a614-bdb954b2a590 req-2fe8ec3e-4d0b-4c15-b917-1e407348e2cb tempest-DeleteServersTestJSON-1946837409 tempest-DeleteServersTestJSON-1946837409-project] Attributes excluded by policy engine: ['standard_attr_id', 'binding:profile', 'binding:host_id', 'binding:vif_type', 'binding:vif_details'] {{(pid=110562) _exclude_attributes_by_policy /opt/stack/neutron/neutron/pecan_wsgi/hooks/policy_enforcement.py:255}}
Apr 12 14:54:53.870769 dv-cinder-837524-1-iscsi neutron-server[110562]: INFO neutron.wsgi [req-a316cac0-a542-4406-a614-bdb954b2a590 req-2fe8ec3e-4d0b-4c15-b917-1e407348e2cb tempest-DeleteServersTestJSON-1946837409 tempest-DeleteServersTestJSON-1946837409-project] 10.222.0.64 "GET /v2.0/ports?device_id=1d708580-277c-46d3-9972-57055255f9b9 HTTP/1.1" status: 200 len: 945 time: 0.2185206
Apr 12 14:54:53.905192 dv-cinder-837524-1-iscsi neutron-server[110561]: DEBUG neutron.scheduler.dhcp_agent_scheduler [req-632ae723-76b8-4feb-8c90-5018193d3367 req-7e52018b-13ab-47a6-90e4-39394ef4c746 tempest-ServerRescueNegativeTestJSON-1553548520 tempest-ServerRescueNegativeTestJSON-1553548520-project] Network 8f7bb313-4e99-4c79-b5eb-bf23757b656e is already hosted by enough agents. {{(pid=110561) _get_dhcp_agents_hosting_network /opt/stack/neutron/neutron/scheduler/dhcp_agent_scheduler.py:275}}
Apr 12 14:54:53.946805 dv-cinder-837524-1-iscsi neutron-server[110561]: DEBUG neutron.pecan_wsgi.hooks.policy_enforcement [req-96d07884-9509-4348-a92b-f8e1fa12884a req-d8a14504-dc04-426c-b4e3-bba08aa73468 service neutron] Attributes excluded by policy engine: ['standard_attr_id'] {{(pid=110561) _exclude_attributes_by_policy /opt/stack/neutron/neutron/pecan_wsgi/hooks/policy_enforcement.py:255}}
Apr 12 14:54:53.950065 dv-cinder-837524-1-iscsi neutron-server[110561]: INFO neutron.wsgi [req-96d07884-9509-4348-a92b-f8e1fa12884a req-d8a14504-dc04-426c-b4e3-bba08aa73468 service neutron] 10.222.0.57 "GET /v2.0/ports?tenant_id=39fcc2a0fdd24f72a683109da0ad023e&device_id=cc3e6773-eb1f-4098-b443-1b2d62d1abe8 HTTP/1.1" status: 200 len: 1128 time: 0.3430004
Apr 12 14:54:53.964001 dv-cinder-837524-1-iscsi neutron-server[110561]: DEBUG neutron.scheduler.base_scheduler [req-632ae723-76b8-4feb-8c90-5018193d3367 req-7e52018b-13ab-47a6-90e4-39394ef4c746 tempest-ServerRescueNegativeTestJSON-1553548520 tempest-ServerRescueNegativeTestJSON-1553548520-project] Resources bound (agent type, host, resource id): {{(pid=110561) schedule /opt/stack/neutron/neutron/scheduler/base_scheduler.py:57}}
Apr 12 14:54:53.975496 dv-cinder-837524-1-iscsi neutron-server[110561]: DEBUG novaclient.v2.client [-] REQ: curl -g -i --cacert "/opt/stack/data/ca-bundle.pem" -X POST http://10.222.0.64/compute/v2.1/os-server-external-events -H "Accept: application/json" -H "Content-Type: application/json" -H "User-Agent: python-novaclient" -H "X-Auth-Token: {SHA256}4e581ae0674f7b36991839c7ed7a6285b87115a2301c38a37e4d8de0d0aa98e0" -H "X-OpenStack-Nova-API-Version: 2.1" -H "X-OpenStack-Request-ID: req-cccf54ef-6c6b-4912-84aa-5be9938108e4" -d '{"events": [{"name": "network-changed", "server_uuid": "cc3e6773-eb1f-4098-b443-1b2d62d1abe8", "tag": "7448f465-5339-4bd1-91a9-94095a601931"}]}' {{(pid=110561) _http_log_request /usr/local/lib/python3.8/dist-packages/keystoneauth1/session.py:519}}
Apr 12 14:54:54.026471 dv-cinder-837524-1-iscsi neutron-server[110561]: DEBUG neutron.db.l3_dvrscheduler_db [req-632ae723-76b8-4feb-8c90-5018193d3367 req-7e52018b-13ab-47a6-90e4-39394ef4c746 tempest-ServerRescueNegativeTestJSON-1553548520 tempest-ServerRescueNegativeTestJSON-1553548520-project] Received port after_create {{(pid=110561) _notify_l3_agent_new_port /opt/stack/neutron/neutron/db/l3_dvrscheduler_db.py:536}}
Apr 12 14:54:54.032495 dv-cinder-837524-1-iscsi neutron-server[110561]: DEBUG neutron.pecan_wsgi.hooks.policy_enforcement [req-632ae723-76b8-4feb-8c90-5018193d3367 req-7e52018b-13ab-47a6-90e4-39394ef4c746 tempest-ServerRescueNegativeTestJSON-1553548520 tempest-ServerRescueNegativeTestJSON-1553548520-project] Attributes excluded by policy engine: ['standard_attr_id', 'binding:profile', 'binding:host_id', 'binding:vif_type', 'binding:vif_details', 'network'] {{(pid=110561) _exclude_attributes_by_policy /opt/stack/neutron/neutron/pecan_wsgi/hooks/policy_enforcement.py:255}}
Apr 12 14:54:54.035112 dv-cinder-837524-1-iscsi neutron-server[110561]: DEBUG neutron_lib.callbacks.manager [req-632ae723-76b8-4feb-8c90-5018193d3367 req-7e52018b-13ab-47a6-90e4-39394ef4c746 tempest-ServerRescueNegativeTestJSON-1553548520 tempest-ServerRescueNegativeTestJSON-1553548520-project] Publish callbacks ['neutron.notifiers.nova.Notifier._send_nova_notification-96472', 'neutron.api.rpc.agentnotifiers.dhcp_rpc_agent_api.DhcpAgentNotifyAPI._send_dhcp_notification-1578288'] for port (None), before_response {{(pid=110561) _notify_loop /usr/local/lib/python3.8/dist-packages/neutron_lib/callbacks/manager.py:176}}
Apr 12 14:54:54.036746 dv-cinder-837524-1-iscsi neutron-server[110561]: DEBUG neutron_lib.callbacks.manager [req-ca6ac5de-e069-41d5-810e-596d6a2b34c4 req-d260b6b9-e843-49fe-8783-bb756fb245d4 service neutron] Publish callbacks [] for security_group (None), before_create {{(pid=110561) _notify_loop /usr/local/lib/python3.8/dist-packages/neutron_lib/callbacks/manager.py:176}}
Apr 12 14:54:54.079836 dv-cinder-837524-1-iscsi neutron-server[110561]: DEBUG neutron.pecan_wsgi.hooks.policy_enforcement [req-bd402cba-7fc7-4ae6-9756-09c8c29e7ada req-ebc48cb8-ae28-4ed1-999b-7e422b0fdf63 service neutron] Attributes excluded by policy engine: ['standard_attr_id'] {{(pid=110561) _exclude_attributes_by_policy /opt/stack/neutron/neutron/pecan_wsgi/hooks/policy_enforcement.py:255}}
Apr 12 14:54:54.081924 dv-cinder-837524-1-iscsi neutron-server[110561]: INFO neutron.wsgi [req-bd402cba-7fc7-4ae6-9756-09c8c29e7ada req-ebc48cb8-ae28-4ed1-999b-7e422b0fdf63 service neutron] 10.222.0.57 "GET /v2.0/ports?tenant_id=566788e9e53f44db92dfad7ee91d6cd2&device_id=92e6b586-ce02-4394-a2a1-6ae5e0f09306 HTTP/1.1" status: 200 len: 1127 time: 0.3187444
