Apr 11 18:49:19.049765 dv-cinder-837356-1-iscsi devstack@n-api.service[128889]: DEBUG nova.api.openstack.wsgi [None req-01d8e4c8-098f-47f6-aa1b-1228a6b87239 tempest-AttachVolumeTestJSON-412311261 tempest-AttachVolumeTestJSON-412311261-project] Action: 'create', calling method: >, body: {"server": {"name": "tempest-AttachVolumeTestJSON-server-51519994", "imageRef": "09efb8cf-a72d-4b90-8ca5-2d9e5c25a831", "flavorRef": "452", "adminPass": "***", "networks": [{"uuid": "7da0844a-e832-4653-8abc-66c92bf0e894"}], "security_groups": [{"name": "tempest-securitygroup--1918140646"}], "key_name": "tempest-keypair-485233753", "user_data": "}} {{(pid=128889) _process_stack /opt/stack/nova/nova/api/openstack/wsgi.py:511}}
Apr 11 18:49:19.163170 dv-cinder-837356-1-iscsi devstack@n-api.service[128888]: DEBUG nova.policy [None req-b5cb3a1b-5ea7-4e9b-9db8-f2293a904b44 tempest-AttachVolumeShelveTestJSON-932374264 tempest-AttachVolumeShelveTestJSON-932374264-project] Policy check for os_compute_api:os-extended-server-attributes failed with credentials {'is_admin': False, 'user_id': '0e13e1d5768d490d931589da4e7ef347', 'user_domain_id': 'default', 'system_scope': None, 'domain_id': None, 'project_id': 'c6fa8ba05d274ccb87f238031ba45505', 'project_domain_id': 'default', 'roles': ['reader', 'member'], 'is_admin_project': True, 'service_user_id': None, 'service_user_domain_id': None, 'service_project_id': None, 'service_project_domain_id': None, 'service_roles': []} {{(pid=128888) authorize /opt/stack/nova/nova/policy.py:199}}
Apr 11 18:49:19.180058 dv-cinder-837356-1-iscsi devstack@n-api.service[128888]: DEBUG nova.policy [None req-b5cb3a1b-5ea7-4e9b-9db8-f2293a904b44 tempest-AttachVolumeShelveTestJSON-932374264 tempest-AttachVolumeShelveTestJSON-932374264-project] Policy check for os_compute_api:servers:show:host_status failed with credentials {'is_admin': False, 'user_id': '0e13e1d5768d490d931589da4e7ef347', 'user_domain_id': 'default', 'system_scope': None, 'domain_id': None, 'project_id': 'c6fa8ba05d274ccb87f238031ba45505', 'project_domain_id': 'default', 'roles': ['reader', 'member'], 'is_admin_project': True, 'service_user_id': None, 'service_user_domain_id': None, 'service_project_id': None, 'service_project_domain_id': None, 'service_roles': []} {{(pid=128888) authorize /opt/stack/nova/nova/policy.py:199}}
Apr 11 18:49:19.184677 dv-cinder-837356-1-iscsi devstack@n-api.service[128888]: DEBUG nova.policy [None req-b5cb3a1b-5ea7-4e9b-9db8-f2293a904b44 tempest-AttachVolumeShelveTestJSON-932374264 tempest-AttachVolumeShelveTestJSON-932374264-project] Policy check for os_compute_api:servers:show:host_status:unknown-only failed with credentials {'is_admin': False, 'user_id': '0e13e1d5768d490d931589da4e7ef347', 'user_domain_id': 'default', 'system_scope': None, 'domain_id': None, 'project_id': 'c6fa8ba05d274ccb87f238031ba45505', 'project_domain_id': 'default', 'roles': ['reader', 'member'], 'is_admin_project': True, 'service_user_id': None, 'service_user_domain_id': None, 'service_project_id': None, 'service_project_domain_id': None, 'service_roles': []} {{(pid=128888) authorize /opt/stack/nova/nova/policy.py:199}}
Apr 11 18:49:19.186215 dv-cinder-837356-1-iscsi devstack@n-api.service[128888]: INFO nova.api.openstack.requestlog [None req-b5cb3a1b-5ea7-4e9b-9db8-f2293a904b44 tempest-AttachVolumeShelveTestJSON-932374264 tempest-AttachVolumeShelveTestJSON-932374264-project] 10.222.0.61 "GET /compute/v2.1/servers/543d7491-8ed8-4e3a-bc70-d31058b8b6c9" status: 200 len: 1286 microversion: 2.20 time: 0.234413
Apr 11 18:49:19.189238 dv-cinder-837356-1-iscsi devstack@n-api.service[128888]: [pid: 128888|app: 0|req: 21/40] 10.222.0.61 () {60 vars in 1276 bytes} [Mon Apr 11 18:49:18 2022] GET /compute/v2.1/servers/543d7491-8ed8-4e3a-bc70-d31058b8b6c9 => generated 1286 bytes in 238 msecs (HTTP/1.1 200) 9 headers in 360 bytes (1 switches on core 0)
Apr 11 18:49:19.204491 dv-cinder-837356-1-iscsi devstack@n-api.service[128888]: DEBUG nova.api.openstack.wsgi [None req-105fd69c-5093-496b-94b1-5f48851cc01f tempest-ServerRescueNegativeTestJSON-1594135424 tempest-ServerRescueNegativeTestJSON-1594135424-project] Calling method '>' {{(pid=128888) _process_stack /opt/stack/nova/nova/api/openstack/wsgi.py:513}}
Apr 11 18:49:19.205400 dv-cinder-837356-1-iscsi devstack@n-api.service[128888]: DEBUG nova.compute.api [None req-105fd69c-5093-496b-94b1-5f48851cc01f tempest-ServerRescueNegativeTestJSON-1594135424 tempest-ServerRescueNegativeTestJSON-1594135424-project] [instance: e61edef1-7d90-41b5-9ecb-d113f4282079] Fetching instance by UUID {{(pid=128888) get /opt/stack/nova/nova/compute/api.py:2918}}
Apr 11 18:49:19.346271 dv-cinder-837356-1-iscsi devstack@n-api.service[128889]: DEBUG nova.network.neutron [None req-01d8e4c8-098f-47f6-aa1b-1228a6b87239 tempest-AttachVolumeTestJSON-412311261 tempest-AttachVolumeTestJSON-412311261-project] validate_networks() for [('7da0844a-e832-4653-8abc-66c92bf0e894', None, None, None, None, None)] {{(pid=128889) validate_networks /opt/stack/nova/nova/network/neutron.py:2632}}
Apr 11 18:49:19.439176 dv-cinder-837356-1-iscsi devstack@n-api.service[128888]: DEBUG nova.policy [None req-105fd69c-5093-496b-94b1-5f48851cc01f tempest-ServerRescueNegativeTestJSON-1594135424 tempest-ServerRescueNegativeTestJSON-1594135424-project] Policy check for os_compute_api:os-extended-server-attributes failed with credentials {'is_admin': False, 'user_id': '66469a0cd73a4e728d701aa485c98946', 'user_domain_id': 'default', 'system_scope': None, 'domain_id': None, 'project_id': '159bb2915915456b8a02f921912ea0ff', 'project_domain_id': 'default', 'roles': ['reader', 'member'], 'is_admin_project': True, 'service_user_id': None, 'service_user_domain_id': None, 'service_project_id': None, 'service_project_domain_id': None, 'service_roles': []} {{(pid=128888) authorize /opt/stack/nova/nova/policy.py:199}}
Apr 11 18:49:19.448212 dv-cinder-837356-1-iscsi devstack@n-api.service[128888]: INFO nova.api.openstack.requestlog [None req-105fd69c-5093-496b-94b1-5f48851cc01f tempest-ServerRescueNegativeTestJSON-1594135424 tempest-ServerRescueNegativeTestJSON-1594135424-project] 10.222.0.61 "GET /compute/v2.1/servers/e61edef1-7d90-41b5-9ecb-d113f4282079" status: 200 len: 1222 microversion: 2.1 time: 0.256384
Apr 11 18:49:19.462048 dv-cinder-837356-1-iscsi devstack@n-api.service[128888]: [pid: 128888|app: 0|req: 22/41] 10.222.0.61 () {58 vars in 1235 bytes} [Mon Apr 11 18:49:19 2022] GET /compute/v2.1/servers/e61edef1-7d90-41b5-9ecb-d113f4282079 => generated 1222 bytes in 272 msecs (HTTP/1.1 200) 9 headers in 358 bytes (1 switches on core 0)
Apr 11 18:49:19.918664 dv-cinder-837356-1-iscsi devstack@n-api.service[128888]: DEBUG nova.api.openstack.wsgi [None req-df964944-0d68-4bc9-a8e1-f3071abeec80 tempest-DeleteServersTestJSON-187564901 tempest-DeleteServersTestJSON-187564901-project] Calling method '>' {{(pid=128888) _process_stack /opt/stack/nova/nova/api/openstack/wsgi.py:513}}
Apr 11 18:49:19.919559 dv-cinder-837356-1-iscsi devstack@n-api.service[128888]: DEBUG nova.compute.api [None req-df964944-0d68-4bc9-a8e1-f3071abeec80 tempest-DeleteServersTestJSON-187564901 tempest-DeleteServersTestJSON-187564901-project] [instance: 18725a25-8c90-4acd-b40b-a2ec3b438a67] Fetching instance by UUID {{(pid=128888) get /opt/stack/nova/nova/compute/api.py:2918}}
Apr 11 18:49:19.953344 dv-cinder-837356-1-iscsi devstack@n-api.service[128888]: DEBUG oslo_concurrency.lockutils [None req-df964944-0d68-4bc9-a8e1-f3071abeec80 tempest-DeleteServersTestJSON-187564901 tempest-DeleteServersTestJSON-187564901-project] Lock "99537335-7c42-422c-9b40-0af5a2d34f57" acquired by "nova.context.set_target_cell..get_or_set_cached_cell_and_set_connections" :: waited 0.000s {{(pid=128888) inner /usr/local/lib/python3.8/dist-packages/oslo_concurrency/lockutils.py:386}}
Apr 11 18:49:19.953837 dv-cinder-837356-1-iscsi devstack@n-api.service[128888]: DEBUG oslo_concurrency.lockutils [None req-df964944-0d68-4bc9-a8e1-f3071abeec80 tempest-DeleteServersTestJSON-187564901 tempest-DeleteServersTestJSON-187564901-project] Lock "99537335-7c42-422c-9b40-0af5a2d34f57" "released" by "nova.context.set_target_cell..get_or_set_cached_cell_and_set_connections" :: held 0.001s {{(pid=128888) inner /usr/local/lib/python3.8/dist-packages/oslo_concurrency/lockutils.py:400}}
Apr 11 18:49:19.954653 dv-cinder-837356-1-iscsi devstack@n-api.service[128888]: DEBUG oslo_concurrency.lockutils [None req-df964944-0d68-4bc9-a8e1-f3071abeec80 tempest-DeleteServersTestJSON-187564901 tempest-DeleteServersTestJSON-187564901-project] Lock "99537335-7c42-422c-9b40-0af5a2d34f57" acquired by "nova.context.set_target_cell..get_or_set_cached_cell_and_set_connections" :: waited 0.000s {{(pid=128888) inner /usr/local/lib/python3.8/dist-packages/oslo_concurrency/lockutils.py:386}}
Apr 11 18:49:19.959244 dv-cinder-837356-1-iscsi devstack@n-api.service[128888]: DEBUG oslo_concurrency.lockutils [None req-df964944-0d68-4bc9-a8e1-f3071abeec80 tempest-DeleteServersTestJSON-187564901 tempest-DeleteServersTestJSON-187564901-project] Lock "99537335-7c42-422c-9b40-0af5a2d34f57" "released" by "nova.context.set_target_cell..get_or_set_cached_cell_and_set_connections" :: held 0.000s {{(pid=128888) inner /usr/local/lib/python3.8/dist-packages/oslo_concurrency/lockutils.py:400}}
Apr 11 18:49:20.720215 dv-cinder-837356-1-iscsi devstack@n-api.service[128889]: DEBUG nova.virt.hardware [None req-01d8e4c8-098f-47f6-aa1b-1228a6b87239 tempest-AttachVolumeTestJSON-412311261 tempest-AttachVolumeTestJSON-412311261-project] Flavor limits 0:0:0 {{(pid=128889) get_cpu_topology_constraints /opt/stack/nova/nova/virt/hardware.py:343}}
Apr 11 18:49:20.722895 dv-cinder-837356-1-iscsi devstack@n-api.service[128889]: DEBUG nova.virt.hardware [None req-01d8e4c8-098f-47f6-aa1b-1228a6b87239 tempest-AttachVolumeTestJSON-412311261 tempest-AttachVolumeTestJSON-412311261-project] Image limits 0:0:0 {{(pid=128889) get_cpu_topology_constraints /opt/stack/nova/nova/virt/hardware.py:347}}
Apr 11 18:49:20.723468 dv-cinder-837356-1-iscsi devstack@n-api.service[128889]: DEBUG nova.virt.hardware [None req-01d8e4c8-098f-47f6-aa1b-1228a6b87239 tempest-AttachVolumeTestJSON-412311261 tempest-AttachVolumeTestJSON-412311261-project] Flavor pref 0:0:0 {{(pid=128889) get_cpu_topology_constraints /opt/stack/nova/nova/virt/hardware.py:383}}
Apr 11 18:49:20.723883 dv-cinder-837356-1-iscsi devstack@n-api.service[128889]: DEBUG nova.virt.hardware [None req-01d8e4c8-098f-47f6-aa1b-1228a6b87239 tempest-AttachVolumeTestJSON-412311261 tempest-AttachVolumeTestJSON-412311261-project] Image pref 0:0:0 {{(pid=128889) get_cpu_topology_constraints /opt/stack/nova/nova/virt/hardware.py:387}}
Apr 11 18:49:20.726163 dv-cinder-837356-1-iscsi devstack@n-api.service[128889]: DEBUG nova.virt.hardware [None req-01d8e4c8-098f-47f6-aa1b-1228a6b87239 tempest-AttachVolumeTestJSON-412311261 tempest-AttachVolumeTestJSON-412311261-project] Chose sockets=0, cores=0, threads=0; limits were sockets=65536, cores=65536, threads=65536 {{(pid=128889) get_cpu_topology_constraints /opt/stack/nova/nova/virt/hardware.py:425}}
Apr 11 18:49:20.778113 dv-cinder-837356-1-iscsi devstack@n-api.service[128888]: DEBUG nova.policy [None req-df964944-0d68-4bc9-a8e1-f3071abeec80 tempest-DeleteServersTestJSON-187564901 tempest-DeleteServersTestJSON-187564901-project] Policy check for os_compute_api:os-extended-server-attributes failed with credentials {'is_admin': False, 'user_id': '66d59b2cff80429ab409fbd3ddb8dfaa', 'user_domain_id': 'default', 'system_scope': None, 'domain_id': None, 'project_id': 'd25c1a35e0574c32a7089fb564be732f', 'project_domain_id': 'default', 'roles': ['reader', 'member'], 'is_admin_project': True, 'service_user_id': None, 'service_user_domain_id': None, 'service_project_id': None, 'service_project_domain_id': None, 'service_roles': []} {{(pid=128888) authorize /opt/stack/nova/nova/policy.py:199}}
Apr 11 18:49:20.810275 dv-cinder-837356-1-iscsi devstack@n-api.service[128889]: DEBUG oslo_concurrency.lockutils [None req-01d8e4c8-098f-47f6-aa1b-1228a6b87239 tempest-AttachVolumeTestJSON-412311261 tempest-AttachVolumeTestJSON-412311261-project] Lock "00000000-0000-0000-0000-000000000000" acquired by "nova.context.set_target_cell..get_or_set_cached_cell_and_set_connections" :: waited 0.001s {{(pid=128889) inner /usr/local/lib/python3.8/dist-packages/oslo_concurrency/lockutils.py:386}}
Apr 11 18:49:20.810901 dv-cinder-837356-1-iscsi devstack@n-api.service[128888]: INFO nova.api.openstack.requestlog [None req-df964944-0d68-4bc9-a8e1-f3071abeec80 tempest-DeleteServersTestJSON-187564901 tempest-DeleteServersTestJSON-187564901-project] 10.222.0.61 "GET /compute/v2.1/servers/18725a25-8c90-4acd-b40b-a2ec3b438a67" status: 200 len: 1314 microversion: 2.1 time: 0.900395
Apr 11 18:49:20.814747 dv-cinder-837356-1-iscsi devstack@n-api.service[128889]: DEBUG oslo_concurrency.lockutils [None req-01d8e4c8-098f-47f6-aa1b-1228a6b87239 tempest-AttachVolumeTestJSON-412311261 tempest-AttachVolumeTestJSON-412311261-project] Lock "00000000-0000-0000-0000-000000000000" "released" by "nova.context.set_target_cell..get_or_set_cached_cell_and_set_connections" :: held 0.003s {{(pid=128889) inner /usr/local/lib/python3.8/dist-packages/oslo_concurrency/lockutils.py:400}}
Apr 11 18:49:20.816901 dv-cinder-837356-1-iscsi devstack@n-api.service[128888]: [pid: 128888|app: 0|req: 23/42] 10.222.0.61 () {58 vars in 1235 bytes} [Mon Apr 11 18:49:19 2022] GET /compute/v2.1/servers/18725a25-8c90-4acd-b40b-a2ec3b438a67 => generated 1314 bytes in 912 msecs (HTTP/1.1 200) 9 headers in 358 bytes (2 switches on core 0)
Apr 11 18:49:20.820811 dv-cinder-837356-1-iscsi devstack@n-api.service[128889]: DEBUG oslo_concurrency.lockutils [None req-01d8e4c8-098f-47f6-aa1b-1228a6b87239 tempest-AttachVolumeTestJSON-412311261 tempest-AttachVolumeTestJSON-412311261-project] Lock "99537335-7c42-422c-9b40-0af5a2d34f57" acquired by "nova.context.set_target_cell..get_or_set_cached_cell_and_set_connections" :: waited 0.002s {{(pid=128889) inner /usr/local/lib/python3.8/dist-packages/oslo_concurrency/lockutils.py:386}}
Apr 11 18:49:20.823633 dv-cinder-837356-1-iscsi devstack@n-api.service[128889]: DEBUG oslo_concurrency.lockutils [None req-01d8e4c8-098f-47f6-aa1b-1228a6b87239 tempest-AttachVolumeTestJSON-412311261 tempest-AttachVolumeTestJSON-412311261-project] Lock "99537335-7c42-422c-9b40-0af5a2d34f57" "released" by "nova.context.set_target_cell..get_or_set_cached_cell_and_set_connections" :: held 0.002s {{(pid=128889) inner /usr/local/lib/python3.8/dist-packages/oslo_concurrency/lockutils.py:400}}
Apr 11 18:49:20.825360 dv-cinder-837356-1-iscsi devstack@n-api.service[128888]: DEBUG nova.api.openstack.wsgi [None req-98dd90be-9da0-4355-aebe-ddb19a341c04 tempest-AttachVolumeShelveTestJSON-932374264 tempest-AttachVolumeShelveTestJSON-932374264-project] Calling method '>' {{(pid=128888) _process_stack /opt/stack/nova/nova/api/openstack/wsgi.py:513}}
Apr 11 18:49:20.836660 dv-cinder-837356-1-iscsi devstack@n-api.service[128888]: DEBUG nova.compute.api [None req-98dd90be-9da0-4355-aebe-ddb19a341c04 tempest-AttachVolumeShelveTestJSON-932374264 tempest-AttachVolumeShelveTestJSON-932374264-project] [instance: 543d7491-8ed8-4e3a-bc70-d31058b8b6c9] Fetching instance by UUID {{(pid=128888) get /opt/stack/nova/nova/compute/api.py:2918}}
Apr 11 18:49:20.862776 dv-cinder-837356-1-iscsi devstack@n-api.service[128888]: DEBUG oslo_concurrency.lockutils [None req-98dd90be-9da0-4355-aebe-ddb19a341c04 tempest-AttachVolumeShelveTestJSON-932374264 tempest-AttachVolumeShelveTestJSON-932374264-project] Lock "99537335-7c42-422c-9b40-0af5a2d34f57" acquired by "nova.context.set_target_cell..get_or_set_cached_cell_and_set_connections" :: waited 0.000s {{(pid=128888) inner /usr/local/lib/python3.8/dist-packages/oslo_concurrency/lockutils.py:386}}
Apr 11 18:49:20.864894 dv-cinder-837356-1-iscsi devstack@n-api.service[128888]: DEBUG oslo_concurrency.lockutils [None req-98dd90be-9da0-4355-aebe-ddb19a341c04 tempest-AttachVolumeShelveTestJSON-932374264 tempest-AttachVolumeShelveTestJSON-932374264-project] Lock "99537335-7c42-422c-9b40-0af5a2d34f57" "released" by "nova.context.set_target_cell..get_or_set_cached_cell_and_set_connections" :: held 0.004s {{(pid=128888) inner /usr/local/lib/python3.8/dist-packages/oslo_concurrency/lockutils.py:400}}
Apr 11 18:49:20.865889 dv-cinder-837356-1-iscsi devstack@n-api.service[128888]: DEBUG oslo_concurrency.lockutils [None req-98dd90be-9da0-4355-aebe-ddb19a341c04 tempest-AttachVolumeShelveTestJSON-932374264 tempest-AttachVolumeShelveTestJSON-932374264-project] Lock "99537335-7c42-422c-9b40-0af5a2d34f57" acquired by "nova.context.set_target_cell..get_or_set_cached_cell_and_set_connections" :: waited 0.000s {{(pid=128888) inner /usr/local/lib/python3.8/dist-packages/oslo_concurrency/lockutils.py:386}}
Apr 11 18:49:20.869862 dv-cinder-837356-1-iscsi devstack@n-api.service[128888]: DEBUG oslo_concurrency.lockutils [None req-98dd90be-9da0-4355-aebe-ddb19a341c04 tempest-AttachVolumeShelveTestJSON-932374264 tempest-AttachVolumeShelveTestJSON-932374264-project] Lock "99537335-7c42-422c-9b40-0af5a2d34f57" "released" by "nova.context.set_target_cell..get_or_set_cached_cell_and_set_connections" :: held 0.003s {{(pid=128888) inner /usr/local/lib/python3.8/dist-packages/oslo_concurrency/lockutils.py:400}}
Apr 11 18:49:20.913776 dv-cinder-837356-1-iscsi devstack@n-api.service[128889]: DEBUG nova.quota [None req-01d8e4c8-098f-47f6-aa1b-1228a6b87239 tempest-AttachVolumeTestJSON-412311261 tempest-AttachVolumeTestJSON-412311261-project] Getting quotas for project 167470b57e4745b8b40a7ed4c298111c. Resources: {'cores', 'ram', 'instances'} {{(pid=128889) _get_quotas /opt/stack/nova/nova/quota.py:393}}
Apr 11 18:49:20.931766 dv-cinder-837356-1-iscsi devstack@n-api.service[128889]: DEBUG nova.quota [None req-01d8e4c8-098f-47f6-aa1b-1228a6b87239 tempest-AttachVolumeTestJSON-412311261 tempest-AttachVolumeTestJSON-412311261-project] Getting quotas for user f859d2b8043c48f491ca142b56f067f9 and project 167470b57e4745b8b40a7ed4c298111c. Resources: {'cores', 'ram', 'instances'} {{(pid=128889) _get_quotas /opt/stack/nova/nova/quota.py:383}}
Apr 11 18:49:20.991641 dv-cinder-837356-1-iscsi devstack@n-api.service[128889]: DEBUG nova.compute.api [None req-01d8e4c8-098f-47f6-aa1b-1228a6b87239 tempest-AttachVolumeTestJSON-412311261 tempest-AttachVolumeTestJSON-412311261-project] Going to run 1 instances... {{(pid=128889) _provision_instances /opt/stack/nova/nova/compute/api.py:1389}}
Apr 11 18:49:21.005383 dv-cinder-837356-1-iscsi devstack@n-api.service[128889]: DEBUG nova.compute.api [None req-01d8e4c8-098f-47f6-aa1b-1228a6b87239 tempest-AttachVolumeTestJSON-412311261 tempest-AttachVolumeTestJSON-412311261-project] [instance: b10049df-c465-4a52-8e37-9538b9fcf005] block_device_mapping [BlockDeviceMapping(attachment_id=,boot_index=0,connection_info=None,created_at=,delete_on_termination=True,deleted=,deleted_at=,destination_type='local',device_name=None,device_type='disk',disk_bus=None,guest_format=None,id=,image_id='09efb8cf-a72d-4b90-8ca5-2d9e5c25a831',instance=,instance_uuid=,no_device=False,snapshot_id=None,source_type='image',tag=None,updated_at=,uuid=,volume_id=None,volume_size=None,volume_type=None)] {{(pid=128889) _bdm_validate_set_size_and_instance /opt/stack/nova/nova/compute/api.py:1807}}
Apr 11 18:49:21.024853 dv-cinder-837356-1-iscsi devstack@n-api.service[128888]: DEBUG nova.policy [None req-98dd90be-9da0-4355-aebe-ddb19a341c04 tempest-AttachVolumeShelveTestJSON-932374264 tempest-AttachVolumeShelveTestJSON-932374264-project] Policy check for os_compute_api:os-extended-server-attributes failed with credentials {'is_admin': False, 'user_id': '0e13e1d5768d490d931589da4e7ef347', 'user_domain_id': 'default', 'system_scope': None, 'domain_id': None, 'project_id': 'c6fa8ba05d274ccb87f238031ba45505', 'project_domain_id': 'default', 'roles': ['reader', 'member'], 'is_admin_project': True, 'service_user_id': None, 'service_user_domain_id': None, 'service_project_id': None, 'service_project_domain_id': None, 'service_roles': []} {{(pid=128888) authorize /opt/stack/nova/nova/policy.py:199}}
Apr 11 18:49:21.035446 dv-cinder-837356-1-iscsi devstack@n-api.service[128888]: DEBUG nova.policy [None req-98dd90be-9da0-4355-aebe-ddb19a341c04 tempest-AttachVolumeShelveTestJSON-932374264 tempest-AttachVolumeShelveTestJSON-932374264-project] Policy check for os_compute_api:servers:show:host_status failed with credentials {'is_admin': False, 'user_id': '0e13e1d5768d490d931589da4e7ef347', 'user_domain_id': 'default', 'system_scope': None, 'domain_id': None, 'project_id': 'c6fa8ba05d274ccb87f238031ba45505', 'project_domain_id': 'default', 'roles': ['reader', 'member'], 'is_admin_project': True, 'service_user_id': None, 'service_user_domain_id': None, 'service_project_id': None, 'service_project_domain_id': None, 'service_roles': []} {{(pid=128888) authorize /opt/stack/nova/nova/policy.py:199}}
Apr 11 18:49:21.039174 dv-cinder-837356-1-iscsi devstack@n-api.service[128888]: DEBUG nova.policy [None req-98dd90be-9da0-4355-aebe-ddb19a341c04 tempest-AttachVolumeShelveTestJSON-932374264 tempest-AttachVolumeShelveTestJSON-932374264-project] Policy check for os_compute_api:servers:show:host_status:unknown-only failed with credentials {'is_admin': False, 'user_id': '0e13e1d5768d490d931589da4e7ef347', 'user_domain_id': 'default', 'system_scope': None, 'domain_id': None, 'project_id': 'c6fa8ba05d274ccb87f238031ba45505', 'project_domain_id': 'default', 'roles': ['reader', 'member'], 'is_admin_project': True, 'service_user_id': None, 'service_user_domain_id': None, 'service_project_id': None, 'service_project_domain_id': None, 'service_roles': []} {{(pid=128888) authorize /opt/stack/nova/nova/policy.py:199}}
Apr 11 18:49:21.043982 dv-cinder-837356-1-iscsi devstack@n-api.service[128888]: INFO nova.api.openstack.requestlog [None req-98dd90be-9da0-4355-aebe-ddb19a341c04 tempest-AttachVolumeShelveTestJSON-932374264 tempest-AttachVolumeShelveTestJSON-932374264-project] 10.222.0.61 "GET /compute/v2.1/servers/543d7491-8ed8-4e3a-bc70-d31058b8b6c9" status: 200 len: 1334 microversion: 2.20 time: 0.225320
Apr 11 18:49:21.046403 dv-cinder-837356-1-iscsi devstack@n-api.service[128888]: [pid: 128888|app: 0|req: 24/43] 10.222.0.61 () {60 vars in 1276 bytes} [Mon Apr 11 18:49:20 2022] GET /compute/v2.1/servers/543d7491-8ed8-4e3a-bc70-d31058b8b6c9 => generated 1334 bytes in 229 msecs (HTTP/1.1 200) 9 headers in 360 bytes (1 switches on core 0)
Apr 11 18:49:21.061314 dv-cinder-837356-1-iscsi devstack@n-api.service[128888]: DEBUG nova.api.openstack.wsgi [None req-de503efa-c295-4581-a25e-4587659c03b5 tempest-ServerRescueNegativeTestJSON-1594135424 tempest-ServerRescueNegativeTestJSON-1594135424-project] Calling method '>' {{(pid=128888) _process_stack /opt/stack/nova/nova/api/openstack/wsgi.py:513}}
Apr 11 18:49:21.062267 dv-cinder-837356-1-iscsi devstack@n-api.service[128888]: DEBUG nova.compute.api [None req-de503efa-c295-4581-a25e-4587659c03b5 tempest-ServerRescueNegativeTestJSON-1594135424 tempest-ServerRescueNegativeTestJSON-1594135424-project] [instance: e61edef1-7d90-41b5-9ecb-d113f4282079] Fetching instance by UUID {{(pid=128888) get /opt/stack/nova/nova/compute/api.py:2918}}
Apr 11 18:49:21.075657 dv-cinder-837356-1-iscsi devstack@n-api.service[128888]: DEBUG oslo_concurrency.lockutils [None req-de503efa-c295-4581-a25e-4587659c03b5 tempest-ServerRescueNegativeTestJSON-1594135424 tempest-ServerRescueNegativeTestJSON-1594135424-project] Lock "99537335-7c42-422c-9b40-0af5a2d34f57" acquired by "nova.context.set_target_cell..get_or_set_cached_cell_and_set_connections" :: waited 0.000s {{(pid=128888) inner /usr/local/lib/python3.8/dist-packages/oslo_concurrency/lockutils.py:386}}
Apr 11 18:49:21.080067 dv-cinder-837356-1-iscsi devstack@n-api.service[128888]: DEBUG oslo_concurrency.lockutils [None req-de503efa-c295-4581-a25e-4587659c03b5 tempest-ServerRescueNegativeTestJSON-1594135424 tempest-ServerRescueNegativeTestJSON-1594135424-project] Lock "99537335-7c42-422c-9b40-0af5a2d34f57" "released" by "nova.context.set_target_cell..get_or_set_cached_cell_and_set_connections" :: held 0.005s {{(pid=128888) inner /usr/local/lib/python3.8/dist-packages/oslo_concurrency/lockutils.py:400}}
Apr 11 18:49:21.081250 dv-cinder-837356-1-iscsi devstack@n-api.service[128888]: DEBUG oslo_concurrency.lockutils [None req-de503efa-c295-4581-a25e-4587659c03b5 tempest-ServerRescueNegativeTestJSON-1594135424 tempest-ServerRescueNegativeTestJSON-1594135424-project] Lock "99537335-7c42-422c-9b40-0af5a2d34f57" acquired by "nova.context.set_target_cell..get_or_set_cached_cell_and_set_connections" :: waited 0.000s {{(pid=128888) inner /usr/local/lib/python3.8/dist-packages/oslo_concurrency/lockutils.py:386}}
Apr 11 18:49:21.084363 dv-cinder-837356-1-iscsi devstack@n-api.service[128888]: DEBUG oslo_concurrency.lockutils [None req-de503efa-c295-4581-a25e-4587659c03b5 tempest-ServerRescueNegativeTestJSON-1594135424 tempest-ServerRescueNegativeTestJSON-1594135424-project] Lock "99537335-7c42-422c-9b40-0af5a2d34f57" "released" by "nova.context.set_target_cell..get_or_set_cached_cell_and_set_connections" :: held 0.003s {{(pid=128888) inner /usr/local/lib/python3.8/dist-packages/oslo_concurrency/lockutils.py:400}}
Apr 11 18:49:21.134200 dv-cinder-837356-1-iscsi devstack@n-api.service[128889]: INFO nova.api.openstack.requestlog [None req-01d8e4c8-098f-47f6-aa1b-1228a6b87239 tempest-AttachVolumeTestJSON-412311261 tempest-AttachVolumeTestJSON-412311261-project] 10.222.0.61 "POST /compute/v2.1/servers" status: 202 len: 402 microversion: 2.1 time: 2.101825
Apr 11 18:49:21.142295 dv-cinder-837356-1-iscsi devstack@n-api.service[128889]: [pid: 128889|app: 0|req: 20/44] 10.222.0.61 () {60 vars in 1146 bytes} [Mon Apr 11 18:49:19 2022] POST /compute/v2.1/servers => generated 402 bytes in 2110 msecs (HTTP/1.1 202) 10 headers in 451 bytes (1 switches on core 0)
Apr 11 18:49:21.148609 dv-cinder-837356-1-iscsi devstack@n-api.service[128889]: DEBUG nova.api.openstack.wsgi [None req-fc990c60-141d-4da0-8b6b-38368ee617f9 tempest-VolumesTestJSON-849572779 tempest-VolumesTestJSON-849572779-project] Calling method '.version_select at 0x7f12f05c48b0>' {{(pid=128889) _process_stack /opt/stack/nova/nova/api/openstack/wsgi.py:513}}
Apr 11 18:49:21.297450 dv-cinder-837356-1-iscsi devstack@n-api.service[128889]: INFO nova.api.openstack.requestlog [None req-fc990c60-141d-4da0-8b6b-38368ee617f9 tempest-VolumesTestJSON-849572779 tempest-VolumesTestJSON-849572779-project] 10.222.0.61 "GET /compute/v2.1/os-volumes/d9e2b6a9-583e-4e8a-9da8-2688d2ed3bf9" status: 200 len: 351 microversion: 2.1 time: 0.152711
Apr 11 18:49:21.298380 dv-cinder-837356-1-iscsi devstack@n-api.service[128889]: [pid: 128889|app: 0|req: 21/45] 10.222.0.61 () {58 vars in 1244 bytes} [Mon Apr 11 18:49:21 2022] GET /compute/v2.1/os-volumes/d9e2b6a9-583e-4e8a-9da8-2688d2ed3bf9 => generated 351 bytes in 155 msecs (HTTP/1.1 200) 9 headers in 357 bytes (1 switches on core 0)
Apr 11 18:49:21.303880 dv-cinder-837356-1-iscsi devstack@n-api.service[128889]: DEBUG nova.api.openstack.wsgi [None req-4ba1f4fa-b443-4203-b610-5be03045fa07 tempest-AttachVolumeTestJSON-412311261 tempest-AttachVolumeTestJSON-412311261-project] Calling method '>' {{(pid=128889) _process_stack /opt/stack/nova/nova/api/openstack/wsgi.py:513}}
Apr 11 18:49:21.305894 dv-cinder-837356-1-iscsi devstack@n-api.service[128889]: DEBUG nova.compute.api [None req-4ba1f4fa-b443-4203-b610-5be03045fa07 tempest-AttachVolumeTestJSON-412311261 tempest-AttachVolumeTestJSON-412311261-project] [instance: b10049df-c465-4a52-8e37-9538b9fcf005] Fetching instance by UUID {{(pid=128889) get /opt/stack/nova/nova/compute/api.py:2918}}
Apr 11 18:49:21.506268 dv-cinder-837356-1-iscsi devstack@n-api.service[128888]: DEBUG nova.policy [None req-de503efa-c295-4581-a25e-4587659c03b5 tempest-ServerRescueNegativeTestJSON-1594135424 tempest-ServerRescueNegativeTestJSON-1594135424-project] Policy check for os_compute_api:os-extended-server-attributes failed with credentials {'is_admin': False, 'user_id': '66469a0cd73a4e728d701aa485c98946', 'user_domain_id': 'default', 'system_scope': None, 'domain_id': None, 'project_id': '159bb2915915456b8a02f921912ea0ff', 'project_domain_id': 'default', 'roles': ['reader', 'member'], 'is_admin_project': True, 'service_user_id': None, 'service_user_domain_id': None, 'service_project_id': None, 'service_project_domain_id': None, 'service_roles': []} {{(pid=128888) authorize /opt/stack/nova/nova/policy.py:199}}
Apr 11 18:49:21.517373 dv-cinder-837356-1-iscsi devstack@n-api.service[128888]: INFO nova.api.openstack.requestlog [None req-de503efa-c295-4581-a25e-4587659c03b5 tempest-ServerRescueNegativeTestJSON-1594135424 tempest-ServerRescueNegativeTestJSON-1594135424-project] 10.222.0.61 "GET /compute/v2.1/servers/e61edef1-7d90-41b5-9ecb-d113f4282079" status: 200 len: 1274 microversion: 2.1 time: 0.469540
Apr 11 18:49:21.518657 dv-cinder-837356-1-iscsi devstack@n-api.service[128888]: [pid: 128888|app: 0|req: 25/46] 10.222.0.61 () {58 vars in 1235 bytes} [Mon Apr 11 18:49:21 2022] GET /compute/v2.1/servers/e61edef1-7d90-41b5-9ecb-d113f4282079 => generated 1274 bytes in 471 msecs (HTTP/1.1 200) 9 headers in 358 bytes (1 switches on core 0)
Apr 11 18:49:21.526502 dv-cinder-837356-1-iscsi devstack@n-api.service[128888]: DEBUG nova.api.openstack.wsgi [None req-8b1056e5-b2b3-4325-b2e2-1df031b33d43 tempest-VolumesTestJSON-849572779 tempest-VolumesTestJSON-849572779-project] Calling method '.version_select at 0x7f12f061c9d0>' {{(pid=128888) _process_stack /opt/stack/nova/nova/api/openstack/wsgi.py:513}}
Apr 11 18:49:21.598082 dv-cinder-837356-1-iscsi devstack@n-api.service[128889]: DEBUG nova.policy [None req-4ba1f4fa-b443-4203-b610-5be03045fa07 tempest-AttachVolumeTestJSON-412311261 tempest-AttachVolumeTestJSON-412311261-project] Policy check for os_compute_api:os-extended-server-attributes failed with credentials {'is_admin': False, 'user_id': 'f859d2b8043c48f491ca142b56f067f9', 'user_domain_id': 'default', 'system_scope': None, 'domain_id': None, 'project_id': '167470b57e4745b8b40a7ed4c298111c', 'project_domain_id': 'default', 'roles': ['reader', 'member'], 'is_admin_project': True, 'service_user_id': None, 'service_user_domain_id': None, 'service_project_id': None, 'service_project_domain_id': None, 'service_roles': []} {{(pid=128889) authorize /opt/stack/nova/nova/policy.py:199}}
Apr 11 18:49:21.613281 dv-cinder-837356-1-iscsi devstack@n-api.service[128889]: INFO nova.api.openstack.requestlog [None req-4ba1f4fa-b443-4203-b610-5be03045fa07 tempest-AttachVolumeTestJSON-412311261 tempest-AttachVolumeTestJSON-412311261-project] 10.222.0.61 "GET /compute/v2.1/servers/b10049df-c465-4a52-8e37-9538b9fcf005" status: 200 len: 1235 microversion: 2.1 time: 0.312462
Apr 11 18:49:21.633954 dv-cinder-837356-1-iscsi devstack@n-api.service[128889]: [pid: 128889|app: 0|req: 22/47] 10.222.0.61 () {58 vars in 1235 bytes} [Mon Apr 11 18:49:21 2022] GET /compute/v2.1/servers/b10049df-c465-4a52-8e37-9538b9fcf005 => generated 1235 bytes in 317 msecs (HTTP/1.1 200) 9 headers in 358 bytes (1 switches on core 0)
Apr 11 18:49:21.713724 dv-cinder-837356-1-iscsi devstack@n-api.service[128888]: INFO nova.api.openstack.requestlog [None req-8b1056e5-b2b3-4325-b2e2-1df031b33d43 tempest-VolumesTestJSON-849572779 tempest-VolumesTestJSON-849572779-project] 10.222.0.61 "GET /compute/v2.1/os-volumes" status: 200 len: 1035 microversion: 2.1 time: 0.193371
Apr 11 18:49:21.714607 dv-cinder-837356-1-iscsi devstack@n-api.service[128888]: [pid: 128888|app: 0|req: 26/48] 10.222.0.61 () {58 vars in 1133 bytes} [Mon Apr 11 18:49:21 2022] GET /compute/v2.1/os-volumes => generated 1035 bytes in 195 msecs (HTTP/1.1 200) 9 headers in 358 bytes (1 switches on core 0)
Apr 11 18:49:21.732158 dv-cinder-837356-1-iscsi devstack@n-api.service[128889]: DEBUG nova.api.openstack.wsgi [None req-4c3b7b6b-445d-4439-8bd7-aeb0aca4906c tempest-VolumesTestJSON-849572779 tempest-VolumesTestJSON-849572779-project] Calling method '.version_select at 0x7f12f05c49d0>' {{(pid=128889) _process_stack /opt/stack/nova/nova/api/openstack/wsgi.py:513}}
Apr 11 18:49:21.829073 dv-cinder-837356-1-iscsi devstack@n-api.service[128888]: DEBUG nova.api.openstack.wsgi [None req-38f5ac9c-4953-4d0c-9149-d846c2cd04e9 tempest-DeleteServersTestJSON-187564901 tempest-DeleteServersTestJSON-187564901-project] Calling method '>' {{(pid=128888) _process_stack /opt/stack/nova/nova/api/openstack/wsgi.py:513}}
Apr 11 18:49:21.829786 dv-cinder-837356-1-iscsi devstack@n-api.service[128888]: DEBUG nova.compute.api [None req-38f5ac9c-4953-4d0c-9149-d846c2cd04e9 tempest-DeleteServersTestJSON-187564901 tempest-DeleteServersTestJSON-187564901-project] [instance: 18725a25-8c90-4acd-b40b-a2ec3b438a67] Fetching instance by UUID {{(pid=128888) get /opt/stack/nova/nova/compute/api.py:2918}}
Apr 11 18:49:21.840392 dv-cinder-837356-1-iscsi devstack@n-api.service[128888]: DEBUG oslo_concurrency.lockutils [None req-38f5ac9c-4953-4d0c-9149-d846c2cd04e9 tempest-DeleteServersTestJSON-187564901 tempest-DeleteServersTestJSON-187564901-project] Lock "99537335-7c42-422c-9b40-0af5a2d34f57" acquired by "nova.context.set_target_cell..get_or_set_cached_cell_and_set_connections" :: waited 0.000s {{(pid=128888) inner /usr/local/lib/python3.8/dist-packages/oslo_concurrency/lockutils.py:386}}
Apr 11 18:49:21.840838 dv-cinder-837356-1-iscsi devstack@n-api.service[128888]: DEBUG oslo_concurrency.lockutils [None req-38f5ac9c-4953-4d0c-9149-d846c2cd04e9 tempest-DeleteServersTestJSON-187564901 tempest-DeleteServersTestJSON-187564901-project] Lock "99537335-7c42-422c-9b40-0af5a2d34f57" "released" by "nova.context.set_target_cell..get_or_set_cached_cell_and_set_connections" :: held 0.001s {{(pid=128888) inner /usr/local/lib/python3.8/dist-packages/oslo_concurrency/lockutils.py:400}}
Apr 11 18:49:21.841655 dv-cinder-837356-1-iscsi devstack@n-api.service[128888]: DEBUG oslo_concurrency.lockutils [None req-38f5ac9c-4953-4d0c-9149-d846c2cd04e9 tempest-DeleteServersTestJSON-187564901 tempest-DeleteServersTestJSON-187564901-project] Lock "99537335-7c42-422c-9b40-0af5a2d34f57" acquired by "nova.context.set_target_cell..get_or_set_cached_cell_and_set_connections" :: waited 0.000s {{(pid=128888) inner /usr/local/lib/python3.8/dist-packages/oslo_concurrency/lockutils.py:386}}
Apr 11 18:49:21.842109 dv-cinder-837356-1-iscsi devstack@n-api.service[128888]: DEBUG oslo_concurrency.lockutils [None req-38f5ac9c-4953-4d0c-9149-d846c2cd04e9 tempest-DeleteServersTestJSON-187564901 tempest-DeleteServersTestJSON-187564901-project] Lock "99537335-7c42-422c-9b40-0af5a2d34f57" "released" by "nova.context.set_target_cell..get_or_set_cached_cell_and_set_connections" :: held 0.000s {{(pid=128888) inner /usr/local/lib/python3.8/dist-packages/oslo_concurrency/lockutils.py:400}}
Apr 11 18:49:21.957624 dv-cinder-837356-1-iscsi devstack@n-api.service[128889]: INFO nova.api.openstack.requestlog [None req-4c3b7b6b-445d-4439-8bd7-aeb0aca4906c tempest-VolumesTestJSON-849572779 tempest-VolumesTestJSON-849572779-project] 10.222.0.61 "GET /compute/v2.1/os-volumes?limit=2" status: 200 len: 694 microversion: 2.1 time: 0.233768
Apr 11 18:49:21.958217 dv-cinder-837356-1-iscsi devstack@n-api.service[128889]: [pid: 128889|app: 0|req: 23/49] 10.222.0.61 () {58 vars in 1148 bytes} [Mon Apr 11 18:49:21 2022] GET /compute/v2.1/os-volumes?limit=2 => generated 694 bytes in 236 msecs (HTTP/1.1 200) 9 headers in 357 bytes (1 switches on core 0)
Apr 11 18:49:21.973094 dv-cinder-837356-1-iscsi devstack@n-api.service[128889]: DEBUG nova.api.openstack.wsgi [None req-457a5da8-1630-4768-887a-eec8bc1ed7f9 tempest-VolumesTestJSON-849572779 tempest-VolumesTestJSON-849572779-project] Calling method '.version_select at 0x7f12f0667d30>' {{(pid=128889) _process_stack /opt/stack/nova/nova/api/openstack/wsgi.py:513}}
Apr 11 18:49:22.154057 dv-cinder-837356-1-iscsi devstack@n-api.service[128889]: INFO nova.api.openstack.requestlog [None req-457a5da8-1630-4768-887a-eec8bc1ed7f9 tempest-VolumesTestJSON-849572779 tempest-VolumesTestJSON-849572779-project] 10.222.0.61 "GET /compute/v2.1/os-volumes" status: 200 len: 1035 microversion: 2.1 time: 0.185864
Apr 11 18:49:22.156796 dv-cinder-837356-1-iscsi devstack@n-api.service[128889]: [pid: 128889|app: 0|req: 24/50] 10.222.0.61 () {58 vars in 1133 bytes} [Mon Apr 11 18:49:21 2022] GET /compute/v2.1/os-volumes => generated 1035 bytes in 189 msecs (HTTP/1.1 200) 9 headers in 358 bytes (2 switches on core 0)
Apr 11 18:49:22.169176 dv-cinder-837356-1-iscsi devstack@n-api.service[128889]: DEBUG nova.api.openstack.wsgi [None req-898cef63-f223-4348-85ad-a5b66efae9be tempest-AttachVolumeShelveTestJSON-932374264 tempest-AttachVolumeShelveTestJSON-932374264-project] Calling method '>' {{(pid=128889) _process_stack /opt/stack/nova/nova/api/openstack/wsgi.py:513}}
Apr 11 18:49:22.172210 dv-cinder-837356-1-iscsi devstack@n-api.service[128889]: DEBUG nova.compute.api [None req-898cef63-f223-4348-85ad-a5b66efae9be tempest-AttachVolumeShelveTestJSON-932374264 tempest-AttachVolumeShelveTestJSON-932374264-project] [instance: 543d7491-8ed8-4e3a-bc70-d31058b8b6c9] Fetching instance by UUID {{(pid=128889) get /opt/stack/nova/nova/compute/api.py:2918}}
Apr 11 18:49:22.213362 dv-cinder-837356-1-iscsi devstack@n-api.service[128889]: DEBUG oslo_concurrency.lockutils [None req-898cef63-f223-4348-85ad-a5b66efae9be tempest-AttachVolumeShelveTestJSON-932374264 tempest-AttachVolumeShelveTestJSON-932374264-project] Lock "99537335-7c42-422c-9b40-0af5a2d34f57" acquired by "nova.context.set_target_cell..get_or_set_cached_cell_and_set_connections" :: waited 0.000s {{(pid=128889) inner /usr/local/lib/python3.8/dist-packages/oslo_concurrency/lockutils.py:386}}
Apr 11 18:49:22.213909 dv-cinder-837356-1-iscsi devstack@n-api.service[128889]: DEBUG oslo_concurrency.lockutils [None req-898cef63-f223-4348-85ad-a5b66efae9be tempest-AttachVolumeShelveTestJSON-932374264 tempest-AttachVolumeShelveTestJSON-932374264-project] Lock "99537335-7c42-422c-9b40-0af5a2d34f57" "released" by "nova.context.set_target_cell..get_or_set_cached_cell_and_set_connections" :: held 0.009s {{(pid=128889) inner /usr/local/lib/python3.8/dist-packages/oslo_concurrency/lockutils.py:400}}
Apr 11 18:49:22.225502 dv-cinder-837356-1-iscsi devstack@n-api.service[128889]: DEBUG oslo_concurrency.lockutils [None req-898cef63-f223-4348-85ad-a5b66efae9be tempest-AttachVolumeShelveTestJSON-932374264 tempest-AttachVolumeShelveTestJSON-932374264-project] Lock "99537335-7c42-422c-9b40-0af5a2d34f57" acquired by "nova.context.set_target_cell..get_or_set_cached_cell_and_set_connections" :: waited 0.000s {{(pid=128889) inner /usr/local/lib/python3.8/dist-packages/oslo_concurrency/lockutils.py:386}}
Apr 11 18:49:22.230381 dv-cinder-837356-1-iscsi devstack@n-api.service[128889]: DEBUG oslo_concurrency.lockutils [None req-898cef63-f223-4348-85ad-a5b66efae9be tempest-AttachVolumeShelveTestJSON-932374264 tempest-AttachVolumeShelveTestJSON-932374264-project] Lock "99537335-7c42-422c-9b40-0af5a2d34f57" "released" by "nova.context.set_target_cell..get_or_set_cached_cell_and_set_connections" :: held 0.011s {{(pid=128889) inner /usr/local/lib/python3.8/dist-packages/oslo_concurrency/lockutils.py:400}}
Apr 11 18:49:22.420022 dv-cinder-837356-1-iscsi devstack@n-api.service[128889]: DEBUG nova.policy [None req-898cef63-f223-4348-85ad-a5b66efae9be tempest-AttachVolumeShelveTestJSON-932374264 tempest-AttachVolumeShelveTestJSON-932374264-project] Policy check for os_compute_api:os-extended-server-attributes failed with credentials {'is_admin': False, 'user_id': '0e13e1d5768d490d931589da4e7ef347', 'user_domain_id': 'default', 'system_scope': None, 'domain_id': None, 'project_id': 'c6fa8ba05d274ccb87f238031ba45505', 'project_domain_id': 'default', 'roles': ['reader', 'member'], 'is_admin_project': True, 'service_user_id': None, 'service_user_domain_id': None, 'service_project_id': None, 'service_project_domain_id': None, 'service_roles': []} {{(pid=128889) authorize /opt/stack/nova/nova/policy.py:199}}
Apr 11 18:49:22.435676 dv-cinder-837356-1-iscsi devstack@n-api.service[128889]: DEBUG nova.policy [None req-898cef63-f223-4348-85ad-a5b66efae9be tempest-AttachVolumeShelveTestJSON-932374264 tempest-AttachVolumeShelveTestJSON-932374264-project] Policy check for os_compute_api:servers:show:host_status failed with credentials {'is_admin': False, 'user_id': '0e13e1d5768d490d931589da4e7ef347', 'user_domain_id': 'default', 'system_scope': None, 'domain_id': None, 'project_id': 'c6fa8ba05d274ccb87f238031ba45505', 'project_domain_id': 'default', 'roles': ['reader', 'member'], 'is_admin_project': True, 'service_user_id': None, 'service_user_domain_id': None, 'service_project_id': None, 'service_project_domain_id': None, 'service_roles': []} {{(pid=128889) authorize /opt/stack/nova/nova/policy.py:199}}
Apr 11 18:49:22.438418 dv-cinder-837356-1-iscsi devstack@n-api.service[128889]: DEBUG nova.policy [None req-898cef63-f223-4348-85ad-a5b66efae9be tempest-AttachVolumeShelveTestJSON-932374264 tempest-AttachVolumeShelveTestJSON-932374264-project] Policy check for os_compute_api:servers:show:host_status:unknown-only failed with credentials {'is_admin': False, 'user_id': '0e13e1d5768d490d931589da4e7ef347', 'user_domain_id': 'default', 'system_scope': None, 'domain_id': None, 'project_id': 'c6fa8ba05d274ccb87f238031ba45505', 'project_domain_id': 'default', 'roles': ['reader', 'member'], 'is_admin_project': True, 'service_user_id': None, 'service_user_domain_id': None, 'service_project_id': None, 'service_project_domain_id': None, 'service_roles': []} {{(pid=128889) authorize /opt/stack/nova/nova/policy.py:199}}
Apr 11 18:49:22.442774 dv-cinder-837356-1-iscsi devstack@n-api.service[128889]: INFO nova.api.openstack.requestlog [None req-898cef63-f223-4348-85ad-a5b66efae9be tempest-AttachVolumeShelveTestJSON-932374264 tempest-AttachVolumeShelveTestJSON-932374264-project] 10.222.0.61 "GET /compute/v2.1/servers/543d7491-8ed8-4e3a-bc70-d31058b8b6c9" status: 200 len: 1340 microversion: 2.20 time: 0.283641
Apr 11 18:49:22.444991 dv-cinder-837356-1-iscsi devstack@n-api.service[128889]: [pid: 128889|app: 0|req: 25/51] 10.222.0.61 () {60 vars in 1276 bytes} [Mon Apr 11 18:49:22 2022] GET /compute/v2.1/servers/543d7491-8ed8-4e3a-bc70-d31058b8b6c9 => generated 1340 bytes in 287 msecs (HTTP/1.1 200) 9 headers in 360 bytes (1 switches on core 0)
Apr 11 18:49:22.463954 dv-cinder-837356-1-iscsi devstack@n-api.service[128889]: DEBUG nova.api.openstack.wsgi [None req-59a6db97-2b5b-477d-8f21-7effc5db903d tempest-VolumesTestJSON-849572779 tempest-VolumesTestJSON-849572779-project] Calling method '.version_select at 0x7f12f05c41f0>' {{(pid=128889) _process_stack /opt/stack/nova/nova/api/openstack/wsgi.py:513}}
Apr 11 18:49:22.523032 dv-cinder-837356-1-iscsi devstack@n-api.service[128888]: DEBUG nova.policy [None req-38f5ac9c-4953-4d0c-9149-d846c2cd04e9 tempest-DeleteServersTestJSON-187564901 tempest-DeleteServersTestJSON-187564901-project] Policy check for os_compute_api:os-extended-server-attributes failed with credentials {'is_admin': False, 'user_id': '66d59b2cff80429ab409fbd3ddb8dfaa', 'user_domain_id': 'default', 'system_scope': None, 'domain_id': None, 'project_id': 'd25c1a35e0574c32a7089fb564be732f', 'project_domain_id': 'default', 'roles': ['reader', 'member'], 'is_admin_project': True, 'service_user_id': None, 'service_user_domain_id': None, 'service_project_id': None, 'service_project_domain_id': None, 'service_roles': []} {{(pid=128888) authorize /opt/stack/nova/nova/policy.py:199}}
Apr 11 18:49:22.538837 dv-cinder-837356-1-iscsi devstack@n-api.service[128888]: INFO nova.api.openstack.requestlog [None req-38f5ac9c-4953-4d0c-9149-d846c2cd04e9 tempest-DeleteServersTestJSON-187564901 tempest-DeleteServersTestJSON-187564901-project] 10.222.0.61 "GET /compute/v2.1/servers/18725a25-8c90-4acd-b40b-a2ec3b438a67" status: 200 len: 1314 microversion: 2.1 time: 0.713357
Apr 11 18:49:22.552383 dv-cinder-837356-1-iscsi devstack@n-api.service[128888]: [pid: 128888|app: 0|req: 27/52] 10.222.0.61 () {58 vars in 1235 bytes} [Mon Apr 11 18:49:21 2022] GET /compute/v2.1/servers/18725a25-8c90-4acd-b40b-a2ec3b438a67 => generated 1314 bytes in 728 msecs (HTTP/1.1 200) 9 headers in 358 bytes (1 switches on core 0)
Apr 11 18:49:22.558578 dv-cinder-837356-1-iscsi devstack@n-api.service[128888]: DEBUG nova.api.openstack.wsgi [None req-603e0bb5-8045-44bb-ad5c-3320bafc52ca tempest-ServerRescueNegativeTestJSON-1594135424 tempest-ServerRescueNegativeTestJSON-1594135424-project] Calling method '>' {{(pid=128888) _process_stack /opt/stack/nova/nova/api/openstack/wsgi.py:513}}
Apr 11 18:49:22.559494 dv-cinder-837356-1-iscsi devstack@n-api.service[128888]: DEBUG nova.compute.api [None req-603e0bb5-8045-44bb-ad5c-3320bafc52ca tempest-ServerRescueNegativeTestJSON-1594135424 tempest-ServerRescueNegativeTestJSON-1594135424-project] [instance: e61edef1-7d90-41b5-9ecb-d113f4282079] Fetching instance by UUID {{(pid=128888) get /opt/stack/nova/nova/compute/api.py:2918}}
Apr 11 18:49:22.570139 dv-cinder-837356-1-iscsi devstack@n-api.service[128888]: DEBUG oslo_concurrency.lockutils [None req-603e0bb5-8045-44bb-ad5c-3320bafc52ca tempest-ServerRescueNegativeTestJSON-1594135424 tempest-ServerRescueNegativeTestJSON-1594135424-project] Lock "99537335-7c42-422c-9b40-0af5a2d34f57" acquired by "nova.context.set_target_cell..get_or_set_cached_cell_and_set_connections" :: waited 0.000s {{(pid=128888) inner /usr/local/lib/python3.8/dist-packages/oslo_concurrency/lockutils.py:386}}
Apr 11 18:49:22.571309 dv-cinder-837356-1-iscsi devstack@n-api.service[128888]: DEBUG oslo_concurrency.lockutils [None req-603e0bb5-8045-44bb-ad5c-3320bafc52ca tempest-ServerRescueNegativeTestJSON-1594135424 tempest-ServerRescueNegativeTestJSON-1594135424-project] Lock "99537335-7c42-422c-9b40-0af5a2d34f57" "released" by "nova.context.set_target_cell..get_or_set_cached_cell_and_set_connections" :: held 0.001s {{(pid=128888) inner /usr/local/lib/python3.8/dist-packages/oslo_concurrency/lockutils.py:400}}
Apr 11 18:49:22.574721 dv-cinder-837356-1-iscsi devstack@n-api.service[128888]: DEBUG oslo_concurrency.lockutils [None req-603e0bb5-8045-44bb-ad5c-3320bafc52ca tempest-ServerRescueNegativeTestJSON-1594135424 tempest-ServerRescueNegativeTestJSON-1594135424-project] Lock "99537335-7c42-422c-9b40-0af5a2d34f57" acquired by "nova.context.set_target_cell..get_or_set_cached_cell_and_set_connections" :: waited 0.000s {{(pid=128888) inner /usr/local/lib/python3.8/dist-packages/oslo_concurrency/lockutils.py:386}}
Apr 11 18:49:22.575629 dv-cinder-837356-1-iscsi devstack@n-api.service[128888]: DEBUG oslo_concurrency.lockutils [None req-603e0bb5-8045-44bb-ad5c-3320bafc52ca tempest-ServerRescueNegativeTestJSON-1594135424 tempest-ServerRescueNegativeTestJSON-1594135424-project] Lock "99537335-7c42-422c-9b40-0af5a2d34f57" "released" by "nova.context.set_target_cell..get_or_set_cached_cell_and_set_connections" :: held 0.001s {{(pid=128888) inner /usr/local/lib/python3.8/dist-packages/oslo_concurrency/lockutils.py:400}}
Apr 11 18:49:22.704219 dv-cinder-837356-1-iscsi devstack@n-api.service[128889]: INFO nova.api.openstack.requestlog [None req-59a6db97-2b5b-477d-8f21-7effc5db903d tempest-VolumesTestJSON-849572779 tempest-VolumesTestJSON-849572779-project] 10.222.0.61 "GET /compute/v2.1/os-volumes?offset=1&limit=1" status: 200 len: 353 microversion: 2.1 time: 0.257787
Apr 11 18:49:22.704852 dv-cinder-837356-1-iscsi devstack@n-api.service[128889]: [pid: 128889|app: 0|req: 26/53] 10.222.0.61 () {58 vars in 1166 bytes} [Mon Apr 11 18:49:22 2022] GET /compute/v2.1/os-volumes?offset=1&limit=1 => generated 353 bytes in 259 msecs (HTTP/1.1 200) 9 headers in 357 bytes (1 switches on core 0)
Apr 11 18:49:22.712386 dv-cinder-837356-1-iscsi devstack@n-api.service[128889]: DEBUG nova.api.openstack.wsgi [None req-36162623-dafe-4627-84ca-e9c8917c86f3 tempest-AttachVolumeTestJSON-412311261 tempest-AttachVolumeTestJSON-412311261-project] Calling method '>' {{(pid=128889) _process_stack /opt/stack/nova/nova/api/openstack/wsgi.py:513}}
Apr 11 18:49:22.715493 dv-cinder-837356-1-iscsi devstack@n-api.service[128889]: DEBUG nova.compute.api [None req-36162623-dafe-4627-84ca-e9c8917c86f3 tempest-AttachVolumeTestJSON-412311261 tempest-AttachVolumeTestJSON-412311261-project] [instance: b10049df-c465-4a52-8e37-9538b9fcf005] Fetching instance by UUID {{(pid=128889) get /opt/stack/nova/nova/compute/api.py:2918}}
Apr 11 18:49:22.727777 dv-cinder-837356-1-iscsi devstack@n-api.service[128889]: DEBUG oslo_concurrency.lockutils [None req-36162623-dafe-4627-84ca-e9c8917c86f3 tempest-AttachVolumeTestJSON-412311261 tempest-AttachVolumeTestJSON-412311261-project] Lock "99537335-7c42-422c-9b40-0af5a2d34f57" acquired by "nova.context.set_target_cell..get_or_set_cached_cell_and_set_connections" :: waited 0.000s {{(pid=128889) inner /usr/local/lib/python3.8/dist-packages/oslo_concurrency/lockutils.py:386}}
Apr 11 18:49:22.728456 dv-cinder-837356-1-iscsi devstack@n-api.service[128889]: DEBUG oslo_concurrency.lockutils [None req-36162623-dafe-4627-84ca-e9c8917c86f3 tempest-AttachVolumeTestJSON-412311261 tempest-AttachVolumeTestJSON-412311261-project] Lock "99537335-7c42-422c-9b40-0af5a2d34f57" "released" by "nova.context.set_target_cell..get_or_set_cached_cell_and_set_connections" :: held 0.001s {{(pid=128889) inner /usr/local/lib/python3.8/dist-packages/oslo_concurrency/lockutils.py:400}}
Apr 11 18:49:22.731257 dv-cinder-837356-1-iscsi devstack@n-api.service[128889]: DEBUG oslo_concurrency.lockutils [None req-36162623-dafe-4627-84ca-e9c8917c86f3 tempest-AttachVolumeTestJSON-412311261 tempest-AttachVolumeTestJSON-412311261-project] Lock "99537335-7c42-422c-9b40-0af5a2d34f57" acquired by "nova.context.set_target_cell..get_or_set_cached_cell_and_set_connections" :: waited 0.000s {{(pid=128889) inner /usr/local/lib/python3.8/dist-packages/oslo_concurrency/lockutils.py:386}}
