Apr 11 18:19:31.863885 dv-cinder-837355-1-iscsi devstack@c-api.service[110849]: INFO cinder.volume.api [None req-eff2a0f0-504e-4a07-8db2-c51f8b750838 tempest-SnapshotsActionsTest-467307086 tempest-SnapshotsActionsTest-467307086-project-admin] Snapshot delete request issued successfully.
Apr 11 18:19:31.863885 dv-cinder-837355-1-iscsi devstack@c-api.service[110849]: INFO cinder.api.openstack.wsgi [None req-eff2a0f0-504e-4a07-8db2-c51f8b750838 tempest-SnapshotsActionsTest-467307086 tempest-SnapshotsActionsTest-467307086-project-admin] http://10.222.0.64/volume/v3/f4683e92a4494ee39293daadda675cea/snapshots/6650b270-961c-49b6-a0a5-d9f8a93a1c13/action returned with HTTP 202
Apr 11 18:19:31.869600 dv-cinder-837355-1-iscsi devstack@c-api.service[110849]: [pid: 110849|app: 0|req: 135/236] 10.222.0.64 () {60 vars in 1372 bytes} [Mon Apr 11 18:19:31 2022] POST /volume/v3/f4683e92a4494ee39293daadda675cea/snapshots/6650b270-961c-49b6-a0a5-d9f8a93a1c13/action => generated 0 bytes in 265 msecs (HTTP/1.1 202) 7 headers in 289 bytes (1 switches on core 0)
Apr 11 18:19:31.872416 dv-cinder-837355-1-iscsi devstack@c-api.service[110849]: DEBUG cinder.api.middleware.request_id [None req-b8971bc0-e655-47bb-8e6f-95859d57e3b9 None None] RequestId filter calling following filter/app {{(pid=110849) _context_setter /opt/stack/cinder/cinder/api/middleware/request_id.py:62}}
Apr 11 18:19:31.879940 dv-cinder-837355-1-iscsi devstack@c-api.service[110849]: INFO cinder.api.openstack.wsgi [None req-b8971bc0-e655-47bb-8e6f-95859d57e3b9 tempest-SnapshotsActionsTest-222082210 tempest-SnapshotsActionsTest-222082210-project] GET http://10.222.0.64/volume/v3/2ba017c2f2aa4b9f96e5e94728fa2f25/snapshots/6650b270-961c-49b6-a0a5-d9f8a93a1c13
Apr 11 18:19:31.881003 dv-cinder-837355-1-iscsi devstack@c-api.service[110849]: DEBUG cinder.api.openstack.wsgi [None req-b8971bc0-e655-47bb-8e6f-95859d57e3b9 tempest-SnapshotsActionsTest-222082210 tempest-SnapshotsActionsTest-222082210-project] Empty body provided in request {{(pid=110849) get_body /opt/stack/cinder/cinder/api/openstack/wsgi.py:715}}
Apr 11 18:19:31.881976 dv-cinder-837355-1-iscsi devstack@c-api.service[110849]: DEBUG cinder.api.openstack.wsgi [None req-b8971bc0-e655-47bb-8e6f-95859d57e3b9 tempest-SnapshotsActionsTest-222082210 tempest-SnapshotsActionsTest-222082210-project] Calling method 'show' {{(pid=110849) _process_stack /opt/stack/cinder/cinder/api/openstack/wsgi.py:868}}
Apr 11 18:19:31.898351 dv-cinder-837355-1-iscsi devstack@c-api.service[110849]: /usr/local/lib/python3.8/dist-packages/oslo_context/context.py:100: DeprecationWarning: Policy enforcement is depending on the value of is_admin. This key is deprecated. Please update your policy file to use the standard policy values.
Apr 11 18:19:31.898351 dv-cinder-837355-1-iscsi devstack@c-api.service[110849]: warnings.warn('Policy enforcement is depending on the value of '
Apr 11 18:19:31.900880 dv-cinder-837355-1-iscsi devstack@c-api.service[110849]: INFO cinder.volume.api [None req-b8971bc0-e655-47bb-8e6f-95859d57e3b9 tempest-SnapshotsActionsTest-222082210 tempest-SnapshotsActionsTest-222082210-project] Snapshot retrieved successfully.
Apr 11 18:19:31.904522 dv-cinder-837355-1-iscsi devstack@c-api.service[110849]: INFO cinder.api.openstack.wsgi [None req-b8971bc0-e655-47bb-8e6f-95859d57e3b9 tempest-SnapshotsActionsTest-222082210 tempest-SnapshotsActionsTest-222082210-project] http://10.222.0.64/volume/v3/2ba017c2f2aa4b9f96e5e94728fa2f25/snapshots/6650b270-961c-49b6-a0a5-d9f8a93a1c13 returned with HTTP 200
Apr 11 18:19:31.913896 dv-cinder-837355-1-iscsi devstack@c-api.service[110849]: [pid: 110849|app: 0|req: 136/237] 10.222.0.64 () {58 vars in 1330 bytes} [Mon Apr 11 18:19:31 2022] GET /volume/v3/2ba017c2f2aa4b9f96e5e94728fa2f25/snapshots/6650b270-961c-49b6-a0a5-d9f8a93a1c13 => generated 465 bytes in 43 msecs (HTTP/1.1 200) 7 headers in 285 bytes (1 switches on core 0)
Apr 11 18:19:31.940671 dv-cinder-837355-1-iscsi devstack@c-api.service[110850]: INFO cinder.volume.api [None req-1b71fd66-7690-4e33-902b-062a3392f5c5 tempest-VolumeQuotasAdminTestJSON-1850143772 tempest-VolumeQuotasAdminTestJSON-1850143772-project] Delete volume request issued successfully.
Apr 11 18:19:31.941314 dv-cinder-837355-1-iscsi devstack@c-api.service[110849]: DEBUG cinder.api.middleware.request_id [None req-61e54ef1-11f9-4017-bde4-bda6b0f248b8 None None] RequestId filter calling following filter/app {{(pid=110849) _context_setter /opt/stack/cinder/cinder/api/middleware/request_id.py:62}}
Apr 11 18:19:31.942874 dv-cinder-837355-1-iscsi devstack@c-api.service[110850]: INFO cinder.api.openstack.wsgi [None req-1b71fd66-7690-4e33-902b-062a3392f5c5 tempest-VolumeQuotasAdminTestJSON-1850143772 tempest-VolumeQuotasAdminTestJSON-1850143772-project] http://10.222.0.64/volume/v3/19b4ab0fbff94b9db9eb46dce7bc0c46/volumes/911c8244-0d72-4ae2-bb77-f4fde4285ccb returned with HTTP 202
Apr 11 18:19:31.949666 dv-cinder-837355-1-iscsi devstack@c-api.service[110850]: [pid: 110850|app: 0|req: 102/238] 10.222.0.64 () {58 vars in 1327 bytes} [Mon Apr 11 18:19:31 2022] DELETE /volume/v3/19b4ab0fbff94b9db9eb46dce7bc0c46/volumes/911c8244-0d72-4ae2-bb77-f4fde4285ccb => generated 0 bytes in 367 msecs (HTTP/1.1 202) 6 headers in 233 bytes (1 switches on core 0)
Apr 11 18:19:31.951967 dv-cinder-837355-1-iscsi devstack@c-api.service[110850]: DEBUG cinder.api.middleware.request_id [None req-21efdcf8-50bc-4ed4-8c22-08eb9880545a None None] RequestId filter calling following filter/app {{(pid=110850) _context_setter /opt/stack/cinder/cinder/api/middleware/request_id.py:62}}
Apr 11 18:19:31.952876 dv-cinder-837355-1-iscsi devstack@c-api.service[110849]: INFO cinder.api.openstack.wsgi [None req-61e54ef1-11f9-4017-bde4-bda6b0f248b8 tempest-GroupSnapshotsTest-209146296 tempest-GroupSnapshotsTest-209146296-project] GET http://10.222.0.64/volume/v3/e7999543e64e4fdaa1058fb695b1365e/snapshots/7a18326a-1f65-4c6b-b470-a3acb7018cdd
Apr 11 18:19:31.959734 dv-cinder-837355-1-iscsi devstack@c-api.service[110849]: DEBUG cinder.api.openstack.wsgi [None req-61e54ef1-11f9-4017-bde4-bda6b0f248b8 tempest-GroupSnapshotsTest-209146296 tempest-GroupSnapshotsTest-209146296-project] Empty body provided in request {{(pid=110849) get_body /opt/stack/cinder/cinder/api/openstack/wsgi.py:715}}
Apr 11 18:19:31.960679 dv-cinder-837355-1-iscsi devstack@c-api.service[110849]: DEBUG cinder.api.openstack.wsgi [None req-61e54ef1-11f9-4017-bde4-bda6b0f248b8 tempest-GroupSnapshotsTest-209146296 tempest-GroupSnapshotsTest-209146296-project] Calling method 'show' {{(pid=110849) _process_stack /opt/stack/cinder/cinder/api/openstack/wsgi.py:868}}
Apr 11 18:19:31.976809 dv-cinder-837355-1-iscsi devstack@c-api.service[110850]: INFO cinder.api.openstack.wsgi [None req-21efdcf8-50bc-4ed4-8c22-08eb9880545a tempest-VolumeQuotasAdminTestJSON-1850143772 tempest-VolumeQuotasAdminTestJSON-1850143772-project] GET http://10.222.0.64/volume/v3/19b4ab0fbff94b9db9eb46dce7bc0c46/volumes/911c8244-0d72-4ae2-bb77-f4fde4285ccb
Apr 11 18:19:31.978543 dv-cinder-837355-1-iscsi devstack@c-api.service[110850]: DEBUG cinder.api.openstack.wsgi [None req-21efdcf8-50bc-4ed4-8c22-08eb9880545a tempest-VolumeQuotasAdminTestJSON-1850143772 tempest-VolumeQuotasAdminTestJSON-1850143772-project] Empty body provided in request {{(pid=110850) get_body /opt/stack/cinder/cinder/api/openstack/wsgi.py:715}}
Apr 11 18:19:31.979810 dv-cinder-837355-1-iscsi devstack@c-api.service[110850]: DEBUG cinder.api.openstack.wsgi [None req-21efdcf8-50bc-4ed4-8c22-08eb9880545a tempest-VolumeQuotasAdminTestJSON-1850143772 tempest-VolumeQuotasAdminTestJSON-1850143772-project] Calling method 'show' {{(pid=110850) _process_stack /opt/stack/cinder/cinder/api/openstack/wsgi.py:868}}
Apr 11 18:19:31.998589 dv-cinder-837355-1-iscsi devstack@c-api.service[110849]: INFO cinder.api.openstack.wsgi [None req-61e54ef1-11f9-4017-bde4-bda6b0f248b8 tempest-GroupSnapshotsTest-209146296 tempest-GroupSnapshotsTest-209146296-project] http://10.222.0.64/volume/v3/e7999543e64e4fdaa1058fb695b1365e/snapshots/7a18326a-1f65-4c6b-b470-a3acb7018cdd returned with HTTP 404
Apr 11 18:19:32.000563 dv-cinder-837355-1-iscsi devstack@c-api.service[110849]: [pid: 110849|app: 0|req: 137/239] 10.222.0.64 () {58 vars in 1330 bytes} [Mon Apr 11 18:19:31 2022] GET /volume/v3/e7999543e64e4fdaa1058fb695b1365e/snapshots/7a18326a-1f65-4c6b-b470-a3acb7018cdd => generated 111 bytes in 66 msecs (HTTP/1.1 404) 7 headers in 292 bytes (1 switches on core 0)
Apr 11 18:19:32.007601 dv-cinder-837355-1-iscsi devstack@c-api.service[110849]: DEBUG cinder.api.middleware.request_id [None req-8bdd4108-7f28-4768-a01a-a5f9e31a3380 None None] RequestId filter calling following filter/app {{(pid=110849) _context_setter /opt/stack/cinder/cinder/api/middleware/request_id.py:62}}
Apr 11 18:19:32.020561 dv-cinder-837355-1-iscsi devstack@c-api.service[110850]: /usr/local/lib/python3.8/dist-packages/oslo_context/context.py:100: DeprecationWarning: Policy enforcement is depending on the value of is_admin. This key is deprecated. Please update your policy file to use the standard policy values.
Apr 11 18:19:32.020561 dv-cinder-837355-1-iscsi devstack@c-api.service[110850]: warnings.warn('Policy enforcement is depending on the value of '
Apr 11 18:19:32.025768 dv-cinder-837355-1-iscsi devstack@c-api.service[110849]: INFO cinder.api.openstack.wsgi [None req-8bdd4108-7f28-4768-a01a-a5f9e31a3380 tempest-GroupSnapshotsTest-209146296 tempest-GroupSnapshotsTest-209146296-project] GET http://10.222.0.64/volume/v3/e7999543e64e4fdaa1058fb695b1365e/group_snapshots/59e3baab-1c34-4e0e-939b-5181349483cb
Apr 11 18:19:32.029470 dv-cinder-837355-1-iscsi devstack@c-api.service[110849]: DEBUG cinder.api.openstack.wsgi [None req-8bdd4108-7f28-4768-a01a-a5f9e31a3380 tempest-GroupSnapshotsTest-209146296 tempest-GroupSnapshotsTest-209146296-project] Empty body provided in request {{(pid=110849) get_body /opt/stack/cinder/cinder/api/openstack/wsgi.py:715}}
Apr 11 18:19:32.030673 dv-cinder-837355-1-iscsi devstack@c-api.service[110849]: DEBUG cinder.api.openstack.wsgi [None req-8bdd4108-7f28-4768-a01a-a5f9e31a3380 tempest-GroupSnapshotsTest-209146296 tempest-GroupSnapshotsTest-209146296-project] Calling method 'version_select' {{(pid=110849) _process_stack /opt/stack/cinder/cinder/api/openstack/wsgi.py:868}}
Apr 11 18:19:32.035882 dv-cinder-837355-1-iscsi devstack@c-api.service[110850]: INFO cinder.volume.api [None req-21efdcf8-50bc-4ed4-8c22-08eb9880545a tempest-VolumeQuotasAdminTestJSON-1850143772 tempest-VolumeQuotasAdminTestJSON-1850143772-project] Volume info retrieved successfully.
Apr 11 18:19:32.036052 dv-cinder-837355-1-iscsi devstack@c-api.service[110849]: DEBUG cinder.api.v3.group_snapshots [None req-8bdd4108-7f28-4768-a01a-a5f9e31a3380 tempest-GroupSnapshotsTest-209146296 tempest-GroupSnapshotsTest-209146296-project] show called for member 59e3baab-1c34-4e0e-939b-5181349483cb {{(pid=110849) show /opt/stack/cinder/cinder/api/v3/group_snapshots.py:58}}
Apr 11 18:19:32.048236 dv-cinder-837355-1-iscsi devstack@c-api.service[110849]: INFO cinder.api.openstack.wsgi [None req-8bdd4108-7f28-4768-a01a-a5f9e31a3380 tempest-GroupSnapshotsTest-209146296 tempest-GroupSnapshotsTest-209146296-project] http://10.222.0.64/volume/v3/e7999543e64e4fdaa1058fb695b1365e/group_snapshots/59e3baab-1c34-4e0e-939b-5181349483cb returned with HTTP 404
Apr 11 18:19:32.052509 dv-cinder-837355-1-iscsi devstack@c-api.service[110849]: [pid: 110849|app: 0|req: 138/240] 10.222.0.64 () {60 vars in 1389 bytes} [Mon Apr 11 18:19:32 2022] GET /volume/v3/e7999543e64e4fdaa1058fb695b1365e/group_snapshots/59e3baab-1c34-4e0e-939b-5181349483cb => generated 116 bytes in 47 msecs (HTTP/1.1 404) 7 headers in 293 bytes (2 switches on core 0)
Apr 11 18:19:32.056376 dv-cinder-837355-1-iscsi devstack@c-api.service[110849]: DEBUG cinder.api.middleware.request_id [None req-0219ffbe-4f9d-410e-afef-5597d8042251 None None] RequestId filter calling following filter/app {{(pid=110849) _context_setter /opt/stack/cinder/cinder/api/middleware/request_id.py:62}}
Apr 11 18:19:32.061134 dv-cinder-837355-1-iscsi devstack@c-api.service[110850]: INFO cinder.api.openstack.wsgi [None req-21efdcf8-50bc-4ed4-8c22-08eb9880545a tempest-VolumeQuotasAdminTestJSON-1850143772 tempest-VolumeQuotasAdminTestJSON-1850143772-project] http://10.222.0.64/volume/v3/19b4ab0fbff94b9db9eb46dce7bc0c46/volumes/911c8244-0d72-4ae2-bb77-f4fde4285ccb returned with HTTP 200
Apr 11 18:19:32.062982 dv-cinder-837355-1-iscsi devstack@c-api.service[110849]: INFO cinder.api.openstack.wsgi [None req-0219ffbe-4f9d-410e-afef-5597d8042251 tempest-GroupSnapshotsTest-209146296 tempest-GroupSnapshotsTest-209146296-project] GET http://10.222.0.64/volume/v3/e7999543e64e4fdaa1058fb695b1365e/volumes/detail
Apr 11 18:19:32.066200 dv-cinder-837355-1-iscsi devstack@c-api.service[110849]: DEBUG cinder.api.openstack.wsgi [None req-0219ffbe-4f9d-410e-afef-5597d8042251 tempest-GroupSnapshotsTest-209146296 tempest-GroupSnapshotsTest-209146296-project] Empty body provided in request {{(pid=110849) get_body /opt/stack/cinder/cinder/api/openstack/wsgi.py:715}}
Apr 11 18:19:32.066861 dv-cinder-837355-1-iscsi devstack@c-api.service[110849]: DEBUG cinder.api.openstack.wsgi [None req-0219ffbe-4f9d-410e-afef-5597d8042251 tempest-GroupSnapshotsTest-209146296 tempest-GroupSnapshotsTest-209146296-project] Calling method 'detail' {{(pid=110849) _process_stack /opt/stack/cinder/cinder/api/openstack/wsgi.py:868}}
Apr 11 18:19:32.068798 dv-cinder-837355-1-iscsi devstack@c-api.service[110849]: DEBUG cinder.api.api_utils [None req-0219ffbe-4f9d-410e-afef-5597d8042251 tempest-GroupSnapshotsTest-209146296 tempest-GroupSnapshotsTest-209146296-project] Removing options '' from query. {{(pid=110849) remove_invalid_filter_options /opt/stack/cinder/cinder/api/api_utils.py:73}}
Apr 11 18:19:32.071340 dv-cinder-837355-1-iscsi devstack@c-api.service[110850]: [pid: 110850|app: 0|req: 103/241] 10.222.0.64 () {58 vars in 1324 bytes} [Mon Apr 11 18:19:31 2022] GET /volume/v3/19b4ab0fbff94b9db9eb46dce7bc0c46/volumes/911c8244-0d72-4ae2-bb77-f4fde4285ccb => generated 916 bytes in 120 msecs (HTTP/1.1 200) 7 headers in 285 bytes (2 switches on core 0)
Apr 11 18:19:32.072483 dv-cinder-837355-1-iscsi devstack@c-api.service[110849]: DEBUG cinder.volume.api [None req-0219ffbe-4f9d-410e-afef-5597d8042251 tempest-GroupSnapshotsTest-209146296 tempest-GroupSnapshotsTest-209146296-project] Searching by: MultiDict([('no_migration_targets', True)]). {{(pid=110849) get_all /opt/stack/cinder/cinder/volume/api.py:662}}
Apr 11 18:19:32.181091 dv-cinder-837355-1-iscsi devstack@c-api.service[110849]: INFO cinder.volume.api [None req-0219ffbe-4f9d-410e-afef-5597d8042251 tempest-GroupSnapshotsTest-209146296 tempest-GroupSnapshotsTest-209146296-project] Get all volumes completed successfully.
Apr 11 18:19:32.183065 dv-cinder-837355-1-iscsi devstack@c-api.service[110849]: WARNING stevedore.named [None req-0219ffbe-4f9d-410e-afef-5597d8042251 tempest-GroupSnapshotsTest-209146296 tempest-GroupSnapshotsTest-209146296-project] Could not load cinder.keymgr.conf_key_mgr.ConfKeyManager
Apr 11 18:19:32.183619 dv-cinder-837355-1-iscsi devstack@c-api.service[110849]: WARNING castellan.key_manager [None req-0219ffbe-4f9d-410e-afef-5597d8042251 tempest-GroupSnapshotsTest-209146296 tempest-GroupSnapshotsTest-209146296-project] Deprecation Warning : cinder.keymgr.conf_key_mgr.ConfKeyManager is not a stevedore based driver, trying to load it as a class: stevedore.exception.NoMatches: No 'castellan.drivers' driver found, looking for 'cinder.keymgr.conf_key_mgr.ConfKeyManager'
Apr 11 18:19:32.191460 dv-cinder-837355-1-iscsi devstack@c-api.service[110849]: DEBUG oslo_db.sqlalchemy.engines [None req-0219ffbe-4f9d-410e-afef-5597d8042251 tempest-GroupSnapshotsTest-209146296 tempest-GroupSnapshotsTest-209146296-project] MySQL server mode set to STRICT_TRANS_TABLES,STRICT_ALL_TABLES,NO_ZERO_IN_DATE,NO_ZERO_DATE,ERROR_FOR_DIVISION_BY_ZERO,TRADITIONAL,NO_ENGINE_SUBSTITUTION {{(pid=110849) _check_effective_sql_mode /usr/local/lib/python3.8/dist-packages/oslo_db/sqlalchemy/engines.py:314}}
Apr 11 18:19:32.203017 dv-cinder-837355-1-iscsi devstack@c-api.service[110849]: /usr/local/lib/python3.8/dist-packages/oslo_context/context.py:100: DeprecationWarning: Policy enforcement is depending on the value of is_admin. This key is deprecated. Please update your policy file to use the standard policy values.
Apr 11 18:19:32.203017 dv-cinder-837355-1-iscsi devstack@c-api.service[110849]: warnings.warn('Policy enforcement is depending on the value of '
Apr 11 18:19:32.238503 dv-cinder-837355-1-iscsi devstack@c-api.service[110849]: INFO cinder.api.openstack.wsgi [None req-0219ffbe-4f9d-410e-afef-5597d8042251 tempest-GroupSnapshotsTest-209146296 tempest-GroupSnapshotsTest-209146296-project] http://10.222.0.64/volume/v3/e7999543e64e4fdaa1058fb695b1365e/volumes/detail returned with HTTP 200
Apr 11 18:19:32.245844 dv-cinder-837355-1-iscsi devstack@c-api.service[110849]: [pid: 110849|app: 0|req: 139/242] 10.222.0.64 () {60 vars in 1275 bytes} [Mon Apr 11 18:19:32 2022] GET /volume/v3/e7999543e64e4fdaa1058fb695b1365e/volumes/detail => generated 1004 bytes in 191 msecs (HTTP/1.1 200) 7 headers in 287 bytes (1 switches on core 0)
Apr 11 18:19:32.258987 dv-cinder-837355-1-iscsi devstack@c-api.service[110850]: DEBUG cinder.api.middleware.request_id [None req-f455265c-4b1e-450b-b0fd-2bcd55ce16d6 None None] RequestId filter calling following filter/app {{(pid=110850) _context_setter /opt/stack/cinder/cinder/api/middleware/request_id.py:62}}
Apr 11 18:19:32.263123 dv-cinder-837355-1-iscsi devstack@c-api.service[110850]: INFO cinder.api.openstack.wsgi [None req-f455265c-4b1e-450b-b0fd-2bcd55ce16d6 tempest-GroupSnapshotsTest-209146296 tempest-GroupSnapshotsTest-209146296-project] POST http://10.222.0.64/volume/v3/e7999543e64e4fdaa1058fb695b1365e/groups/44a303ad-dcc2-4076-bf20-e8bfad7baa28/action
Apr 11 18:19:32.263995 dv-cinder-837355-1-iscsi devstack@c-api.service[110850]: DEBUG cinder.api.openstack.wsgi [None req-f455265c-4b1e-450b-b0fd-2bcd55ce16d6 tempest-GroupSnapshotsTest-209146296 tempest-GroupSnapshotsTest-209146296-project] Action body: b'{"delete": {"delete-volumes": true}}' {{(pid=110850) get_method /opt/stack/cinder/cinder/api/openstack/wsgi.py:983}}
Apr 11 18:19:32.264392 dv-cinder-837355-1-iscsi devstack@c-api.service[110850]: DEBUG cinder.api.openstack.wsgi [None req-f455265c-4b1e-450b-b0fd-2bcd55ce16d6 tempest-GroupSnapshotsTest-209146296 tempest-GroupSnapshotsTest-209146296-project] Action: 'action', calling method: delete_group, body: {"delete": {"delete-volumes": true}} {{(pid=110850) _process_stack /opt/stack/cinder/cinder/api/openstack/wsgi.py:866}}
Apr 11 18:19:32.265431 dv-cinder-837355-1-iscsi devstack@c-api.service[110850]: DEBUG cinder.api.v3.groups [None req-f455265c-4b1e-450b-b0fd-2bcd55ce16d6 tempest-GroupSnapshotsTest-209146296 tempest-GroupSnapshotsTest-209146296-project] delete called for group 44a303ad-dcc2-4076-bf20-e8bfad7baa28 {{(pid=110850) _delete /opt/stack/cinder/cinder/api/v3/groups.py:117}}
Apr 11 18:19:32.265790 dv-cinder-837355-1-iscsi devstack@c-api.service[110850]: INFO cinder.api.v3.groups [None req-f455265c-4b1e-450b-b0fd-2bcd55ce16d6 tempest-GroupSnapshotsTest-209146296 tempest-GroupSnapshotsTest-209146296-project] Delete group with id: 44a303ad-dcc2-4076-bf20-e8bfad7baa28
Apr 11 18:19:32.280265 dv-cinder-837355-1-iscsi devstack@c-api.service[110850]: /usr/local/lib/python3.8/dist-packages/oslo_context/context.py:100: DeprecationWarning: Policy enforcement is depending on the value of is_admin. This key is deprecated. Please update your policy file to use the standard policy values.
Apr 11 18:19:32.280265 dv-cinder-837355-1-iscsi devstack@c-api.service[110850]: warnings.warn('Policy enforcement is depending on the value of '
Apr 11 18:19:32.535834 dv-cinder-837355-1-iscsi devstack@c-api.service[110850]: INFO cinder.api.openstack.wsgi [None req-f455265c-4b1e-450b-b0fd-2bcd55ce16d6 tempest-GroupSnapshotsTest-209146296 tempest-GroupSnapshotsTest-209146296-project] http://10.222.0.64/volume/v3/e7999543e64e4fdaa1058fb695b1365e/groups/44a303ad-dcc2-4076-bf20-e8bfad7baa28/action returned with HTTP 202
Apr 11 18:19:32.536950 dv-cinder-837355-1-iscsi devstack@c-api.service[110850]: [pid: 110850|app: 0|req: 104/243] 10.222.0.64 () {62 vars in 1404 bytes} [Mon Apr 11 18:19:32 2022] POST /volume/v3/e7999543e64e4fdaa1058fb695b1365e/groups/44a303ad-dcc2-4076-bf20-e8bfad7baa28/action => generated 0 bytes in 279 msecs (HTTP/1.1 202) 6 headers in 234 bytes (1 switches on core 0)
Apr 11 18:19:32.541338 dv-cinder-837355-1-iscsi devstack@c-api.service[110849]: DEBUG cinder.api.middleware.request_id [None req-c694c57b-c181-4861-a85d-96f0afce59c1 None None] RequestId filter calling following filter/app {{(pid=110849) _context_setter /opt/stack/cinder/cinder/api/middleware/request_id.py:62}}
Apr 11 18:19:32.545438 dv-cinder-837355-1-iscsi devstack@c-api.service[110849]: INFO cinder.api.openstack.wsgi [None req-c694c57b-c181-4861-a85d-96f0afce59c1 tempest-GroupSnapshotsTest-209146296 tempest-GroupSnapshotsTest-209146296-project] GET http://10.222.0.64/volume/v3/e7999543e64e4fdaa1058fb695b1365e/volumes/9a2ab636-e4ba-4f70-8efa-5234aae7c29a
Apr 11 18:19:32.546457 dv-cinder-837355-1-iscsi devstack@c-api.service[110849]: DEBUG cinder.api.openstack.wsgi [None req-c694c57b-c181-4861-a85d-96f0afce59c1 tempest-GroupSnapshotsTest-209146296 tempest-GroupSnapshotsTest-209146296-project] Empty body provided in request {{(pid=110849) get_body /opt/stack/cinder/cinder/api/openstack/wsgi.py:715}}
Apr 11 18:19:32.547159 dv-cinder-837355-1-iscsi devstack@c-api.service[110849]: DEBUG cinder.api.openstack.wsgi [None req-c694c57b-c181-4861-a85d-96f0afce59c1 tempest-GroupSnapshotsTest-209146296 tempest-GroupSnapshotsTest-209146296-project] Calling method 'show' {{(pid=110849) _process_stack /opt/stack/cinder/cinder/api/openstack/wsgi.py:868}}
Apr 11 18:19:32.568474 dv-cinder-837355-1-iscsi devstack@c-api.service[110849]: /usr/local/lib/python3.8/dist-packages/oslo_context/context.py:100: DeprecationWarning: Policy enforcement is depending on the value of is_admin. This key is deprecated. Please update your policy file to use the standard policy values.
Apr 11 18:19:32.568474 dv-cinder-837355-1-iscsi devstack@c-api.service[110849]: warnings.warn('Policy enforcement is depending on the value of '
Apr 11 18:19:32.582907 dv-cinder-837355-1-iscsi devstack@c-api.service[110849]: INFO cinder.volume.api [None req-c694c57b-c181-4861-a85d-96f0afce59c1 tempest-GroupSnapshotsTest-209146296 tempest-GroupSnapshotsTest-209146296-project] Volume info retrieved successfully.
Apr 11 18:19:32.585187 dv-cinder-837355-1-iscsi devstack@c-api.service[110849]: WARNING stevedore.named [None req-c694c57b-c181-4861-a85d-96f0afce59c1 tempest-GroupSnapshotsTest-209146296 tempest-GroupSnapshotsTest-209146296-project] Could not load cinder.keymgr.conf_key_mgr.ConfKeyManager
Apr 11 18:19:32.585581 dv-cinder-837355-1-iscsi devstack@c-api.service[110849]: WARNING castellan.key_manager [None req-c694c57b-c181-4861-a85d-96f0afce59c1 tempest-GroupSnapshotsTest-209146296 tempest-GroupSnapshotsTest-209146296-project] Deprecation Warning : cinder.keymgr.conf_key_mgr.ConfKeyManager is not a stevedore based driver, trying to load it as a class: stevedore.exception.NoMatches: No 'castellan.drivers' driver found, looking for 'cinder.keymgr.conf_key_mgr.ConfKeyManager'
Apr 11 18:19:32.597118 dv-cinder-837355-1-iscsi devstack@c-api.service[110849]: DEBUG oslo_db.sqlalchemy.engines [None req-c694c57b-c181-4861-a85d-96f0afce59c1 tempest-GroupSnapshotsTest-209146296 tempest-GroupSnapshotsTest-209146296-project] MySQL server mode set to STRICT_TRANS_TABLES,STRICT_ALL_TABLES,NO_ZERO_IN_DATE,NO_ZERO_DATE,ERROR_FOR_DIVISION_BY_ZERO,TRADITIONAL,NO_ENGINE_SUBSTITUTION {{(pid=110849) _check_effective_sql_mode /usr/local/lib/python3.8/dist-packages/oslo_db/sqlalchemy/engines.py:314}}
Apr 11 18:19:32.606732 dv-cinder-837355-1-iscsi devstack@c-api.service[110849]: /usr/local/lib/python3.8/dist-packages/oslo_context/context.py:100: DeprecationWarning: Policy enforcement is depending on the value of is_admin. This key is deprecated. Please update your policy file to use the standard policy values.
Apr 11 18:19:32.606732 dv-cinder-837355-1-iscsi devstack@c-api.service[110849]: warnings.warn('Policy enforcement is depending on the value of '
Apr 11 18:19:32.624077 dv-cinder-837355-1-iscsi devstack@c-api.service[110849]: INFO cinder.api.openstack.wsgi [None req-c694c57b-c181-4861-a85d-96f0afce59c1 tempest-GroupSnapshotsTest-209146296 tempest-GroupSnapshotsTest-209146296-project] http://10.222.0.64/volume/v3/e7999543e64e4fdaa1058fb695b1365e/volumes/9a2ab636-e4ba-4f70-8efa-5234aae7c29a returned with HTTP 200
Apr 11 18:19:32.625291 dv-cinder-837355-1-iscsi devstack@c-api.service[110849]: [pid: 110849|app: 0|req: 140/244] 10.222.0.64 () {60 vars in 1365 bytes} [Mon Apr 11 18:19:32 2022] GET /volume/v3/e7999543e64e4fdaa1058fb695b1365e/volumes/9a2ab636-e4ba-4f70-8efa-5234aae7c29a => generated 1000 bytes in 85 msecs (HTTP/1.1 200) 7 headers in 287 bytes (1 switches on core 0)
Apr 11 18:19:32.918290 dv-cinder-837355-1-iscsi devstack@c-api.service[110850]: DEBUG cinder.api.middleware.request_id [None req-881ffca7-7211-4c9b-8d6d-70aef82636a5 None None] RequestId filter calling following filter/app {{(pid=110850) _context_setter /opt/stack/cinder/cinder/api/middleware/request_id.py:62}}
Apr 11 18:19:32.927647 dv-cinder-837355-1-iscsi devstack@c-api.service[110850]: INFO cinder.api.openstack.wsgi [None req-881ffca7-7211-4c9b-8d6d-70aef82636a5 tempest-SnapshotsActionsTest-222082210 tempest-SnapshotsActionsTest-222082210-project] GET http://10.222.0.64/volume/v3/2ba017c2f2aa4b9f96e5e94728fa2f25/snapshots/6650b270-961c-49b6-a0a5-d9f8a93a1c13
Apr 11 18:19:32.930622 dv-cinder-837355-1-iscsi devstack@c-api.service[110850]: DEBUG cinder.api.openstack.wsgi [None req-881ffca7-7211-4c9b-8d6d-70aef82636a5 tempest-SnapshotsActionsTest-222082210 tempest-SnapshotsActionsTest-222082210-project] Empty body provided in request {{(pid=110850) get_body /opt/stack/cinder/cinder/api/openstack/wsgi.py:715}}
Apr 11 18:19:32.930622 dv-cinder-837355-1-iscsi devstack@c-api.service[110850]: DEBUG cinder.api.openstack.wsgi [None req-881ffca7-7211-4c9b-8d6d-70aef82636a5 tempest-SnapshotsActionsTest-222082210 tempest-SnapshotsActionsTest-222082210-project] Calling method 'show' {{(pid=110850) _process_stack /opt/stack/cinder/cinder/api/openstack/wsgi.py:868}}
Apr 11 18:19:32.941744 dv-cinder-837355-1-iscsi devstack@c-api.service[110850]: INFO cinder.api.openstack.wsgi [None req-881ffca7-7211-4c9b-8d6d-70aef82636a5 tempest-SnapshotsActionsTest-222082210 tempest-SnapshotsActionsTest-222082210-project] http://10.222.0.64/volume/v3/2ba017c2f2aa4b9f96e5e94728fa2f25/snapshots/6650b270-961c-49b6-a0a5-d9f8a93a1c13 returned with HTTP 404
Apr 11 18:19:32.942844 dv-cinder-837355-1-iscsi devstack@c-api.service[110850]: [pid: 110850|app: 0|req: 105/245] 10.222.0.64 () {58 vars in 1330 bytes} [Mon Apr 11 18:19:32 2022] GET /volume/v3/2ba017c2f2aa4b9f96e5e94728fa2f25/snapshots/6650b270-961c-49b6-a0a5-d9f8a93a1c13 => generated 111 bytes in 27 msecs (HTTP/1.1 404) 7 headers in 292 bytes (1 switches on core 0)
Apr 11 18:19:32.948888 dv-cinder-837355-1-iscsi devstack@c-api.service[110849]: DEBUG cinder.api.middleware.request_id [None req-361cb566-41f5-40bd-a870-3b543c86101a None None] RequestId filter calling following filter/app {{(pid=110849) _context_setter /opt/stack/cinder/cinder/api/middleware/request_id.py:62}}
Apr 11 18:19:32.953974 dv-cinder-837355-1-iscsi devstack@c-api.service[110849]: INFO cinder.api.openstack.wsgi [None req-361cb566-41f5-40bd-a870-3b543c86101a tempest-SnapshotsActionsTest-467307086 tempest-SnapshotsActionsTest-467307086-project-admin] POST http://10.222.0.64/volume/v3/f4683e92a4494ee39293daadda675cea/snapshots/1e4bd4d1-83c5-4d98-8724-b6730bccec1c/action
Apr 11 18:19:32.955003 dv-cinder-837355-1-iscsi devstack@c-api.service[110849]: DEBUG cinder.api.openstack.wsgi [None req-361cb566-41f5-40bd-a870-3b543c86101a tempest-SnapshotsActionsTest-467307086 tempest-SnapshotsActionsTest-467307086-project-admin] Action body: b'{"os-reset_status": {"status": "available"}}' {{(pid=110849) get_method /opt/stack/cinder/cinder/api/openstack/wsgi.py:983}}
Apr 11 18:19:32.955419 dv-cinder-837355-1-iscsi devstack@c-api.service[110849]: DEBUG cinder.api.openstack.wsgi [None req-361cb566-41f5-40bd-a870-3b543c86101a tempest-SnapshotsActionsTest-467307086 tempest-SnapshotsActionsTest-467307086-project-admin] Action: 'action', calling method: _reset_status, body: {"os-reset_status": {"status": "available"}} {{(pid=110849) _process_stack /opt/stack/cinder/cinder/api/openstack/wsgi.py:866}}
Apr 11 18:19:32.956344 dv-cinder-837355-1-iscsi devstack@c-api.service[110849]: DEBUG cinder.api.contrib.admin_actions [None req-361cb566-41f5-40bd-a870-3b543c86101a tempest-SnapshotsActionsTest-467307086 tempest-SnapshotsActionsTest-467307086-project-admin] Updating snapshot '1e4bd4d1-83c5-4d98-8724-b6730bccec1c' with '{'status': 'available'}' {{(pid=110849) _reset_status /opt/stack/cinder/cinder/api/contrib/admin_actions.py:100}}
Apr 11 18:19:32.986265 dv-cinder-837355-1-iscsi devstack@c-api.service[110850]: DEBUG cinder.api.middleware.request_id [None req-b0d57a60-897e-4e5b-8871-ee573e129c9c None None] RequestId filter calling following filter/app {{(pid=110850) _context_setter /opt/stack/cinder/cinder/api/middleware/request_id.py:62}}
Apr 11 18:19:32.998418 dv-cinder-837355-1-iscsi devstack@c-api.service[110849]: /usr/local/lib/python3.8/dist-packages/oslo_context/context.py:100: DeprecationWarning: Policy enforcement is depending on the value of is_admin. This key is deprecated. Please update your policy file to use the standard policy values.
Apr 11 18:19:32.998418 dv-cinder-837355-1-iscsi devstack@c-api.service[110849]: warnings.warn('Policy enforcement is depending on the value of '
Apr 11 18:19:33.108696 dv-cinder-837355-1-iscsi devstack@c-api.service[110849]: INFO cinder.api.openstack.wsgi [None req-361cb566-41f5-40bd-a870-3b543c86101a tempest-SnapshotsActionsTest-467307086 tempest-SnapshotsActionsTest-467307086-project-admin] http://10.222.0.64/volume/v3/f4683e92a4494ee39293daadda675cea/snapshots/1e4bd4d1-83c5-4d98-8724-b6730bccec1c/action returned with HTTP 202
Apr 11 18:19:33.122403 dv-cinder-837355-1-iscsi devstack@c-api.service[110849]: [pid: 110849|app: 0|req: 141/246] 10.222.0.64 () {60 vars in 1372 bytes} [Mon Apr 11 18:19:32 2022] POST /volume/v3/f4683e92a4494ee39293daadda675cea/snapshots/1e4bd4d1-83c5-4d98-8724-b6730bccec1c/action => generated 0 bytes in 166 msecs (HTTP/1.1 202) 7 headers in 289 bytes (1 switches on core 0)
Apr 11 18:19:33.122403 dv-cinder-837355-1-iscsi devstack@c-api.service[110849]: DEBUG cinder.api.middleware.request_id [None req-1fbcad92-a171-4d8d-8849-410406936a14 None None] RequestId filter calling following filter/app {{(pid=110849) _context_setter /opt/stack/cinder/cinder/api/middleware/request_id.py:62}}
Apr 11 18:19:33.122403 dv-cinder-837355-1-iscsi devstack@c-api.service[110849]: INFO cinder.api.openstack.wsgi [None req-1fbcad92-a171-4d8d-8849-410406936a14 tempest-DeleteServersTestJSON-1190663942 tempest-DeleteServersTestJSON-1190663942-project] POST http://10.222.0.64/volume/v3/25a34d2dc9534338ba66c20de483946e/volumes
Apr 11 18:19:33.122403 dv-cinder-837355-1-iscsi devstack@c-api.service[110849]: DEBUG cinder.api.openstack.wsgi [None req-1fbcad92-a171-4d8d-8849-410406936a14 tempest-DeleteServersTestJSON-1190663942 tempest-DeleteServersTestJSON-1190663942-project] Action: 'create', calling method: create, body: {"volume": {"size": 1, "display_name": "tempest-DeleteServersTestJSON-volume-940900229"}} {{(pid=110849) _process_stack /opt/stack/cinder/cinder/api/openstack/wsgi.py:866}}
Apr 11 18:19:33.122403 dv-cinder-837355-1-iscsi devstack@c-api.service[110849]: DEBUG cinder.api.v3.volumes [None req-1fbcad92-a171-4d8d-8849-410406936a14 tempest-DeleteServersTestJSON-1190663942 tempest-DeleteServersTestJSON-1190663942-project] Create volume request body: {'volume': {'size': 1, 'display_name': 'tempest-DeleteServersTestJSON-volume-940900229'}} {{(pid=110849) create /opt/stack/cinder/cinder/api/v3/volumes.py:298}}
Apr 11 18:19:33.122403 dv-cinder-837355-1-iscsi devstack@c-api.service[110849]: INFO cinder.api.v3.volumes [None req-1fbcad92-a171-4d8d-8849-410406936a14 tempest-DeleteServersTestJSON-1190663942 tempest-DeleteServersTestJSON-1190663942-project] Create volume of 1 GB
Apr 11 18:19:33.123922 dv-cinder-837355-1-iscsi devstack@c-api.service[110849]: /usr/local/lib/python3.8/dist-packages/oslo_context/context.py:100: DeprecationWarning: Policy enforcement is depending on the value of is_admin. This key is deprecated. Please update your policy file to use the standard policy values.
Apr 11 18:19:33.123922 dv-cinder-837355-1-iscsi devstack@c-api.service[110849]: warnings.warn('Policy enforcement is depending on the value of '
Apr 11 18:19:33.131595 dv-cinder-837355-1-iscsi devstack@c-api.service[110849]: INFO cinder.volume.api [None req-1fbcad92-a171-4d8d-8849-410406936a14 tempest-DeleteServersTestJSON-1190663942 tempest-DeleteServersTestJSON-1190663942-project] Availability Zones retrieved successfully.
Apr 11 18:19:33.158474 dv-cinder-837355-1-iscsi devstack@c-api.service[110850]: INFO cinder.api.openstack.wsgi [None req-b0d57a60-897e-4e5b-8871-ee573e129c9c tempest-VolumeServicesNegativeTest-1219201187 tempest-VolumeServicesNegativeTest-1219201187-project-admin] GET http://10.222.0.64/volume/v3/4f88456904ca4653be2e17691af3bc4e/os-services
Apr 11 18:19:33.158474 dv-cinder-837355-1-iscsi devstack@c-api.service[110850]: DEBUG cinder.api.openstack.wsgi [None req-b0d57a60-897e-4e5b-8871-ee573e129c9c tempest-VolumeServicesNegativeTest-1219201187 tempest-VolumeServicesNegativeTest-1219201187-project-admin] Empty body provided in request {{(pid=110850) get_body /opt/stack/cinder/cinder/api/openstack/wsgi.py:715}}
Apr 11 18:19:33.158474 dv-cinder-837355-1-iscsi devstack@c-api.service[110850]: DEBUG cinder.api.openstack.wsgi [None req-b0d57a60-897e-4e5b-8871-ee573e129c9c tempest-VolumeServicesNegativeTest-1219201187 tempest-VolumeServicesNegativeTest-1219201187-project-admin] Calling method 'index' {{(pid=110850) _process_stack /opt/stack/cinder/cinder/api/openstack/wsgi.py:868}}
Apr 11 18:19:33.178257 dv-cinder-837355-1-iscsi devstack@c-api.service[110850]: INFO cinder.api.openstack.wsgi [None req-b0d57a60-897e-4e5b-8871-ee573e129c9c tempest-VolumeServicesNegativeTest-1219201187 tempest-VolumeServicesNegativeTest-1219201187-project-admin] http://10.222.0.64/volume/v3/4f88456904ca4653be2e17691af3bc4e/os-services returned with HTTP 200
Apr 11 18:19:33.180220 dv-cinder-837355-1-iscsi devstack@c-api.service[110850]: [pid: 110850|app: 0|req: 106/247] 10.222.0.64 () {58 vars in 1225 bytes} [Mon Apr 11 18:19:32 2022] GET /volume/v3/4f88456904ca4653be2e17691af3bc4e/os-services => generated 642 bytes in 196 msecs (HTTP/1.1 200) 7 headers in 285 bytes (2 switches on core 0)
Apr 11 18:19:33.181684 dv-cinder-837355-1-iscsi devstack@c-api.service[110849]: DEBUG cinder.volume.api [None req-1fbcad92-a171-4d8d-8849-410406936a14 tempest-DeleteServersTestJSON-1190663942 tempest-DeleteServersTestJSON-1190663942-project] Flow 'volume_create_api' (9c32bd23-43a1-4f9e-b7e4-5d3e57b05edc) transitioned into state 'RUNNING' from state 'PENDING' {{(pid=110849) _flow_receiver /usr/local/lib/python3.8/dist-packages/taskflow/listeners/logging.py:141}}
Apr 11 18:19:33.182088 dv-cinder-837355-1-iscsi devstack@c-api.service[110850]: DEBUG cinder.api.middleware.request_id [None req-13356249-3b45-49e6-9fcf-d4efc148d559 None None] RequestId filter calling following filter/app {{(pid=110850) _context_setter /opt/stack/cinder/cinder/api/middleware/request_id.py:62}}
Apr 11 18:19:33.184577 dv-cinder-837355-1-iscsi devstack@c-api.service[110849]: DEBUG cinder.volume.api [None req-1fbcad92-a171-4d8d-8849-410406936a14 tempest-DeleteServersTestJSON-1190663942 tempest-DeleteServersTestJSON-1190663942-project] Task 'cinder.volume.flows.api.create_volume.ExtractVolumeRequestTask;volume:create' (2ccea8c1-ab53-45b0-9125-54381c18cf2a) transitioned into state 'RUNNING' from state 'PENDING' {{(pid=110849) _task_receiver /usr/local/lib/python3.8/dist-packages/taskflow/listeners/logging.py:190}}
Apr 11 18:19:33.186691 dv-cinder-837355-1-iscsi devstack@c-api.service[110850]: INFO cinder.api.openstack.wsgi [None req-13356249-3b45-49e6-9fcf-d4efc148d559 tempest-VolumeQuotasAdminTestJSON-1850143772 tempest-VolumeQuotasAdminTestJSON-1850143772-project] GET http://10.222.0.64/volume/v3/19b4ab0fbff94b9db9eb46dce7bc0c46/volumes/911c8244-0d72-4ae2-bb77-f4fde4285ccb
Apr 11 18:19:33.187400 dv-cinder-837355-1-iscsi devstack@c-api.service[110850]: DEBUG cinder.api.openstack.wsgi [None req-13356249-3b45-49e6-9fcf-d4efc148d559 tempest-VolumeQuotasAdminTestJSON-1850143772 tempest-VolumeQuotasAdminTestJSON-1850143772-project] Empty body provided in request {{(pid=110850) get_body /opt/stack/cinder/cinder/api/openstack/wsgi.py:715}}
Apr 11 18:19:33.188361 dv-cinder-837355-1-iscsi devstack@c-api.service[110850]: DEBUG cinder.api.openstack.wsgi [None req-13356249-3b45-49e6-9fcf-d4efc148d559 tempest-VolumeQuotasAdminTestJSON-1850143772 tempest-VolumeQuotasAdminTestJSON-1850143772-project] Calling method 'show' {{(pid=110850) _process_stack /opt/stack/cinder/cinder/api/openstack/wsgi.py:868}}
Apr 11 18:19:33.189343 dv-cinder-837355-1-iscsi devstack@c-api.service[110849]: DEBUG cinder.volume.flows.api.create_volume [None req-1fbcad92-a171-4d8d-8849-410406936a14 tempest-DeleteServersTestJSON-1190663942 tempest-DeleteServersTestJSON-1190663942-project] Validating volume size '1' using validate_int {{(pid=110849) _extract_size /opt/stack/cinder/cinder/volume/flows/api/create_volume.py:225}}
Apr 11 18:19:33.209262 dv-cinder-837355-1-iscsi devstack@c-api.service[110850]: INFO cinder.api.openstack.wsgi [None req-13356249-3b45-49e6-9fcf-d4efc148d559 tempest-VolumeQuotasAdminTestJSON-1850143772 tempest-VolumeQuotasAdminTestJSON-1850143772-project] http://10.222.0.64/volume/v3/19b4ab0fbff94b9db9eb46dce7bc0c46/volumes/911c8244-0d72-4ae2-bb77-f4fde4285ccb returned with HTTP 404
Apr 11 18:19:33.210449 dv-cinder-837355-1-iscsi devstack@c-api.service[110850]: [pid: 110850|app: 0|req: 107/248] 10.222.0.64 () {58 vars in 1324 bytes} [Mon Apr 11 18:19:33 2022] GET /volume/v3/19b4ab0fbff94b9db9eb46dce7bc0c46/volumes/911c8244-0d72-4ae2-bb77-f4fde4285ccb => generated 109 bytes in 30 msecs (HTTP/1.1 404) 7 headers in 292 bytes (1 switches on core 0)
Apr 11 18:19:33.217751 dv-cinder-837355-1-iscsi devstack@c-api.service[110850]: DEBUG cinder.api.middleware.request_id [None req-467a79e8-28e8-46e4-9840-c6d3a355ab45 None None] RequestId filter calling following filter/app {{(pid=110850) _context_setter /opt/stack/cinder/cinder/api/middleware/request_id.py:62}}
Apr 11 18:19:33.226778 dv-cinder-837355-1-iscsi devstack@c-api.service[110850]: INFO cinder.api.openstack.wsgi [None req-467a79e8-28e8-46e4-9840-c6d3a355ab45 tempest-SnapshotsActionsTest-222082210 tempest-SnapshotsActionsTest-222082210-project] GET http://10.222.0.64/volume/v3/2ba017c2f2aa4b9f96e5e94728fa2f25/snapshots/1e4bd4d1-83c5-4d98-8724-b6730bccec1c
Apr 11 18:19:33.227482 dv-cinder-837355-1-iscsi devstack@c-api.service[110850]: DEBUG cinder.api.openstack.wsgi [None req-467a79e8-28e8-46e4-9840-c6d3a355ab45 tempest-SnapshotsActionsTest-222082210 tempest-SnapshotsActionsTest-222082210-project] Empty body provided in request {{(pid=110850) get_body /opt/stack/cinder/cinder/api/openstack/wsgi.py:715}}
Apr 11 18:19:33.227951 dv-cinder-837355-1-iscsi devstack@c-api.service[110850]: DEBUG cinder.api.openstack.wsgi [None req-467a79e8-28e8-46e4-9840-c6d3a355ab45 tempest-SnapshotsActionsTest-222082210 tempest-SnapshotsActionsTest-222082210-project] Calling method 'show' {{(pid=110850) _process_stack /opt/stack/cinder/cinder/api/openstack/wsgi.py:868}}
Apr 11 18:19:33.242887 dv-cinder-837355-1-iscsi devstack@c-api.service[110849]: DEBUG cinder.volume.api [None req-1fbcad92-a171-4d8d-8849-410406936a14 tempest-DeleteServersTestJSON-1190663942 tempest-DeleteServersTestJSON-1190663942-project] Task 'cinder.volume.flows.api.create_volume.ExtractVolumeRequestTask;volume:create' (2ccea8c1-ab53-45b0-9125-54381c18cf2a) transitioned into state 'SUCCESS' from state 'RUNNING' with result '{'size': 1, 'snapshot_id': None, 'source_volid': None, 'volume_type': VolumeType(created_at=2022-04-11T18:01:26Z,deleted=False,deleted_at=None,description='Default Volume Type',extra_specs={},id=38e22d25-c79a-4e9f-8ae4-763df1f3c0e0,is_public=True,name='__DEFAULT__',projects=[],qos_specs=,qos_specs_id=None,updated_at=2022-04-11T18:01:26Z), 'volume_type_id': '38e22d25-c79a-4e9f-8ae4-763df1f3c0e0', 'encryption_key_id': None, 'qos_specs': None, 'consistencygroup_id': None, 'cgsnapshot_id': None, 'group_id': None, 'replication_status': 'disabled', 'refresh_az': False, 'backup_id': None, 'multiattach': False, 'availability_zones': ['nova']}' {{(pid=110849) _task_receiver /usr/local/lib/python3.8/dist-packages/taskflow/listeners/logging.py:178}}
Apr 11 18:19:33.245240 dv-cinder-837355-1-iscsi devstack@c-api.service[110850]: /usr/local/lib/python3.8/dist-packages/oslo_context/context.py:100: DeprecationWarning: Policy enforcement is depending on the value of is_admin. This key is deprecated. Please update your policy file to use the standard policy values.
Apr 11 18:19:33.245240 dv-cinder-837355-1-iscsi devstack@c-api.service[110850]: warnings.warn('Policy enforcement is depending on the value of '
Apr 11 18:19:33.245691 dv-cinder-837355-1-iscsi devstack@c-api.service[110849]: DEBUG cinder.volume.api [None req-1fbcad92-a171-4d8d-8849-410406936a14 tempest-DeleteServersTestJSON-1190663942 tempest-DeleteServersTestJSON-1190663942-project] Task 'cinder.volume.flows.api.create_volume.QuotaReserveTask;volume:create' (5e1de54b-a17a-4cd2-a037-861af3bb8c59) transitioned into state 'RUNNING' from state 'PENDING' {{(pid=110849) _task_receiver /usr/local/lib/python3.8/dist-packages/taskflow/listeners/logging.py:190}}
Apr 11 18:19:33.246269 dv-cinder-837355-1-iscsi devstack@c-api.service[110850]: INFO cinder.volume.api [None req-467a79e8-28e8-46e4-9840-c6d3a355ab45 tempest-SnapshotsActionsTest-222082210 tempest-SnapshotsActionsTest-222082210-project] Snapshot retrieved successfully.
Apr 11 18:19:33.248140 dv-cinder-837355-1-iscsi devstack@c-api.service[110850]: INFO cinder.api.openstack.wsgi [None req-467a79e8-28e8-46e4-9840-c6d3a355ab45 tempest-SnapshotsActionsTest-222082210 tempest-SnapshotsActionsTest-222082210-project] http://10.222.0.64/volume/v3/2ba017c2f2aa4b9f96e5e94728fa2f25/snapshots/1e4bd4d1-83c5-4d98-8724-b6730bccec1c returned with HTTP 200
Apr 11 18:19:33.249443 dv-cinder-837355-1-iscsi devstack@c-api.service[110850]: [pid: 110850|app: 0|req: 108/249] 10.222.0.64 () {58 vars in 1330 bytes} [Mon Apr 11 18:19:33 2022] GET /volume/v3/2ba017c2f2aa4b9f96e5e94728fa2f25/snapshots/1e4bd4d1-83c5-4d98-8724-b6730bccec1c => generated 465 bytes in 37 msecs (HTTP/1.1 200) 7 headers in 285 bytes (1 switches on core 0)
Apr 11 18:19:33.251635 dv-cinder-837355-1-iscsi devstack@c-api.service[110850]: DEBUG cinder.api.middleware.request_id [None req-7bf37a46-4ae1-4c00-84d8-f2ae8ce4f73b None None] RequestId filter calling following filter/app {{(pid=110850) _context_setter /opt/stack/cinder/cinder/api/middleware/request_id.py:62}}
Apr 11 18:19:33.256500 dv-cinder-837355-1-iscsi devstack@c-api.service[110850]: INFO cinder.api.openstack.wsgi [None req-7bf37a46-4ae1-4c00-84d8-f2ae8ce4f73b tempest-VolumeServicesNegativeTest-1219201187 tempest-VolumeServicesNegativeTest-1219201187-project-admin] PUT http://10.222.0.64/volume/v3/4f88456904ca4653be2e17691af3bc4e/os-services/disable-log-reason
Apr 11 18:19:33.257441 dv-cinder-837355-1-iscsi devstack@c-api.service[110850]: DEBUG cinder.api.openstack.wsgi [None req-7bf37a46-4ae1-4c00-84d8-f2ae8ce4f73b tempest-VolumeServicesNegativeTest-1219201187 tempest-VolumeServicesNegativeTest-1219201187-project-admin] Action: 'update', calling method: update, body: {"host": "dv-cinder-837355-1-iscsi", "binary": "cinder-scheduler", "disabled_reason": null} {{(pid=110850) _process_stack /opt/stack/cinder/cinder/api/openstack/wsgi.py:866}}
Apr 11 18:19:33.264944 dv-cinder-837355-1-iscsi devstack@c-api.service[110850]: INFO cinder.api.openstack.wsgi [None req-7bf37a46-4ae1-4c00-84d8-f2ae8ce4f73b tempest-VolumeServicesNegativeTest-1219201187 tempest-VolumeServicesNegativeTest-1219201187-project-admin] http://10.222.0.64/volume/v3/4f88456904ca4653be2e17691af3bc4e/os-services/disable-log-reason returned with HTTP 400
Apr 11 18:19:33.271319 dv-cinder-837355-1-iscsi devstack@c-api.service[110850]: [pid: 110850|app: 0|req: 109/250] 10.222.0.64 () {60 vars in 1302 bytes} [Mon Apr 11 18:19:33 2022] PUT /volume/v3/4f88456904ca4653be2e17691af3bc4e/os-services/disable-log-reason => generated 136 bytes in 20 msecs (HTTP/1.1 400) 7 headers in 294 bytes (1 switches on core 0)
Apr 11 18:19:33.273143 dv-cinder-837355-1-iscsi devstack@c-api.service[110850]: DEBUG cinder.api.middleware.request_id [None req-fef20a55-1d42-4c6b-99f3-8e293b9fc4c8 None None] RequestId filter calling following filter/app {{(pid=110850) _context_setter /opt/stack/cinder/cinder/api/middleware/request_id.py:62}}
Apr 11 18:19:33.278448 dv-cinder-837355-1-iscsi devstack@c-api.service[110850]: INFO cinder.api.openstack.wsgi [None req-fef20a55-1d42-4c6b-99f3-8e293b9fc4c8 tempest-VolumeQuotasAdminTestJSON-1850143772 tempest-VolumeQuotasAdminTestJSON-1850143772-project] POST http://10.222.0.64/volume/v3/19b4ab0fbff94b9db9eb46dce7bc0c46/volumes
Apr 11 18:19:33.279251 dv-cinder-837355-1-iscsi devstack@c-api.service[110850]: DEBUG cinder.api.openstack.wsgi [None req-fef20a55-1d42-4c6b-99f3-8e293b9fc4c8 tempest-VolumeQuotasAdminTestJSON-1850143772 tempest-VolumeQuotasAdminTestJSON-1850143772-project] Action: 'create', calling method: create, body: {"volume": {"size": 1, "name": "tempest-VolumeQuotasAdminTestJSON-Volume-1883633717"}} {{(pid=110850) _process_stack /opt/stack/cinder/cinder/api/openstack/wsgi.py:866}}
Apr 11 18:19:33.280112 dv-cinder-837355-1-iscsi devstack@c-api.service[110850]: DEBUG cinder.api.v3.volumes [None req-fef20a55-1d42-4c6b-99f3-8e293b9fc4c8 tempest-VolumeQuotasAdminTestJSON-1850143772 tempest-VolumeQuotasAdminTestJSON-1850143772-project] Create volume request body: {'volume': {'size': 1, 'name': 'tempest-VolumeQuotasAdminTestJSON-Volume-1883633717'}} {{(pid=110850) create /opt/stack/cinder/cinder/api/v3/volumes.py:298}}
Apr 11 18:19:33.280419 dv-cinder-837355-1-iscsi devstack@c-api.service[110850]: INFO cinder.api.v3.volumes [None req-fef20a55-1d42-4c6b-99f3-8e293b9fc4c8 tempest-VolumeQuotasAdminTestJSON-1850143772 tempest-VolumeQuotasAdminTestJSON-1850143772-project] Create volume of 1 GB
Apr 11 18:19:33.287998 dv-cinder-837355-1-iscsi devstack@c-api.service[110850]: INFO cinder.volume.api [None req-fef20a55-1d42-4c6b-99f3-8e293b9fc4c8 tempest-VolumeQuotasAdminTestJSON-1850143772 tempest-VolumeQuotasAdminTestJSON-1850143772-project] Availability Zones retrieved successfully.
Apr 11 18:19:33.306535 dv-cinder-837355-1-iscsi devstack@c-api.service[110850]: DEBUG cinder.volume.api [None req-fef20a55-1d42-4c6b-99f3-8e293b9fc4c8 tempest-VolumeQuotasAdminTestJSON-1850143772 tempest-VolumeQuotasAdminTestJSON-1850143772-project] Flow 'volume_create_api' (f8d42e6e-ecb1-4987-a087-e30a628bd48c) transitioned into state 'RUNNING' from state 'PENDING' {{(pid=110850) _flow_receiver /usr/local/lib/python3.8/dist-packages/taskflow/listeners/logging.py:141}}
Apr 11 18:19:33.309775 dv-cinder-837355-1-iscsi devstack@c-api.service[110850]: DEBUG cinder.volume.api [None req-fef20a55-1d42-4c6b-99f3-8e293b9fc4c8 tempest-VolumeQuotasAdminTestJSON-1850143772 tempest-VolumeQuotasAdminTestJSON-1850143772-project] Task 'cinder.volume.flows.api.create_volume.ExtractVolumeRequestTask;volume:create' (b540b5b4-85d6-4a7c-8c21-d34e2f85708c) transitioned into state 'RUNNING' from state 'PENDING' {{(pid=110850) _task_receiver /usr/local/lib/python3.8/dist-packages/taskflow/listeners/logging.py:190}}
Apr 11 18:19:33.312670 dv-cinder-837355-1-iscsi devstack@c-api.service[110850]: DEBUG cinder.volume.flows.api.create_volume [None req-fef20a55-1d42-4c6b-99f3-8e293b9fc4c8 tempest-VolumeQuotasAdminTestJSON-1850143772 tempest-VolumeQuotasAdminTestJSON-1850143772-project] Validating volume size '1' using validate_int {{(pid=110850) _extract_size /opt/stack/cinder/cinder/volume/flows/api/create_volume.py:225}}
Apr 11 18:19:33.357928 dv-cinder-837355-1-iscsi devstack@c-api.service[110850]: DEBUG cinder.volume.api [None req-fef20a55-1d42-4c6b-99f3-8e293b9fc4c8 tempest-VolumeQuotasAdminTestJSON-1850143772 tempest-VolumeQuotasAdminTestJSON-1850143772-project] Task 'cinder.volume.flows.api.create_volume.ExtractVolumeRequestTask;volume:create' (b540b5b4-85d6-4a7c-8c21-d34e2f85708c) transitioned into state 'SUCCESS' from state 'RUNNING' with result '{'size': 1, 'snapshot_id': None, 'source_volid': None, 'volume_type': VolumeType(created_at=2022-04-11T18:01:26Z,deleted=False,deleted_at=None,description='Default Volume Type',extra_specs={},id=38e22d25-c79a-4e9f-8ae4-763df1f3c0e0,is_public=True,name='__DEFAULT__',projects=[],qos_specs=,qos_specs_id=None,updated_at=2022-04-11T18:01:26Z), 'volume_type_id': '38e22d25-c79a-4e9f-8ae4-763df1f3c0e0', 'encryption_key_id': None, 'qos_specs': None, 'consistencygroup_id': None, 'cgsnapshot_id': None, 'group_id': None, 'replication_status': 'disabled', 'refresh_az': False, 'backup_id': None, 'multiattach': False, 'availability_zones': ['nova']}' {{(pid=110850) _task_receiver /usr/local/lib/python3.8/dist-packages/taskflow/listeners/logging.py:178}}
