Jun 16 15:05:40.372995 dv-cinder-837353-2-iscsi devstack@n-api.service[103936]: ERROR nova.api.openstack.wsgi return method(req=request, **action_args)
Jun 16 15:05:40.372995 dv-cinder-837353-2-iscsi devstack@n-api.service[103936]: ERROR nova.api.openstack.wsgi
File "/opt/stack/nova/nova/api/openstack/wsgi.py", line 664, in wrapped
Jun 16 15:05:40.372995 dv-cinder-837353-2-iscsi devstack@n-api.service[103936]: ERROR nova.api.openstack.wsgi return f(*args, **kwargs)
Jun 16 15:05:40.372995 dv-cinder-837353-2-iscsi devstack@n-api.service[103936]: ERROR nova.api.openstack.wsgi
File "/opt/stack/nova/nova/api/openstack/compute/flavors.py", line 68, in show
Jun 16 15:05:40.372995 dv-cinder-837353-2-iscsi devstack@n-api.service[103936]: ERROR nova.api.openstack.wsgi raise webob.exc.HTTPNotFound(explanation=e.format_message())
Jun 16 15:05:40.372995 dv-cinder-837353-2-iscsi devstack@n-api.service[103936]: ERROR nova.api.openstack.wsgi webob.exc.HTTPNotFound: Flavor 451 could not be found.
Jun 16 15:05:40.372995 dv-cinder-837353-2-iscsi devstack@n-api.service[103936]: ERROR nova.api.openstack.wsgi
Jun 16 15:05:40.372995 dv-cinder-837353-2-iscsi devstack@n-api.service[103936]: ERROR nova.api.openstack.wsgi During handling of the above exception, another exception occurred:
Jun 16 15:05:40.372995 dv-cinder-837353-2-iscsi devstack@n-api.service[103936]: ERROR nova.api.openstack.wsgi
Jun 16 15:05:40.372995 dv-cinder-837353-2-iscsi devstack@n-api.service[103936]: ERROR nova.api.openstack.wsgi
Traceback (most recent call last):
Jun 16 15:05:40.372995 dv-cinder-837353-2-iscsi devstack@n-api.service[103936]: ERROR nova.api.openstack.wsgi
File "/opt/stack/nova/nova/api/openstack/wsgi.py", line 539, in _process_stack
Jun 16 15:05:40.372995 dv-cinder-837353-2-iscsi devstack@n-api.service[103936]: ERROR nova.api.openstack.wsgi action_result = self.dispatch(meth, request, action_args)
Jun 16 15:05:40.372995 dv-cinder-837353-2-iscsi devstack@n-api.service[103936]: ERROR nova.api.openstack.wsgi
File "/opt/stack/nova/nova/api/openstack/wsgi.py", line 372, in __exit__
Jun 16 15:05:40.372995 dv-cinder-837353-2-iscsi devstack@n-api.service[103936]: ERROR nova.api.openstack.wsgi raise Fault(ex_value)
Jun 16 15:05:40.372995 dv-cinder-837353-2-iscsi devstack@n-api.service[103936]: ERROR nova.api.openstack.wsgi nova.api.openstack.wsgi.Fault: Flavor 451 could not be found.
Jun 16 15:05:40.372995 dv-cinder-837353-2-iscsi devstack@n-api.service[103936]: ERROR nova.api.openstack.wsgi
Jun 16 15:05:40.372995 dv-cinder-837353-2-iscsi devstack@n-api.service[103936]: DEBUG nova.api.openstack.wsgi [None req-04223bbf-7e2a-414e-b1a5-8d25f15ac6d9 admin admin] Returning 404 to user: Flavor 451 could not be found. {{(pid=103936) __call__ /opt/stack/nova/nova/api/openstack/wsgi.py:942}}
Jun 16 15:05:40.374313 dv-cinder-837353-2-iscsi devstack@n-api.service[103936]: INFO nova.api.openstack.requestlog [None req-04223bbf-7e2a-414e-b1a5-8d25f15ac6d9 admin admin] 10.222.0.88 "GET /compute/v2.1/flavors/451" status: 404 len: 76 microversion: 2.90 time: 0.011534
Jun 16 15:05:40.374313 dv-cinder-837353-2-iscsi devstack@n-api.service[103936]: [pid: 103936|app: 0|req: 27/52] 10.222.0.88 () {60 vars in 1193 bytes} [Thu Jun 16 15:05:40 2022] GET /compute/v2.1/flavors/451 => generated 76 bytes in 12 msecs (HTTP/1.1 404) 9 headers in 380 bytes (1 switches on core 0)
Jun 16 15:05:41.249149 dv-cinder-837353-2-iscsi devstack@n-api.service[103935]: DEBUG nova.api.openstack.wsgi [None req-87b4d3f3-c9b0-4e42-ae32-6762bb909bec admin admin] Calling method '>' {{(pid=103935) _process_stack /opt/stack/nova/nova/api/openstack/wsgi.py:513}}
Jun 16 15:05:41.250151 dv-cinder-837353-2-iscsi devstack@n-api.service[103935]: INFO nova.api.openstack.requestlog [None req-87b4d3f3-c9b0-4e42-ae32-6762bb909bec admin admin] 10.222.0.88 "GET /compute/v2.1" status: 200 len: 388 microversion: 2.1 time: 0.001420
Jun 16 15:05:41.250546 dv-cinder-837353-2-iscsi devstack@n-api.service[103935]: [pid: 103935|app: 0|req: 26/53] 10.222.0.88 () {56 vars in 1074 bytes} [Thu Jun 16 15:05:41 2022] GET /compute/v2.1 => generated 388 bytes in 2 msecs (HTTP/1.1 200) 9 headers in 357 bytes (1 switches on core 0)
Jun 16 15:05:41.441178 dv-cinder-837353-2-iscsi devstack@n-api.service[103936]: DEBUG nova.api.openstack.wsgi [None req-7c492d72-f664-4bdc-bc9b-5c9e1c4f0147 admin admin] Action: 'create', calling method: >, body: {"flavor": {"name": "m1.nano", "ram": 256, "vcpus": 1, "disk": 1, "id": "42", "swap": 0, "OS-FLV-EXT-DATA:ephemeral": 0, "rxtx_factor": 1.0, "os-flavor-access:is_public": true}} {{(pid=103936) _process_stack /opt/stack/nova/nova/api/openstack/wsgi.py:511}}
Jun 16 15:05:41.513502 dv-cinder-837353-2-iscsi devstack@n-api.service[103936]: INFO nova.api.openstack.requestlog [None req-7c492d72-f664-4bdc-bc9b-5c9e1c4f0147 admin admin] 10.222.0.88 "POST /compute/v2.1/flavors" status: 200 len: 404 microversion: 2.90 time: 0.123903
Jun 16 15:05:41.513975 dv-cinder-837353-2-iscsi devstack@n-api.service[103936]: [pid: 103936|app: 0|req: 28/54] 10.222.0.88 () {64 vars in 1235 bytes} [Thu Jun 16 15:05:41 2022] POST /compute/v2.1/flavors => generated 404 bytes in 125 msecs (HTTP/1.1 200) 9 headers in 359 bytes (1 switches on core 0)
Jun 16 15:05:42.421446 dv-cinder-837353-2-iscsi devstack@n-api.service[103935]: DEBUG nova.api.openstack.wsgi [None req-87b4d3f3-c9b0-4e42-ae32-6762bb909bec admin admin] Calling method '>' {{(pid=103935) _process_stack /opt/stack/nova/nova/api/openstack/wsgi.py:513}}
Jun 16 15:05:42.422445 dv-cinder-837353-2-iscsi devstack@n-api.service[103935]: INFO nova.api.openstack.requestlog [None req-87b4d3f3-c9b0-4e42-ae32-6762bb909bec admin admin] 10.222.0.88 "GET /compute/v2.1" status: 200 len: 388 microversion: 2.1 time: 0.001415
Jun 16 15:05:42.453270 dv-cinder-837353-2-iscsi devstack@n-api.service[103935]: [pid: 103935|app: 0|req: 27/55] 10.222.0.88 () {56 vars in 1074 bytes} [Thu Jun 16 15:05:42 2022] GET /compute/v2.1 => generated 388 bytes in 2 msecs (HTTP/1.1 200) 9 headers in 357 bytes (1 switches on core 0)
Jun 16 15:05:42.614316 dv-cinder-837353-2-iscsi devstack@n-api.service[103936]: DEBUG nova.api.openstack.wsgi [None req-3dc7087f-c620-4942-a0ec-889a400bb4a8 admin admin] Action: 'create', calling method: >, body: {"flavor": {"name": "m1.micro", "ram": 256, "vcpus": 1, "disk": 2, "id": "84", "swap": 0, "OS-FLV-EXT-DATA:ephemeral": 0, "rxtx_factor": 1.0, "os-flavor-access:is_public": true}} {{(pid=103936) _process_stack /opt/stack/nova/nova/api/openstack/wsgi.py:511}}
Jun 16 15:05:42.708031 dv-cinder-837353-2-iscsi devstack@n-api.service[103936]: INFO nova.api.openstack.requestlog [None req-3dc7087f-c620-4942-a0ec-889a400bb4a8 admin admin] 10.222.0.88 "POST /compute/v2.1/flavors" status: 200 len: 405 microversion: 2.90 time: 0.144450
Jun 16 15:05:42.708516 dv-cinder-837353-2-iscsi devstack@n-api.service[103936]: [pid: 103936|app: 0|req: 29/56] 10.222.0.88 () {64 vars in 1235 bytes} [Thu Jun 16 15:05:42 2022] POST /compute/v2.1/flavors => generated 405 bytes in 146 msecs (HTTP/1.1 200) 9 headers in 359 bytes (1 switches on core 0)
Jun 16 15:05:43.587383 dv-cinder-837353-2-iscsi devstack@n-api.service[103935]: DEBUG nova.api.openstack.wsgi [None req-87b4d3f3-c9b0-4e42-ae32-6762bb909bec admin admin] Calling method '>' {{(pid=103935) _process_stack /opt/stack/nova/nova/api/openstack/wsgi.py:513}}
Jun 16 15:05:43.588498 dv-cinder-837353-2-iscsi devstack@n-api.service[103935]: INFO nova.api.openstack.requestlog [None req-87b4d3f3-c9b0-4e42-ae32-6762bb909bec admin admin] 10.222.0.88 "GET /compute/v2.1" status: 200 len: 388 microversion: 2.1 time: 0.001463
Jun 16 15:05:43.588917 dv-cinder-837353-2-iscsi devstack@n-api.service[103935]: [pid: 103935|app: 0|req: 28/57] 10.222.0.88 () {56 vars in 1074 bytes} [Thu Jun 16 15:05:43 2022] GET /compute/v2.1 => generated 388 bytes in 2 msecs (HTTP/1.1 200) 9 headers in 357 bytes (1 switches on core 0)
Jun 16 15:05:43.786929 dv-cinder-837353-2-iscsi devstack@n-api.service[103936]: DEBUG nova.api.openstack.wsgi [None req-5ad4571e-ba0d-4ea1-9a7a-4d2febb842e6 admin admin] Action: 'create', calling method: >, body: {"flavor": {"name": "m1.heat", "ram": 512, "vcpus": 1, "disk": 1, "id": "451", "swap": 0, "OS-FLV-EXT-DATA:ephemeral": 0, "rxtx_factor": 1.0, "os-flavor-access:is_public": true}} {{(pid=103936) _process_stack /opt/stack/nova/nova/api/openstack/wsgi.py:511}}
Jun 16 15:05:43.879800 dv-cinder-837353-2-iscsi devstack@n-api.service[103936]: INFO nova.api.openstack.requestlog [None req-5ad4571e-ba0d-4ea1-9a7a-4d2febb842e6 admin admin] 10.222.0.88 "POST /compute/v2.1/flavors" status: 200 len: 407 microversion: 2.90 time: 0.144397
Jun 16 15:05:43.880616 dv-cinder-837353-2-iscsi devstack@n-api.service[103936]: [pid: 103936|app: 0|req: 30/58] 10.222.0.88 () {64 vars in 1235 bytes} [Thu Jun 16 15:05:43 2022] POST /compute/v2.1/flavors => generated 407 bytes in 146 msecs (HTTP/1.1 200) 9 headers in 359 bytes (1 switches on core 0)
Jun 16 15:05:44.753877 dv-cinder-837353-2-iscsi devstack@n-api.service[103935]: DEBUG nova.api.openstack.wsgi [None req-87b4d3f3-c9b0-4e42-ae32-6762bb909bec admin admin] Calling method '>' {{(pid=103935) _process_stack /opt/stack/nova/nova/api/openstack/wsgi.py:513}}
Jun 16 15:05:44.754877 dv-cinder-837353-2-iscsi devstack@n-api.service[103935]: INFO nova.api.openstack.requestlog [None req-87b4d3f3-c9b0-4e42-ae32-6762bb909bec admin admin] 10.222.0.88 "GET /compute/v2.1" status: 200 len: 388 microversion: 2.1 time: 0.001674
Jun 16 15:05:44.755269 dv-cinder-837353-2-iscsi devstack@n-api.service[103935]: [pid: 103935|app: 0|req: 29/59] 10.222.0.88 () {56 vars in 1074 bytes} [Thu Jun 16 15:05:44 2022] GET /compute/v2.1 => generated 388 bytes in 2 msecs (HTTP/1.1 200) 9 headers in 357 bytes (1 switches on core 0)
Jun 16 15:05:44.947417 dv-cinder-837353-2-iscsi devstack@n-api.service[103936]: DEBUG nova.api.openstack.wsgi [None req-dae483fd-3fde-493c-98c4-9e7f3a481a4e admin admin] Action: 'create', calling method: >, body: {"flavor": {"name": "m1.heat2", "ram": 1024, "vcpus": 1, "disk": 1, "id": "452", "swap": 0, "OS-FLV-EXT-DATA:ephemeral": 0, "rxtx_factor": 1.0, "os-flavor-access:is_public": true}} {{(pid=103936) _process_stack /opt/stack/nova/nova/api/openstack/wsgi.py:511}}
Jun 16 15:05:45.079235 dv-cinder-837353-2-iscsi devstack@n-api.service[103936]: INFO nova.api.openstack.requestlog [None req-dae483fd-3fde-493c-98c4-9e7f3a481a4e admin admin] 10.222.0.88 "POST /compute/v2.1/flavors" status: 200 len: 409 microversion: 2.90 time: 0.183808
Jun 16 15:05:45.079803 dv-cinder-837353-2-iscsi devstack@n-api.service[103936]: [pid: 103936|app: 0|req: 31/60] 10.222.0.88 () {64 vars in 1235 bytes} [Thu Jun 16 15:05:44 2022] POST /compute/v2.1/flavors => generated 409 bytes in 185 msecs (HTTP/1.1 200) 9 headers in 359 bytes (1 switches on core 0)
Jun 16 15:05:45.949923 dv-cinder-837353-2-iscsi devstack@n-api.service[103935]: DEBUG nova.api.openstack.wsgi [None req-87b4d3f3-c9b0-4e42-ae32-6762bb909bec admin admin] Calling method '>' {{(pid=103935) _process_stack /opt/stack/nova/nova/api/openstack/wsgi.py:513}}
Jun 16 15:05:45.950957 dv-cinder-837353-2-iscsi devstack@n-api.service[103935]: INFO nova.api.openstack.requestlog [None req-87b4d3f3-c9b0-4e42-ae32-6762bb909bec admin admin] 10.222.0.88 "GET /compute/v2.1" status: 200 len: 388 microversion: 2.1 time: 0.001420
Jun 16 15:05:45.951353 dv-cinder-837353-2-iscsi devstack@n-api.service[103935]: [pid: 103935|app: 0|req: 30/61] 10.222.0.88 () {56 vars in 1074 bytes} [Thu Jun 16 15:05:45 2022] GET /compute/v2.1 => generated 388 bytes in 2 msecs (HTTP/1.1 200) 9 headers in 357 bytes (1 switches on core 0)
Jun 16 15:05:46.143601 dv-cinder-837353-2-iscsi devstack@n-api.service[103936]: DEBUG nova.api.openstack.wsgi [None req-e2adc8dc-3c3f-4bda-bbd3-5eecd2ea1a5c admin admin] Calling method '>' {{(pid=103936) _process_stack /opt/stack/nova/nova/api/openstack/wsgi.py:513}}
Jun 16 15:05:46.162753 dv-cinder-837353-2-iscsi devstack@n-api.service[103936]: INFO nova.api.openstack.requestlog [None req-e2adc8dc-3c3f-4bda-bbd3-5eecd2ea1a5c admin admin] 10.222.0.88 "GET /compute/v2.1/flavors/detail" status: 200 len: 5777 microversion: 2.90 time: 0.072166
Jun 16 15:05:46.163217 dv-cinder-837353-2-iscsi devstack@n-api.service[103936]: [pid: 103936|app: 0|req: 32/62] 10.222.0.88 () {60 vars in 1202 bytes} [Thu Jun 16 15:05:46 2022] GET /compute/v2.1/flavors/detail => generated 5777 bytes in 73 msecs (HTTP/1.1 200) 9 headers in 360 bytes (1 switches on core 0)
Jun 16 15:06:34.617031 dv-cinder-837353-2-iscsi devstack@n-api.service[103935]: DEBUG nova.api.openstack.wsgi [None req-87b4d3f3-c9b0-4e42-ae32-6762bb909bec admin admin] Calling method '>' {{(pid=103935) _process_stack /opt/stack/nova/nova/api/openstack/wsgi.py:513}}
Jun 16 15:06:34.618044 dv-cinder-837353-2-iscsi devstack@n-api.service[103935]: INFO nova.api.openstack.requestlog [None req-87b4d3f3-c9b0-4e42-ae32-6762bb909bec admin admin] 10.222.0.88 "GET /compute/v2.1" status: 200 len: 388 microversion: 2.1 time: 0.001476
Jun 16 15:06:34.618444 dv-cinder-837353-2-iscsi devstack@n-api.service[103935]: [pid: 103935|app: 0|req: 31/63] 10.222.0.88 () {54 vars in 930 bytes} [Thu Jun 16 15:06:34 2022] GET /compute/v2.1 => generated 388 bytes in 2 msecs (HTTP/1.1 200) 9 headers in 357 bytes (1 switches on core 0)
Jun 16 15:06:34.629730 dv-cinder-837353-2-iscsi devstack@n-api.service[103936]: DEBUG dbcounter [-] [103936] Writing DB stats nova_api:SELECT=26,nova_api:INSERT=4 {{(pid=103936) stat_writer /usr/local/lib/python3.8/dist-packages/dbcounter.py:114}}
Jun 16 15:06:34.678223 dv-cinder-837353-2-iscsi devstack@n-api.service[103936]: DEBUG nova.api.openstack.wsgi [None req-8102bb6e-6df9-4e01-a516-d9593f701efc admin admin] Calling method '>' {{(pid=103936) _process_stack /opt/stack/nova/nova/api/openstack/wsgi.py:513}}
Jun 16 15:06:34.698592 dv-cinder-837353-2-iscsi devstack@n-api.service[103936]: INFO nova.api.openstack.requestlog [None req-8102bb6e-6df9-4e01-a516-d9593f701efc admin admin] 10.222.0.88 "GET /compute/v2.1/flavors/detail?is_public=True" status: 200 len: 5791 microversion: 2.61 time: 0.073525
Jun 16 15:06:34.699101 dv-cinder-837353-2-iscsi devstack@n-api.service[103936]: [pid: 103936|app: 0|req: 33/64] 10.222.0.88 () {60 vars in 1291 bytes} [Thu Jun 16 15:06:34 2022] GET /compute/v2.1/flavors/detail?is_public=True => generated 5791 bytes in 75 msecs (HTTP/1.1 200) 9 headers in 360 bytes (1 switches on core 0)
Jun 16 15:06:34.721611 dv-cinder-837353-2-iscsi devstack@n-api.service[103935]: DEBUG nova.api.openstack.wsgi [None req-a141d673-34d1-446a-9910-e1f7c681f6e7 admin admin] Calling method '>' {{(pid=103935) _process_stack /opt/stack/nova/nova/api/openstack/wsgi.py:513}}
Jun 16 15:06:34.725048 dv-cinder-837353-2-iscsi devstack@n-api.service[103935]: DEBUG dbcounter [-] [103935] Writing DB stats nova_api:SELECT=14 {{(pid=103935) stat_writer /usr/local/lib/python3.8/dist-packages/dbcounter.py:114}}
Jun 16 15:06:34.730489 dv-cinder-837353-2-iscsi devstack@n-api.service[103935]: INFO nova.api.openstack.requestlog [None req-a141d673-34d1-446a-9910-e1f7c681f6e7 admin admin] 10.222.0.88 "GET /compute/v2.1/flavors/42/os-extra_specs" status: 200 len: 19 microversion: 2.61 time: 0.012577
Jun 16 15:06:34.731003 dv-cinder-837353-2-iscsi devstack@n-api.service[103935]: [pid: 103935|app: 0|req: 32/65] 10.222.0.88 () {60 vars in 1282 bytes} [Thu Jun 16 15:06:34 2022] GET /compute/v2.1/flavors/42/os-extra_specs => generated 19 bytes in 14 msecs (HTTP/1.1 200) 9 headers in 358 bytes (1 switches on core 0)
Jun 16 15:06:34.742567 dv-cinder-837353-2-iscsi devstack@n-api.service[103936]: DEBUG nova.api.openstack.wsgi [None req-69d94897-9bbe-46c7-96f6-0626d958b058 admin admin] Calling method '>' {{(pid=103936) _process_stack /opt/stack/nova/nova/api/openstack/wsgi.py:513}}
Jun 16 15:06:34.750827 dv-cinder-837353-2-iscsi devstack@n-api.service[103936]: INFO nova.api.openstack.requestlog [None req-69d94897-9bbe-46c7-96f6-0626d958b058 admin admin] 10.222.0.88 "GET /compute/v2.1/flavors/451/os-extra_specs" status: 200 len: 19 microversion: 2.61 time: 0.011881
Jun 16 15:06:34.751353 dv-cinder-837353-2-iscsi devstack@n-api.service[103936]: [pid: 103936|app: 0|req: 34/66] 10.222.0.88 () {60 vars in 1285 bytes} [Thu Jun 16 15:06:34 2022] GET /compute/v2.1/flavors/451/os-extra_specs => generated 19 bytes in 13 msecs (HTTP/1.1 200) 9 headers in 358 bytes (1 switches on core 0)
Jun 16 15:06:34.763957 dv-cinder-837353-2-iscsi devstack@n-api.service[103935]: DEBUG nova.api.openstack.wsgi [None req-06c4d380-b9a4-41f5-83f7-5abad9fe99b0 admin admin] Calling method '>' {{(pid=103935) _process_stack /opt/stack/nova/nova/api/openstack/wsgi.py:513}}
Jun 16 15:06:34.771332 dv-cinder-837353-2-iscsi devstack@n-api.service[103935]: INFO nova.api.openstack.requestlog [None req-06c4d380-b9a4-41f5-83f7-5abad9fe99b0 admin admin] 10.222.0.88 "GET /compute/v2.1/flavors/452/os-extra_specs" status: 200 len: 19 microversion: 2.61 time: 0.011878
Jun 16 15:06:34.771844 dv-cinder-837353-2-iscsi devstack@n-api.service[103935]: [pid: 103935|app: 0|req: 33/67] 10.222.0.88 () {60 vars in 1285 bytes} [Thu Jun 16 15:06:34 2022] GET /compute/v2.1/flavors/452/os-extra_specs => generated 19 bytes in 13 msecs (HTTP/1.1 200) 9 headers in 358 bytes (1 switches on core 0)
Jun 16 15:06:34.783170 dv-cinder-837353-2-iscsi devstack@n-api.service[103936]: DEBUG nova.api.openstack.wsgi [None req-b4b9844a-95f0-4b21-8b84-eb80619d9b0f admin admin] Calling method '>' {{(pid=103936) _process_stack /opt/stack/nova/nova/api/openstack/wsgi.py:513}}
Jun 16 15:06:34.790696 dv-cinder-837353-2-iscsi devstack@n-api.service[103936]: INFO nova.api.openstack.requestlog [None req-b4b9844a-95f0-4b21-8b84-eb80619d9b0f admin admin] 10.222.0.88 "GET /compute/v2.1/flavors/84/os-extra_specs" status: 200 len: 19 microversion: 2.61 time: 0.010998
Jun 16 15:06:34.791206 dv-cinder-837353-2-iscsi devstack@n-api.service[103936]: [pid: 103936|app: 0|req: 35/68] 10.222.0.88 () {60 vars in 1282 bytes} [Thu Jun 16 15:06:34 2022] GET /compute/v2.1/flavors/84/os-extra_specs => generated 19 bytes in 12 msecs (HTTP/1.1 200) 9 headers in 358 bytes (1 switches on core 0)