Apr 11 17:52:41.256581 dv-cinder-837353-1-iscsi neutron-server[114851]: DEBUG neutron.api.v2.base [None req-99f367d1-95cf-400d-8c56-efccbbd486da admin admin] Request body: {'network': {'name': 'tempest-TestShelveInstance-1628065752-network', 'tenant_id': '6c71b0f821474346aaf840b827812a6e'}} {{(pid=114851) prepare_request_body /opt/stack/neutron/neutron/api/v2/base.py:729}}
Apr 11 17:52:41.270253 dv-cinder-837353-1-iscsi neutron-server[114850]: DEBUG neutron.wsgi [-] (114850) accepted ('10.222.0.76', 50964) {{(pid=114850) server /usr/local/lib/python3.8/dist-packages/eventlet/wsgi.py:1004}}
Apr 11 17:52:41.286616 dv-cinder-837353-1-iscsi neutron-server[114851]: DEBUG neutron.scheduler.dhcp_agent_scheduler [None req-6b28aacf-0785-4462-a98a-ecf4518f5a10 admin admin] Network 1f23ffb6-553d-4cfe-bd65-e498dc283723 is scheduled to be hosted by DHCP agent 0ffe6ed9-7784-42e4-9036-7c9518cc394f with binding_index 1 {{(pid=114851) bind /opt/stack/neutron/neutron/scheduler/dhcp_agent_scheduler.py:227}}
Apr 11 17:52:41.291680 dv-cinder-837353-1-iscsi neutron-server[114850]: DEBUG neutron_lib.callbacks.manager [None req-d92cbf78-a9e1-4689-87bf-74f9df7ac1eb admin admin] Publish callbacks [] for security_group (None), before_create {{(pid=114850) _notify_loop /usr/local/lib/python3.8/dist-packages/neutron_lib/callbacks/manager.py:176}}
Apr 11 17:52:41.294010 dv-cinder-837353-1-iscsi neutron-server[114851]: DEBUG neutron.pecan_wsgi.hooks.quota_enforcement [None req-99f367d1-95cf-400d-8c56-efccbbd486da admin admin] Made reservation on behalf of 6c71b0f821474346aaf840b827812a6e for: {'network': 1} {{(pid=114851) before /opt/stack/neutron/neutron/pecan_wsgi/hooks/quota_enforcement.py:53}}
Apr 11 17:52:41.296476 dv-cinder-837353-1-iscsi neutron-server[114851]: DEBUG neutron_lib.callbacks.manager [None req-99f367d1-95cf-400d-8c56-efccbbd486da admin admin] Publish callbacks ['neutron.plugins.ml2.plugin.SecurityGroupDbMixin._ensure_default_security_group_handler-610390'] for network (None), before_create {{(pid=114851) _notify_loop /usr/local/lib/python3.8/dist-packages/neutron_lib/callbacks/manager.py:176}}
Apr 11 17:52:41.306446 dv-cinder-837353-1-iscsi neutron-server[114851]: DEBUG neutron.scheduler.base_scheduler [None req-6b28aacf-0785-4462-a98a-ecf4518f5a10 admin admin] Resources bound (agent type, host, resource id): (DHCP agent, dv-cinder-837353-1-iscsi, 1f23ffb6-553d-4cfe-bd65-e498dc283723) {{(pid=114851) schedule /opt/stack/neutron/neutron/scheduler/base_scheduler.py:57}}
Apr 11 17:52:41.308374 dv-cinder-837353-1-iscsi neutron-server[114851]: DEBUG neutron_lib.callbacks.manager [None req-99f367d1-95cf-400d-8c56-efccbbd486da admin admin] Publish callbacks [] for security_group (None), before_create {{(pid=114851) _notify_loop /usr/local/lib/python3.8/dist-packages/neutron_lib/callbacks/manager.py:176}}
Apr 11 17:52:41.312525 dv-cinder-837353-1-iscsi neutron-server[114850]: DEBUG neutron_lib.callbacks.manager [None req-2c419323-1554-48d2-ae0c-1dc065857127 admin admin] Publish callbacks ['neutron.plugins.ml2.plugin.Ml2Plugin._handle_segment_change-648628'] for segment (8a9a3ac3-e483-499c-9543-e5abd7c04773), precommit_delete {{(pid=114850) _notify_loop /usr/local/lib/python3.8/dist-packages/neutron_lib/callbacks/manager.py:176}}
Apr 11 17:52:41.313287 dv-cinder-837353-1-iscsi neutron-server[114851]: DEBUG neutron.pecan_wsgi.hooks.policy_enforcement [None req-6b28aacf-0785-4462-a98a-ecf4518f5a10 admin admin] Attributes excluded by policy engine: ['standard_attr_id', 'shared', 'segment_id', 'network'] {{(pid=114851) _exclude_attributes_by_policy /opt/stack/neutron/neutron/pecan_wsgi/hooks/policy_enforcement.py:255}}
Apr 11 17:52:41.314011 dv-cinder-837353-1-iscsi neutron-server[114851]: DEBUG neutron_lib.callbacks.manager [None req-6b28aacf-0785-4462-a98a-ecf4518f5a10 admin admin] Publish callbacks [] for subnet (None), before_response {{(pid=114851) _notify_loop /usr/local/lib/python3.8/dist-packages/neutron_lib/callbacks/manager.py:176}}
Apr 11 17:52:41.317220 dv-cinder-837353-1-iscsi neutron-server[114852]: DEBUG neutron.api.rpc.handlers.dhcp_rpc [None req-b2e82c97-d4b1-4795-8e85-52bc027984fe None None] Network 1f23ffb6-553d-4cfe-bd65-e498dc283723 requested from dv-cinder-837353-1-iscsi {{(pid=114852) get_network_info /opt/stack/neutron/neutron/api/rpc/handlers/dhcp_rpc.py:191}}
Apr 11 17:52:41.357100 dv-cinder-837353-1-iscsi neutron-server[114850]: DEBUG neutron.plugins.ml2.drivers.type_vlan [None req-2c419323-1554-48d2-ae0c-1dc065857127 admin admin] Releasing vlan 888 on physical network physnet1 to pool {{(pid=114850) release_segment /opt/stack/neutron/neutron/plugins/ml2/drivers/type_vlan.py:304}}
Apr 11 17:52:41.357653 dv-cinder-837353-1-iscsi neutron-server[114850]: DEBUG neutron_lib.callbacks.manager [None req-2c419323-1554-48d2-ae0c-1dc065857127 admin admin] Publish callbacks ['neutron.plugins.ml2.plugin.Ml2Plugin._handle_segment_change-648628', 'neutron.services.segments.plugin.NovaSegmentNotifier._notify_segment_deleted-25604082'] for segment (8a9a3ac3-e483-499c-9543-e5abd7c04773), after_delete {{(pid=114850) _notify_loop /usr/local/lib/python3.8/dist-packages/neutron_lib/callbacks/manager.py:176}}
Apr 11 17:52:41.362539 dv-cinder-837353-1-iscsi neutron-server[114850]: /usr/lib/python3/dist-packages/secretstorage/dhcrypto.py:15: CryptographyDeprecationWarning: int_from_bytes is deprecated, use int.from_bytes instead
Apr 11 17:52:41.362539 dv-cinder-837353-1-iscsi neutron-server[114850]: from cryptography.utils import int_from_bytes
Apr 11 17:52:41.362539 dv-cinder-837353-1-iscsi neutron-server[114850]: /usr/lib/python3/dist-packages/secretstorage/util.py:19: CryptographyDeprecationWarning: int_from_bytes is deprecated, use int.from_bytes instead
Apr 11 17:52:41.362539 dv-cinder-837353-1-iscsi neutron-server[114850]: from cryptography.utils import int_from_bytes
Apr 11 17:52:41.362539 dv-cinder-837353-1-iscsi neutron-server[114850]: Traceback (most recent call last):
Apr 11 17:52:41.362539 dv-cinder-837353-1-iscsi neutron-server[114850]: File "/usr/local/lib/python3.8/dist-packages/eventlet/hubs/hub.py", line 476, in fire_timers
Apr 11 17:52:41.362539 dv-cinder-837353-1-iscsi neutron-server[114850]: timer()
Apr 11 17:52:41.362539 dv-cinder-837353-1-iscsi neutron-server[114850]: File "/usr/local/lib/python3.8/dist-packages/eventlet/hubs/timer.py", line 59, in __call__
Apr 11 17:52:41.362539 dv-cinder-837353-1-iscsi neutron-server[114850]: cb(*args, **kw)
Apr 11 17:52:41.362539 dv-cinder-837353-1-iscsi neutron-server[114850]: File "/opt/stack/neutron/neutron/common/utils.py", line 921, in wrapper
Apr 11 17:52:41.362539 dv-cinder-837353-1-iscsi neutron-server[114850]: return func(*args, **kwargs)
Apr 11 17:52:41.362539 dv-cinder-837353-1-iscsi neutron-server[114850]: File "/opt/stack/neutron/neutron/notifiers/batch_notifier.py", line 58, in synced_send
Apr 11 17:52:41.362539 dv-cinder-837353-1-iscsi neutron-server[114850]: self._notify()
Apr 11 17:52:41.362539 dv-cinder-837353-1-iscsi neutron-server[114850]: File "/opt/stack/neutron/neutron/notifiers/batch_notifier.py", line 69, in _notify
Apr 11 17:52:41.362539 dv-cinder-837353-1-iscsi neutron-server[114850]: self.callback(batched_events)
Apr 11 17:52:41.362539 dv-cinder-837353-1-iscsi neutron-server[114850]: File "/opt/stack/neutron/neutron/services/segments/plugin.py", line 211, in _send_notifications
Apr 11 17:52:41.362539 dv-cinder-837353-1-iscsi neutron-server[114850]: event.method(event)
Apr 11 17:52:41.362539 dv-cinder-837353-1-iscsi neutron-server[114850]: File "/opt/stack/neutron/neutron/services/segments/plugin.py", line 383, in _delete_nova_inventory
Apr 11 17:52:41.362539 dv-cinder-837353-1-iscsi neutron-server[114850]: aggregate_id = self._get_aggregate_id(event.segment_id)
Apr 11 17:52:41.362539 dv-cinder-837353-1-iscsi neutron-server[114850]: File "/opt/stack/neutron/neutron/services/segments/plugin.py", line 370, in _get_aggregate_id
Apr 11 17:52:41.362539 dv-cinder-837353-1-iscsi neutron-server[114850]: aggregate_uuid = self.p_client.list_aggregates(
Apr 11 17:52:41.362539 dv-cinder-837353-1-iscsi neutron-server[114850]: File "/usr/local/lib/python3.8/dist-packages/neutron_lib/placement/client.py", line 58, in wrapper
Apr 11 17:52:41.362539 dv-cinder-837353-1-iscsi neutron-server[114850]: return f(self, *a, **k)
Apr 11 17:52:41.362539 dv-cinder-837353-1-iscsi neutron-server[114850]: File "/usr/local/lib/python3.8/dist-packages/neutron_lib/placement/client.py", line 554, in list_aggregates
Apr 11 17:52:41.362539 dv-cinder-837353-1-iscsi neutron-server[114850]: return self._get(url).json()
Apr 11 17:52:41.362539 dv-cinder-837353-1-iscsi neutron-server[114850]: File "/usr/local/lib/python3.8/dist-packages/neutron_lib/placement/client.py", line 190, in _get
Apr 11 17:52:41.362539 dv-cinder-837353-1-iscsi neutron-server[114850]: return self._client.get(url, endpoint_filter=self._ks_filter,
Apr 11 17:52:41.362539 dv-cinder-837353-1-iscsi neutron-server[114850]: File "/usr/local/lib/python3.8/dist-packages/keystoneauth1/session.py", line 1141, in get
Apr 11 17:52:41.362539 dv-cinder-837353-1-iscsi neutron-server[114850]: return self.request(url, 'GET', **kwargs)
Apr 11 17:52:41.362539 dv-cinder-837353-1-iscsi neutron-server[114850]: File "/usr/local/lib/python3.8/dist-packages/keystoneauth1/session.py", line 811, in request
Apr 11 17:52:41.362539 dv-cinder-837353-1-iscsi neutron-server[114850]: base_url = self.get_endpoint(auth, allow=allow,
Apr 11 17:52:41.362539 dv-cinder-837353-1-iscsi neutron-server[114850]: File "/usr/local/lib/python3.8/dist-packages/keystoneauth1/session.py", line 1241, in get_endpoint
Apr 11 17:52:41.362539 dv-cinder-837353-1-iscsi neutron-server[114850]: auth = self._auth_required(auth, 'determine endpoint URL')
Apr 11 17:52:41.362539 dv-cinder-837353-1-iscsi neutron-server[114850]: File "/usr/local/lib/python3.8/dist-packages/keystoneauth1/session.py", line 1181, in _auth_required
Apr 11 17:52:41.362539 dv-cinder-837353-1-iscsi neutron-server[114850]: raise exceptions.MissingAuthPlugin(msg_fmt % msg)
Apr 11 17:52:41.362539 dv-cinder-837353-1-iscsi neutron-server[114850]: keystoneauth1.exceptions.auth_plugins.MissingAuthPlugin: An auth plugin is required to determine endpoint URL
Apr 11 17:52:41.372991 dv-cinder-837353-1-iscsi neutron-server[114851]: INFO neutron.wsgi [None req-6b28aacf-0785-4462-a98a-ecf4518f5a10 admin admin] 10.222.0.76 "POST /v2.0/subnets HTTP/1.1" status: 201 len: 845 time: 0.6753106
Apr 11 17:52:41.423139 dv-cinder-837353-1-iscsi neutron-server[114850]: DEBUG neutron.pecan_wsgi.hooks.policy_enforcement [req-417c775e-75c3-472c-9929-f5ec26a07288 req-cdace431-323f-45e9-bc73-20931c1e0fc9 tempest-ServerRescueNegativeTestJSON-1609268047 tempest-ServerRescueNegativeTestJSON-1609268047-project] Attributes excluded by policy engine: ['standard_attr_id', 'binding:profile', 'binding:host_id', 'binding:vif_type', 'binding:vif_details'] {{(pid=114850) _exclude_attributes_by_policy /opt/stack/neutron/neutron/pecan_wsgi/hooks/policy_enforcement.py:255}}
Apr 11 17:52:41.427287 dv-cinder-837353-1-iscsi neutron-server[114850]: INFO neutron.wsgi [req-417c775e-75c3-472c-9929-f5ec26a07288 req-cdace431-323f-45e9-bc73-20931c1e0fc9 tempest-ServerRescueNegativeTestJSON-1609268047 tempest-ServerRescueNegativeTestJSON-1609268047-project] 10.222.0.76 "GET /v2.0/ports?device_id=28fc59fe-a713-40f7-84a0-9fa1d0bb29a2 HTTP/1.1" status: 200 len: 945 time: 0.1367829
Apr 11 17:52:41.520117 dv-cinder-837353-1-iscsi neutron-server[114852]: DEBUG neutron.api.rpc.handlers.dhcp_rpc [None req-42a91c2d-178e-4481-8c4b-2017448d5186 None None] Network 1f23ffb6-553d-4cfe-bd65-e498dc283723 requested from dv-cinder-837353-1-iscsi {{(pid=114852) get_network_info /opt/stack/neutron/neutron/api/rpc/handlers/dhcp_rpc.py:191}}
Apr 11 17:52:41.536983 dv-cinder-837353-1-iscsi neutron-server[114851]: DEBUG neutron_lib.callbacks.manager [None req-99f367d1-95cf-400d-8c56-efccbbd486da admin admin] Publish callbacks [] for security_group (2aba02e5-a1e5-4c66-8c21-b1f64aa05524), precommit_create {{(pid=114851) _notify_loop /usr/local/lib/python3.8/dist-packages/neutron_lib/callbacks/manager.py:176}}
Apr 11 17:52:41.545967 dv-cinder-837353-1-iscsi neutron-server[114851]: DEBUG neutron_lib.callbacks.manager [None req-99f367d1-95cf-400d-8c56-efccbbd486da admin admin] Publish callbacks ['neutron.plugins.ml2.ovo_rpc._ObjectChangeHandler.handle_event-1676063'] for security_group (2aba02e5-a1e5-4c66-8c21-b1f64aa05524), after_create {{(pid=114851) _notify_loop /usr/local/lib/python3.8/dist-packages/neutron_lib/callbacks/manager.py:176}}
Apr 11 17:52:41.593699 dv-cinder-837353-1-iscsi neutron-server[114850]: DEBUG neutron_lib.callbacks.manager [None req-2c419323-1554-48d2-ae0c-1dc065857127 admin admin] Publish callbacks ['neutron.plugins.ml2.plugin.Ml2Plugin._network_delete_after_delete_handler-652987', 'neutron.plugins.ml2.ovo_rpc._ObjectChangeHandler.handle_event-1676238', 'neutron.api.rpc.agentnotifiers.dhcp_rpc_agent_api.DhcpAgentNotifyAPI._native_event_send_dhcp_notification-1588677', 'neutron.services.l3_router.l3_router_plugin.DVRResourceOperationHandler.delete_fip_namespaces_for_ext_net-1594266'] for network (96ff1c25-079a-4df3-aca3-54d8f49265de), after_delete {{(pid=114850) _notify_loop /usr/local/lib/python3.8/dist-packages/neutron_lib/callbacks/manager.py:176}}
Apr 11 17:52:41.622725 dv-cinder-837353-1-iscsi neutron-server[114850]: DEBUG neutron_lib.callbacks.manager [None req-2c419323-1554-48d2-ae0c-1dc065857127 admin admin] Publish callbacks ['neutron.api.rpc.agentnotifiers.dhcp_rpc_agent_api.DhcpAgentNotifyAPI._send_dhcp_notification-1588535'] for network (None), before_response {{(pid=114850) _notify_loop /usr/local/lib/python3.8/dist-packages/neutron_lib/callbacks/manager.py:176}}
Apr 11 17:52:41.634126 dv-cinder-837353-1-iscsi neutron-server[114850]: INFO neutron.wsgi [None req-2c419323-1554-48d2-ae0c-1dc065857127 admin admin] 10.222.0.76 "DELETE /v2.0/networks/96ff1c25-079a-4df3-aca3-54d8f49265de HTTP/1.1" status: 204 len: 168 time: 1.0016384
Apr 11 17:52:41.647495 dv-cinder-837353-1-iscsi neutron-server[114851]: DEBUG neutron.api.rpc.handlers.resources_rpc [None req-99f367d1-95cf-400d-8c56-efccbbd486da admin admin] Pushing event updated for resources: {'SecurityGroup': ['ID=2aba02e5-a1e5-4c66-8c21-b1f64aa05524,revision_number=1']} {{(pid=114851) push /opt/stack/neutron/neutron/api/rpc/handlers/resources_rpc.py:237}}
Apr 11 17:52:41.663683 dv-cinder-837353-1-iscsi neutron-server[114851]: DEBUG neutron.plugins.ml2.drivers.helpers [None req-99f367d1-95cf-400d-8c56-efccbbd486da admin admin] vlan segment allocate from pool success with {'physical_network': 'physnet1', 'vlan_id': 864} {{(pid=114851) allocate_partially_specified_segment /opt/stack/neutron/neutron/plugins/ml2/drivers/helpers.py:153}}
Apr 11 17:52:41.668809 dv-cinder-837353-1-iscsi neutron-server[114850]: INFO neutron.wsgi [req-417c775e-75c3-472c-9929-f5ec26a07288 req-bf5832a3-390a-46be-91dd-f1a3169e026e tempest-ServerRescueNegativeTestJSON-1609268047 tempest-ServerRescueNegativeTestJSON-1609268047-project] 10.222.0.76 "GET /v2.0/security-groups?id=c1682a90-0cef-4d14-974e-6daafd1202d5&fields=id&fields=name HTTP/1.1" status: 200 len: 286 time: 0.1726131
Apr 11 17:52:41.684883 dv-cinder-837353-1-iscsi neutron-server[114850]: DEBUG neutron.api.rpc.handlers.resources_rpc [None req-2c419323-1554-48d2-ae0c-1dc065857127 admin admin] Pushing event deleted for resources: {'Network': ['ID=96ff1c25-079a-4df3-aca3-54d8f49265de,revision_number=None']} {{(pid=114850) push /opt/stack/neutron/neutron/api/rpc/handlers/resources_rpc.py:237}}
Apr 11 17:52:41.699819 dv-cinder-837353-1-iscsi neutron-server[114851]: DEBUG neutron_lib.callbacks.manager [None req-99f367d1-95cf-400d-8c56-efccbbd486da admin admin] Publish callbacks ['neutron.plugins.ml2.plugin.Ml2Plugin._handle_segment_change-648628'] for segment (b0effe62-af84-4b08-a000-778fcb753d03), precommit_create {{(pid=114851) _notify_loop /usr/local/lib/python3.8/dist-packages/neutron_lib/callbacks/manager.py:176}}
Apr 11 17:52:41.700429 dv-cinder-837353-1-iscsi neutron-server[114851]: INFO neutron.db.segments_db [None req-99f367d1-95cf-400d-8c56-efccbbd486da admin admin] Added segment b0effe62-af84-4b08-a000-778fcb753d03 of type vlan for network a64b5ee9-99f3-4b4d-bf67-e531dab5b271
Apr 11 17:52:41.761617 dv-cinder-837353-1-iscsi neutron-server[114850]: DEBUG neutron_lib.callbacks.manager [None req-d92cbf78-a9e1-4689-87bf-74f9df7ac1eb admin admin] Publish callbacks [] for security_group (9d9d5e08-1b9e-4cb8-bda2-88b1adc39262), precommit_create {{(pid=114850) _notify_loop /usr/local/lib/python3.8/dist-packages/neutron_lib/callbacks/manager.py:176}}
Apr 11 17:52:41.761858 dv-cinder-837353-1-iscsi neutron-server[114851]: DEBUG neutron_lib.callbacks.manager [None req-99f367d1-95cf-400d-8c56-efccbbd486da admin admin] Publish callbacks ['neutron.services.auto_allocate.db._ensure_external_network_default_value_callback-8735450657383'] for network (a64b5ee9-99f3-4b4d-bf67-e531dab5b271), precommit_create {{(pid=114851) _notify_loop /usr/local/lib/python3.8/dist-packages/neutron_lib/callbacks/manager.py:176}}
Apr 11 17:52:41.772269 dv-cinder-837353-1-iscsi neutron-server[114850]: DEBUG neutron_lib.callbacks.manager [None req-d92cbf78-a9e1-4689-87bf-74f9df7ac1eb admin admin] Publish callbacks ['neutron.plugins.ml2.ovo_rpc._ObjectChangeHandler.handle_event-1676063'] for security_group (9d9d5e08-1b9e-4cb8-bda2-88b1adc39262), after_create {{(pid=114850) _notify_loop /usr/local/lib/python3.8/dist-packages/neutron_lib/callbacks/manager.py:176}}
Apr 11 17:52:41.813482 dv-cinder-837353-1-iscsi neutron-server[114851]: DEBUG neutron_lib.callbacks.manager [None req-99f367d1-95cf-400d-8c56-efccbbd486da admin admin] Publish callbacks ['neutron.plugins.ml2.ovo_rpc._ObjectChangeHandler.handle_event-1676238', 'neutron.api.rpc.agentnotifiers.dhcp_rpc_agent_api.DhcpAgentNotifyAPI._native_event_send_dhcp_notification-1588677'] for network (a64b5ee9-99f3-4b4d-bf67-e531dab5b271), after_create {{(pid=114851) _notify_loop /usr/local/lib/python3.8/dist-packages/neutron_lib/callbacks/manager.py:176}}
Apr 11 17:52:41.816052 dv-cinder-837353-1-iscsi neutron-server[114851]: DEBUG neutron.pecan_wsgi.hooks.policy_enforcement [None req-99f367d1-95cf-400d-8c56-efccbbd486da admin admin] Attributes excluded by policy engine: ['standard_attr_id', 'vlan_transparent'] {{(pid=114851) _exclude_attributes_by_policy /opt/stack/neutron/neutron/pecan_wsgi/hooks/policy_enforcement.py:255}}
Apr 11 17:52:41.816446 dv-cinder-837353-1-iscsi neutron-server[114851]: DEBUG neutron_lib.callbacks.manager [None req-99f367d1-95cf-400d-8c56-efccbbd486da admin admin] Publish callbacks ['neutron.api.rpc.agentnotifiers.dhcp_rpc_agent_api.DhcpAgentNotifyAPI._send_dhcp_notification-1588535'] for network (None), before_response {{(pid=114851) _notify_loop /usr/local/lib/python3.8/dist-packages/neutron_lib/callbacks/manager.py:176}}
Apr 11 17:52:41.845977 dv-cinder-837353-1-iscsi neutron-server[114850]: INFO neutron.wsgi [None req-d92cbf78-a9e1-4689-87bf-74f9df7ac1eb admin admin] 10.222.0.76 "GET /v2.0/security-groups?tenant_id=64351eef3a814e6c856aec98e61664b5&name=default HTTP/1.1" status: 200 len: 2996 time: 0.5736325
Apr 11 17:52:41.848632 dv-cinder-837353-1-iscsi neutron-server[114850]: DEBUG neutron.wsgi [-] (114850) accepted ('10.222.0.76', 50988) {{(pid=114850) server /usr/local/lib/python3.8/dist-packages/eventlet/wsgi.py:1004}}
Apr 11 17:52:41.853927 dv-cinder-837353-1-iscsi neutron-server[114851]: INFO neutron.wsgi [None req-99f367d1-95cf-400d-8c56-efccbbd486da admin admin] 10.222.0.76 "POST /v2.0/networks HTTP/1.1" status: 201 len: 882 time: 0.7946846
Apr 11 17:52:41.859601 dv-cinder-837353-1-iscsi neutron-server[114850]: DEBUG neutron.wsgi [-] (114850) accepted ('10.222.0.76', 50990) {{(pid=114850) server /usr/local/lib/python3.8/dist-packages/eventlet/wsgi.py:1004}}
Apr 11 17:52:41.861737 dv-cinder-837353-1-iscsi neutron-server[114850]: DEBUG neutron.api.rpc.handlers.resources_rpc [None req-d92cbf78-a9e1-4689-87bf-74f9df7ac1eb admin admin] Pushing event updated for resources: {'SecurityGroup': ['ID=9d9d5e08-1b9e-4cb8-bda2-88b1adc39262,revision_number=1']} {{(pid=114850) push /opt/stack/neutron/neutron/api/rpc/handlers/resources_rpc.py:237}}
Apr 11 17:52:41.871345 dv-cinder-837353-1-iscsi neutron-server[114850]: DEBUG neutron.api.v2.base [None req-767c24ae-d20a-4185-a889-42515caf6320 admin admin] Request body: {'subnet': {'network_id': 'a64b5ee9-99f3-4b4d-bf67-e531dab5b271', 'cidr': '172.20.0.0/28', 'name': 'tempest-TestShelveInstance-1628065752-subnet', 'tenant_id': '6c71b0f821474346aaf840b827812a6e', 'ip_version': 4}} {{(pid=114850) prepare_request_body /opt/stack/neutron/neutron/api/v2/base.py:729}}
Apr 11 17:52:41.906135 dv-cinder-837353-1-iscsi neutron-server[114851]: DEBUG neutron.api.rpc.handlers.resources_rpc [None req-99f367d1-95cf-400d-8c56-efccbbd486da admin admin] Pushing event updated for resources: {'Network': ['ID=a64b5ee9-99f3-4b4d-bf67-e531dab5b271,revision_number=1']} {{(pid=114851) push /opt/stack/neutron/neutron/api/rpc/handlers/resources_rpc.py:237}}
Apr 11 17:52:41.918850 dv-cinder-837353-1-iscsi neutron-server[114852]: DEBUG neutron.plugins.ml2.rpc [None req-818357dd-6b6b-4bef-a035-54fe38709287 None None] Network a64b5ee9-99f3-4b4d-bf67-e531dab5b271 details requested by agent ovs-agent-dv-cinder-837353-1-iscsi with host dv-cinder-837353-1-iscsi {{(pid=114852) get_network_details /opt/stack/neutron/neutron/plugins/ml2/rpc.py:248}}
Apr 11 17:52:41.947628 dv-cinder-837353-1-iscsi neutron-server[114850]: DEBUG neutron.pecan_wsgi.hooks.quota_enforcement [None req-767c24ae-d20a-4185-a889-42515caf6320 admin admin] Made reservation on behalf of 6c71b0f821474346aaf840b827812a6e for: {'subnet': 1} {{(pid=114850) before /opt/stack/neutron/neutron/pecan_wsgi/hooks/quota_enforcement.py:53}}
Apr 11 17:52:41.950267 dv-cinder-837353-1-iscsi neutron-server[114850]: DEBUG neutron_lib.callbacks.manager [None req-767c24ae-d20a-4185-a889-42515caf6320 admin admin] Publish callbacks ['neutron.services.segments.plugin.SegmentHostRoutes.host_routes_before_create-25660958'] for subnet (None), before_create {{(pid=114850) _notify_loop /usr/local/lib/python3.8/dist-packages/neutron_lib/callbacks/manager.py:176}}
Apr 11 17:52:41.990054 dv-cinder-837353-1-iscsi neutron-server[114850]: DEBUG neutron_lib.callbacks.manager [None req-9d3a8bf1-dd04-4d95-878b-fa4448acd2f8 admin admin] Publish callbacks [] for security_group (9d9d5e08-1b9e-4cb8-bda2-88b1adc39262), before_delete {{(pid=114850) _notify_loop /usr/local/lib/python3.8/dist-packages/neutron_lib/callbacks/manager.py:176}}
Apr 11 17:52:42.022403 dv-cinder-837353-1-iscsi neutron-server[114851]: DEBUG neutron.wsgi [-] (114851) accepted ('10.222.0.76', 51000) {{(pid=114851) server /usr/local/lib/python3.8/dist-packages/eventlet/wsgi.py:1004}}
Apr 11 17:52:42.060948 dv-cinder-837353-1-iscsi neutron-server[114850]: DEBUG neutron_lib.callbacks.manager [None req-9d3a8bf1-dd04-4d95-878b-fa4448acd2f8 admin admin] Publish callbacks [] for security_group (9d9d5e08-1b9e-4cb8-bda2-88b1adc39262), precommit_delete {{(pid=114850) _notify_loop /usr/local/lib/python3.8/dist-packages/neutron_lib/callbacks/manager.py:176}}
Apr 11 17:52:42.085358 dv-cinder-837353-1-iscsi neutron-server[114851]: INFO neutron.wsgi [None req-0e4e874e-e021-4d4c-9c38-e57a0ea01d44 admin admin] 10.222.0.76 "GET /v2.0/security-groups?tenant_id=d557924b0c3849558434527ed87a87cd&name=default HTTP/1.1" status: 200 len: 2992 time: 0.0591407
Apr 11 17:52:42.085715 dv-cinder-837353-1-iscsi neutron-server[114851]: DEBUG neutron.wsgi [-] (114851) accepted ('10.222.0.76', 51004) {{(pid=114851) server /usr/local/lib/python3.8/dist-packages/eventlet/wsgi.py:1004}}
Apr 11 17:52:42.154997 dv-cinder-837353-1-iscsi neutron-server[114851]: DEBUG neutron_lib.callbacks.manager [None req-106c6c3d-6fda-4277-aa82-04574dcc7cc2 admin admin] Publish callbacks [] for security_group (8b563508-1a64-4562-ac89-34feacca4bb9), before_delete {{(pid=114851) _notify_loop /usr/local/lib/python3.8/dist-packages/neutron_lib/callbacks/manager.py:176}}
Apr 11 17:52:42.165810 dv-cinder-837353-1-iscsi neutron-server[114850]: DEBUG neutron_lib.callbacks.manager [None req-9d3a8bf1-dd04-4d95-878b-fa4448acd2f8 admin admin] Publish callbacks ['neutron.plugins.ml2.ovo_rpc._ObjectChangeHandler.handle_event-1676063'] for security_group (9d9d5e08-1b9e-4cb8-bda2-88b1adc39262), after_delete {{(pid=114850) _notify_loop /usr/local/lib/python3.8/dist-packages/neutron_lib/callbacks/manager.py:176}}
Apr 11 17:52:42.169253 dv-cinder-837353-1-iscsi neutron-server[114850]: DEBUG neutron_lib.callbacks.manager [None req-9d3a8bf1-dd04-4d95-878b-fa4448acd2f8 admin admin] Publish callbacks [] for security_group (None), before_response {{(pid=114850) _notify_loop /usr/local/lib/python3.8/dist-packages/neutron_lib/callbacks/manager.py:176}}
Apr 11 17:52:42.171392 dv-cinder-837353-1-iscsi neutron-server[114850]: INFO neutron.wsgi [None req-9d3a8bf1-dd04-4d95-878b-fa4448acd2f8 admin admin] 10.222.0.76 "DELETE /v2.0/security-groups/9d9d5e08-1b9e-4cb8-bda2-88b1adc39262 HTTP/1.1" status: 204 len: 168 time: 0.3216579
Apr 11 17:52:42.188788 dv-cinder-837353-1-iscsi neutron-server[114850]: DEBUG neutron.api.rpc.handlers.resources_rpc [None req-9d3a8bf1-dd04-4d95-878b-fa4448acd2f8 admin admin] Pushing event deleted for resources: {'SecurityGroup': ['ID=9d9d5e08-1b9e-4cb8-bda2-88b1adc39262,revision_number=None']} {{(pid=114850) push /opt/stack/neutron/neutron/api/rpc/handlers/resources_rpc.py:237}}
Apr 11 17:52:42.195545 dv-cinder-837353-1-iscsi neutron-server[114851]: DEBUG neutron_lib.callbacks.manager [None req-106c6c3d-6fda-4277-aa82-04574dcc7cc2 admin admin] Publish callbacks [] for security_group (8b563508-1a64-4562-ac89-34feacca4bb9), precommit_delete {{(pid=114851) _notify_loop /usr/local/lib/python3.8/dist-packages/neutron_lib/callbacks/manager.py:176}}
Apr 11 17:52:42.255951 dv-cinder-837353-1-iscsi neutron-server[114850]: DEBUG neutron_lib.callbacks.manager [None req-767c24ae-d20a-4185-a889-42515caf6320 admin admin] Publish callbacks ['neutron.plugins.ml2.ovo_rpc._ObjectChangeHandler.handle_event-1685255', 'neutron.api.rpc.agentnotifiers.dhcp_rpc_agent_api.DhcpAgentNotifyAPI._native_event_send_dhcp_notification-1588677', 'neutron.services.segments.plugin.NovaSegmentNotifier._notify_subnet_created-25603477', 'neutron.services.segments.plugin.SegmentHostRoutes.host_routes_after_create-25660940'] for subnet (1db30ab4-92c4-4d32-abe7-c8b778e7e79c), after_create {{(pid=114850) _notify_loop /usr/local/lib/python3.8/dist-packages/neutron_lib/callbacks/manager.py:176}}
Apr 11 17:52:42.290237 dv-cinder-837353-1-iscsi neutron-server[114851]: DEBUG neutron_lib.callbacks.manager [None req-106c6c3d-6fda-4277-aa82-04574dcc7cc2 admin admin] Publish callbacks ['neutron.plugins.ml2.ovo_rpc._ObjectChangeHandler.handle_event-1676063'] for security_group (8b563508-1a64-4562-ac89-34feacca4bb9), after_delete {{(pid=114851) _notify_loop /usr/local/lib/python3.8/dist-packages/neutron_lib/callbacks/manager.py:176}}
Apr 11 17:52:42.293251 dv-cinder-837353-1-iscsi neutron-server[114851]: DEBUG neutron_lib.callbacks.manager [None req-106c6c3d-6fda-4277-aa82-04574dcc7cc2 admin admin] Publish callbacks [] for security_group (None), before_response {{(pid=114851) _notify_loop /usr/local/lib/python3.8/dist-packages/neutron_lib/callbacks/manager.py:176}}
Apr 11 17:52:42.294508 dv-cinder-837353-1-iscsi neutron-server[114851]: INFO neutron.wsgi [None req-106c6c3d-6fda-4277-aa82-04574dcc7cc2 admin admin] 10.222.0.76 "DELETE /v2.0/security-groups/8b563508-1a64-4562-ac89-34feacca4bb9 HTTP/1.1" status: 204 len: 168 time: 0.2076621
Apr 11 17:52:42.306496 dv-cinder-837353-1-iscsi neutron-server[114851]: DEBUG neutron.api.rpc.handlers.resources_rpc [None req-106c6c3d-6fda-4277-aa82-04574dcc7cc2 admin admin] Pushing event deleted for resources: {'SecurityGroup': ['ID=8b563508-1a64-4562-ac89-34feacca4bb9,revision_number=None']} {{(pid=114851) push /opt/stack/neutron/neutron/api/rpc/handlers/resources_rpc.py:237}}
Apr 11 17:52:42.347678 dv-cinder-837353-1-iscsi neutron-server[114850]: DEBUG neutron.api.rpc.handlers.resources_rpc [None req-767c24ae-d20a-4185-a889-42515caf6320 admin admin] Pushing event updated for resources: {'Subnet': ['ID=1db30ab4-92c4-4d32-abe7-c8b778e7e79c,revision_number=0']} {{(pid=114850) push /opt/stack/neutron/neutron/api/rpc/handlers/resources_rpc.py:237}}
Apr 11 17:52:42.353336 dv-cinder-837353-1-iscsi neutron-server[114850]: DEBUG neutron.plugins.ml2.drivers.mech_agent [None req-767c24ae-d20a-4185-a889-42515caf6320 admin admin] Checking segment: {'id': 'b0effe62-af84-4b08-a000-778fcb753d03', 'network_type': 'vlan', 'physical_network': 'physnet1', 'segmentation_id': 864, 'network_id': 'a64b5ee9-99f3-4b4d-bf67-e531dab5b271'} for mappings: {'physnet1': 'br-data'} with network types: ['local', 'flat', 'vlan'] {{(pid=114850) check_segment_for_agent /opt/stack/neutron/neutron/plugins/ml2/drivers/mech_agent.py:373}}
Apr 11 17:52:42.353688 dv-cinder-837353-1-iscsi neutron-server[114850]: DEBUG neutron.scheduler.dhcp_agent_scheduler [None req-767c24ae-d20a-4185-a889-42515caf6320 admin admin] Network hostable DHCP agents. Network: a64b5ee9-99f3-4b4d-bf67-e531dab5b271, hostable agents: ['0ffe6ed9-7784-42e4-9036-7c9518cc394f'], hosted agents: [] {{(pid=114850) _get_network_hostable_dhcp_agents /opt/stack/neutron/neutron/scheduler/dhcp_agent_scheduler.py:329}}
Apr 11 17:52:42.383000 dv-cinder-837353-1-iscsi neutron-server[114850]: DEBUG neutron.scheduler.dhcp_agent_scheduler [None req-767c24ae-d20a-4185-a889-42515caf6320 admin admin] Network a64b5ee9-99f3-4b4d-bf67-e531dab5b271 is scheduled to be hosted by DHCP agent 0ffe6ed9-7784-42e4-9036-7c9518cc394f with binding_index 1 {{(pid=114850) bind /opt/stack/neutron/neutron/scheduler/dhcp_agent_scheduler.py:227}}
Apr 11 17:52:42.396648 dv-cinder-837353-1-iscsi neutron-server[114850]: DEBUG neutron.scheduler.base_scheduler [None req-767c24ae-d20a-4185-a889-42515caf6320 admin admin] Resources bound (agent type, host, resource id): (DHCP agent, dv-cinder-837353-1-iscsi, a64b5ee9-99f3-4b4d-bf67-e531dab5b271) {{(pid=114850) schedule /opt/stack/neutron/neutron/scheduler/base_scheduler.py:57}}
Apr 11 17:52:42.403416 dv-cinder-837353-1-iscsi neutron-server[114850]: DEBUG neutron.pecan_wsgi.hooks.policy_enforcement [None req-767c24ae-d20a-4185-a889-42515caf6320 admin admin] Attributes excluded by policy engine: ['standard_attr_id', 'shared', 'segment_id', 'network'] {{(pid=114850) _exclude_attributes_by_policy /opt/stack/neutron/neutron/pecan_wsgi/hooks/policy_enforcement.py:255}}
Apr 11 17:52:42.403947 dv-cinder-837353-1-iscsi neutron-server[114850]: DEBUG neutron_lib.callbacks.manager [None req-767c24ae-d20a-4185-a889-42515caf6320 admin admin] Publish callbacks ['neutron.api.rpc.agentnotifiers.dhcp_rpc_agent_api.DhcpAgentNotifyAPI._send_dhcp_notification-1588535'] for subnet (None), before_response {{(pid=114850) _notify_loop /usr/local/lib/python3.8/dist-packages/neutron_lib/callbacks/manager.py:176}}
Apr 11 17:52:42.407342 dv-cinder-837353-1-iscsi neutron-server[114852]: DEBUG neutron.api.rpc.handlers.dhcp_rpc [None req-4d5d78e9-7d46-4273-b314-5be4cbd5204a None None] Network a64b5ee9-99f3-4b4d-bf67-e531dab5b271 requested from dv-cinder-837353-1-iscsi {{(pid=114852) get_network_info /opt/stack/neutron/neutron/api/rpc/handlers/dhcp_rpc.py:191}}
Apr 11 17:52:42.442251 dv-cinder-837353-1-iscsi neutron-server[114850]: INFO neutron.wsgi [None req-767c24ae-d20a-4185-a889-42515caf6320 admin admin] 10.222.0.76 "POST /v2.0/subnets HTTP/1.1" status: 201 len: 845 time: 0.5812750
Apr 11 17:52:42.445358 dv-cinder-837353-1-iscsi neutron-server[114851]: DEBUG neutron.wsgi [-] (114851) accepted ('10.222.0.76', 51018) {{(pid=114851) server /usr/local/lib/python3.8/dist-packages/eventlet/wsgi.py:1004}}
Apr 11 17:52:42.460014 dv-cinder-837353-1-iscsi neutron-server[114851]: DEBUG neutron.api.v2.base [None req-51d6b3ed-551c-4a2c-a55b-2e6a97c24b08 admin admin] Request body: {'router': {'name': 'tempest-TestShelveInstance-1628065752-router', 'tenant_id': '6c71b0f821474346aaf840b827812a6e', 'external_gateway_info': {'network_id': '83de3652-fb32-4be2-9b49-21a2eb1b70a1'}}} {{(pid=114851) prepare_request_body /opt/stack/neutron/neutron/api/v2/base.py:729}}
Apr 11 17:52:42.495892 dv-cinder-837353-1-iscsi neutron-server[114851]: DEBUG neutron_lib.callbacks.manager [None req-51d6b3ed-551c-4a2c-a55b-2e6a97c24b08 admin admin] Publish callbacks ['neutron.services.l3_router.l3_router_plugin.L3_HA_NAT_db_mixin._before_router_create_handler-1747242', 'neutron.services.l3_router.service_providers.driver_controller.DriverController._check_router_request-123027'] for router (8c3716e6-d17c-48d5-a000-f333dc657566), before_create {{(pid=114851) _notify_loop /usr/local/lib/python3.8/dist-packages/neutron_lib/callbacks/manager.py:176}}
Apr 11 17:52:42.497883 dv-cinder-837353-1-iscsi neutron-server[114851]: DEBUG neutron_lib.callbacks.manager [None req-51d6b3ed-551c-4a2c-a55b-2e6a97c24b08 admin admin] Publish callbacks ['neutron.services.l3_router.l3_router_plugin.L3_HA_NAT_db_mixin._precommit_router_create-1748122', 'neutron.services.l3_router.l3_router_plugin.DVRResourceOperationHandler._set_distributed_flag-1596705', 'neutron.services.l3_router.l3_router_plugin.RouterAvailabilityZoneMixin._process_az_request-1822278', 'neutron.services.l3_router.service_providers.driver_controller.DriverController._set_router_provider-123050'] for router (8c3716e6-d17c-48d5-a000-f333dc657566), precommit_create {{(pid=114851) _notify_loop /usr/local/lib/python3.8/dist-packages/neutron_lib/callbacks/manager.py:176}}
Apr 11 17:52:42.543643 dv-cinder-837353-1-iscsi neutron-server[114852]: DEBUG neutron.api.rpc.handlers.dhcp_rpc [None req-e1b76790-e07d-4067-9812-3c871d79685e None None] Create dhcp port {'port': {'name': '', 'admin_state_up': True, 'device_id': 'dhcpb427c2df-acee-5b9d-b21c-7ccde36b64d7-a64b5ee9-99f3-4b4d-bf67-e531dab5b271', 'network_id': 'a64b5ee9-99f3-4b4d-bf67-e531dab5b271', 'project_id': '6c71b0f821474346aaf840b827812a6e', 'fixed_ips': [{'subnet_id': '1db30ab4-92c4-4d32-abe7-c8b778e7e79c'}]}} from dv-cinder-837353-1-iscsi. {{(pid=114852) create_dhcp_port /opt/stack/neutron/neutron/api/rpc/handlers/dhcp_rpc.py:268}}
Apr 11 17:52:42.544502 dv-cinder-837353-1-iscsi neutron-server[114852]: DEBUG neutron_lib.callbacks.manager [None req-e1b76790-e07d-4067-9812-3c871d79685e None None] Publish callbacks ['neutron.plugins.ml2.plugin.SecurityGroupDbMixin._ensure_default_security_group_handler-610390'] for port (None), before_create {{(pid=114852) _notify_loop /usr/local/lib/python3.8/dist-packages/neutron_lib/callbacks/manager.py:176}}
Apr 11 17:52:42.583883 dv-cinder-837353-1-iscsi neutron-server[114851]: DEBUG neutron_lib.callbacks.manager [None req-51d6b3ed-551c-4a2c-a55b-2e6a97c24b08 admin admin] Publish callbacks [] for router_controller (8c3716e6-d17c-48d5-a000-f333dc657566), precommit_add_association {{(pid=114851) _notify_loop /usr/local/lib/python3.8/dist-packages/neutron_lib/callbacks/manager.py:176}}
Apr 11 17:52:42.728952 dv-cinder-837353-1-iscsi neutron-server[114850]: DEBUG neutron.wsgi [-] (114850) accepted ('10.222.0.76', 51032) {{(pid=114850) server /usr/local/lib/python3.8/dist-packages/eventlet/wsgi.py:1004}}
Apr 11 17:52:42.737791 dv-cinder-837353-1-iscsi neutron-server[114850]: DEBUG neutron.api.v2.base [None req-4a0a602b-0c93-456c-a28e-40c752dd8f37 admin admin] Request body: {'network': {'name': 'tempest-VolumesActionsTest-1491500605-network', 'tenant_id': 'a8c93e63ba7141d2b155df42ee03c3d3'}} {{(pid=114850) prepare_request_body /opt/stack/neutron/neutron/api/v2/base.py:729}}
Apr 11 17:52:42.773389 dv-cinder-837353-1-iscsi neutron-server[114852]: DEBUG neutron.db.db_base_plugin_common [None req-e1b76790-e07d-4067-9812-3c871d79685e None None] Allocated IP 172.20.0.2 (a64b5ee9-99f3-4b4d-bf67-e531dab5b271/1db30ab4-92c4-4d32-abe7-c8b778e7e79c/1541e2ad-71fb-46b3-adc4-f078a468af86) {{(pid=114852) _store_ip_allocation /opt/stack/neutron/neutron/db/db_base_plugin_common.py:131}}
Apr 11 17:52:42.792713 dv-cinder-837353-1-iscsi neutron-server[114850]: DEBUG neutron.pecan_wsgi.hooks.quota_enforcement [None req-4a0a602b-0c93-456c-a28e-40c752dd8f37 admin admin] Made reservation on behalf of a8c93e63ba7141d2b155df42ee03c3d3 for: {'network': 1} {{(pid=114850) before /opt/stack/neutron/neutron/pecan_wsgi/hooks/quota_enforcement.py:53}}
Apr 11 17:52:42.797027 dv-cinder-837353-1-iscsi neutron-server[114850]: DEBUG neutron_lib.callbacks.manager [None req-4a0a602b-0c93-456c-a28e-40c752dd8f37 admin admin] Publish callbacks ['neutron.plugins.ml2.plugin.SecurityGroupDbMixin._ensure_default_security_group_handler-610390'] for network (None), before_create {{(pid=114850) _notify_loop /usr/local/lib/python3.8/dist-packages/neutron_lib/callbacks/manager.py:176}}
Apr 11 17:52:42.828431 dv-cinder-837353-1-iscsi neutron-server[114850]: DEBUG neutron_lib.callbacks.manager [None req-4a0a602b-0c93-456c-a28e-40c752dd8f37 admin admin] Publish callbacks [] for security_group (None), before_create {{(pid=114850) _notify_loop /usr/local/lib/python3.8/dist-packages/neutron_lib/callbacks/manager.py:176}}
Apr 11 17:52:42.853766 dv-cinder-837353-1-iscsi neutron-server[114851]: DEBUG neutron_lib.callbacks.manager [None req-51d6b3ed-551c-4a2c-a55b-2e6a97c24b08 admin admin] Publish callbacks [] for router_gateway (8c3716e6-d17c-48d5-a000-f333dc657566), precommit_update {{(pid=114851) _notify_loop /usr/local/lib/python3.8/dist-packages/neutron_lib/callbacks/manager.py:176}}
Apr 11 17:52:42.900780 dv-cinder-837353-1-iscsi neutron-server[114850]: DEBUG neutron.pecan_wsgi.hooks.policy_enforcement [req-f843ff4f-6bc3-48fa-94ed-5967e58f9939 req-0f2374c7-cb49-493a-aca1-2d375b51b687 tempest-ServerRescueNegativeTestJSON-1609268047 tempest-ServerRescueNegativeTestJSON-1609268047-project] Attributes excluded by policy engine: ['standard_attr_id', 'binding:profile', 'binding:host_id', 'binding:vif_type', 'binding:vif_details'] {{(pid=114850) _exclude_attributes_by_policy /opt/stack/neutron/neutron/pecan_wsgi/hooks/policy_enforcement.py:255}}
Apr 11 17:52:42.903102 dv-cinder-837353-1-iscsi neutron-server[114850]: INFO neutron.wsgi [req-f843ff4f-6bc3-48fa-94ed-5967e58f9939 req-0f2374c7-cb49-493a-aca1-2d375b51b687 tempest-ServerRescueNegativeTestJSON-1609268047 tempest-ServerRescueNegativeTestJSON-1609268047-project] 10.222.0.76 "GET /v2.0/ports?device_id=28fc59fe-a713-40f7-84a0-9fa1d0bb29a2 HTTP/1.1" status: 200 len: 945 time: 0.0903816
Apr 11 17:52:43.097421 dv-cinder-837353-1-iscsi neutron-server[114850]: DEBUG neutron_lib.callbacks.manager [None req-4a0a602b-0c93-456c-a28e-40c752dd8f37 admin admin] Publish callbacks [] for security_group (a365a029-ccbf-435b-94a3-4c668b69aa03), precommit_create {{(pid=114850) _notify_loop /usr/local/lib/python3.8/dist-packages/neutron_lib/callbacks/manager.py:176}}
Apr 11 17:52:43.103082 dv-cinder-837353-1-iscsi neutron-server[114850]: INFO neutron.wsgi [req-f843ff4f-6bc3-48fa-94ed-5967e58f9939 req-c1fae52c-c662-4509-a1fe-a7d992f5fc96 tempest-ServerRescueNegativeTestJSON-1609268047 tempest-ServerRescueNegativeTestJSON-1609268047-project] 10.222.0.76 "GET /v2.0/security-groups?id=c1682a90-0cef-4d14-974e-6daafd1202d5&fields=id&fields=name HTTP/1.1" status: 200 len: 286 time: 0.1884165
Apr 11 17:52:43.105072 dv-cinder-837353-1-iscsi neutron-server[114850]: DEBUG neutron_lib.callbacks.manager [None req-4a0a602b-0c93-456c-a28e-40c752dd8f37 admin admin] Publish callbacks ['neutron.plugins.ml2.ovo_rpc._ObjectChangeHandler.handle_event-1676063'] for security_group (a365a029-ccbf-435b-94a3-4c668b69aa03), after_create {{(pid=114850) _notify_loop /usr/local/lib/python3.8/dist-packages/neutron_lib/callbacks/manager.py:176}}
Apr 11 17:52:43.123341 dv-cinder-837353-1-iscsi neutron-server[114851]: DEBUG neutron_lib.callbacks.manager [None req-51d6b3ed-551c-4a2c-a55b-2e6a97c24b08 admin admin] Publish callbacks [] for router_gateway (8c3716e6-d17c-48d5-a000-f333dc657566), before_create {{(pid=114851) _notify_loop /usr/local/lib/python3.8/dist-packages/neutron_lib/callbacks/manager.py:176}}
Apr 11 17:52:43.157167 dv-cinder-837353-1-iscsi neutron-server[114850]: DEBUG neutron.plugins.ml2.drivers.helpers [None req-4a0a602b-0c93-456c-a28e-40c752dd8f37 admin admin] vlan segment allocate from pool success with {'physical_network': 'physnet1', 'vlan_id': 882} {{(pid=114850) allocate_partially_specified_segment /opt/stack/neutron/neutron/plugins/ml2/drivers/helpers.py:153}}
Apr 11 17:52:43.172823 dv-cinder-837353-1-iscsi neutron-server[114852]: DEBUG neutron_lib.callbacks.manager [None req-e1b76790-e07d-4067-9812-3c871d79685e None None] Publish callbacks [] for port (1541e2ad-71fb-46b3-adc4-f078a468af86), precommit_create {{(pid=114852) _notify_loop /usr/local/lib/python3.8/dist-packages/neutron_lib/callbacks/manager.py:176}}
Apr 11 17:52:43.173863 dv-cinder-837353-1-iscsi neutron-server[114851]: DEBUG neutron_lib.callbacks.manager [None req-51d6b3ed-551c-4a2c-a55b-2e6a97c24b08 admin admin] Publish callbacks ['neutron.plugins.ml2.plugin.SecurityGroupDbMixin._ensure_default_security_group_handler-610390'] for port (None), before_create {{(pid=114851) _notify_loop /usr/local/lib/python3.8/dist-packages/neutron_lib/callbacks/manager.py:176}}
Apr 11 17:52:43.176814 dv-cinder-837353-1-iscsi neutron-server[114850]: DEBUG neutron.api.rpc.handlers.resources_rpc [None req-4a0a602b-0c93-456c-a28e-40c752dd8f37 admin admin] Pushing event updated for resources: {'SecurityGroup': ['ID=a365a029-ccbf-435b-94a3-4c668b69aa03,revision_number=1']} {{(pid=114850) push /opt/stack/neutron/neutron/api/rpc/handlers/resources_rpc.py:237}}
Apr 11 17:52:43.195504 dv-cinder-837353-1-iscsi neutron-server[114850]: DEBUG neutron_lib.callbacks.manager [None req-4a0a602b-0c93-456c-a28e-40c752dd8f37 admin admin] Publish callbacks ['neutron.plugins.ml2.plugin.Ml2Plugin._handle_segment_change-648628'] for segment (beff4038-4208-48f8-a75b-952360548b78), precommit_create {{(pid=114850) _notify_loop /usr/local/lib/python3.8/dist-packages/neutron_lib/callbacks/manager.py:176}}
Apr 11 17:52:43.196548 dv-cinder-837353-1-iscsi neutron-server[114850]: INFO neutron.db.segments_db [None req-4a0a602b-0c93-456c-a28e-40c752dd8f37 admin admin] Added segment beff4038-4208-48f8-a75b-952360548b78 of type vlan for network 770b68af-5359-4f13-9afa-63581ac2ee78
Apr 11 17:52:43.204338 dv-cinder-837353-1-iscsi neutron-server[114852]: DEBUG neutron_lib.callbacks.manager [None req-e1b76790-e07d-4067-9812-3c871d79685e None None] Publish callbacks ['neutron.plugins.ml2.plugin.SecurityGroupServerNotifierRpcMixin._notify_sg_on_port_change-611508', 'neutron.plugins.ml2.ovo_rpc._ObjectChangeHandler.handle_event-146195', 'neutron.api.rpc.agentnotifiers.dhcp_rpc_agent_api.DhcpAgentNotifyAPI._native_event_send_dhcp_notification-1588677', 'neutron.db.l3_dvrscheduler_db._notify_l3_agent_new_port-8735450674490'] for port (1541e2ad-71fb-46b3-adc4-f078a468af86), after_create {{(pid=114852) _notify_loop /usr/local/lib/python3.8/dist-packages/neutron_lib/callbacks/manager.py:176}}
Apr 11 17:52:43.260970 dv-cinder-837353-1-iscsi neutron-server[114852]: DEBUG neutron.api.rpc.handlers.resources_rpc [None req-e1b76790-e07d-4067-9812-3c871d79685e None None] Pushing event updated for resources: {'Port': ['ID=1541e2ad-71fb-46b3-adc4-f078a468af86,revision_number=1']} {{(pid=114852) push /opt/stack/neutron/neutron/api/rpc/handlers/resources_rpc.py:237}}
Apr 11 17:52:43.266208 dv-cinder-837353-1-iscsi neutron-server[114850]: DEBUG neutron_lib.callbacks.manager [None req-4a0a602b-0c93-456c-a28e-40c752dd8f37 admin admin] Publish callbacks ['neutron.services.auto_allocate.db._ensure_external_network_default_value_callback-8735450657383'] for network (770b68af-5359-4f13-9afa-63581ac2ee78), precommit_create {{(pid=114850) _notify_loop /usr/local/lib/python3.8/dist-packages/neutron_lib/callbacks/manager.py:176}}
Apr 11 17:52:43.267729 dv-cinder-837353-1-iscsi neutron-server[114852]: DEBUG neutron_lib.callbacks.manager [None req-cd7319a6-b8ae-4a39-89c8-b4c794b5d814 None None] Publish callbacks ['neutron.services.segments.db._update_segment_host_mapping_for_agent-8735451168925', 'neutron.plugins.ml2.plugin.Ml2Plugin._retry_binding_revived_agents-754675'] for agent (0ffe6ed9-7784-42e4-9036-7c9518cc394f), after_update {{(pid=114852) _notify_loop /usr/local/lib/python3.8/dist-packages/neutron_lib/callbacks/manager.py:176}}
Apr 11 17:52:43.270957 dv-cinder-837353-1-iscsi neutron-server[114852]: DEBUG neutron.scheduler.dhcp_agent_scheduler [None req-e1b76790-e07d-4067-9812-3c871d79685e None None] Network a64b5ee9-99f3-4b4d-bf67-e531dab5b271 is already hosted by enough agents. {{(pid=114852) _get_dhcp_agents_hosting_network /opt/stack/neutron/neutron/scheduler/dhcp_agent_scheduler.py:275}}
Apr 11 17:52:43.272330 dv-cinder-837353-1-iscsi neutron-server[114852]: DEBUG neutron.api.rpc.callbacks.version_manager [None req-e1b76790-e07d-4067-9812-3c871d79685e None None] Version for resource type AddressGroup changed None to 1.2 on consumer Open vSwitch agent@dv-cinder-837353-1-iscsi {{(pid=114852) _set_version /opt/stack/neutron/neutron/api/rpc/callbacks/version_manager.py:113}}
Apr 11 17:52:43.272847 dv-cinder-837353-1-iscsi neutron-server[114852]: DEBUG neutron.api.rpc.callbacks.version_manager [None req-e1b76790-e07d-4067-9812-3c871d79685e None None] Version for resource type Agent changed None to 1.1 on consumer Open vSwitch agent@dv-cinder-837353-1-iscsi {{(pid=114852) _set_version /opt/stack/neutron/neutron/api/rpc/callbacks/version_manager.py:113}}
Apr 11 17:52:43.273236 dv-cinder-837353-1-iscsi neutron-server[114852]: DEBUG neutron.api.rpc.callbacks.version_manager [None req-e1b76790-e07d-4067-9812-3c871d79685e None None] Version for resource type ConntrackHelper changed None to 1.0 on consumer Open vSwitch agent@dv-cinder-837353-1-iscsi {{(pid=114852) _set_version /opt/stack/neutron/neutron/api/rpc/callbacks/version_manager.py:113}}
Apr 11 17:52:43.273589 dv-cinder-837353-1-iscsi neutron-server[114852]: DEBUG neutron.api.rpc.callbacks.version_manager [None req-e1b76790-e07d-4067-9812-3c871d79685e None None] Version for resource type LocalIPAssociation changed None to 1.0 on consumer Open vSwitch agent@dv-cinder-837353-1-iscsi {{(pid=114852) _set_version /opt/stack/neutron/neutron/api/rpc/callbacks/version_manager.py:113}}
Apr 11 17:52:43.274261 dv-cinder-837353-1-iscsi neutron-server[114852]: DEBUG neutron.api.rpc.callbacks.version_manager [None req-e1b76790-e07d-4067-9812-3c871d79685e None None] Version for resource type Log changed None to 1.0 on consumer Open vSwitch agent@dv-cinder-837353-1-iscsi {{(pid=114852) _set_version /opt/stack/neutron/neutron/api/rpc/callbacks/version_manager.py:113}}
Apr 11 17:52:43.274730 dv-cinder-837353-1-iscsi neutron-server[114852]: DEBUG neutron.api.rpc.callbacks.version_manager [None req-e1b76790-e07d-4067-9812-3c871d79685e None None] Version for resource type NDPProxy changed None to 1.0 on consumer Open vSwitch agent@dv-cinder-837353-1-iscsi {{(pid=114852) _set_version /opt/stack/neutron/neutron/api/rpc/callbacks/version_manager.py:113}}
Apr 11 17:52:43.275271 dv-cinder-837353-1-iscsi neutron-server[114852]: DEBUG neutron.api.rpc.callbacks.version_manager [None req-e1b76790-e07d-4067-9812-3c871d79685e None None] Version for resource type Network changed None to 1.1 on consumer Open vSwitch agent@dv-cinder-837353-1-iscsi {{(pid=114852) _set_version /opt/stack/neutron/neutron/api/rpc/callbacks/version_manager.py:113}}
Apr 11 17:52:43.275738 dv-cinder-837353-1-iscsi neutron-server[114852]: DEBUG neutron.api.rpc.callbacks.version_manager [None req-e1b76790-e07d-4067-9812-3c871d79685e None None] Version for resource type Port changed None to 1.7 on consumer Open vSwitch agent@dv-cinder-837353-1-iscsi {{(pid=114852) _set_version /opt/stack/neutron/neutron/api/rpc/callbacks/version_manager.py:113}}
Apr 11 17:52:43.276213 dv-cinder-837353-1-iscsi neutron-server[114852]: DEBUG neutron.api.rpc.callbacks.version_manager [None req-e1b76790-e07d-4067-9812-3c871d79685e None None] Version for resource type PortForwarding changed None to 1.3 on consumer Open vSwitch agent@dv-cinder-837353-1-iscsi {{(pid=114852) _set_version /opt/stack/neutron/neutron/api/rpc/callbacks/version_manager.py:113}}
Apr 11 17:52:43.276702 dv-cinder-837353-1-iscsi neutron-server[114852]: DEBUG neutron.api.rpc.callbacks.version_manager [None req-e1b76790-e07d-4067-9812-3c871d79685e None None] Version for resource type QosPolicy changed None to 1.10 on consumer Open vSwitch agent@dv-cinder-837353-1-iscsi {{(pid=114852) _set_version /opt/stack/neutron/neutron/api/rpc/callbacks/version_manager.py:113}}
Apr 11 17:52:43.277201 dv-cinder-837353-1-iscsi neutron-server[114852]: DEBUG neutron.api.rpc.callbacks.version_manager [None req-e1b76790-e07d-4067-9812-3c871d79685e None None] Version for resource type SecurityGroup changed None to 1.5 on consumer Open vSwitch agent@dv-cinder-837353-1-iscsi {{(pid=114852) _set_version /opt/stack/neutron/neutron/api/rpc/callbacks/version_manager.py:113}}
Apr 11 17:52:43.277799 dv-cinder-837353-1-iscsi neutron-server[114852]: DEBUG neutron.api.rpc.callbacks.version_manager [None req-e1b76790-e07d-4067-9812-3c871d79685e None None] Version for resource type SecurityGroupRule changed None to 1.2 on consumer Open vSwitch agent@dv-cinder-837353-1-iscsi {{(pid=114852) _set_version /opt/stack/neutron/neutron/api/rpc/callbacks/version_manager.py:113}}
Apr 11 17:52:43.278137 dv-cinder-837353-1-iscsi neutron-server[114852]: DEBUG neutron.api.rpc.callbacks.version_manager [None req-e1b76790-e07d-4067-9812-3c871d79685e None None] Version for resource type SubPort changed None to 1.0 on consumer Open vSwitch agent@dv-cinder-837353-1-iscsi {{(pid=114852) _set_version /opt/stack/neutron/neutron/api/rpc/callbacks/version_manager.py:113}}
