Apr 11 17:51:30.290096 dv-cinder-837353-1-iscsi devstack@placement-api.service[115334]: [pid: 115334|app: 0|req: 11/20] 10.222.0.76 () {64 vars in 1433 bytes} [Mon Apr 11 17:51:30 2022] PUT /placement/allocations/0ef34fd9-3c7c-4428-9c52-b349563f80c5 => generated 0 bytes in 172 msecs (HTTP/1.1 204) 5 headers in 199 bytes (1 switches on core 0)
Apr 11 17:51:31.917792 dv-cinder-837353-1-iscsi devstack@placement-api.service[115335]: DEBUG placement.requestlog [req-abdc484a-b907-4c57-8d89-c1924c34fa80 req-1c2bef28-b0e3-42f2-887f-aaf6b8ae577f None None] Starting request: 10.222.0.18 "GET /placement/allocations/0ef34fd9-3c7c-4428-9c52-b349563f80c5" {{(pid=115335) __call__ /opt/stack/placement/placement/requestlog.py:55}}
Apr 11 17:51:31.947327 dv-cinder-837353-1-iscsi devstack@placement-api.service[115335]: INFO placement.requestlog [req-abdc484a-b907-4c57-8d89-c1924c34fa80 req-1c2bef28-b0e3-42f2-887f-aaf6b8ae577f service placement] 10.222.0.18 "GET /placement/allocations/0ef34fd9-3c7c-4428-9c52-b349563f80c5" status: 200 len: 258 microversion: 1.28
Apr 11 17:51:31.948403 dv-cinder-837353-1-iscsi devstack@placement-api.service[115335]: [pid: 115335|app: 0|req: 10/21] 10.222.0.18 () {60 vars in 1377 bytes} [Mon Apr 11 17:51:31 2022] GET /placement/allocations/0ef34fd9-3c7c-4428-9c52-b349563f80c5 => generated 258 bytes in 31 msecs (HTTP/1.1 200) 8 headers in 296 bytes (1 switches on core 0)
Apr 11 17:51:33.175781 dv-cinder-837353-1-iscsi devstack@placement-api.service[115334]: DEBUG placement.requestlog [req-a844d051-f0cb-4b5f-8098-3987fe15c7db req-b076ff49-9a48-4c05-81ce-85ba36651ff4 None None] Starting request: 10.222.0.76 "GET /placement/allocation_candidates?limit=1000&resources=DISK_GB%3A1%2CMEMORY_MB%3A1024%2CVCPU%3A1&root_required=%21COMPUTE_STATUS_DISABLED" {{(pid=115334) __call__ /opt/stack/placement/placement/requestlog.py:55}}
Apr 11 17:51:33.214108 dv-cinder-837353-1-iscsi devstack@placement-api.service[115334]: DEBUG placement.objects.research_context [req-a844d051-f0cb-4b5f-8098-3987fe15c7db req-b076ff49-9a48-4c05-81ce-85ba36651ff4 service placement] getting providers with 1 DISK_GB {{(pid=115334) __init__ /opt/stack/placement/placement/objects/research_context.py:136}}
Apr 11 17:51:33.230707 dv-cinder-837353-1-iscsi devstack@placement-api.service[115334]: DEBUG placement.objects.research_context [req-a844d051-f0cb-4b5f-8098-3987fe15c7db req-b076ff49-9a48-4c05-81ce-85ba36651ff4 service placement] getting providers with 1024 MEMORY_MB {{(pid=115334) __init__ /opt/stack/placement/placement/objects/research_context.py:136}}
Apr 11 17:51:33.244217 dv-cinder-837353-1-iscsi devstack@placement-api.service[115334]: DEBUG placement.objects.research_context [req-a844d051-f0cb-4b5f-8098-3987fe15c7db req-b076ff49-9a48-4c05-81ce-85ba36651ff4 service placement] getting providers with 1 VCPU {{(pid=115334) __init__ /opt/stack/placement/placement/objects/research_context.py:136}}
Apr 11 17:51:33.254884 dv-cinder-837353-1-iscsi devstack@placement-api.service[115334]: DEBUG placement.objects.research_context [req-a844d051-f0cb-4b5f-8098-3987fe15c7db req-b076ff49-9a48-4c05-81ce-85ba36651ff4 service placement] found 1 providers with available 1 DISK_GB {{(pid=115334) get_provider_ids_matching /opt/stack/placement/placement/objects/research_context.py:559}}
Apr 11 17:51:33.255977 dv-cinder-837353-1-iscsi devstack@placement-api.service[115334]: DEBUG placement.objects.research_context [req-a844d051-f0cb-4b5f-8098-3987fe15c7db req-b076ff49-9a48-4c05-81ce-85ba36651ff4 service placement] found 1 providers with available 1024 MEMORY_MB {{(pid=115334) get_provider_ids_matching /opt/stack/placement/placement/objects/research_context.py:559}}
Apr 11 17:51:33.256593 dv-cinder-837353-1-iscsi devstack@placement-api.service[115334]: DEBUG placement.objects.research_context [req-a844d051-f0cb-4b5f-8098-3987fe15c7db req-b076ff49-9a48-4c05-81ce-85ba36651ff4 service placement] found 1 providers after filtering by previous result {{(pid=115334) get_provider_ids_matching /opt/stack/placement/placement/objects/research_context.py:590}}
Apr 11 17:51:33.257033 dv-cinder-837353-1-iscsi devstack@placement-api.service[115334]: DEBUG placement.objects.research_context [req-a844d051-f0cb-4b5f-8098-3987fe15c7db req-b076ff49-9a48-4c05-81ce-85ba36651ff4 service placement] found 1 providers with available 1 VCPU {{(pid=115334) get_provider_ids_matching /opt/stack/placement/placement/objects/research_context.py:559}}
Apr 11 17:51:33.257472 dv-cinder-837353-1-iscsi devstack@placement-api.service[115334]: DEBUG placement.objects.research_context [req-a844d051-f0cb-4b5f-8098-3987fe15c7db req-b076ff49-9a48-4c05-81ce-85ba36651ff4 service placement] found 1 providers after filtering by previous result {{(pid=115334) get_provider_ids_matching /opt/stack/placement/placement/objects/research_context.py:590}}
Apr 11 17:51:33.271735 dv-cinder-837353-1-iscsi devstack@placement-api.service[115334]: DEBUG placement.objects.allocation_candidate [req-a844d051-f0cb-4b5f-8098-3987fe15c7db req-b076ff49-9a48-4c05-81ce-85ba36651ff4 service placement] RequestGroup(use_same_provider=False, resources={DISK_GB:1, MEMORY_MB:1024, VCPU:1}, traits=(), aggregates=[]) (suffix '') returned 1 matches {{(pid=115334) _get_by_requests /opt/stack/placement/placement/objects/allocation_candidate.py:156}}
Apr 11 17:51:33.272070 dv-cinder-837353-1-iscsi devstack@placement-api.service[115334]: DEBUG placement.objects.allocation_candidate [req-a844d051-f0cb-4b5f-8098-3987fe15c7db req-b076ff49-9a48-4c05-81ce-85ba36651ff4 service placement] Merging candidates yields 1 allocation requests and 1 provider summaries {{(pid=115334) _merge_candidates /opt/stack/placement/placement/objects/allocation_candidate.py:809}}
Apr 11 17:51:33.273854 dv-cinder-837353-1-iscsi devstack@placement-api.service[115334]: INFO placement.requestlog [req-a844d051-f0cb-4b5f-8098-3987fe15c7db req-b076ff49-9a48-4c05-81ce-85ba36651ff4 service placement] 10.222.0.76 "GET /placement/allocation_candidates?limit=1000&resources=DISK_GB%3A1%2CMEMORY_MB%3A1024%2CVCPU%3A1&root_required=%21COMPUTE_STATUS_DISABLED" status: 200 len: 767 microversion: 1.36
Apr 11 17:51:33.274854 dv-cinder-837353-1-iscsi devstack@placement-api.service[115334]: [pid: 115334|app: 0|req: 12/22] 10.222.0.76 () {60 vars in 1506 bytes} [Mon Apr 11 17:51:33 2022] GET /placement/allocation_candidates?limit=1000&resources=DISK_GB%3A1%2CMEMORY_MB%3A1024%2CVCPU%3A1&root_required=%21COMPUTE_STATUS_DISABLED => generated 767 bytes in 99 msecs (HTTP/1.1 200) 8 headers in 296 bytes (1 switches on core 0)
Apr 11 17:51:33.319700 dv-cinder-837353-1-iscsi devstack@placement-api.service[115335]: DEBUG placement.requestlog [req-a844d051-f0cb-4b5f-8098-3987fe15c7db req-b6e8013d-45ce-46e3-ae2e-cb1966732300 None None] Starting request: 10.222.0.76 "GET /placement/allocations/28fc59fe-a713-40f7-84a0-9fa1d0bb29a2" {{(pid=115335) __call__ /opt/stack/placement/placement/requestlog.py:55}}
Apr 11 17:51:33.333968 dv-cinder-837353-1-iscsi devstack@placement-api.service[115335]: INFO placement.requestlog [req-a844d051-f0cb-4b5f-8098-3987fe15c7db req-b6e8013d-45ce-46e3-ae2e-cb1966732300 service placement] 10.222.0.76 "GET /placement/allocations/28fc59fe-a713-40f7-84a0-9fa1d0bb29a2" status: 200 len: 19 microversion: 1.28
Apr 11 17:51:33.334353 dv-cinder-837353-1-iscsi devstack@placement-api.service[115335]: [pid: 115335|app: 0|req: 11/23] 10.222.0.76 () {60 vars in 1380 bytes} [Mon Apr 11 17:51:33 2022] GET /placement/allocations/28fc59fe-a713-40f7-84a0-9fa1d0bb29a2 => generated 19 bytes in 15 msecs (HTTP/1.1 200) 8 headers in 295 bytes (1 switches on core 0)
Apr 11 17:51:33.342401 dv-cinder-837353-1-iscsi devstack@placement-api.service[115334]: DEBUG placement.requestlog [req-a844d051-f0cb-4b5f-8098-3987fe15c7db req-f945de0f-596e-4597-9c39-ac927216b0e0 None None] Starting request: 10.222.0.76 "PUT /placement/allocations/28fc59fe-a713-40f7-84a0-9fa1d0bb29a2" {{(pid=115334) __call__ /opt/stack/placement/placement/requestlog.py:55}}
Apr 11 17:51:33.476556 dv-cinder-837353-1-iscsi devstack@placement-api.service[115334]: DEBUG placement.handlers.allocation [req-a844d051-f0cb-4b5f-8098-3987fe15c7db req-f945de0f-596e-4597-9c39-ac927216b0e0 service placement] Successfully wrote allocations [, , ] {{(pid=115334) _update_consumers_and_create_allocations /opt/stack/placement/placement/handlers/allocation.py:462}}
Apr 11 17:51:33.486264 dv-cinder-837353-1-iscsi devstack@placement-api.service[115334]: INFO placement.requestlog [req-a844d051-f0cb-4b5f-8098-3987fe15c7db req-f945de0f-596e-4597-9c39-ac927216b0e0 service placement] 10.222.0.76 "PUT /placement/allocations/28fc59fe-a713-40f7-84a0-9fa1d0bb29a2" status: 204 len: 0 microversion: 1.36
Apr 11 17:51:33.494095 dv-cinder-837353-1-iscsi devstack@placement-api.service[115334]: [pid: 115334|app: 0|req: 13/24] 10.222.0.76 () {64 vars in 1433 bytes} [Mon Apr 11 17:51:33 2022] PUT /placement/allocations/28fc59fe-a713-40f7-84a0-9fa1d0bb29a2 => generated 0 bytes in 145 msecs (HTTP/1.1 204) 5 headers in 199 bytes (2 switches on core 0)
Apr 11 17:51:43.444596 dv-cinder-837353-1-iscsi devstack@placement-api.service[115335]: DEBUG placement.requestlog [req-a844d051-f0cb-4b5f-8098-3987fe15c7db req-34312bae-410a-4198-8702-c655d2927636 None None] Starting request: 10.222.0.18 "GET /placement/allocations/28fc59fe-a713-40f7-84a0-9fa1d0bb29a2" {{(pid=115335) __call__ /opt/stack/placement/placement/requestlog.py:55}}
Apr 11 17:51:43.459410 dv-cinder-837353-1-iscsi devstack@placement-api.service[115335]: INFO placement.requestlog [req-a844d051-f0cb-4b5f-8098-3987fe15c7db req-34312bae-410a-4198-8702-c655d2927636 service placement] 10.222.0.18 "GET /placement/allocations/28fc59fe-a713-40f7-84a0-9fa1d0bb29a2" status: 200 len: 258 microversion: 1.28
Apr 11 17:51:43.460100 dv-cinder-837353-1-iscsi devstack@placement-api.service[115335]: [pid: 115335|app: 0|req: 12/25] 10.222.0.18 () {60 vars in 1377 bytes} [Mon Apr 11 17:51:43 2022] GET /placement/allocations/28fc59fe-a713-40f7-84a0-9fa1d0bb29a2 => generated 258 bytes in 16 msecs (HTTP/1.1 200) 8 headers in 296 bytes (1 switches on core 0)
Apr 11 17:52:27.668901 dv-cinder-837353-1-iscsi devstack@placement-api.service[115334]: DEBUG placement.requestlog [req-bc49646d-3908-4e47-9a01-6ee76866470c req-37718baa-ecee-4bf3-aad9-e327a973eeef None None] Starting request: 10.222.0.18 "GET /placement/resource_providers/4c3a6b60-ea35-4fa8-8292-f0488fe741ed/allocations" {{(pid=115334) __call__ /opt/stack/placement/placement/requestlog.py:55}}
Apr 11 17:52:27.692428 dv-cinder-837353-1-iscsi devstack@placement-api.service[115334]: INFO placement.requestlog [req-bc49646d-3908-4e47-9a01-6ee76866470c req-37718baa-ecee-4bf3-aad9-e327a973eeef service placement] 10.222.0.18 "GET /placement/resource_providers/4c3a6b60-ea35-4fa8-8292-f0488fe741ed/allocations" status: 200 len: 355 microversion: 1.0
Apr 11 17:52:27.692915 dv-cinder-837353-1-iscsi devstack@placement-api.service[115334]: [pid: 115334|app: 0|req: 14/26] 10.222.0.18 () {58 vars in 1390 bytes} [Mon Apr 11 17:52:27 2022] GET /placement/resource_providers/4c3a6b60-ea35-4fa8-8292-f0488fe741ed/allocations => generated 355 bytes in 25 msecs (HTTP/1.1 200) 6 headers in 224 bytes (1 switches on core 0)
Apr 11 17:52:36.653271 dv-cinder-837353-1-iscsi devstack@placement-api.service[115335]: DEBUG placement.requestlog [req-222b7665-554e-44f1-84c1-490bf5e174d7 req-48a53368-02f6-4a89-8c20-fcbf60a6d584 None None] Starting request: 10.222.0.18 "DELETE /placement/allocations/b734fcd6-12d1-4b00-8252-d1a7ac3a9947" {{(pid=115335) __call__ /opt/stack/placement/placement/requestlog.py:55}}
Apr 11 17:52:36.703466 dv-cinder-837353-1-iscsi devstack@placement-api.service[115335]: DEBUG placement.handlers.allocation [req-222b7665-554e-44f1-84c1-490bf5e174d7 req-48a53368-02f6-4a89-8c20-fcbf60a6d584 service placement] Successfully deleted allocations [, , ] {{(pid=115335) delete_allocations /opt/stack/placement/placement/handlers/allocation.py:627}}
Apr 11 17:52:36.704008 dv-cinder-837353-1-iscsi devstack@placement-api.service[115335]: INFO placement.requestlog [req-222b7665-554e-44f1-84c1-490bf5e174d7 req-48a53368-02f6-4a89-8c20-fcbf60a6d584 service placement] 10.222.0.18 "DELETE /placement/allocations/b734fcd6-12d1-4b00-8252-d1a7ac3a9947" status: 204 len: 0 microversion: 1.0
Apr 11 17:52:36.704558 dv-cinder-837353-1-iscsi devstack@placement-api.service[115335]: [pid: 115335|app: 0|req: 13/27] 10.222.0.18 () {60 vars in 1355 bytes} [Mon Apr 11 17:52:36 2022] DELETE /placement/allocations/b734fcd6-12d1-4b00-8252-d1a7ac3a9947 => generated 0 bytes in 52 msecs (HTTP/1.1 204) 5 headers in 198 bytes (1 switches on core 0)
Apr 11 17:53:09.022408 dv-cinder-837353-1-iscsi devstack@placement-api.service[115334]: DEBUG placement.requestlog [req-952229d0-f2e4-4139-937d-56ea2238b099 req-c2ce443e-0647-4111-8122-2cf39afd00fb None None] Starting request: 10.222.0.76 "GET /placement/allocation_candidates?limit=1000&resources=DISK_GB%3A1%2CMEMORY_MB%3A1024%2CVCPU%3A1&root_required=%21COMPUTE_STATUS_DISABLED" {{(pid=115334) __call__ /opt/stack/placement/placement/requestlog.py:55}}
Apr 11 17:53:09.103580 dv-cinder-837353-1-iscsi devstack@placement-api.service[115334]: DEBUG placement.objects.research_context [req-952229d0-f2e4-4139-937d-56ea2238b099 req-c2ce443e-0647-4111-8122-2cf39afd00fb service placement] getting providers with 1 DISK_GB {{(pid=115334) __init__ /opt/stack/placement/placement/objects/research_context.py:136}}
Apr 11 17:53:09.114950 dv-cinder-837353-1-iscsi devstack@placement-api.service[115334]: DEBUG placement.objects.research_context [req-952229d0-f2e4-4139-937d-56ea2238b099 req-c2ce443e-0647-4111-8122-2cf39afd00fb service placement] getting providers with 1024 MEMORY_MB {{(pid=115334) __init__ /opt/stack/placement/placement/objects/research_context.py:136}}
Apr 11 17:53:09.131121 dv-cinder-837353-1-iscsi devstack@placement-api.service[115334]: DEBUG placement.objects.research_context [req-952229d0-f2e4-4139-937d-56ea2238b099 req-c2ce443e-0647-4111-8122-2cf39afd00fb service placement] getting providers with 1 VCPU {{(pid=115334) __init__ /opt/stack/placement/placement/objects/research_context.py:136}}
Apr 11 17:53:09.150987 dv-cinder-837353-1-iscsi devstack@placement-api.service[115334]: DEBUG placement.objects.research_context [req-952229d0-f2e4-4139-937d-56ea2238b099 req-c2ce443e-0647-4111-8122-2cf39afd00fb service placement] found 1 providers with available 1 DISK_GB {{(pid=115334) get_provider_ids_matching /opt/stack/placement/placement/objects/research_context.py:559}}
Apr 11 17:53:09.152694 dv-cinder-837353-1-iscsi devstack@placement-api.service[115334]: DEBUG placement.objects.research_context [req-952229d0-f2e4-4139-937d-56ea2238b099 req-c2ce443e-0647-4111-8122-2cf39afd00fb service placement] found 1 providers with available 1024 MEMORY_MB {{(pid=115334) get_provider_ids_matching /opt/stack/placement/placement/objects/research_context.py:559}}
Apr 11 17:53:09.156361 dv-cinder-837353-1-iscsi devstack@placement-api.service[115334]: DEBUG placement.objects.research_context [req-952229d0-f2e4-4139-937d-56ea2238b099 req-c2ce443e-0647-4111-8122-2cf39afd00fb service placement] found 1 providers after filtering by previous result {{(pid=115334) get_provider_ids_matching /opt/stack/placement/placement/objects/research_context.py:590}}
Apr 11 17:53:09.161329 dv-cinder-837353-1-iscsi devstack@placement-api.service[115334]: DEBUG placement.objects.research_context [req-952229d0-f2e4-4139-937d-56ea2238b099 req-c2ce443e-0647-4111-8122-2cf39afd00fb service placement] found 1 providers with available 1 VCPU {{(pid=115334) get_provider_ids_matching /opt/stack/placement/placement/objects/research_context.py:559}}
Apr 11 17:53:09.161329 dv-cinder-837353-1-iscsi devstack@placement-api.service[115334]: DEBUG placement.objects.research_context [req-952229d0-f2e4-4139-937d-56ea2238b099 req-c2ce443e-0647-4111-8122-2cf39afd00fb service placement] found 1 providers after filtering by previous result {{(pid=115334) get_provider_ids_matching /opt/stack/placement/placement/objects/research_context.py:590}}
Apr 11 17:53:09.192622 dv-cinder-837353-1-iscsi devstack@placement-api.service[115334]: DEBUG placement.objects.allocation_candidate [req-952229d0-f2e4-4139-937d-56ea2238b099 req-c2ce443e-0647-4111-8122-2cf39afd00fb service placement] RequestGroup(use_same_provider=False, resources={DISK_GB:1, MEMORY_MB:1024, VCPU:1}, traits=(), aggregates=[]) (suffix '') returned 1 matches {{(pid=115334) _get_by_requests /opt/stack/placement/placement/objects/allocation_candidate.py:156}}
Apr 11 17:53:09.192984 dv-cinder-837353-1-iscsi devstack@placement-api.service[115334]: DEBUG placement.objects.allocation_candidate [req-952229d0-f2e4-4139-937d-56ea2238b099 req-c2ce443e-0647-4111-8122-2cf39afd00fb service placement] Merging candidates yields 1 allocation requests and 1 provider summaries {{(pid=115334) _merge_candidates /opt/stack/placement/placement/objects/allocation_candidate.py:809}}
Apr 11 17:53:09.211358 dv-cinder-837353-1-iscsi devstack@placement-api.service[115334]: INFO placement.requestlog [req-952229d0-f2e4-4139-937d-56ea2238b099 req-c2ce443e-0647-4111-8122-2cf39afd00fb service placement] 10.222.0.76 "GET /placement/allocation_candidates?limit=1000&resources=DISK_GB%3A1%2CMEMORY_MB%3A1024%2CVCPU%3A1&root_required=%21COMPUTE_STATUS_DISABLED" status: 200 len: 767 microversion: 1.36
Apr 11 17:53:09.211969 dv-cinder-837353-1-iscsi devstack@placement-api.service[115334]: [pid: 115334|app: 0|req: 15/28] 10.222.0.76 () {60 vars in 1506 bytes} [Mon Apr 11 17:53:09 2022] GET /placement/allocation_candidates?limit=1000&resources=DISK_GB%3A1%2CMEMORY_MB%3A1024%2CVCPU%3A1&root_required=%21COMPUTE_STATUS_DISABLED => generated 767 bytes in 190 msecs (HTTP/1.1 200) 8 headers in 296 bytes (1 switches on core 0)
Apr 11 17:53:09.354924 dv-cinder-837353-1-iscsi devstack@placement-api.service[115335]: DEBUG placement.requestlog [req-952229d0-f2e4-4139-937d-56ea2238b099 req-cade56cc-4a8c-4d3c-a95f-97ed21042ffc None None] Starting request: 10.222.0.76 "GET /placement/allocations/f88deebf-c6f0-4f85-b2ce-f5aed792846c" {{(pid=115335) __call__ /opt/stack/placement/placement/requestlog.py:55}}
Apr 11 17:53:09.374166 dv-cinder-837353-1-iscsi devstack@placement-api.service[115335]: INFO placement.requestlog [req-952229d0-f2e4-4139-937d-56ea2238b099 req-cade56cc-4a8c-4d3c-a95f-97ed21042ffc service placement] 10.222.0.76 "GET /placement/allocations/f88deebf-c6f0-4f85-b2ce-f5aed792846c" status: 200 len: 19 microversion: 1.28
Apr 11 17:53:09.379507 dv-cinder-837353-1-iscsi devstack@placement-api.service[115335]: [pid: 115335|app: 0|req: 14/29] 10.222.0.76 () {60 vars in 1380 bytes} [Mon Apr 11 17:53:09 2022] GET /placement/allocations/f88deebf-c6f0-4f85-b2ce-f5aed792846c => generated 19 bytes in 25 msecs (HTTP/1.1 200) 8 headers in 295 bytes (1 switches on core 0)
Apr 11 17:53:09.385920 dv-cinder-837353-1-iscsi devstack@placement-api.service[115334]: DEBUG placement.requestlog [req-952229d0-f2e4-4139-937d-56ea2238b099 req-c06d3f09-d29b-4525-b581-0928cbad35bb None None] Starting request: 10.222.0.76 "PUT /placement/allocations/f88deebf-c6f0-4f85-b2ce-f5aed792846c" {{(pid=115334) __call__ /opt/stack/placement/placement/requestlog.py:55}}
Apr 11 17:53:09.546566 dv-cinder-837353-1-iscsi devstack@placement-api.service[115334]: DEBUG placement.handlers.allocation [req-952229d0-f2e4-4139-937d-56ea2238b099 req-c06d3f09-d29b-4525-b581-0928cbad35bb service placement] Successfully wrote allocations [, , ] {{(pid=115334) _update_consumers_and_create_allocations /opt/stack/placement/placement/handlers/allocation.py:462}}
Apr 11 17:53:09.555491 dv-cinder-837353-1-iscsi devstack@placement-api.service[115334]: INFO placement.requestlog [req-952229d0-f2e4-4139-937d-56ea2238b099 req-c06d3f09-d29b-4525-b581-0928cbad35bb service placement] 10.222.0.76 "PUT /placement/allocations/f88deebf-c6f0-4f85-b2ce-f5aed792846c" status: 204 len: 0 microversion: 1.36
Apr 11 17:53:09.567196 dv-cinder-837353-1-iscsi devstack@placement-api.service[115334]: [pid: 115334|app: 0|req: 16/30] 10.222.0.76 () {64 vars in 1433 bytes} [Mon Apr 11 17:53:09 2022] PUT /placement/allocations/f88deebf-c6f0-4f85-b2ce-f5aed792846c => generated 0 bytes in 172 msecs (HTTP/1.1 204) 5 headers in 199 bytes (1 switches on core 0)
Apr 11 17:53:10.363244 dv-cinder-837353-1-iscsi devstack@placement-api.service[115335]: DEBUG placement.requestlog [req-952229d0-f2e4-4139-937d-56ea2238b099 req-0d4b2662-a9b6-4a82-8660-3ad74ef914c0 None None] Starting request: 10.222.0.18 "GET /placement/allocations/f88deebf-c6f0-4f85-b2ce-f5aed792846c" {{(pid=115335) __call__ /opt/stack/placement/placement/requestlog.py:55}}
Apr 11 17:53:10.410652 dv-cinder-837353-1-iscsi devstack@placement-api.service[115335]: INFO placement.requestlog [req-952229d0-f2e4-4139-937d-56ea2238b099 req-0d4b2662-a9b6-4a82-8660-3ad74ef914c0 service placement] 10.222.0.18 "GET /placement/allocations/f88deebf-c6f0-4f85-b2ce-f5aed792846c" status: 200 len: 258 microversion: 1.28
Apr 11 17:53:10.414361 dv-cinder-837353-1-iscsi devstack@placement-api.service[115335]: [pid: 115335|app: 0|req: 15/31] 10.222.0.18 () {60 vars in 1377 bytes} [Mon Apr 11 17:53:10 2022] GET /placement/allocations/f88deebf-c6f0-4f85-b2ce-f5aed792846c => generated 258 bytes in 51 msecs (HTTP/1.1 200) 8 headers in 296 bytes (1 switches on core 0)
Apr 11 17:53:13.911130 dv-cinder-837353-1-iscsi devstack@placement-api.service[115334]: DEBUG placement.requestlog [req-b9a29aa0-1208-4c47-97e3-160cffef876c req-999bf178-9a9a-4784-9af9-1933389c6897 None None] Starting request: 10.222.0.76 "GET /placement/allocation_candidates?limit=1000&resources=DISK_GB%3A1%2CMEMORY_MB%3A1024%2CVCPU%3A1&root_required=%21COMPUTE_STATUS_DISABLED" {{(pid=115334) __call__ /opt/stack/placement/placement/requestlog.py:55}}
Apr 11 17:53:13.976652 dv-cinder-837353-1-iscsi devstack@placement-api.service[115334]: DEBUG placement.objects.research_context [req-b9a29aa0-1208-4c47-97e3-160cffef876c req-999bf178-9a9a-4784-9af9-1933389c6897 service placement] getting providers with 1 DISK_GB {{(pid=115334) __init__ /opt/stack/placement/placement/objects/research_context.py:136}}
Apr 11 17:53:13.984280 dv-cinder-837353-1-iscsi devstack@placement-api.service[115334]: DEBUG placement.objects.research_context [req-b9a29aa0-1208-4c47-97e3-160cffef876c req-999bf178-9a9a-4784-9af9-1933389c6897 service placement] getting providers with 1024 MEMORY_MB {{(pid=115334) __init__ /opt/stack/placement/placement/objects/research_context.py:136}}
Apr 11 17:53:13.990859 dv-cinder-837353-1-iscsi devstack@placement-api.service[115334]: DEBUG placement.objects.research_context [req-b9a29aa0-1208-4c47-97e3-160cffef876c req-999bf178-9a9a-4784-9af9-1933389c6897 service placement] getting providers with 1 VCPU {{(pid=115334) __init__ /opt/stack/placement/placement/objects/research_context.py:136}}
Apr 11 17:53:14.004958 dv-cinder-837353-1-iscsi devstack@placement-api.service[115334]: DEBUG placement.objects.research_context [req-b9a29aa0-1208-4c47-97e3-160cffef876c req-999bf178-9a9a-4784-9af9-1933389c6897 service placement] found 1 providers with available 1 DISK_GB {{(pid=115334) get_provider_ids_matching /opt/stack/placement/placement/objects/research_context.py:559}}
Apr 11 17:53:14.005514 dv-cinder-837353-1-iscsi devstack@placement-api.service[115334]: DEBUG placement.objects.research_context [req-b9a29aa0-1208-4c47-97e3-160cffef876c req-999bf178-9a9a-4784-9af9-1933389c6897 service placement] found 1 providers with available 1024 MEMORY_MB {{(pid=115334) get_provider_ids_matching /opt/stack/placement/placement/objects/research_context.py:559}}
Apr 11 17:53:14.005939 dv-cinder-837353-1-iscsi devstack@placement-api.service[115334]: DEBUG placement.objects.research_context [req-b9a29aa0-1208-4c47-97e3-160cffef876c req-999bf178-9a9a-4784-9af9-1933389c6897 service placement] found 1 providers after filtering by previous result {{(pid=115334) get_provider_ids_matching /opt/stack/placement/placement/objects/research_context.py:590}}
Apr 11 17:53:14.006575 dv-cinder-837353-1-iscsi devstack@placement-api.service[115334]: DEBUG placement.objects.research_context [req-b9a29aa0-1208-4c47-97e3-160cffef876c req-999bf178-9a9a-4784-9af9-1933389c6897 service placement] found 1 providers with available 1 VCPU {{(pid=115334) get_provider_ids_matching /opt/stack/placement/placement/objects/research_context.py:559}}
Apr 11 17:53:14.006734 dv-cinder-837353-1-iscsi devstack@placement-api.service[115334]: DEBUG placement.objects.research_context [req-b9a29aa0-1208-4c47-97e3-160cffef876c req-999bf178-9a9a-4784-9af9-1933389c6897 service placement] found 1 providers after filtering by previous result {{(pid=115334) get_provider_ids_matching /opt/stack/placement/placement/objects/research_context.py:590}}
Apr 11 17:53:14.024500 dv-cinder-837353-1-iscsi devstack@placement-api.service[115334]: DEBUG placement.objects.allocation_candidate [req-b9a29aa0-1208-4c47-97e3-160cffef876c req-999bf178-9a9a-4784-9af9-1933389c6897 service placement] RequestGroup(use_same_provider=False, resources={DISK_GB:1, MEMORY_MB:1024, VCPU:1}, traits=(), aggregates=[]) (suffix '') returned 1 matches {{(pid=115334) _get_by_requests /opt/stack/placement/placement/objects/allocation_candidate.py:156}}
Apr 11 17:53:14.025159 dv-cinder-837353-1-iscsi devstack@placement-api.service[115334]: DEBUG placement.objects.allocation_candidate [req-b9a29aa0-1208-4c47-97e3-160cffef876c req-999bf178-9a9a-4784-9af9-1933389c6897 service placement] Merging candidates yields 1 allocation requests and 1 provider summaries {{(pid=115334) _merge_candidates /opt/stack/placement/placement/objects/allocation_candidate.py:809}}
Apr 11 17:53:14.027030 dv-cinder-837353-1-iscsi devstack@placement-api.service[115334]: INFO placement.requestlog [req-b9a29aa0-1208-4c47-97e3-160cffef876c req-999bf178-9a9a-4784-9af9-1933389c6897 service placement] 10.222.0.76 "GET /placement/allocation_candidates?limit=1000&resources=DISK_GB%3A1%2CMEMORY_MB%3A1024%2CVCPU%3A1&root_required=%21COMPUTE_STATUS_DISABLED" status: 200 len: 767 microversion: 1.36
Apr 11 17:53:14.028224 dv-cinder-837353-1-iscsi devstack@placement-api.service[115334]: [pid: 115334|app: 0|req: 17/32] 10.222.0.76 () {60 vars in 1506 bytes} [Mon Apr 11 17:53:13 2022] GET /placement/allocation_candidates?limit=1000&resources=DISK_GB%3A1%2CMEMORY_MB%3A1024%2CVCPU%3A1&root_required=%21COMPUTE_STATUS_DISABLED => generated 767 bytes in 117 msecs (HTTP/1.1 200) 8 headers in 296 bytes (1 switches on core 0)
Apr 11 17:53:14.085032 dv-cinder-837353-1-iscsi devstack@placement-api.service[115335]: DEBUG placement.requestlog [req-b9a29aa0-1208-4c47-97e3-160cffef876c req-50d168f8-70d5-498f-b496-1af67a62a66c None None] Starting request: 10.222.0.76 "GET /placement/allocations/ec1a2213-0842-41b4-9c64-0356f0aafa6a" {{(pid=115335) __call__ /opt/stack/placement/placement/requestlog.py:55}}
Apr 11 17:53:14.097342 dv-cinder-837353-1-iscsi devstack@placement-api.service[115335]: INFO placement.requestlog [req-b9a29aa0-1208-4c47-97e3-160cffef876c req-50d168f8-70d5-498f-b496-1af67a62a66c service placement] 10.222.0.76 "GET /placement/allocations/ec1a2213-0842-41b4-9c64-0356f0aafa6a" status: 200 len: 19 microversion: 1.28
Apr 11 17:53:14.098236 dv-cinder-837353-1-iscsi devstack@placement-api.service[115335]: [pid: 115335|app: 0|req: 16/33] 10.222.0.76 () {60 vars in 1380 bytes} [Mon Apr 11 17:53:14 2022] GET /placement/allocations/ec1a2213-0842-41b4-9c64-0356f0aafa6a => generated 19 bytes in 13 msecs (HTTP/1.1 200) 8 headers in 295 bytes (1 switches on core 0)
Apr 11 17:53:14.107509 dv-cinder-837353-1-iscsi devstack@placement-api.service[115334]: DEBUG placement.requestlog [req-b9a29aa0-1208-4c47-97e3-160cffef876c req-2bef4307-5172-48d0-b5b1-0449dce11733 None None] Starting request: 10.222.0.76 "PUT /placement/allocations/ec1a2213-0842-41b4-9c64-0356f0aafa6a" {{(pid=115334) __call__ /opt/stack/placement/placement/requestlog.py:55}}
Apr 11 17:53:14.197140 dv-cinder-837353-1-iscsi devstack@placement-api.service[115334]: DEBUG placement.handlers.allocation [req-b9a29aa0-1208-4c47-97e3-160cffef876c req-2bef4307-5172-48d0-b5b1-0449dce11733 service placement] Successfully wrote allocations [, , ] {{(pid=115334) _update_consumers_and_create_allocations /opt/stack/placement/placement/handlers/allocation.py:462}}
Apr 11 17:53:14.201993 dv-cinder-837353-1-iscsi devstack@placement-api.service[115334]: INFO placement.requestlog [req-b9a29aa0-1208-4c47-97e3-160cffef876c req-2bef4307-5172-48d0-b5b1-0449dce11733 service placement] 10.222.0.76 "PUT /placement/allocations/ec1a2213-0842-41b4-9c64-0356f0aafa6a" status: 204 len: 0 microversion: 1.36
Apr 11 17:53:14.202501 dv-cinder-837353-1-iscsi devstack@placement-api.service[115334]: [pid: 115334|app: 0|req: 18/34] 10.222.0.76 () {64 vars in 1433 bytes} [Mon Apr 11 17:53:14 2022] PUT /placement/allocations/ec1a2213-0842-41b4-9c64-0356f0aafa6a => generated 0 bytes in 95 msecs (HTTP/1.1 204) 5 headers in 199 bytes (1 switches on core 0)
Apr 11 17:53:15.379937 dv-cinder-837353-1-iscsi devstack@placement-api.service[115335]: DEBUG placement.requestlog [req-b9a29aa0-1208-4c47-97e3-160cffef876c req-adab1dc3-6a5a-45de-93a6-3a70c8b2b4b2 None None] Starting request: 10.222.0.18 "GET /placement/allocations/ec1a2213-0842-41b4-9c64-0356f0aafa6a" {{(pid=115335) __call__ /opt/stack/placement/placement/requestlog.py:55}}
Apr 11 17:53:15.397479 dv-cinder-837353-1-iscsi devstack@placement-api.service[115335]: INFO placement.requestlog [req-b9a29aa0-1208-4c47-97e3-160cffef876c req-adab1dc3-6a5a-45de-93a6-3a70c8b2b4b2 service placement] 10.222.0.18 "GET /placement/allocations/ec1a2213-0842-41b4-9c64-0356f0aafa6a" status: 200 len: 258 microversion: 1.28
Apr 11 17:53:15.398687 dv-cinder-837353-1-iscsi devstack@placement-api.service[115335]: [pid: 115335|app: 0|req: 17/35] 10.222.0.18 () {60 vars in 1377 bytes} [Mon Apr 11 17:53:15 2022] GET /placement/allocations/ec1a2213-0842-41b4-9c64-0356f0aafa6a => generated 258 bytes in 19 msecs (HTTP/1.1 200) 8 headers in 296 bytes (1 switches on core 0)
Apr 11 17:53:29.463317 dv-cinder-837353-1-iscsi devstack@placement-api.service[115334]: DEBUG placement.requestlog [req-a04ce7c7-4be6-4866-b5d2-9ea19e6c369c req-a2f8eafc-8129-45d6-9035-114e087a1dab None None] Starting request: 10.222.0.18 "GET /placement/resource_providers/4c3a6b60-ea35-4fa8-8292-f0488fe741ed/allocations" {{(pid=115334) __call__ /opt/stack/placement/placement/requestlog.py:55}}
Apr 11 17:53:29.515319 dv-cinder-837353-1-iscsi devstack@placement-api.service[115334]: INFO placement.requestlog [req-a04ce7c7-4be6-4866-b5d2-9ea19e6c369c req-a2f8eafc-8129-45d6-9035-114e087a1dab service placement] 10.222.0.18 "GET /placement/resource_providers/4c3a6b60-ea35-4fa8-8292-f0488fe741ed/allocations" status: 200 len: 456 microversion: 1.0
Apr 11 17:53:29.515969 dv-cinder-837353-1-iscsi devstack@placement-api.service[115334]: [pid: 115334|app: 0|req: 19/36] 10.222.0.18 () {58 vars in 1390 bytes} [Mon Apr 11 17:53:29 2022] GET /placement/resource_providers/4c3a6b60-ea35-4fa8-8292-f0488fe741ed/allocations => generated 456 bytes in 53 msecs (HTTP/1.1 200) 6 headers in 224 bytes (1 switches on core 0)
Apr 11 17:53:34.414393 dv-cinder-837353-1-iscsi devstack@placement-api.service[115335]: DEBUG placement.requestlog [req-41e638aa-612c-4fff-a98a-35bb1f73dea0 req-f47cfe7b-bf50-487f-85c8-85143254ab32 None None] Starting request: 10.222.0.76 "GET /placement/allocation_candidates?limit=1000&resources=DISK_GB%3A1%2CMEMORY_MB%3A1024%2CVCPU%3A1&root_required=%21COMPUTE_STATUS_DISABLED" {{(pid=115335) __call__ /opt/stack/placement/placement/requestlog.py:55}}
Apr 11 17:53:34.474238 dv-cinder-837353-1-iscsi devstack@placement-api.service[115335]: DEBUG placement.objects.research_context [req-41e638aa-612c-4fff-a98a-35bb1f73dea0 req-f47cfe7b-bf50-487f-85c8-85143254ab32 service placement] getting providers with 1 DISK_GB {{(pid=115335) __init__ /opt/stack/placement/placement/objects/research_context.py:136}}
Apr 11 17:53:34.485797 dv-cinder-837353-1-iscsi devstack@placement-api.service[115335]: DEBUG placement.objects.research_context [req-41e638aa-612c-4fff-a98a-35bb1f73dea0 req-f47cfe7b-bf50-487f-85c8-85143254ab32 service placement] getting providers with 1024 MEMORY_MB {{(pid=115335) __init__ /opt/stack/placement/placement/objects/research_context.py:136}}
Apr 11 17:53:34.492211 dv-cinder-837353-1-iscsi devstack@placement-api.service[115335]: DEBUG placement.objects.research_context [req-41e638aa-612c-4fff-a98a-35bb1f73dea0 req-f47cfe7b-bf50-487f-85c8-85143254ab32 service placement] getting providers with 1 VCPU {{(pid=115335) __init__ /opt/stack/placement/placement/objects/research_context.py:136}}
Apr 11 17:53:34.498258 dv-cinder-837353-1-iscsi devstack@placement-api.service[115335]: DEBUG placement.objects.research_context [req-41e638aa-612c-4fff-a98a-35bb1f73dea0 req-f47cfe7b-bf50-487f-85c8-85143254ab32 service placement] found 1 providers with available 1 DISK_GB {{(pid=115335) get_provider_ids_matching /opt/stack/placement/placement/objects/research_context.py:559}}
Apr 11 17:53:34.498619 dv-cinder-837353-1-iscsi devstack@placement-api.service[115335]: DEBUG placement.objects.research_context [req-41e638aa-612c-4fff-a98a-35bb1f73dea0 req-f47cfe7b-bf50-487f-85c8-85143254ab32 service placement] found 1 providers with available 1024 MEMORY_MB {{(pid=115335) get_provider_ids_matching /opt/stack/placement/placement/objects/research_context.py:559}}
Apr 11 17:53:34.499146 dv-cinder-837353-1-iscsi devstack@placement-api.service[115335]: DEBUG placement.objects.research_context [req-41e638aa-612c-4fff-a98a-35bb1f73dea0 req-f47cfe7b-bf50-487f-85c8-85143254ab32 service placement] found 1 providers after filtering by previous result {{(pid=115335) get_provider_ids_matching /opt/stack/placement/placement/objects/research_context.py:590}}
Apr 11 17:53:34.499472 dv-cinder-837353-1-iscsi devstack@placement-api.service[115335]: DEBUG placement.objects.research_context [req-41e638aa-612c-4fff-a98a-35bb1f73dea0 req-f47cfe7b-bf50-487f-85c8-85143254ab32 service placement] found 1 providers with available 1 VCPU {{(pid=115335) get_provider_ids_matching /opt/stack/placement/placement/objects/research_context.py:559}}
Apr 11 17:53:34.499815 dv-cinder-837353-1-iscsi devstack@placement-api.service[115335]: DEBUG placement.objects.research_context [req-41e638aa-612c-4fff-a98a-35bb1f73dea0 req-f47cfe7b-bf50-487f-85c8-85143254ab32 service placement] found 1 providers after filtering by previous result {{(pid=115335) get_provider_ids_matching /opt/stack/placement/placement/objects/research_context.py:590}}
Apr 11 17:53:34.521012 dv-cinder-837353-1-iscsi devstack@placement-api.service[115335]: DEBUG placement.objects.allocation_candidate [req-41e638aa-612c-4fff-a98a-35bb1f73dea0 req-f47cfe7b-bf50-487f-85c8-85143254ab32 service placement] RequestGroup(use_same_provider=False, resources={DISK_GB:1, MEMORY_MB:1024, VCPU:1}, traits=(), aggregates=[]) (suffix '') returned 1 matches {{(pid=115335) _get_by_requests /opt/stack/placement/placement/objects/allocation_candidate.py:156}}
Apr 11 17:53:34.521441 dv-cinder-837353-1-iscsi devstack@placement-api.service[115335]: DEBUG placement.objects.allocation_candidate [req-41e638aa-612c-4fff-a98a-35bb1f73dea0 req-f47cfe7b-bf50-487f-85c8-85143254ab32 service placement] Merging candidates yields 1 allocation requests and 1 provider summaries {{(pid=115335) _merge_candidates /opt/stack/placement/placement/objects/allocation_candidate.py:809}}
Apr 11 17:53:34.525265 dv-cinder-837353-1-iscsi devstack@placement-api.service[115335]: INFO placement.requestlog [req-41e638aa-612c-4fff-a98a-35bb1f73dea0 req-f47cfe7b-bf50-487f-85c8-85143254ab32 service placement] 10.222.0.76 "GET /placement/allocation_candidates?limit=1000&resources=DISK_GB%3A1%2CMEMORY_MB%3A1024%2CVCPU%3A1&root_required=%21COMPUTE_STATUS_DISABLED" status: 200 len: 767 microversion: 1.36
Apr 11 17:53:34.526197 dv-cinder-837353-1-iscsi devstack@placement-api.service[115335]: [pid: 115335|app: 0|req: 18/37] 10.222.0.76 () {60 vars in 1506 bytes} [Mon Apr 11 17:53:34 2022] GET /placement/allocation_candidates?limit=1000&resources=DISK_GB%3A1%2CMEMORY_MB%3A1024%2CVCPU%3A1&root_required=%21COMPUTE_STATUS_DISABLED => generated 767 bytes in 112 msecs (HTTP/1.1 200) 8 headers in 296 bytes (1 switches on core 0)
Apr 11 17:53:34.581171 dv-cinder-837353-1-iscsi devstack@placement-api.service[115334]: DEBUG placement.requestlog [req-970c46b3-55d4-4a3e-9836-a7bd91c78ab5 req-6e66476b-8dee-4a5c-80bd-219f0fa6916d None None] Starting request: 10.222.0.76 "GET /placement/allocation_candidates?limit=1000&resources=DISK_GB%3A1%2CMEMORY_MB%3A1024%2CVCPU%3A1&root_required=%21COMPUTE_STATUS_DISABLED" {{(pid=115334) __call__ /opt/stack/placement/placement/requestlog.py:55}}
Apr 11 17:53:34.611771 dv-cinder-837353-1-iscsi devstack@placement-api.service[115335]: DEBUG placement.requestlog [req-41e638aa-612c-4fff-a98a-35bb1f73dea0 req-895f6810-9282-4420-8235-f97a896367d8 None None] Starting request: 10.222.0.76 "GET /placement/allocations/38168568-3352-4f80-9ea1-16e96dca0059" {{(pid=115335) __call__ /opt/stack/placement/placement/requestlog.py:55}}
Apr 11 17:53:34.626869 dv-cinder-837353-1-iscsi devstack@placement-api.service[115335]: INFO placement.requestlog [req-41e638aa-612c-4fff-a98a-35bb1f73dea0 req-895f6810-9282-4420-8235-f97a896367d8 service placement] 10.222.0.76 "GET /placement/allocations/38168568-3352-4f80-9ea1-16e96dca0059" status: 200 len: 19 microversion: 1.28
Apr 11 17:53:34.627242 dv-cinder-837353-1-iscsi devstack@placement-api.service[115335]: [pid: 115335|app: 0|req: 19/38] 10.222.0.76 () {60 vars in 1380 bytes} [Mon Apr 11 17:53:34 2022] GET /placement/allocations/38168568-3352-4f80-9ea1-16e96dca0059 => generated 19 bytes in 16 msecs (HTTP/1.1 200) 8 headers in 295 bytes (2 switches on core 0)
Apr 11 17:53:34.635553 dv-cinder-837353-1-iscsi devstack@placement-api.service[115334]: DEBUG placement.objects.research_context [req-970c46b3-55d4-4a3e-9836-a7bd91c78ab5 req-6e66476b-8dee-4a5c-80bd-219f0fa6916d service placement] getting providers with 1 DISK_GB {{(pid=115334) __init__ /opt/stack/placement/placement/objects/research_context.py:136}}
Apr 11 17:53:34.639699 dv-cinder-837353-1-iscsi devstack@placement-api.service[115335]: DEBUG placement.requestlog [req-41e638aa-612c-4fff-a98a-35bb1f73dea0 req-ae5da0f1-44a2-4eb7-b915-8b5d6b752c1e None None] Starting request: 10.222.0.76 "PUT /placement/allocations/38168568-3352-4f80-9ea1-16e96dca0059" {{(pid=115335) __call__ /opt/stack/placement/placement/requestlog.py:55}}
Apr 11 17:53:34.669811 dv-cinder-837353-1-iscsi devstack@placement-api.service[115334]: DEBUG placement.objects.research_context [req-970c46b3-55d4-4a3e-9836-a7bd91c78ab5 req-6e66476b-8dee-4a5c-80bd-219f0fa6916d service placement] getting providers with 1024 MEMORY_MB {{(pid=115334) __init__ /opt/stack/placement/placement/objects/research_context.py:136}}
Apr 11 17:53:34.686976 dv-cinder-837353-1-iscsi devstack@placement-api.service[115334]: DEBUG placement.objects.research_context [req-970c46b3-55d4-4a3e-9836-a7bd91c78ab5 req-6e66476b-8dee-4a5c-80bd-219f0fa6916d service placement] getting providers with 1 VCPU {{(pid=115334) __init__ /opt/stack/placement/placement/objects/research_context.py:136}}
Apr 11 17:53:34.699517 dv-cinder-837353-1-iscsi devstack@placement-api.service[115334]: DEBUG placement.objects.research_context [req-970c46b3-55d4-4a3e-9836-a7bd91c78ab5 req-6e66476b-8dee-4a5c-80bd-219f0fa6916d service placement] found 1 providers with available 1 DISK_GB {{(pid=115334) get_provider_ids_matching /opt/stack/placement/placement/objects/research_context.py:559}}
Apr 11 17:53:34.700768 dv-cinder-837353-1-iscsi devstack@placement-api.service[115334]: DEBUG placement.objects.research_context [req-970c46b3-55d4-4a3e-9836-a7bd91c78ab5 req-6e66476b-8dee-4a5c-80bd-219f0fa6916d service placement] found 1 providers with available 1024 MEMORY_MB {{(pid=115334) get_provider_ids_matching /opt/stack/placement/placement/objects/research_context.py:559}}
Apr 11 17:53:34.701067 dv-cinder-837353-1-iscsi devstack@placement-api.service[115334]: DEBUG placement.objects.research_context [req-970c46b3-55d4-4a3e-9836-a7bd91c78ab5 req-6e66476b-8dee-4a5c-80bd-219f0fa6916d service placement] found 1 providers after filtering by previous result {{(pid=115334) get_provider_ids_matching /opt/stack/placement/placement/objects/research_context.py:590}}
Apr 11 17:53:34.701321 dv-cinder-837353-1-iscsi devstack@placement-api.service[115334]: DEBUG placement.objects.research_context [req-970c46b3-55d4-4a3e-9836-a7bd91c78ab5 req-6e66476b-8dee-4a5c-80bd-219f0fa6916d service placement] found 1 providers with available 1 VCPU {{(pid=115334) get_provider_ids_matching /opt/stack/placement/placement/objects/research_context.py:559}}
Apr 11 17:53:34.701576 dv-cinder-837353-1-iscsi devstack@placement-api.service[115334]: DEBUG placement.objects.research_context [req-970c46b3-55d4-4a3e-9836-a7bd91c78ab5 req-6e66476b-8dee-4a5c-80bd-219f0fa6916d service placement] found 1 providers after filtering by previous result {{(pid=115334) get_provider_ids_matching /opt/stack/placement/placement/objects/research_context.py:590}}
Apr 11 17:53:34.738013 dv-cinder-837353-1-iscsi devstack@placement-api.service[115334]: DEBUG placement.objects.allocation_candidate [req-970c46b3-55d4-4a3e-9836-a7bd91c78ab5 req-6e66476b-8dee-4a5c-80bd-219f0fa6916d service placement] RequestGroup(use_same_provider=False, resources={DISK_GB:1, MEMORY_MB:1024, VCPU:1}, traits=(), aggregates=[]) (suffix '') returned 1 matches {{(pid=115334) _get_by_requests /opt/stack/placement/placement/objects/allocation_candidate.py:156}}
Apr 11 17:53:34.738878 dv-cinder-837353-1-iscsi devstack@placement-api.service[115334]: DEBUG placement.objects.allocation_candidate [req-970c46b3-55d4-4a3e-9836-a7bd91c78ab5 req-6e66476b-8dee-4a5c-80bd-219f0fa6916d service placement] Merging candidates yields 1 allocation requests and 1 provider summaries {{(pid=115334) _merge_candidates /opt/stack/placement/placement/objects/allocation_candidate.py:809}}
Apr 11 17:53:34.741209 dv-cinder-837353-1-iscsi devstack@placement-api.service[115334]: INFO placement.requestlog [req-970c46b3-55d4-4a3e-9836-a7bd91c78ab5 req-6e66476b-8dee-4a5c-80bd-219f0fa6916d service placement] 10.222.0.76 "GET /placement/allocation_candidates?limit=1000&resources=DISK_GB%3A1%2CMEMORY_MB%3A1024%2CVCPU%3A1&root_required=%21COMPUTE_STATUS_DISABLED" status: 200 len: 767 microversion: 1.36
Apr 11 17:53:34.742098 dv-cinder-837353-1-iscsi devstack@placement-api.service[115334]: [pid: 115334|app: 0|req: 20/39] 10.222.0.76 () {60 vars in 1506 bytes} [Mon Apr 11 17:53:34 2022] GET /placement/allocation_candidates?limit=1000&resources=DISK_GB%3A1%2CMEMORY_MB%3A1024%2CVCPU%3A1&root_required=%21COMPUTE_STATUS_DISABLED => generated 767 bytes in 161 msecs (HTTP/1.1 200) 8 headers in 296 bytes (1 switches on core 0)
Apr 11 17:53:34.774377 dv-cinder-837353-1-iscsi devstack@placement-api.service[115335]: DEBUG placement.handlers.allocation [req-41e638aa-612c-4fff-a98a-35bb1f73dea0 req-ae5da0f1-44a2-4eb7-b915-8b5d6b752c1e service placement] Successfully wrote allocations [, , ] {{(pid=115335) _update_consumers_and_create_allocations /opt/stack/placement/placement/handlers/allocation.py:462}}
Apr 11 17:53:34.780718 dv-cinder-837353-1-iscsi devstack@placement-api.service[115335]: INFO placement.requestlog [req-41e638aa-612c-4fff-a98a-35bb1f73dea0 req-ae5da0f1-44a2-4eb7-b915-8b5d6b752c1e service placement] 10.222.0.76 "PUT /placement/allocations/38168568-3352-4f80-9ea1-16e96dca0059" status: 204 len: 0 microversion: 1.36
Apr 11 17:53:34.782227 dv-cinder-837353-1-iscsi devstack@placement-api.service[115335]: [pid: 115335|app: 0|req: 20/40] 10.222.0.76 () {64 vars in 1433 bytes} [Mon Apr 11 17:53:34 2022] PUT /placement/allocations/38168568-3352-4f80-9ea1-16e96dca0059 => generated 0 bytes in 142 msecs (HTTP/1.1 204) 5 headers in 199 bytes (1 switches on core 0)
Apr 11 17:53:34.795801 dv-cinder-837353-1-iscsi devstack@placement-api.service[115334]: DEBUG placement.requestlog [req-970c46b3-55d4-4a3e-9836-a7bd91c78ab5 req-4171b88d-30c4-47ae-8d12-dca29f8c0140 None None] Starting request: 10.222.0.76 "GET /placement/allocations/bc2e031d-deb3-47f4-b6c1-9aa991bff4a2" {{(pid=115334) __call__ /opt/stack/placement/placement/requestlog.py:55}}
Apr 11 17:53:34.833117 dv-cinder-837353-1-iscsi devstack@placement-api.service[115334]: INFO placement.requestlog [req-970c46b3-55d4-4a3e-9836-a7bd91c78ab5 req-4171b88d-30c4-47ae-8d12-dca29f8c0140 service placement] 10.222.0.76 "GET /placement/allocations/bc2e031d-deb3-47f4-b6c1-9aa991bff4a2" status: 200 len: 19 microversion: 1.28
Apr 11 17:53:34.839290 dv-cinder-837353-1-iscsi devstack@placement-api.service[115334]: [pid: 115334|app: 0|req: 21/41] 10.222.0.76 () {60 vars in 1380 bytes} [Mon Apr 11 17:53:34 2022] GET /placement/allocations/bc2e031d-deb3-47f4-b6c1-9aa991bff4a2 => generated 19 bytes in 41 msecs (HTTP/1.1 200) 8 headers in 295 bytes (1 switches on core 0)
Apr 11 17:53:34.853907 dv-cinder-837353-1-iscsi devstack@placement-api.service[115335]: DEBUG placement.requestlog [req-970c46b3-55d4-4a3e-9836-a7bd91c78ab5 req-6cc57e97-61c0-471b-9523-c4450e4b7803 None None] Starting request: 10.222.0.76 "PUT /placement/allocations/bc2e031d-deb3-47f4-b6c1-9aa991bff4a2" {{(pid=115335) __call__ /opt/stack/placement/placement/requestlog.py:55}}
Apr 11 17:53:34.970611 dv-cinder-837353-1-iscsi devstack@placement-api.service[115335]: DEBUG placement.handlers.allocation [req-970c46b3-55d4-4a3e-9836-a7bd91c78ab5 req-6cc57e97-61c0-471b-9523-c4450e4b7803 service placement] Successfully wrote allocations [, , ] {{(pid=115335) _update_consumers_and_create_allocations /opt/stack/placement/placement/handlers/allocation.py:462}}
Apr 11 17:53:34.988793 dv-cinder-837353-1-iscsi devstack@placement-api.service[115335]: INFO placement.requestlog [req-970c46b3-55d4-4a3e-9836-a7bd91c78ab5 req-6cc57e97-61c0-471b-9523-c4450e4b7803 service placement] 10.222.0.76 "PUT /placement/allocations/bc2e031d-deb3-47f4-b6c1-9aa991bff4a2" status: 204 len: 0 microversion: 1.36
Apr 11 17:53:34.989314 dv-cinder-837353-1-iscsi devstack@placement-api.service[115335]: [pid: 115335|app: 0|req: 21/42] 10.222.0.76 () {64 vars in 1433 bytes} [Mon Apr 11 17:53:34 2022] PUT /placement/allocations/bc2e031d-deb3-47f4-b6c1-9aa991bff4a2 => generated 0 bytes in 136 msecs (HTTP/1.1 204) 5 headers in 199 bytes (1 switches on core 0)
Apr 11 17:53:35.248588 dv-cinder-837353-1-iscsi devstack@placement-api.service[115334]: DEBUG placement.requestlog [req-41e638aa-612c-4fff-a98a-35bb1f73dea0 req-526af15a-720a-465e-aec4-12d206ce5951 None None] Starting request: 10.222.0.18 "GET /placement/allocations/38168568-3352-4f80-9ea1-16e96dca0059" {{(pid=115334) __call__ /opt/stack/placement/placement/requestlog.py:55}}
Apr 11 17:53:35.280365 dv-cinder-837353-1-iscsi devstack@placement-api.service[115334]: INFO placement.requestlog [req-41e638aa-612c-4fff-a98a-35bb1f73dea0 req-526af15a-720a-465e-aec4-12d206ce5951 service placement] 10.222.0.18 "GET /placement/allocations/38168568-3352-4f80-9ea1-16e96dca0059" status: 200 len: 258 microversion: 1.28
Apr 11 17:53:35.281425 dv-cinder-837353-1-iscsi devstack@placement-api.service[115334]: [pid: 115334|app: 0|req: 22/43] 10.222.0.18 () {60 vars in 1377 bytes} [Mon Apr 11 17:53:35 2022] GET /placement/allocations/38168568-3352-4f80-9ea1-16e96dca0059 => generated 258 bytes in 33 msecs (HTTP/1.1 200) 8 headers in 296 bytes (1 switches on core 0)
Apr 11 17:53:35.527959 dv-cinder-837353-1-iscsi devstack@placement-api.service[115335]: DEBUG placement.requestlog [req-970c46b3-55d4-4a3e-9836-a7bd91c78ab5 req-34050968-1096-47d5-afdf-d744fb90ee2a None None] Starting request: 10.222.0.18 "GET /placement/allocations/bc2e031d-deb3-47f4-b6c1-9aa991bff4a2" {{(pid=115335) __call__ /opt/stack/placement/placement/requestlog.py:55}}
Apr 11 17:53:35.554123 dv-cinder-837353-1-iscsi devstack@placement-api.service[115335]: INFO placement.requestlog [req-970c46b3-55d4-4a3e-9836-a7bd91c78ab5 req-34050968-1096-47d5-afdf-d744fb90ee2a service placement] 10.222.0.18 "GET /placement/allocations/bc2e031d-deb3-47f4-b6c1-9aa991bff4a2" status: 200 len: 258 microversion: 1.28
Apr 11 17:53:35.557333 dv-cinder-837353-1-iscsi devstack@placement-api.service[115335]: [pid: 115335|app: 0|req: 22/44] 10.222.0.18 () {60 vars in 1377 bytes} [Mon Apr 11 17:53:35 2022] GET /placement/allocations/bc2e031d-deb3-47f4-b6c1-9aa991bff4a2 => generated 258 bytes in 29 msecs (HTTP/1.1 200) 8 headers in 296 bytes (1 switches on core 0)
Apr 11 17:53:40.280568 dv-cinder-837353-1-iscsi devstack@placement-api.service[115334]: DEBUG placement.requestlog [req-1987f0f8-c8e5-437b-a0cc-d5044731848a req-b65f0eb4-b081-4c3c-ae6b-c6c421801ab0 None None] Starting request: 10.222.0.76 "GET /placement/allocation_candidates?limit=1000&resources=MEMORY_MB%3A1024%2CVCPU%3A1&root_required=%21COMPUTE_STATUS_DISABLED" {{(pid=115334) __call__ /opt/stack/placement/placement/requestlog.py:55}}
Apr 11 17:53:40.316502 dv-cinder-837353-1-iscsi devstack@placement-api.service[115334]: DEBUG placement.objects.research_context [req-1987f0f8-c8e5-437b-a0cc-d5044731848a req-b65f0eb4-b081-4c3c-ae6b-c6c421801ab0 service placement] getting providers with 1024 MEMORY_MB {{(pid=115334) __init__ /opt/stack/placement/placement/objects/research_context.py:136}}
Apr 11 17:53:40.322794 dv-cinder-837353-1-iscsi devstack@placement-api.service[115334]: DEBUG placement.objects.research_context [req-1987f0f8-c8e5-437b-a0cc-d5044731848a req-b65f0eb4-b081-4c3c-ae6b-c6c421801ab0 service placement] getting providers with 1 VCPU {{(pid=115334) __init__ /opt/stack/placement/placement/objects/research_context.py:136}}
