Apr 11 17:37:23.846243 dv-cinder-837167-2-iscsi devstack@c-api.service[116690]: /usr/local/lib/python3.8/dist-packages/oslo_policy/policy.py:809: UserWarning: Policy "volume:delete":"rule:admin_or_owner" was deprecated in X in favor of "volume:delete":"rule:xena_system_admin_or_project_member". Reason: Default policies now support the three Keystone default roles, namely 'admin', 'member', and 'reader' to implement three Cinder "personas". See "Policy Personas and Permissions" in the "Cinder Service Configuration" documentation (Xena release) for details.. Either ensure your deployment is ready for the new default or copy/paste the deprecated policy into your policy file and maintain it manually.
Apr 11 17:37:23.846243 dv-cinder-837167-2-iscsi devstack@c-api.service[116690]: warnings.warn(deprecated_msg)
Apr 11 17:37:23.846243 dv-cinder-837167-2-iscsi devstack@c-api.service[116690]: /usr/local/lib/python3.8/dist-packages/oslo_policy/policy.py:809: UserWarning: Policy "volume_extension:volume_tenant_attribute":"rule:admin_or_owner" was deprecated in X in favor of "volume_extension:volume_tenant_attribute":"rule:xena_system_admin_or_project_reader". Reason: Default policies now support the three Keystone default roles, namely 'admin', 'member', and 'reader' to implement three Cinder "personas". See "Policy Personas and Permissions" in the "Cinder Service Configuration" documentation (Xena release) for details.. Either ensure your deployment is ready for the new default or copy/paste the deprecated policy into your policy file and maintain it manually.
Apr 11 17:37:23.846243 dv-cinder-837167-2-iscsi devstack@c-api.service[116690]: warnings.warn(deprecated_msg)
Apr 11 17:37:23.846950 dv-cinder-837167-2-iscsi devstack@c-api.service[116690]: /usr/local/lib/python3.8/dist-packages/oslo_policy/policy.py:809: UserWarning: Policy "volume_extension:volume_encryption_metadata":"rule:admin_or_owner" was deprecated in X in favor of "volume_extension:volume_encryption_metadata":"rule:xena_system_admin_or_project_reader". Reason: Default policies now support the three Keystone default roles, namely 'admin', 'member', and 'reader' to implement three Cinder "personas". See "Policy Personas and Permissions" in the "Cinder Service Configuration" documentation (Xena release) for details.. Either ensure your deployment is ready for the new default or copy/paste the deprecated policy into your policy file and maintain it manually.
Apr 11 17:37:23.846950 dv-cinder-837167-2-iscsi devstack@c-api.service[116690]: warnings.warn(deprecated_msg)
Apr 11 17:37:23.846950 dv-cinder-837167-2-iscsi devstack@c-api.service[116690]: /usr/local/lib/python3.8/dist-packages/oslo_policy/policy.py:809: UserWarning: Policy "volume:multiattach":"rule:admin_or_owner" was deprecated in X in favor of "volume:multiattach":"rule:xena_system_admin_or_project_member". Reason: Default policies now support the three Keystone default roles, namely 'admin', 'member', and 'reader' to implement three Cinder "personas". See "Policy Personas and Permissions" in the "Cinder Service Configuration" documentation (Xena release) for details.. Either ensure your deployment is ready for the new default or copy/paste the deprecated policy into your policy file and maintain it manually.
Apr 11 17:37:23.846950 dv-cinder-837167-2-iscsi devstack@c-api.service[116690]: warnings.warn(deprecated_msg)
Apr 11 17:37:23.847581 dv-cinder-837167-2-iscsi devstack@c-api.service[116690]: /usr/local/lib/python3.8/dist-packages/oslo_policy/policy.py:809: UserWarning: Policy "volume_extension:default_set_or_update":"rule:system_or_domain_or_project_admin" was deprecated in X in favor of "volume_extension:default_set_or_update":"rule:admin_api". Reason: Default policies now support the three Keystone default roles, namely 'admin', 'member', and 'reader' to implement three Cinder "personas". See "Policy Personas and Permissions" in the "Cinder Service Configuration" documentation (Xena release) for details.. Either ensure your deployment is ready for the new default or copy/paste the deprecated policy into your policy file and maintain it manually.
Apr 11 17:37:23.847581 dv-cinder-837167-2-iscsi devstack@c-api.service[116690]: warnings.warn(deprecated_msg)
Apr 11 17:37:23.847581 dv-cinder-837167-2-iscsi devstack@c-api.service[116690]: /usr/local/lib/python3.8/dist-packages/oslo_policy/policy.py:809: UserWarning: Policy "volume_extension:default_get":"rule:system_or_domain_or_project_admin" was deprecated in X in favor of "volume_extension:default_get":"rule:admin_api". Reason: Default policies now support the three Keystone default roles, namely 'admin', 'member', and 'reader' to implement three Cinder "personas". See "Policy Personas and Permissions" in the "Cinder Service Configuration" documentation (Xena release) for details.. Either ensure your deployment is ready for the new default or copy/paste the deprecated policy into your policy file and maintain it manually.
Apr 11 17:37:23.847581 dv-cinder-837167-2-iscsi devstack@c-api.service[116690]: warnings.warn(deprecated_msg)
Apr 11 17:37:23.847581 dv-cinder-837167-2-iscsi devstack@c-api.service[116690]: /usr/local/lib/python3.8/dist-packages/oslo_policy/policy.py:809: UserWarning: Policy "volume_extension:default_get_all":"role:admin and system_scope:all" was deprecated in X in favor of "volume_extension:default_get_all":"rule:admin_api". Reason: Default policies now support the three Keystone default roles, namely 'admin', 'member', and 'reader' to implement three Cinder "personas". See "Policy Personas and Permissions" in the "Cinder Service Configuration" documentation (Xena release) for details.. Either ensure your deployment is ready for the new default or copy/paste the deprecated policy into your policy file and maintain it manually.
Apr 11 17:37:23.848182 dv-cinder-837167-2-iscsi devstack@c-api.service[116690]: warnings.warn(deprecated_msg)
Apr 11 17:37:23.848182 dv-cinder-837167-2-iscsi devstack@c-api.service[116690]: /usr/local/lib/python3.8/dist-packages/oslo_policy/policy.py:809: UserWarning: Policy "volume_extension:default_unset":"rule:system_or_domain_or_project_admin" was deprecated in X in favor of "volume_extension:default_unset":"rule:admin_api". Reason: Default policies now support the three Keystone default roles, namely 'admin', 'member', and 'reader' to implement three Cinder "personas". See "Policy Personas and Permissions" in the "Cinder Service Configuration" documentation (Xena release) for details.. Either ensure your deployment is ready for the new default or copy/paste the deprecated policy into your policy file and maintain it manually.
Apr 11 17:37:23.848182 dv-cinder-837167-2-iscsi devstack@c-api.service[116690]: warnings.warn(deprecated_msg)
Apr 11 17:37:23.849808 dv-cinder-837167-2-iscsi devstack@c-api.service[116690]: DEBUG cinder.api.middleware.request_id [req-91c5cf5d-01d8-43bd-ab9e-bf17b3e708ca req-6d417ca7-f8e2-4b50-9d42-ecacbb79e6b2 None None] RequestId filter calling following filter/app {{(pid=116690) _context_setter /opt/stack/cinder/cinder/api/middleware/request_id.py:62}}
Apr 11 17:37:24.594331 dv-cinder-837167-2-iscsi devstack@c-api.service[116690]: INFO cinder.api.openstack.wsgi [req-91c5cf5d-01d8-43bd-ab9e-bf17b3e708ca req-6d417ca7-f8e2-4b50-9d42-ecacbb79e6b2 admin admin] POST http://10.222.0.79/volume/v3/083eef77fdeb4cc68737b7054a4b82bb/types/9a8b88ed-9cba-4a39-b6d0-9bab0f932898/extra_specs
Apr 11 17:37:24.595588 dv-cinder-837167-2-iscsi devstack@c-api.service[116690]: DEBUG cinder.api.openstack.wsgi [req-91c5cf5d-01d8-43bd-ab9e-bf17b3e708ca req-6d417ca7-f8e2-4b50-9d42-ecacbb79e6b2 admin admin] Action: 'create', calling method: create, body: {"extra_specs": {"volume_backend_name": "lvmdriver-1"}} {{(pid=116690) _process_stack /opt/stack/cinder/cinder/api/openstack/wsgi.py:866}}
Apr 11 17:37:24.597673 dv-cinder-837167-2-iscsi devstack@c-api.service[116690]: /usr/local/lib/python3.8/dist-packages/oslo_context/context.py:100: DeprecationWarning: Policy enforcement is depending on the value of is_admin. This key is deprecated. Please update your policy file to use the standard policy values.
Apr 11 17:37:24.597673 dv-cinder-837167-2-iscsi devstack@c-api.service[116690]: warnings.warn('Policy enforcement is depending on the value of '
Apr 11 17:37:24.605174 dv-cinder-837167-2-iscsi devstack@c-api.service[116690]: DEBUG oslo_db.sqlalchemy.engines [req-91c5cf5d-01d8-43bd-ab9e-bf17b3e708ca req-6d417ca7-f8e2-4b50-9d42-ecacbb79e6b2 admin admin] MySQL server mode set to STRICT_TRANS_TABLES,STRICT_ALL_TABLES,NO_ZERO_IN_DATE,NO_ZERO_DATE,ERROR_FOR_DIVISION_BY_ZERO,TRADITIONAL,NO_ENGINE_SUBSTITUTION {{(pid=116690) _check_effective_sql_mode /usr/local/lib/python3.8/dist-packages/oslo_db/sqlalchemy/engines.py:314}}
Apr 11 17:37:24.723255 dv-cinder-837167-2-iscsi devstack@c-api.service[116690]: INFO cinder.api.openstack.wsgi [req-91c5cf5d-01d8-43bd-ab9e-bf17b3e708ca req-6d417ca7-f8e2-4b50-9d42-ecacbb79e6b2 admin admin] http://10.222.0.79/volume/v3/083eef77fdeb4cc68737b7054a4b82bb/types/9a8b88ed-9cba-4a39-b6d0-9bab0f932898/extra_specs returned with HTTP 200
Apr 11 17:37:24.724057 dv-cinder-837167-2-iscsi devstack@c-api.service[116690]: [pid: 116690|app: 0|req: 1/3] 10.222.0.79 () {62 vars in 1454 bytes} [Mon Apr 11 17:37:23 2022] POST /volume/v3/083eef77fdeb4cc68737b7054a4b82bb/types/9a8b88ed-9cba-4a39-b6d0-9bab0f932898/extra_specs => generated 55 bytes in 934 msecs (HTTP/1.1 200) 7 headers in 284 bytes (1 switches on core 0)
Apr 11 17:38:03.809434 dv-cinder-837167-2-iscsi devstack@c-api.service[116691]: DEBUG cinder.api.middleware.request_id [None req-efa6ba10-247e-416b-9160-bad28b05e0c3 None None] RequestId filter calling following filter/app {{(pid=116691) _context_setter /opt/stack/cinder/cinder/api/middleware/request_id.py:62}}
Apr 11 17:38:03.810676 dv-cinder-837167-2-iscsi devstack@c-api.service[116691]: INFO cinder.api.openstack.wsgi [None req-efa6ba10-247e-416b-9160-bad28b05e0c3 None None] GET http://10.222.0.79/volume//
Apr 11 17:38:03.811093 dv-cinder-837167-2-iscsi devstack@c-api.service[116691]: DEBUG cinder.api.openstack.wsgi [None req-efa6ba10-247e-416b-9160-bad28b05e0c3 None None] Empty body provided in request {{(pid=116691) get_body /opt/stack/cinder/cinder/api/openstack/wsgi.py:715}}
Apr 11 17:38:03.811542 dv-cinder-837167-2-iscsi devstack@c-api.service[116691]: DEBUG cinder.api.openstack.wsgi [None req-efa6ba10-247e-416b-9160-bad28b05e0c3 None None] Calling method 'all' {{(pid=116691) _process_stack /opt/stack/cinder/cinder/api/openstack/wsgi.py:868}}
Apr 11 17:38:03.812621 dv-cinder-837167-2-iscsi devstack@c-api.service[116691]: INFO cinder.api.openstack.wsgi [None req-efa6ba10-247e-416b-9160-bad28b05e0c3 None None] http://10.222.0.79/volume// returned with HTTP 300
Apr 11 17:38:03.813170 dv-cinder-837167-2-iscsi devstack@c-api.service[116691]: [pid: 116691|app: 0|req: 3/4] 10.222.0.79 () {56 vars in 1098 bytes} [Mon Apr 11 17:38:03 2022] GET /volume/ => generated 386 bytes in 5 msecs (HTTP/1.1 300) 7 headers in 299 bytes (1 switches on core 0)
Apr 11 17:41:11.423450 dv-cinder-837167-2-iscsi devstack@c-api.service[116690]: DEBUG cinder.api.middleware.request_id [None req-14b9201a-885f-4494-ab06-1b6905150c7d None None] RequestId filter calling following filter/app {{(pid=116690) _context_setter /opt/stack/cinder/cinder/api/middleware/request_id.py:62}}
Apr 11 17:41:11.433546 dv-cinder-837167-2-iscsi devstack@c-api.service[116690]: INFO cinder.api.openstack.wsgi [None req-14b9201a-885f-4494-ab06-1b6905150c7d tempest-verify_tempest_config-461535590 tempest-verify_tempest_config-461535590-project] GET http://10.222.0.79/volume/v3/eafb490bd26944a0beda908dcf557660/extensions
Apr 11 17:41:11.434009 dv-cinder-837167-2-iscsi devstack@c-api.service[116690]: DEBUG cinder.api.openstack.wsgi [None req-14b9201a-885f-4494-ab06-1b6905150c7d tempest-verify_tempest_config-461535590 tempest-verify_tempest_config-461535590-project] Empty body provided in request {{(pid=116690) get_body /opt/stack/cinder/cinder/api/openstack/wsgi.py:715}}
Apr 11 17:41:11.434464 dv-cinder-837167-2-iscsi devstack@c-api.service[116690]: DEBUG cinder.api.openstack.wsgi [None req-14b9201a-885f-4494-ab06-1b6905150c7d tempest-verify_tempest_config-461535590 tempest-verify_tempest_config-461535590-project] Calling method 'index' {{(pid=116690) _process_stack /opt/stack/cinder/cinder/api/openstack/wsgi.py:868}}
Apr 11 17:41:11.435163 dv-cinder-837167-2-iscsi devstack@c-api.service[116690]: INFO cinder.api.openstack.wsgi [None req-14b9201a-885f-4494-ab06-1b6905150c7d tempest-verify_tempest_config-461535590 tempest-verify_tempest_config-461535590-project] http://10.222.0.79/volume/v3/eafb490bd26944a0beda908dcf557660/extensions returned with HTTP 200
Apr 11 17:41:11.435838 dv-cinder-837167-2-iscsi devstack@c-api.service[116690]: [pid: 116690|app: 0|req: 2/5] 10.222.0.79 () {58 vars in 1222 bytes} [Mon Apr 11 17:41:11 2022] GET /volume/v3/eafb490bd26944a0beda908dcf557660/extensions => generated 5245 bytes in 15 msecs (HTTP/1.1 200) 7 headers in 286 bytes (1 switches on core 0)
Apr 11 17:43:24.779484 dv-cinder-837167-2-iscsi devstack@c-api.service[116691]: DEBUG cinder.api.middleware.request_id [None req-e00978d5-086f-4e17-ab00-a44cfe011890 None None] RequestId filter calling following filter/app {{(pid=116691) _context_setter /opt/stack/cinder/cinder/api/middleware/request_id.py:62}}
Apr 11 17:43:24.882964 dv-cinder-837167-2-iscsi devstack@c-api.service[116691]: INFO cinder.api.openstack.wsgi [None req-e00978d5-086f-4e17-ab00-a44cfe011890 admin admin] GET http://10.222.0.79/volume/v3/083eef77fdeb4cc68737b7054a4b82bb/os-services
Apr 11 17:43:24.883392 dv-cinder-837167-2-iscsi devstack@c-api.service[116691]: DEBUG cinder.api.openstack.wsgi [None req-e00978d5-086f-4e17-ab00-a44cfe011890 admin admin] Empty body provided in request {{(pid=116691) get_body /opt/stack/cinder/cinder/api/openstack/wsgi.py:715}}
Apr 11 17:43:24.883874 dv-cinder-837167-2-iscsi devstack@c-api.service[116691]: DEBUG cinder.api.openstack.wsgi [None req-e00978d5-086f-4e17-ab00-a44cfe011890 admin admin] Calling method 'index' {{(pid=116691) _process_stack /opt/stack/cinder/cinder/api/openstack/wsgi.py:868}}
Apr 11 17:43:24.893345 dv-cinder-837167-2-iscsi devstack@c-api.service[116691]: INFO cinder.api.openstack.wsgi [None req-e00978d5-086f-4e17-ab00-a44cfe011890 admin admin] http://10.222.0.79/volume/v3/083eef77fdeb4cc68737b7054a4b82bb/os-services returned with HTTP 200
Apr 11 17:43:24.894183 dv-cinder-837167-2-iscsi devstack@c-api.service[116691]: [pid: 116691|app: 0|req: 4/6] 10.222.0.79 () {56 vars in 1201 bytes} [Mon Apr 11 17:43:24 2022] GET /volume/v3/083eef77fdeb4cc68737b7054a4b82bb/os-services => generated 642 bytes in 116 msecs (HTTP/1.1 200) 7 headers in 285 bytes (1 switches on core 0)
Apr 11 17:43:27.550125 dv-cinder-837167-2-iscsi devstack@c-api.service[116690]: DEBUG cinder.api.middleware.request_id [None req-c0eba986-d715-4915-9816-70df965d17da None None] RequestId filter calling following filter/app {{(pid=116690) _context_setter /opt/stack/cinder/cinder/api/middleware/request_id.py:62}}
Apr 11 17:43:27.645812 dv-cinder-837167-2-iscsi devstack@c-api.service[116690]: INFO cinder.api.openstack.wsgi [None req-c0eba986-d715-4915-9816-70df965d17da admin admin] GET http://10.222.0.79/volume/v3/083eef77fdeb4cc68737b7054a4b82bb/os-services
Apr 11 17:43:27.646512 dv-cinder-837167-2-iscsi devstack@c-api.service[116690]: DEBUG cinder.api.openstack.wsgi [None req-c0eba986-d715-4915-9816-70df965d17da admin admin] Empty body provided in request {{(pid=116690) get_body /opt/stack/cinder/cinder/api/openstack/wsgi.py:715}}
Apr 11 17:43:27.646977 dv-cinder-837167-2-iscsi devstack@c-api.service[116690]: DEBUG cinder.api.openstack.wsgi [None req-c0eba986-d715-4915-9816-70df965d17da admin admin] Calling method 'index' {{(pid=116690) _process_stack /opt/stack/cinder/cinder/api/openstack/wsgi.py:868}}
Apr 11 17:43:27.657870 dv-cinder-837167-2-iscsi devstack@c-api.service[116690]: INFO cinder.api.openstack.wsgi [None req-c0eba986-d715-4915-9816-70df965d17da admin admin] http://10.222.0.79/volume/v3/083eef77fdeb4cc68737b7054a4b82bb/os-services returned with HTTP 200
Apr 11 17:43:27.658595 dv-cinder-837167-2-iscsi devstack@c-api.service[116690]: [pid: 116690|app: 0|req: 3/7] 10.222.0.79 () {56 vars in 1201 bytes} [Mon Apr 11 17:43:27 2022] GET /volume/v3/083eef77fdeb4cc68737b7054a4b82bb/os-services => generated 642 bytes in 110 msecs (HTTP/1.1 200) 7 headers in 285 bytes (1 switches on core 0)
Apr 11 17:45:02.526193 dv-cinder-837167-2-iscsi devstack@c-api.service[116691]: DEBUG cinder.api.middleware.request_id [None req-9b59424d-2116-48d0-8f90-b17ab2961d78 None None] RequestId filter calling following filter/app {{(pid=116691) _context_setter /opt/stack/cinder/cinder/api/middleware/request_id.py:62}}
Apr 11 17:45:03.049776 dv-cinder-837167-2-iscsi devstack@c-api.service[116691]: INFO cinder.api.openstack.wsgi [None req-9b59424d-2116-48d0-8f90-b17ab2961d78 tempest-VolumesTestJSON-271968419 tempest-VolumesTestJSON-271968419-project] POST http://10.222.0.79/volume/v3/4e8ceb8739ef4c71a950689ff7abf22a/volumes
Apr 11 17:45:03.051340 dv-cinder-837167-2-iscsi devstack@c-api.service[116691]: DEBUG cinder.api.openstack.wsgi [None req-9b59424d-2116-48d0-8f90-b17ab2961d78 tempest-VolumesTestJSON-271968419 tempest-VolumesTestJSON-271968419-project] Action: 'create', calling method: create, body: {"volume": {"metadata": {"Type": "work"}, "size": 1, "display_name": "tempest-VolumesTestJSON-volume-235388195"}} {{(pid=116691) _process_stack /opt/stack/cinder/cinder/api/openstack/wsgi.py:866}}
Apr 11 17:45:03.053095 dv-cinder-837167-2-iscsi devstack@c-api.service[116691]: DEBUG cinder.api.v3.volumes [None req-9b59424d-2116-48d0-8f90-b17ab2961d78 tempest-VolumesTestJSON-271968419 tempest-VolumesTestJSON-271968419-project] Create volume request body: {'volume': {'metadata': {'Type': 'work'}, 'size': 1, 'display_name': 'tempest-VolumesTestJSON-volume-235388195'}} {{(pid=116691) create /opt/stack/cinder/cinder/api/v3/volumes.py:298}}
Apr 11 17:45:03.054480 dv-cinder-837167-2-iscsi devstack@c-api.service[116691]: INFO cinder.api.v3.volumes [None req-9b59424d-2116-48d0-8f90-b17ab2961d78 tempest-VolumesTestJSON-271968419 tempest-VolumesTestJSON-271968419-project] Create volume of 1 GB
Apr 11 17:45:03.075282 dv-cinder-837167-2-iscsi devstack@c-api.service[116691]: DEBUG cinder.volume.api [None req-9b59424d-2116-48d0-8f90-b17ab2961d78 tempest-VolumesTestJSON-271968419 tempest-VolumesTestJSON-271968419-project] Availability zone cache updated, next update will occur around 2022-04-11 18:45:03.073963. {{(pid=116691) list_availability_zones /opt/stack/cinder/cinder/volume/api.py:152}}
Apr 11 17:45:03.076562 dv-cinder-837167-2-iscsi devstack@c-api.service[116691]: INFO cinder.volume.api [None req-9b59424d-2116-48d0-8f90-b17ab2961d78 tempest-VolumesTestJSON-271968419 tempest-VolumesTestJSON-271968419-project] Availability Zones retrieved successfully.
Apr 11 17:45:03.200294 dv-cinder-837167-2-iscsi devstack@c-api.service[116691]: DEBUG cinder.volume.api [None req-9b59424d-2116-48d0-8f90-b17ab2961d78 tempest-VolumesTestJSON-271968419 tempest-VolumesTestJSON-271968419-project] Flow 'volume_create_api' (4e4b46e4-250c-4dca-b59c-53e61d35cbec) transitioned into state 'RUNNING' from state 'PENDING' {{(pid=116691) _flow_receiver /usr/local/lib/python3.8/dist-packages/taskflow/listeners/logging.py:141}}
Apr 11 17:45:03.207330 dv-cinder-837167-2-iscsi devstack@c-api.service[116691]: DEBUG cinder.volume.api [None req-9b59424d-2116-48d0-8f90-b17ab2961d78 tempest-VolumesTestJSON-271968419 tempest-VolumesTestJSON-271968419-project] Task 'cinder.volume.flows.api.create_volume.ExtractVolumeRequestTask;volume:create' (c0b83925-6349-4df0-a761-0cbe8af26c20) transitioned into state 'RUNNING' from state 'PENDING' {{(pid=116691) _task_receiver /usr/local/lib/python3.8/dist-packages/taskflow/listeners/logging.py:190}}
Apr 11 17:45:03.218219 dv-cinder-837167-2-iscsi devstack@c-api.service[116691]: DEBUG cinder.volume.flows.api.create_volume [None req-9b59424d-2116-48d0-8f90-b17ab2961d78 tempest-VolumesTestJSON-271968419 tempest-VolumesTestJSON-271968419-project] Validating volume size '1' using validate_int {{(pid=116691) _extract_size /opt/stack/cinder/cinder/volume/flows/api/create_volume.py:225}}
Apr 11 17:45:03.339941 dv-cinder-837167-2-iscsi devstack@c-api.service[116691]: DEBUG cinder.volume.api [None req-9b59424d-2116-48d0-8f90-b17ab2961d78 tempest-VolumesTestJSON-271968419 tempest-VolumesTestJSON-271968419-project] Task 'cinder.volume.flows.api.create_volume.ExtractVolumeRequestTask;volume:create' (c0b83925-6349-4df0-a761-0cbe8af26c20) transitioned into state 'SUCCESS' from state 'RUNNING' with result '{'size': 1, 'snapshot_id': None, 'source_volid': None, 'volume_type': VolumeType(created_at=2022-04-11T17:34:28Z,deleted=False,deleted_at=None,description='Default Volume Type',extra_specs={},id=10b0072e-d979-44a3-965d-63c1aaab309f,is_public=True,name='__DEFAULT__',projects=[],qos_specs=,qos_specs_id=None,updated_at=2022-04-11T17:34:28Z), 'volume_type_id': '10b0072e-d979-44a3-965d-63c1aaab309f', 'encryption_key_id': None, 'qos_specs': None, 'consistencygroup_id': None, 'cgsnapshot_id': None, 'group_id': None, 'replication_status': 'disabled', 'refresh_az': False, 'backup_id': None, 'multiattach': False, 'availability_zones': ['nova']}' {{(pid=116691) _task_receiver /usr/local/lib/python3.8/dist-packages/taskflow/listeners/logging.py:178}}
Apr 11 17:45:03.342538 dv-cinder-837167-2-iscsi devstack@c-api.service[116691]: DEBUG cinder.volume.api [None req-9b59424d-2116-48d0-8f90-b17ab2961d78 tempest-VolumesTestJSON-271968419 tempest-VolumesTestJSON-271968419-project] Task 'cinder.volume.flows.api.create_volume.QuotaReserveTask;volume:create' (2bee6236-f9bc-4610-ac1e-d3651fecde48) transitioned into state 'RUNNING' from state 'PENDING' {{(pid=116691) _task_receiver /usr/local/lib/python3.8/dist-packages/taskflow/listeners/logging.py:190}}
Apr 11 17:45:03.409927 dv-cinder-837167-2-iscsi devstack@c-api.service[116691]: WARNING cinder.quota [None req-9b59424d-2116-48d0-8f90-b17ab2961d78 tempest-VolumesTestJSON-271968419 tempest-VolumesTestJSON-271968419-project] Deprecated: Default quota for resource: volumes___DEFAULT__ is set by the default quota flag: quota_volumes___DEFAULT__, it is now deprecated. Please use the default quota class for default quota.
Apr 11 17:45:03.411107 dv-cinder-837167-2-iscsi devstack@c-api.service[116691]: WARNING cinder.quota [None req-9b59424d-2116-48d0-8f90-b17ab2961d78 tempest-VolumesTestJSON-271968419 tempest-VolumesTestJSON-271968419-project] Deprecated: Default quota for resource: gigabytes___DEFAULT__ is set by the default quota flag: quota_gigabytes___DEFAULT__, it is now deprecated. Please use the default quota class for default quota.
Apr 11 17:45:03.559907 dv-cinder-837167-2-iscsi devstack@c-api.service[116691]: DEBUG cinder.quota [None req-9b59424d-2116-48d0-8f90-b17ab2961d78 tempest-VolumesTestJSON-271968419 tempest-VolumesTestJSON-271968419-project] Created reservations ['25703ae2-704c-4872-a41b-8f51a0405065', 'ed687803-8b9f-4325-b4eb-aa27cbb293ce', '3868b63b-5ebe-4831-be4f-abca94e9917c', '3039129e-5100-4e88-80f7-973ce82a39d5'] {{(pid=116691) reserve /opt/stack/cinder/cinder/quota.py:755}}
Apr 11 17:45:03.564682 dv-cinder-837167-2-iscsi devstack@c-api.service[116691]: DEBUG cinder.volume.api [None req-9b59424d-2116-48d0-8f90-b17ab2961d78 tempest-VolumesTestJSON-271968419 tempest-VolumesTestJSON-271968419-project] Task 'cinder.volume.flows.api.create_volume.QuotaReserveTask;volume:create' (2bee6236-f9bc-4610-ac1e-d3651fecde48) transitioned into state 'SUCCESS' from state 'RUNNING' with result '{'reservations': ['25703ae2-704c-4872-a41b-8f51a0405065', 'ed687803-8b9f-4325-b4eb-aa27cbb293ce', '3868b63b-5ebe-4831-be4f-abca94e9917c', '3039129e-5100-4e88-80f7-973ce82a39d5']}' {{(pid=116691) _task_receiver /usr/local/lib/python3.8/dist-packages/taskflow/listeners/logging.py:178}}
Apr 11 17:45:03.568702 dv-cinder-837167-2-iscsi devstack@c-api.service[116691]: DEBUG cinder.volume.api [None req-9b59424d-2116-48d0-8f90-b17ab2961d78 tempest-VolumesTestJSON-271968419 tempest-VolumesTestJSON-271968419-project] Task 'cinder.volume.flows.api.create_volume.EntryCreateTask;volume:create' (4e576078-d9c9-4313-9eff-dc6969058141) transitioned into state 'RUNNING' from state 'PENDING' {{(pid=116691) _task_receiver /usr/local/lib/python3.8/dist-packages/taskflow/listeners/logging.py:190}}
Apr 11 17:45:03.596038 dv-cinder-837167-2-iscsi devstack@c-api.service[116690]: DEBUG cinder.api.middleware.request_id [None req-2035e70e-b671-4331-971a-5e4abc3b9239 None None] RequestId filter calling following filter/app {{(pid=116690) _context_setter /opt/stack/cinder/cinder/api/middleware/request_id.py:62}}
Apr 11 17:45:03.828495 dv-cinder-837167-2-iscsi devstack@c-api.service[116691]: DEBUG cinder.volume.api [None req-9b59424d-2116-48d0-8f90-b17ab2961d78 tempest-VolumesTestJSON-271968419 tempest-VolumesTestJSON-271968419-project] Task 'cinder.volume.flows.api.create_volume.EntryCreateTask;volume:create' (4e576078-d9c9-4313-9eff-dc6969058141) transitioned into state 'SUCCESS' from state 'RUNNING' with result '{'volume_id': 'e81d22e9-a9bf-4cd8-bbd6-195d5d9ee785', 'volume_properties': VolumeProperties(attach_status='detached',availability_zone='nova',cgsnapshot_id=None,consistencygroup_id=None,display_description=None,display_name='tempest-VolumesTestJSON-volume-235388195',encryption_key_id=None,group_id=None,group_type_id=,metadata={Type='work'},multiattach=False,project_id='4e8ceb8739ef4c71a950689ff7abf22a',qos_specs=None,replication_status=,reservations=['25703ae2-704c-4872-a41b-8f51a0405065','ed687803-8b9f-4325-b4eb-aa27cbb293ce','3868b63b-5ebe-4831-be4f-abca94e9917c','3039129e-5100-4e88-80f7-973ce82a39d5'],size=1,snapshot_id=None,source_replicaid=,source_volid=None,status='creating',user_id='0094d9db195e4525846ecc69ac56ad4e',volume_type_id=10b0072e-d979-44a3-965d-63c1aaab309f), 'volume': Volume(_name_id=None,admin_metadata=,attach_status='detached',availability_zone='nova',bootable=False,cluster=,cluster_name=None,consistencygroup=,consistencygroup_id=None,created_at=2022-04-11T17:45:03Z,deleted=False,deleted_at=None,display_description=None,display_name='tempest-VolumesTestJSON-volume-235388195',ec2_id=None,encryption_key_id=None,glance_metadata=,group=,group_id=None,host=None,id=e81d22e9-a9bf-4cd8-bbd6-195d5d9ee785,launched_at=None,metadata={Type='work'},migration_status=None,multiattach=False,previous_status=None,project_id='4e8ceb8739ef4c71a950689ff7abf22a',provider_auth=None,provider_geometry=None,provider_id=None,provider_location=None,replication_driver_data=None,replication_extended_status=None,replication_status=None,scheduled_at=None,service_uuid=None,shared_targets=True,size=1,snapshot_id=None,snapshots=,source_volid=None,status='creating',terminated_at=None,updated_at=None,use_quota=True,user_id='0094d9db195e4525846ecc69ac56ad4e',volume_attachment=VolumeAttachmentList,volume_type=VolumeType(10b0072e-d979-44a3-965d-63c1aaab309f),volume_type_id=10b0072e-d979-44a3-965d-63c1aaab309f)}' {{(pid=116691) _task_receiver /usr/local/lib/python3.8/dist-packages/taskflow/listeners/logging.py:178}}
Apr 11 17:45:03.834059 dv-cinder-837167-2-iscsi devstack@c-api.service[116691]: DEBUG cinder.volume.api [None req-9b59424d-2116-48d0-8f90-b17ab2961d78 tempest-VolumesTestJSON-271968419 tempest-VolumesTestJSON-271968419-project] Task 'cinder.volume.flows.api.create_volume.QuotaCommitTask;volume:create' (6efb1fc1-2db1-46b0-bf51-8e1e6e2a6240) transitioned into state 'RUNNING' from state 'PENDING' {{(pid=116691) _task_receiver /usr/local/lib/python3.8/dist-packages/taskflow/listeners/logging.py:190}}
Apr 11 17:45:03.859933 dv-cinder-837167-2-iscsi devstack@c-api.service[116690]: INFO cinder.api.openstack.wsgi [None req-2035e70e-b671-4331-971a-5e4abc3b9239 tempest-BackendsCapabilitiesAdminTestsJSON-1761578219 tempest-BackendsCapabilitiesAdminTestsJSON-1761578219-project-admin] GET http://10.222.0.79/volume/v3/56a2967c99e84b6d9e225961dfeabd58/scheduler-stats/get_pools
Apr 11 17:45:03.860509 dv-cinder-837167-2-iscsi devstack@c-api.service[116690]: DEBUG cinder.api.openstack.wsgi [None req-2035e70e-b671-4331-971a-5e4abc3b9239 tempest-BackendsCapabilitiesAdminTestsJSON-1761578219 tempest-BackendsCapabilitiesAdminTestsJSON-1761578219-project-admin] Empty body provided in request {{(pid=116690) get_body /opt/stack/cinder/cinder/api/openstack/wsgi.py:715}}
Apr 11 17:45:03.861065 dv-cinder-837167-2-iscsi devstack@c-api.service[116690]: DEBUG cinder.api.openstack.wsgi [None req-2035e70e-b671-4331-971a-5e4abc3b9239 tempest-BackendsCapabilitiesAdminTestsJSON-1761578219 tempest-BackendsCapabilitiesAdminTestsJSON-1761578219-project-admin] Calling method 'get_pools' {{(pid=116690) _process_stack /opt/stack/cinder/cinder/api/openstack/wsgi.py:868}}
Apr 11 17:45:03.947607 dv-cinder-837167-2-iscsi devstack@c-api.service[116691]: DEBUG cinder.volume.api [None req-9b59424d-2116-48d0-8f90-b17ab2961d78 tempest-VolumesTestJSON-271968419 tempest-VolumesTestJSON-271968419-project] Task 'cinder.volume.flows.api.create_volume.QuotaCommitTask;volume:create' (6efb1fc1-2db1-46b0-bf51-8e1e6e2a6240) transitioned into state 'SUCCESS' from state 'RUNNING' with result '{'volume_properties': VolumeProperties(attach_status='detached',availability_zone='nova',cgsnapshot_id=None,consistencygroup_id=None,display_description=None,display_name='tempest-VolumesTestJSON-volume-235388195',encryption_key_id=None,group_id=None,group_type_id=,metadata={Type='work'},multiattach=False,project_id='4e8ceb8739ef4c71a950689ff7abf22a',qos_specs=None,replication_status=,reservations=['25703ae2-704c-4872-a41b-8f51a0405065','ed687803-8b9f-4325-b4eb-aa27cbb293ce','3868b63b-5ebe-4831-be4f-abca94e9917c','3039129e-5100-4e88-80f7-973ce82a39d5'],size=1,snapshot_id=None,source_replicaid=,source_volid=None,status='creating',user_id='0094d9db195e4525846ecc69ac56ad4e',volume_type_id=10b0072e-d979-44a3-965d-63c1aaab309f)}' {{(pid=116691) _task_receiver /usr/local/lib/python3.8/dist-packages/taskflow/listeners/logging.py:178}}
Apr 11 17:45:03.949430 dv-cinder-837167-2-iscsi devstack@c-api.service[116691]: DEBUG cinder.volume.api [None req-9b59424d-2116-48d0-8f90-b17ab2961d78 tempest-VolumesTestJSON-271968419 tempest-VolumesTestJSON-271968419-project] Task 'cinder.volume.flows.api.create_volume.VolumeCastTask;volume:create' (bb04f127-0252-4083-8f7d-5260c0b401f7) transitioned into state 'RUNNING' from state 'PENDING' {{(pid=116691) _task_receiver /usr/local/lib/python3.8/dist-packages/taskflow/listeners/logging.py:190}}
Apr 11 17:45:03.995523 dv-cinder-837167-2-iscsi devstack@c-api.service[116690]: INFO cinder.api.openstack.wsgi [None req-2035e70e-b671-4331-971a-5e4abc3b9239 tempest-BackendsCapabilitiesAdminTestsJSON-1761578219 tempest-BackendsCapabilitiesAdminTestsJSON-1761578219-project-admin] http://10.222.0.79/volume/v3/56a2967c99e84b6d9e225961dfeabd58/scheduler-stats/get_pools returned with HTTP 200
Apr 11 17:45:03.997143 dv-cinder-837167-2-iscsi devstack@c-api.service[116690]: [pid: 116690|app: 0|req: 4/8] 10.222.0.79 () {58 vars in 1267 bytes} [Mon Apr 11 17:45:03 2022] GET /volume/v3/56a2967c99e84b6d9e225961dfeabd58/scheduler-stats/get_pools => generated 66 bytes in 403 msecs (HTTP/1.1 200) 7 headers in 284 bytes (2 switches on core 0)
Apr 11 17:45:04.004890 dv-cinder-837167-2-iscsi devstack@c-api.service[116690]: DEBUG cinder.api.middleware.request_id [None req-d9d56fa2-805a-4131-ba04-2210b1d5ff76 None None] RequestId filter calling following filter/app {{(pid=116690) _context_setter /opt/stack/cinder/cinder/api/middleware/request_id.py:62}}
Apr 11 17:45:04.012435 dv-cinder-837167-2-iscsi devstack@c-api.service[116690]: INFO cinder.api.openstack.wsgi [None req-d9d56fa2-805a-4131-ba04-2210b1d5ff76 tempest-BackendsCapabilitiesAdminTestsJSON-1761578219 tempest-BackendsCapabilitiesAdminTestsJSON-1761578219-project-admin] GET http://10.222.0.79/volume/v3/56a2967c99e84b6d9e225961dfeabd58/scheduler-stats/get_pools?detail=True
Apr 11 17:45:04.013145 dv-cinder-837167-2-iscsi devstack@c-api.service[116690]: DEBUG cinder.api.openstack.wsgi [None req-d9d56fa2-805a-4131-ba04-2210b1d5ff76 tempest-BackendsCapabilitiesAdminTestsJSON-1761578219 tempest-BackendsCapabilitiesAdminTestsJSON-1761578219-project-admin] Empty body provided in request {{(pid=116690) get_body /opt/stack/cinder/cinder/api/openstack/wsgi.py:715}}
Apr 11 17:45:04.017331 dv-cinder-837167-2-iscsi devstack@c-api.service[116690]: DEBUG cinder.api.openstack.wsgi [None req-d9d56fa2-805a-4131-ba04-2210b1d5ff76 tempest-BackendsCapabilitiesAdminTestsJSON-1761578219 tempest-BackendsCapabilitiesAdminTestsJSON-1761578219-project-admin] Calling method 'get_pools' {{(pid=116690) _process_stack /opt/stack/cinder/cinder/api/openstack/wsgi.py:868}}
Apr 11 17:45:04.041485 dv-cinder-837167-2-iscsi devstack@c-api.service[116690]: INFO cinder.api.openstack.wsgi [None req-d9d56fa2-805a-4131-ba04-2210b1d5ff76 tempest-BackendsCapabilitiesAdminTestsJSON-1761578219 tempest-BackendsCapabilitiesAdminTestsJSON-1761578219-project-admin] http://10.222.0.79/volume/v3/56a2967c99e84b6d9e225961dfeabd58/scheduler-stats/get_pools?detail=True returned with HTTP 200
Apr 11 17:45:04.043198 dv-cinder-837167-2-iscsi devstack@c-api.service[116690]: [pid: 116690|app: 0|req: 5/9] 10.222.0.79 () {58 vars in 1290 bytes} [Mon Apr 11 17:45:04 2022] GET /volume/v3/56a2967c99e84b6d9e225961dfeabd58/scheduler-stats/get_pools?detail=True => generated 482 bytes in 39 msecs (HTTP/1.1 200) 7 headers in 285 bytes (1 switches on core 0)
Apr 11 17:45:04.051458 dv-cinder-837167-2-iscsi devstack@c-api.service[116690]: DEBUG cinder.api.middleware.request_id [None req-e59c834c-ac1c-4336-a3a9-40e1e884f984 None None] RequestId filter calling following filter/app {{(pid=116690) _context_setter /opt/stack/cinder/cinder/api/middleware/request_id.py:62}}
Apr 11 17:45:04.053542 dv-cinder-837167-2-iscsi devstack@c-api.service[116691]: DEBUG cinder.volume.api [None req-9b59424d-2116-48d0-8f90-b17ab2961d78 tempest-VolumesTestJSON-271968419 tempest-VolumesTestJSON-271968419-project] Task 'cinder.volume.flows.api.create_volume.VolumeCastTask;volume:create' (bb04f127-0252-4083-8f7d-5260c0b401f7) transitioned into state 'SUCCESS' from state 'RUNNING' with result 'None' {{(pid=116691) _task_receiver /usr/local/lib/python3.8/dist-packages/taskflow/listeners/logging.py:178}}
Apr 11 17:45:04.060441 dv-cinder-837167-2-iscsi devstack@c-api.service[116691]: DEBUG cinder.volume.api [None req-9b59424d-2116-48d0-8f90-b17ab2961d78 tempest-VolumesTestJSON-271968419 tempest-VolumesTestJSON-271968419-project] Flow 'volume_create_api' (4e4b46e4-250c-4dca-b59c-53e61d35cbec) transitioned into state 'SUCCESS' from state 'RUNNING' {{(pid=116691) _flow_receiver /usr/local/lib/python3.8/dist-packages/taskflow/listeners/logging.py:141}}
Apr 11 17:45:04.061114 dv-cinder-837167-2-iscsi devstack@c-api.service[116690]: INFO cinder.api.openstack.wsgi [None req-e59c834c-ac1c-4336-a3a9-40e1e884f984 tempest-BackendsCapabilitiesAdminTestsJSON-1761578219 tempest-BackendsCapabilitiesAdminTestsJSON-1761578219-project-admin] GET http://10.222.0.79/volume/v3/56a2967c99e84b6d9e225961dfeabd58/capabilities/hv-cinder-83716@wincnd
Apr 11 17:45:04.061843 dv-cinder-837167-2-iscsi devstack@c-api.service[116690]: DEBUG cinder.api.openstack.wsgi [None req-e59c834c-ac1c-4336-a3a9-40e1e884f984 tempest-BackendsCapabilitiesAdminTestsJSON-1761578219 tempest-BackendsCapabilitiesAdminTestsJSON-1761578219-project-admin] Empty body provided in request {{(pid=116690) get_body /opt/stack/cinder/cinder/api/openstack/wsgi.py:715}}
Apr 11 17:45:04.062535 dv-cinder-837167-2-iscsi devstack@c-api.service[116690]: DEBUG cinder.api.openstack.wsgi [None req-e59c834c-ac1c-4336-a3a9-40e1e884f984 tempest-BackendsCapabilitiesAdminTestsJSON-1761578219 tempest-BackendsCapabilitiesAdminTestsJSON-1761578219-project-admin] Calling method 'show' {{(pid=116690) _process_stack /opt/stack/cinder/cinder/api/openstack/wsgi.py:868}}
Apr 11 17:45:04.062966 dv-cinder-837167-2-iscsi devstack@c-api.service[116691]: INFO cinder.volume.api [None req-9b59424d-2116-48d0-8f90-b17ab2961d78 tempest-VolumesTestJSON-271968419 tempest-VolumesTestJSON-271968419-project] Create volume request issued successfully.
Apr 11 17:45:04.075422 dv-cinder-837167-2-iscsi devstack@c-api.service[116691]: INFO cinder.api.openstack.wsgi [None req-9b59424d-2116-48d0-8f90-b17ab2961d78 tempest-VolumesTestJSON-271968419 tempest-VolumesTestJSON-271968419-project] http://10.222.0.79/volume/v3/4e8ceb8739ef4c71a950689ff7abf22a/volumes returned with HTTP 202
Apr 11 17:45:04.076377 dv-cinder-837167-2-iscsi devstack@c-api.service[116691]: [pid: 116691|app: 0|req: 5/10] 10.222.0.79 () {60 vars in 1235 bytes} [Mon Apr 11 17:45:02 2022] POST /volume/v3/4e8ceb8739ef4c71a950689ff7abf22a/volumes => generated 828 bytes in 1553 msecs (HTTP/1.1 202) 7 headers in 291 bytes (1 switches on core 0)
Apr 11 17:45:04.092162 dv-cinder-837167-2-iscsi devstack@c-api.service[116691]: DEBUG cinder.api.middleware.request_id [None req-76690016-2bac-43d3-9a83-cfcd18b1845c None None] RequestId filter calling following filter/app {{(pid=116691) _context_setter /opt/stack/cinder/cinder/api/middleware/request_id.py:62}}
Apr 11 17:45:04.101381 dv-cinder-837167-2-iscsi devstack@c-api.service[116691]: INFO cinder.api.openstack.wsgi [None req-76690016-2bac-43d3-9a83-cfcd18b1845c tempest-VolumesTestJSON-271968419 tempest-VolumesTestJSON-271968419-project] GET http://10.222.0.79/volume/v3/4e8ceb8739ef4c71a950689ff7abf22a/volumes/e81d22e9-a9bf-4cd8-bbd6-195d5d9ee785
Apr 11 17:45:04.104901 dv-cinder-837167-2-iscsi devstack@c-api.service[116691]: DEBUG cinder.api.openstack.wsgi [None req-76690016-2bac-43d3-9a83-cfcd18b1845c tempest-VolumesTestJSON-271968419 tempest-VolumesTestJSON-271968419-project] Empty body provided in request {{(pid=116691) get_body /opt/stack/cinder/cinder/api/openstack/wsgi.py:715}}
Apr 11 17:45:04.112044 dv-cinder-837167-2-iscsi devstack@c-api.service[116691]: DEBUG cinder.api.openstack.wsgi [None req-76690016-2bac-43d3-9a83-cfcd18b1845c tempest-VolumesTestJSON-271968419 tempest-VolumesTestJSON-271968419-project] Calling method 'show' {{(pid=116691) _process_stack /opt/stack/cinder/cinder/api/openstack/wsgi.py:868}}
Apr 11 17:45:04.112499 dv-cinder-837167-2-iscsi devstack@c-api.service[116690]: INFO cinder.api.openstack.wsgi [None req-e59c834c-ac1c-4336-a3a9-40e1e884f984 tempest-BackendsCapabilitiesAdminTestsJSON-1761578219 tempest-BackendsCapabilitiesAdminTestsJSON-1761578219-project-admin] http://10.222.0.79/volume/v3/56a2967c99e84b6d9e225961dfeabd58/capabilities/hv-cinder-83716@wincnd returned with HTTP 200
Apr 11 17:45:04.114324 dv-cinder-837167-2-iscsi devstack@c-api.service[116690]: [pid: 116690|app: 0|req: 6/11] 10.222.0.79 () {58 vars in 1297 bytes} [Mon Apr 11 17:45:04 2022] GET /volume/v3/56a2967c99e84b6d9e225961dfeabd58/capabilities/hv-cinder-83716@wincnd => generated 715 bytes in 65 msecs (HTTP/1.1 200) 7 headers in 285 bytes (1 switches on core 0)
Apr 11 17:45:04.123241 dv-cinder-837167-2-iscsi devstack@c-api.service[116690]: DEBUG cinder.api.middleware.request_id [None req-80c9ae40-21d0-4fa4-91bb-024627951231 None None] RequestId filter calling following filter/app {{(pid=116690) _context_setter /opt/stack/cinder/cinder/api/middleware/request_id.py:62}}
Apr 11 17:45:04.129447 dv-cinder-837167-2-iscsi devstack@c-api.service[116690]: INFO cinder.api.openstack.wsgi [None req-80c9ae40-21d0-4fa4-91bb-024627951231 tempest-BackendsCapabilitiesAdminTestsJSON-1761578219 tempest-BackendsCapabilitiesAdminTestsJSON-1761578219-project-admin] GET http://10.222.0.79/volume/v3/56a2967c99e84b6d9e225961dfeabd58/capabilities/hv-cinder-83716@wincnd
Apr 11 17:45:04.130356 dv-cinder-837167-2-iscsi devstack@c-api.service[116690]: DEBUG cinder.api.openstack.wsgi [None req-80c9ae40-21d0-4fa4-91bb-024627951231 tempest-BackendsCapabilitiesAdminTestsJSON-1761578219 tempest-BackendsCapabilitiesAdminTestsJSON-1761578219-project-admin] Empty body provided in request {{(pid=116690) get_body /opt/stack/cinder/cinder/api/openstack/wsgi.py:715}}
Apr 11 17:45:04.131211 dv-cinder-837167-2-iscsi devstack@c-api.service[116690]: DEBUG cinder.api.openstack.wsgi [None req-80c9ae40-21d0-4fa4-91bb-024627951231 tempest-BackendsCapabilitiesAdminTestsJSON-1761578219 tempest-BackendsCapabilitiesAdminTestsJSON-1761578219-project-admin] Calling method 'show' {{(pid=116690) _process_stack /opt/stack/cinder/cinder/api/openstack/wsgi.py:868}}
Apr 11 17:45:04.163129 dv-cinder-837167-2-iscsi devstack@c-api.service[116690]: INFO cinder.api.openstack.wsgi [None req-80c9ae40-21d0-4fa4-91bb-024627951231 tempest-BackendsCapabilitiesAdminTestsJSON-1761578219 tempest-BackendsCapabilitiesAdminTestsJSON-1761578219-project-admin] http://10.222.0.79/volume/v3/56a2967c99e84b6d9e225961dfeabd58/capabilities/hv-cinder-83716@wincnd returned with HTTP 200
Apr 11 17:45:04.164561 dv-cinder-837167-2-iscsi devstack@c-api.service[116690]: [pid: 116690|app: 0|req: 7/12] 10.222.0.79 () {58 vars in 1297 bytes} [Mon Apr 11 17:45:04 2022] GET /volume/v3/56a2967c99e84b6d9e225961dfeabd58/capabilities/hv-cinder-83716@wincnd => generated 715 bytes in 42 msecs (HTTP/1.1 200) 7 headers in 285 bytes (2 switches on core 0)
Apr 11 17:45:04.168671 dv-cinder-837167-2-iscsi devstack@c-api.service[116691]: /usr/local/lib/python3.8/dist-packages/oslo_context/context.py:100: DeprecationWarning: Policy enforcement is depending on the value of is_admin. This key is deprecated. Please update your policy file to use the standard policy values.
Apr 11 17:45:04.168671 dv-cinder-837167-2-iscsi devstack@c-api.service[116691]: warnings.warn('Policy enforcement is depending on the value of '
Apr 11 17:45:04.231631 dv-cinder-837167-2-iscsi devstack@c-api.service[116691]: INFO cinder.volume.api [None req-76690016-2bac-43d3-9a83-cfcd18b1845c tempest-VolumesTestJSON-271968419 tempest-VolumesTestJSON-271968419-project] Volume info retrieved successfully.
Apr 11 17:45:04.246853 dv-cinder-837167-2-iscsi devstack@c-api.service[116691]: INFO cinder.api.openstack.wsgi [None req-76690016-2bac-43d3-9a83-cfcd18b1845c tempest-VolumesTestJSON-271968419 tempest-VolumesTestJSON-271968419-project] http://10.222.0.79/volume/v3/4e8ceb8739ef4c71a950689ff7abf22a/volumes/e81d22e9-a9bf-4cd8-bbd6-195d5d9ee785 returned with HTTP 200
Apr 11 17:45:04.248142 dv-cinder-837167-2-iscsi devstack@c-api.service[116691]: [pid: 116691|app: 0|req: 6/13] 10.222.0.79 () {58 vars in 1324 bytes} [Mon Apr 11 17:45:04 2022] GET /volume/v3/4e8ceb8739ef4c71a950689ff7abf22a/volumes/e81d22e9-a9bf-4cd8-bbd6-195d5d9ee785 => generated 896 bytes in 160 msecs (HTTP/1.1 200) 7 headers in 285 bytes (1 switches on core 0)
Apr 11 17:45:04.275742 dv-cinder-837167-2-iscsi devstack@c-api.service[116690]: DEBUG cinder.api.middleware.request_id [req-23e4f99a-9a4c-4a3f-95f5-6a363639347b req-634565c8-5e6d-4bf0-89ae-de785effc274 None None] RequestId filter calling following filter/app {{(pid=116690) _context_setter /opt/stack/cinder/cinder/api/middleware/request_id.py:62}}
Apr 11 17:45:04.370841 dv-cinder-837167-2-iscsi devstack@c-api.service[116691]: DEBUG cinder.api.middleware.request_id [req-ec110343-bb6b-43e5-8336-2bc2153800cc req-bfc49cd8-7995-4c79-878c-314d4adb52ab None None] RequestId filter calling following filter/app {{(pid=116691) _context_setter /opt/stack/cinder/cinder/api/middleware/request_id.py:62}}
Apr 11 17:45:04.403952 dv-cinder-837167-2-iscsi devstack@c-api.service[116690]: WARNING keystonemiddleware.auth_token [req-23e4f99a-9a4c-4a3f-95f5-6a363639347b req-634565c8-5e6d-4bf0-89ae-de785effc274 None None] A valid token was submitted as a service token, but it was not a valid service token. This is incorrect but backwards compatible behaviour. This will be removed in future releases.
Apr 11 17:45:04.407040 dv-cinder-837167-2-iscsi devstack@c-api.service[116690]: INFO cinder.api.openstack.wsgi [req-23e4f99a-9a4c-4a3f-95f5-6a363639347b req-634565c8-5e6d-4bf0-89ae-de785effc274 tempest-VolumesGetTestJSON-115831863 tempest-VolumesGetTestJSON-115831863-project] POST http://10.222.0.79/volume/v3/8cf3bca472fb48a4a0701bcb8e5094bb/volumes
Apr 11 17:45:04.409508 dv-cinder-837167-2-iscsi devstack@c-api.service[116690]: DEBUG cinder.api.openstack.wsgi [req-23e4f99a-9a4c-4a3f-95f5-6a363639347b req-634565c8-5e6d-4bf0-89ae-de785effc274 tempest-VolumesGetTestJSON-115831863 tempest-VolumesGetTestJSON-115831863-project] Action: 'create', calling method: create, body: {"volume": {"size": 1, "consistencygroup_id": null, "snapshot_id": null, "name": "tempest-VolumesGetTestJSON-Volume-796373061", "description": null, "volume_type": null, "availability_zone": null, "metadata": {"Type": "work"}, "imageRef": null, "source_volid": null, "backup_id": null}} {{(pid=116690) _process_stack /opt/stack/cinder/cinder/api/openstack/wsgi.py:866}}
Apr 11 17:45:04.412627 dv-cinder-837167-2-iscsi devstack@c-api.service[116690]: DEBUG cinder.api.v3.volumes [req-23e4f99a-9a4c-4a3f-95f5-6a363639347b req-634565c8-5e6d-4bf0-89ae-de785effc274 tempest-VolumesGetTestJSON-115831863 tempest-VolumesGetTestJSON-115831863-project] Create volume request body: {'volume': {'size': 1, 'consistencygroup_id': None, 'snapshot_id': None, 'name': 'tempest-VolumesGetTestJSON-Volume-796373061', 'description': None, 'volume_type': None, 'availability_zone': None, 'metadata': {'Type': 'work'}, 'imageRef': None, 'source_volid': None, 'backup_id': None}} {{(pid=116690) create /opt/stack/cinder/cinder/api/v3/volumes.py:298}}
Apr 11 17:45:04.413504 dv-cinder-837167-2-iscsi devstack@c-api.service[116690]: INFO cinder.api.v3.volumes [req-23e4f99a-9a4c-4a3f-95f5-6a363639347b req-634565c8-5e6d-4bf0-89ae-de785effc274 tempest-VolumesGetTestJSON-115831863 tempest-VolumesGetTestJSON-115831863-project] Create volume of 1 GB
Apr 11 17:45:04.451756 dv-cinder-837167-2-iscsi devstack@c-api.service[116691]: WARNING keystonemiddleware.auth_token [req-ec110343-bb6b-43e5-8336-2bc2153800cc req-bfc49cd8-7995-4c79-878c-314d4adb52ab None None] A valid token was submitted as a service token, but it was not a valid service token. This is incorrect but backwards compatible behaviour. This will be removed in future releases.
Apr 11 17:45:04.455616 dv-cinder-837167-2-iscsi devstack@c-api.service[116691]: INFO cinder.api.openstack.wsgi [req-ec110343-bb6b-43e5-8336-2bc2153800cc req-bfc49cd8-7995-4c79-878c-314d4adb52ab tempest-VolumesSnapshotsTestJSON-433522470 tempest-VolumesSnapshotsTestJSON-433522470-project] POST http://10.222.0.79/volume/v3/8a8eb18087b14581ad6e4c469690f597/volumes
Apr 11 17:45:04.456812 dv-cinder-837167-2-iscsi devstack@c-api.service[116691]: DEBUG cinder.api.openstack.wsgi [req-ec110343-bb6b-43e5-8336-2bc2153800cc req-bfc49cd8-7995-4c79-878c-314d4adb52ab tempest-VolumesSnapshotsTestJSON-433522470 tempest-VolumesSnapshotsTestJSON-433522470-project] Action: 'create', calling method: create, body: {"volume": {"size": 1, "consistencygroup_id": null, "snapshot_id": null, "name": "tempest-VolumesSnapshotsTestJSON-volume-112549237", "description": null, "volume_type": null, "availability_zone": null, "metadata": {}, "imageRef": null, "source_volid": null, "backup_id": null}} {{(pid=116691) _process_stack /opt/stack/cinder/cinder/api/openstack/wsgi.py:866}}
Apr 11 17:45:04.459156 dv-cinder-837167-2-iscsi devstack@c-api.service[116691]: DEBUG cinder.api.v3.volumes [req-ec110343-bb6b-43e5-8336-2bc2153800cc req-bfc49cd8-7995-4c79-878c-314d4adb52ab tempest-VolumesSnapshotsTestJSON-433522470 tempest-VolumesSnapshotsTestJSON-433522470-project] Create volume request body: {'volume': {'size': 1, 'consistencygroup_id': None, 'snapshot_id': None, 'name': 'tempest-VolumesSnapshotsTestJSON-volume-112549237', 'description': None, 'volume_type': None, 'availability_zone': None, 'metadata': {}, 'imageRef': None, 'source_volid': None, 'backup_id': None}} {{(pid=116691) create /opt/stack/cinder/cinder/api/v3/volumes.py:298}}
Apr 11 17:45:04.459884 dv-cinder-837167-2-iscsi devstack@c-api.service[116691]: INFO cinder.api.v3.volumes [req-ec110343-bb6b-43e5-8336-2bc2153800cc req-bfc49cd8-7995-4c79-878c-314d4adb52ab tempest-VolumesSnapshotsTestJSON-433522470 tempest-VolumesSnapshotsTestJSON-433522470-project] Create volume of 1 GB
Apr 11 17:45:04.470664 dv-cinder-837167-2-iscsi devstack@c-api.service[116691]: INFO cinder.volume.api [req-ec110343-bb6b-43e5-8336-2bc2153800cc req-bfc49cd8-7995-4c79-878c-314d4adb52ab tempest-VolumesSnapshotsTestJSON-433522470 tempest-VolumesSnapshotsTestJSON-433522470-project] Availability Zones retrieved successfully.
Apr 11 17:45:04.473981 dv-cinder-837167-2-iscsi devstack@c-api.service[116690]: DEBUG cinder.volume.api [req-23e4f99a-9a4c-4a3f-95f5-6a363639347b req-634565c8-5e6d-4bf0-89ae-de785effc274 tempest-VolumesGetTestJSON-115831863 tempest-VolumesGetTestJSON-115831863-project] Availability zone cache updated, next update will occur around 2022-04-11 18:45:04.472942. {{(pid=116690) list_availability_zones /opt/stack/cinder/cinder/volume/api.py:152}}
Apr 11 17:45:04.474176 dv-cinder-837167-2-iscsi devstack@c-api.service[116690]: INFO cinder.volume.api [req-23e4f99a-9a4c-4a3f-95f5-6a363639347b req-634565c8-5e6d-4bf0-89ae-de785effc274 tempest-VolumesGetTestJSON-115831863 tempest-VolumesGetTestJSON-115831863-project] Availability Zones retrieved successfully.
Apr 11 17:45:04.497334 dv-cinder-837167-2-iscsi devstack@c-api.service[116691]: DEBUG cinder.volume.api [req-ec110343-bb6b-43e5-8336-2bc2153800cc req-bfc49cd8-7995-4c79-878c-314d4adb52ab tempest-VolumesSnapshotsTestJSON-433522470 tempest-VolumesSnapshotsTestJSON-433522470-project] Flow 'volume_create_api' (380e61de-f3e7-4ad6-8d58-6c05cc4a0b97) transitioned into state 'RUNNING' from state 'PENDING' {{(pid=116691) _flow_receiver /usr/local/lib/python3.8/dist-packages/taskflow/listeners/logging.py:141}}
