Apr 08 18:56:40.113861 dv-cinder-837167-1-smb devstack@n-api.service[117185]: DEBUG nova.compute.api [None req-0d8631f5-44b3-464f-b5d2-41a12932751c tempest-DeleteServersTestJSON-775075300 tempest-DeleteServersTestJSON-775075300-project] [instance: 687cc195-db54-4b61-9059-3be85b9839ea] block_device_mapping [BlockDeviceMapping(attachment_id=,boot_index=0,connection_info=None,created_at=,delete_on_termination=True,deleted=,deleted_at=,destination_type='local',device_name=None,device_type='disk',disk_bus=None,guest_format=None,id=,image_id='925024a9-703b-495b-8ab5-f2ae273067fc',instance=,instance_uuid=,no_device=False,snapshot_id=None,source_type='image',tag=None,updated_at=,uuid=,volume_id=None,volume_size=None,volume_type=None)] {{(pid=117185) _bdm_validate_set_size_and_instance /opt/stack/nova/nova/compute/api.py:1807}}
Apr 08 18:56:40.227329 dv-cinder-837167-1-smb devstack@n-api.service[117184]: DEBUG nova.api.openstack.wsgi [None req-63ee47c7-c031-42a5-935b-672220a54cc5 tempest-VolumesSnapshotsTestJSON-1606234709 tempest-VolumesSnapshotsTestJSON-1606234709-project] Calling method '.version_select at 0x7ffa385b8550>' {{(pid=117184) _process_stack /opt/stack/nova/nova/api/openstack/wsgi.py:513}}
Apr 08 18:56:40.279827 dv-cinder-837167-1-smb devstack@n-api.service[117185]: INFO nova.api.openstack.requestlog [None req-0d8631f5-44b3-464f-b5d2-41a12932751c tempest-DeleteServersTestJSON-775075300 tempest-DeleteServersTestJSON-775075300-project] 10.222.0.126 "POST /compute/v2.1/servers" status: 202 len: 382 microversion: 2.1 time: 3.456970
Apr 08 18:56:40.286528 dv-cinder-837167-1-smb devstack@n-api.service[117185]: [pid: 117185|app: 0|req: 2/14] 10.222.0.126 () {60 vars in 1151 bytes} [Fri Apr 8 18:56:36 2022] POST /compute/v2.1/servers => generated 382 bytes in 3464 msecs (HTTP/1.1 202) 10 headers in 452 bytes (1 switches on core 0)
Apr 08 18:56:40.305460 dv-cinder-837167-1-smb devstack@n-api.service[117185]: DEBUG nova.api.openstack.wsgi [None req-40c9a426-265b-4839-a3d2-9913e4f59591 tempest-DeleteServersTestJSON-775075300 tempest-DeleteServersTestJSON-775075300-project] Calling method '>' {{(pid=117185) _process_stack /opt/stack/nova/nova/api/openstack/wsgi.py:513}}
Apr 08 18:56:40.306578 dv-cinder-837167-1-smb devstack@n-api.service[117185]: DEBUG nova.compute.api [None req-40c9a426-265b-4839-a3d2-9913e4f59591 tempest-DeleteServersTestJSON-775075300 tempest-DeleteServersTestJSON-775075300-project] [instance: 687cc195-db54-4b61-9059-3be85b9839ea] Fetching instance by UUID {{(pid=117185) get /opt/stack/nova/nova/compute/api.py:2918}}
Apr 08 18:56:40.438474 dv-cinder-837167-1-smb devstack@n-api.service[117184]: INFO nova.api.openstack.requestlog [None req-63ee47c7-c031-42a5-935b-672220a54cc5 tempest-VolumesSnapshotsTestJSON-1606234709 tempest-VolumesSnapshotsTestJSON-1606234709-project] 10.222.0.126 "GET /compute/v2.1/os-snapshots/97a04b59-5fa2-4b8c-9422-f7e9282b54af" status: 200 len: 287 microversion: 2.1 time: 0.217457
Apr 08 18:56:40.446960 dv-cinder-837167-1-smb devstack@n-api.service[117184]: [pid: 117184|app: 0|req: 13/15] 10.222.0.126 () {58 vars in 1255 bytes} [Fri Apr 8 18:56:40 2022] GET /compute/v2.1/os-snapshots/97a04b59-5fa2-4b8c-9422-f7e9282b54af => generated 287 bytes in 226 msecs (HTTP/1.1 200) 9 headers in 357 bytes (1 switches on core 0)
Apr 08 18:56:40.458752 dv-cinder-837167-1-smb devstack@n-api.service[117184]: DEBUG nova.api.openstack.wsgi [None req-3cb286eb-a878-4109-b671-56382d698d32 tempest-VolumesSnapshotsTestJSON-1606234709 tempest-VolumesSnapshotsTestJSON-1606234709-project] Calling method '.version_select at 0x7ffa385b8c10>' {{(pid=117184) _process_stack /opt/stack/nova/nova/api/openstack/wsgi.py:513}}
Apr 08 18:56:40.607527 dv-cinder-837167-1-smb devstack@n-api.service[117184]: INFO nova.api.openstack.requestlog [None req-3cb286eb-a878-4109-b671-56382d698d32 tempest-VolumesSnapshotsTestJSON-1606234709 tempest-VolumesSnapshotsTestJSON-1606234709-project] 10.222.0.126 "DELETE /compute/v2.1/os-snapshots/97a04b59-5fa2-4b8c-9422-f7e9282b54af" status: 202 len: 0 microversion: 2.1 time: 0.159062
Apr 08 18:56:40.608999 dv-cinder-837167-1-smb devstack@n-api.service[117184]: [pid: 117184|app: 0|req: 14/16] 10.222.0.126 () {58 vars in 1258 bytes} [Fri Apr 8 18:56:40 2022] DELETE /compute/v2.1/os-snapshots/97a04b59-5fa2-4b8c-9422-f7e9282b54af => generated 0 bytes in 161 msecs (HTTP/1.1 202) 9 headers in 361 bytes (1 switches on core 0)
Apr 08 18:56:40.618669 dv-cinder-837167-1-smb devstack@n-api.service[117184]: DEBUG nova.api.openstack.wsgi [None req-492c6a0d-4b0d-42c8-9a1d-bb8b26b0d7ed tempest-VolumesSnapshotsTestJSON-1606234709 tempest-VolumesSnapshotsTestJSON-1606234709-project] Calling method '.version_select at 0x7ffa385b8670>' {{(pid=117184) _process_stack /opt/stack/nova/nova/api/openstack/wsgi.py:513}}
Apr 08 18:56:40.672906 dv-cinder-837167-1-smb devstack@n-api.service[117184]: INFO nova.api.openstack.requestlog [None req-492c6a0d-4b0d-42c8-9a1d-bb8b26b0d7ed tempest-VolumesSnapshotsTestJSON-1606234709 tempest-VolumesSnapshotsTestJSON-1606234709-project] 10.222.0.126 "GET /compute/v2.1/os-snapshots/97a04b59-5fa2-4b8c-9422-f7e9282b54af" status: 200 len: 286 microversion: 2.1 time: 0.059523
Apr 08 18:56:40.674887 dv-cinder-837167-1-smb devstack@n-api.service[117184]: [pid: 117184|app: 0|req: 15/17] 10.222.0.126 () {58 vars in 1255 bytes} [Fri Apr 8 18:56:40 2022] GET /compute/v2.1/os-snapshots/97a04b59-5fa2-4b8c-9422-f7e9282b54af => generated 286 bytes in 62 msecs (HTTP/1.1 200) 9 headers in 357 bytes (1 switches on core 0)
Apr 08 18:56:41.535600 dv-cinder-837167-1-smb devstack@n-api.service[117185]: DEBUG nova.policy [None req-40c9a426-265b-4839-a3d2-9913e4f59591 tempest-DeleteServersTestJSON-775075300 tempest-DeleteServersTestJSON-775075300-project] Policy check for os_compute_api:os-extended-server-attributes failed with credentials {'is_admin': False, 'user_id': '2d4e1c4296754884b664d9f3fb19e0e2', 'user_domain_id': 'default', 'system_scope': None, 'domain_id': None, 'project_id': 'b5a50bf35a9444e5a68d8601af319136', 'project_domain_id': 'default', 'roles': ['member', 'reader'], 'is_admin_project': True, 'service_user_id': None, 'service_user_domain_id': None, 'service_project_id': None, 'service_project_domain_id': None, 'service_roles': []} {{(pid=117185) authorize /opt/stack/nova/nova/policy.py:199}}
Apr 08 18:56:41.559401 dv-cinder-837167-1-smb devstack@n-api.service[117185]: INFO nova.api.openstack.requestlog [None req-40c9a426-265b-4839-a3d2-9913e4f59591 tempest-DeleteServersTestJSON-775075300 tempest-DeleteServersTestJSON-775075300-project] 10.222.0.126 "GET /compute/v2.1/servers/687cc195-db54-4b61-9059-3be85b9839ea" status: 200 len: 1219 microversion: 2.1 time: 1.271379
Apr 08 18:56:41.563909 dv-cinder-837167-1-smb devstack@n-api.service[117185]: [pid: 117185|app: 0|req: 3/18] 10.222.0.126 () {58 vars in 1240 bytes} [Fri Apr 8 18:56:40 2022] GET /compute/v2.1/servers/687cc195-db54-4b61-9059-3be85b9839ea => generated 1219 bytes in 1277 msecs (HTTP/1.1 200) 9 headers in 358 bytes (1 switches on core 0)
Apr 08 18:56:41.693778 dv-cinder-837167-1-smb devstack@n-api.service[117184]: DEBUG nova.api.openstack.wsgi [None req-3f53dc59-b2c9-4f11-a080-7402655e8f32 tempest-VolumesSnapshotsTestJSON-1606234709 tempest-VolumesSnapshotsTestJSON-1606234709-project] Calling method '.version_select at 0x7ffa385b8040>' {{(pid=117184) _process_stack /opt/stack/nova/nova/api/openstack/wsgi.py:513}}
Apr 08 18:56:41.752194 dv-cinder-837167-1-smb devstack@n-api.service[117184]: INFO nova.api.openstack.wsgi [None req-3f53dc59-b2c9-4f11-a080-7402655e8f32 tempest-VolumesSnapshotsTestJSON-1606234709 tempest-VolumesSnapshotsTestJSON-1606234709-project] HTTP exception thrown: Snapshot 97a04b59-5fa2-4b8c-9422-f7e9282b54af could not be found.
Apr 08 18:56:41.753653 dv-cinder-837167-1-smb devstack@n-api.service[117184]: DEBUG nova.api.openstack.wsgi [None req-3f53dc59-b2c9-4f11-a080-7402655e8f32 tempest-VolumesSnapshotsTestJSON-1606234709 tempest-VolumesSnapshotsTestJSON-1606234709-project] Returning 404 to user: Snapshot 97a04b59-5fa2-4b8c-9422-f7e9282b54af could not be found. {{(pid=117184) __call__ /opt/stack/nova/nova/api/openstack/wsgi.py:936}}
Apr 08 18:56:41.754778 dv-cinder-837167-1-smb devstack@n-api.service[117184]: INFO nova.api.openstack.requestlog [None req-3f53dc59-b2c9-4f11-a080-7402655e8f32 tempest-VolumesSnapshotsTestJSON-1606234709 tempest-VolumesSnapshotsTestJSON-1606234709-project] 10.222.0.126 "GET /compute/v2.1/os-snapshots/97a04b59-5fa2-4b8c-9422-f7e9282b54af" status: 404 len: 111 microversion: 2.1 time: 0.072691
Apr 08 18:56:41.756234 dv-cinder-837167-1-smb devstack@n-api.service[117184]: [pid: 117184|app: 0|req: 16/19] 10.222.0.126 () {58 vars in 1255 bytes} [Fri Apr 8 18:56:41 2022] GET /compute/v2.1/os-snapshots/97a04b59-5fa2-4b8c-9422-f7e9282b54af => generated 111 bytes in 75 msecs (HTTP/1.1 404) 9 headers in 379 bytes (1 switches on core 0)
Apr 08 18:56:41.766656 dv-cinder-837167-1-smb devstack@n-api.service[117185]: DEBUG nova.api.openstack.wsgi [None req-90fc8554-e3b0-4644-b3e7-a9a925af96cf tempest-VolumesSnapshotsTestJSON-1606234709 tempest-VolumesSnapshotsTestJSON-1606234709-project] Calling method '.version_select at 0x7ffa37cae670>' {{(pid=117185) _process_stack /opt/stack/nova/nova/api/openstack/wsgi.py:513}}
Apr 08 18:56:41.904500 dv-cinder-837167-1-smb devstack@n-api.service[117185]: INFO nova.api.openstack.requestlog [None req-90fc8554-e3b0-4644-b3e7-a9a925af96cf tempest-VolumesSnapshotsTestJSON-1606234709 tempest-VolumesSnapshotsTestJSON-1606234709-project] 10.222.0.126 "DELETE /compute/v2.1/os-volumes/c85497c6-f188-40f0-a7a2-4eabe0d275ff" status: 202 len: 0 microversion: 2.1 time: 0.143536
Apr 08 18:56:41.909570 dv-cinder-837167-1-smb devstack@n-api.service[117185]: [pid: 117185|app: 0|req: 4/20] 10.222.0.126 () {58 vars in 1252 bytes} [Fri Apr 8 18:56:41 2022] DELETE /compute/v2.1/os-volumes/c85497c6-f188-40f0-a7a2-4eabe0d275ff => generated 0 bytes in 149 msecs (HTTP/1.1 202) 9 headers in 361 bytes (1 switches on core 0)
Apr 08 18:56:41.922434 dv-cinder-837167-1-smb devstack@n-api.service[117184]: DEBUG nova.api.openstack.wsgi [None req-f60462f3-dfe7-4fdf-955c-addceb00cba4 tempest-VolumesSnapshotsTestJSON-1606234709 tempest-VolumesSnapshotsTestJSON-1606234709-project] Calling method '.version_select at 0x7ffa38f270d0>' {{(pid=117184) _process_stack /opt/stack/nova/nova/api/openstack/wsgi.py:513}}
Apr 08 18:56:42.067196 dv-cinder-837167-1-smb devstack@n-api.service[117184]: INFO nova.api.openstack.requestlog [None req-f60462f3-dfe7-4fdf-955c-addceb00cba4 tempest-VolumesSnapshotsTestJSON-1606234709 tempest-VolumesSnapshotsTestJSON-1606234709-project] 10.222.0.126 "GET /compute/v2.1/os-volumes/c85497c6-f188-40f0-a7a2-4eabe0d275ff" status: 200 len: 343 microversion: 2.1 time: 0.149180
Apr 08 18:56:42.068522 dv-cinder-837167-1-smb devstack@n-api.service[117184]: [pid: 117184|app: 0|req: 17/21] 10.222.0.126 () {58 vars in 1249 bytes} [Fri Apr 8 18:56:41 2022] GET /compute/v2.1/os-volumes/c85497c6-f188-40f0-a7a2-4eabe0d275ff => generated 343 bytes in 151 msecs (HTTP/1.1 200) 9 headers in 357 bytes (1 switches on core 0)
Apr 08 18:56:42.580548 dv-cinder-837167-1-smb devstack@n-api.service[117185]: DEBUG nova.api.openstack.wsgi [None req-fd84f72f-bc54-42b6-8f7d-635144d5bc5e tempest-DeleteServersTestJSON-775075300 tempest-DeleteServersTestJSON-775075300-project] Calling method '>' {{(pid=117185) _process_stack /opt/stack/nova/nova/api/openstack/wsgi.py:513}}
Apr 08 18:56:42.581167 dv-cinder-837167-1-smb devstack@n-api.service[117185]: DEBUG nova.compute.api [None req-fd84f72f-bc54-42b6-8f7d-635144d5bc5e tempest-DeleteServersTestJSON-775075300 tempest-DeleteServersTestJSON-775075300-project] [instance: 687cc195-db54-4b61-9059-3be85b9839ea] Fetching instance by UUID {{(pid=117185) get /opt/stack/nova/nova/compute/api.py:2918}}
Apr 08 18:56:42.592721 dv-cinder-837167-1-smb devstack@n-api.service[117185]: DEBUG oslo_concurrency.lockutils [None req-fd84f72f-bc54-42b6-8f7d-635144d5bc5e tempest-DeleteServersTestJSON-775075300 tempest-DeleteServersTestJSON-775075300-project] Lock "40fc3bab-2de0-4f8b-b9ae-1ddaa853ef65" acquired by "nova.context.set_target_cell..get_or_set_cached_cell_and_set_connections" :: waited 0.000s {{(pid=117185) inner /usr/local/lib/python3.8/dist-packages/oslo_concurrency/lockutils.py:386}}
Apr 08 18:56:42.593183 dv-cinder-837167-1-smb devstack@n-api.service[117185]: DEBUG oslo_concurrency.lockutils [None req-fd84f72f-bc54-42b6-8f7d-635144d5bc5e tempest-DeleteServersTestJSON-775075300 tempest-DeleteServersTestJSON-775075300-project] Lock "40fc3bab-2de0-4f8b-b9ae-1ddaa853ef65" "released" by "nova.context.set_target_cell..get_or_set_cached_cell_and_set_connections" :: held 0.001s {{(pid=117185) inner /usr/local/lib/python3.8/dist-packages/oslo_concurrency/lockutils.py:400}}
Apr 08 18:56:42.594048 dv-cinder-837167-1-smb devstack@n-api.service[117185]: DEBUG oslo_concurrency.lockutils [None req-fd84f72f-bc54-42b6-8f7d-635144d5bc5e tempest-DeleteServersTestJSON-775075300 tempest-DeleteServersTestJSON-775075300-project] Lock "40fc3bab-2de0-4f8b-b9ae-1ddaa853ef65" acquired by "nova.context.set_target_cell..get_or_set_cached_cell_and_set_connections" :: waited 0.000s {{(pid=117185) inner /usr/local/lib/python3.8/dist-packages/oslo_concurrency/lockutils.py:386}}
Apr 08 18:56:42.594490 dv-cinder-837167-1-smb devstack@n-api.service[117185]: DEBUG oslo_concurrency.lockutils [None req-fd84f72f-bc54-42b6-8f7d-635144d5bc5e tempest-DeleteServersTestJSON-775075300 tempest-DeleteServersTestJSON-775075300-project] Lock "40fc3bab-2de0-4f8b-b9ae-1ddaa853ef65" "released" by "nova.context.set_target_cell..get_or_set_cached_cell_and_set_connections" :: held 0.000s {{(pid=117185) inner /usr/local/lib/python3.8/dist-packages/oslo_concurrency/lockutils.py:400}}
Apr 08 18:56:43.080629 dv-cinder-837167-1-smb devstack@n-api.service[117184]: DEBUG nova.api.openstack.wsgi [None req-7b18cb88-587b-4472-b325-6879e5c0c3a4 tempest-VolumesSnapshotsTestJSON-1606234709 tempest-VolumesSnapshotsTestJSON-1606234709-project] Calling method '.version_select at 0x7ffa385b8700>' {{(pid=117184) _process_stack /opt/stack/nova/nova/api/openstack/wsgi.py:513}}
Apr 08 18:56:43.175759 dv-cinder-837167-1-smb devstack@n-api.service[117184]: INFO nova.api.openstack.wsgi [None req-7b18cb88-587b-4472-b325-6879e5c0c3a4 tempest-VolumesSnapshotsTestJSON-1606234709 tempest-VolumesSnapshotsTestJSON-1606234709-project] HTTP exception thrown: Volume c85497c6-f188-40f0-a7a2-4eabe0d275ff could not be found.
Apr 08 18:56:43.176414 dv-cinder-837167-1-smb devstack@n-api.service[117184]: DEBUG nova.api.openstack.wsgi [None req-7b18cb88-587b-4472-b325-6879e5c0c3a4 tempest-VolumesSnapshotsTestJSON-1606234709 tempest-VolumesSnapshotsTestJSON-1606234709-project] Returning 404 to user: Volume c85497c6-f188-40f0-a7a2-4eabe0d275ff could not be found. {{(pid=117184) __call__ /opt/stack/nova/nova/api/openstack/wsgi.py:936}}
Apr 08 18:56:43.177977 dv-cinder-837167-1-smb devstack@n-api.service[117184]: INFO nova.api.openstack.requestlog [None req-7b18cb88-587b-4472-b325-6879e5c0c3a4 tempest-VolumesSnapshotsTestJSON-1606234709 tempest-VolumesSnapshotsTestJSON-1606234709-project] 10.222.0.126 "GET /compute/v2.1/os-volumes/c85497c6-f188-40f0-a7a2-4eabe0d275ff" status: 404 len: 109 microversion: 2.1 time: 0.101289
Apr 08 18:56:43.178626 dv-cinder-837167-1-smb devstack@n-api.service[117184]: [pid: 117184|app: 0|req: 18/22] 10.222.0.126 () {58 vars in 1249 bytes} [Fri Apr 8 18:56:43 2022] GET /compute/v2.1/os-volumes/c85497c6-f188-40f0-a7a2-4eabe0d275ff => generated 109 bytes in 103 msecs (HTTP/1.1 404) 9 headers in 379 bytes (2 switches on core 0)
Apr 08 18:56:43.339748 dv-cinder-837167-1-smb devstack@n-api.service[117185]: DEBUG nova.policy [None req-fd84f72f-bc54-42b6-8f7d-635144d5bc5e tempest-DeleteServersTestJSON-775075300 tempest-DeleteServersTestJSON-775075300-project] Policy check for os_compute_api:os-extended-server-attributes failed with credentials {'is_admin': False, 'user_id': '2d4e1c4296754884b664d9f3fb19e0e2', 'user_domain_id': 'default', 'system_scope': None, 'domain_id': None, 'project_id': 'b5a50bf35a9444e5a68d8601af319136', 'project_domain_id': 'default', 'roles': ['member', 'reader'], 'is_admin_project': True, 'service_user_id': None, 'service_user_domain_id': None, 'service_project_id': None, 'service_project_domain_id': None, 'service_roles': []} {{(pid=117185) authorize /opt/stack/nova/nova/policy.py:199}}
Apr 08 18:56:43.371505 dv-cinder-837167-1-smb devstack@n-api.service[117185]: INFO nova.api.openstack.requestlog [None req-fd84f72f-bc54-42b6-8f7d-635144d5bc5e tempest-DeleteServersTestJSON-775075300 tempest-DeleteServersTestJSON-775075300-project] 10.222.0.126 "GET /compute/v2.1/servers/687cc195-db54-4b61-9059-3be85b9839ea" status: 200 len: 1215 microversion: 2.1 time: 0.793618
Apr 08 18:56:43.379774 dv-cinder-837167-1-smb devstack@n-api.service[117185]: [pid: 117185|app: 0|req: 5/23] 10.222.0.126 () {58 vars in 1240 bytes} [Fri Apr 8 18:56:42 2022] GET /compute/v2.1/servers/687cc195-db54-4b61-9059-3be85b9839ea => generated 1215 bytes in 803 msecs (HTTP/1.1 200) 9 headers in 358 bytes (1 switches on core 0)
Apr 08 18:56:43.414131 dv-cinder-837167-1-smb devstack@n-api.service[117185]: DEBUG nova.api.openstack.wsgi [None req-d3626f29-afb6-476b-88ae-813f2f92aa56 tempest-VolumesSnapshotsTestJSON-1606234709 tempest-VolumesSnapshotsTestJSON-1606234709-project] Calling method '.version_select at 0x7ffa3745c0d0>' {{(pid=117185) _process_stack /opt/stack/nova/nova/api/openstack/wsgi.py:513}}
Apr 08 18:56:43.513585 dv-cinder-837167-1-smb devstack@n-api.service[117185]: INFO nova.api.openstack.wsgi [None req-d3626f29-afb6-476b-88ae-813f2f92aa56 tempest-VolumesSnapshotsTestJSON-1606234709 tempest-VolumesSnapshotsTestJSON-1606234709-project] HTTP exception thrown: Volume c85497c6-f188-40f0-a7a2-4eabe0d275ff could not be found.
Apr 08 18:56:43.514583 dv-cinder-837167-1-smb devstack@n-api.service[117185]: DEBUG nova.api.openstack.wsgi [None req-d3626f29-afb6-476b-88ae-813f2f92aa56 tempest-VolumesSnapshotsTestJSON-1606234709 tempest-VolumesSnapshotsTestJSON-1606234709-project] Returning 404 to user: Volume c85497c6-f188-40f0-a7a2-4eabe0d275ff could not be found. {{(pid=117185) __call__ /opt/stack/nova/nova/api/openstack/wsgi.py:936}}
Apr 08 18:56:43.515676 dv-cinder-837167-1-smb devstack@n-api.service[117185]: INFO nova.api.openstack.requestlog [None req-d3626f29-afb6-476b-88ae-813f2f92aa56 tempest-VolumesSnapshotsTestJSON-1606234709 tempest-VolumesSnapshotsTestJSON-1606234709-project] 10.222.0.126 "DELETE /compute/v2.1/os-volumes/c85497c6-f188-40f0-a7a2-4eabe0d275ff" status: 404 len: 109 microversion: 2.1 time: 0.134704
Apr 08 18:56:43.516433 dv-cinder-837167-1-smb devstack@n-api.service[117185]: [pid: 117185|app: 0|req: 6/24] 10.222.0.126 () {58 vars in 1252 bytes} [Fri Apr 8 18:56:43 2022] DELETE /compute/v2.1/os-volumes/c85497c6-f188-40f0-a7a2-4eabe0d275ff => generated 109 bytes in 136 msecs (HTTP/1.1 404) 9 headers in 379 bytes (1 switches on core 0)
Apr 08 18:56:43.527163 dv-cinder-837167-1-smb devstack@n-api.service[117185]: DEBUG nova.api.openstack.wsgi [None req-be71b600-5721-4adb-94b7-cfca68f17790 tempest-VolumesSnapshotsTestJSON-1606234709 tempest-VolumesSnapshotsTestJSON-1606234709-project] Calling method '.version_select at 0x7ffa37cdddc0>' {{(pid=117185) _process_stack /opt/stack/nova/nova/api/openstack/wsgi.py:513}}
Apr 08 18:56:43.582873 dv-cinder-837167-1-smb devstack@n-api.service[117184]: DEBUG nova.api.openstack.wsgi [None req-8b05fa50-230a-4f3a-a31f-21399e03a090 tempest-AttachVolumeShelveTestJSON-248372292 tempest-AttachVolumeShelveTestJSON-248372292-project] Action: 'create', calling method: .version_select at 0x7ffa38620b80>, body: {"keypair": {"name": "tempest-keypair-880259241"}} {{(pid=117184) _process_stack /opt/stack/nova/nova/api/openstack/wsgi.py:511}}
Apr 08 18:56:43.616124 dv-cinder-837167-1-smb devstack@n-api.service[117185]: INFO nova.api.openstack.wsgi [None req-be71b600-5721-4adb-94b7-cfca68f17790 tempest-VolumesSnapshotsTestJSON-1606234709 tempest-VolumesSnapshotsTestJSON-1606234709-project] HTTP exception thrown: Volume c85497c6-f188-40f0-a7a2-4eabe0d275ff could not be found.
Apr 08 18:56:43.617294 dv-cinder-837167-1-smb devstack@n-api.service[117185]: DEBUG nova.api.openstack.wsgi [None req-be71b600-5721-4adb-94b7-cfca68f17790 tempest-VolumesSnapshotsTestJSON-1606234709 tempest-VolumesSnapshotsTestJSON-1606234709-project] Returning 404 to user: Volume c85497c6-f188-40f0-a7a2-4eabe0d275ff could not be found. {{(pid=117185) __call__ /opt/stack/nova/nova/api/openstack/wsgi.py:936}}
Apr 08 18:56:43.618763 dv-cinder-837167-1-smb devstack@n-api.service[117185]: INFO nova.api.openstack.requestlog [None req-be71b600-5721-4adb-94b7-cfca68f17790 tempest-VolumesSnapshotsTestJSON-1606234709 tempest-VolumesSnapshotsTestJSON-1606234709-project] 10.222.0.126 "GET /compute/v2.1/os-volumes/c85497c6-f188-40f0-a7a2-4eabe0d275ff" status: 404 len: 109 microversion: 2.1 time: 0.097974
Apr 08 18:56:43.621793 dv-cinder-837167-1-smb devstack@n-api.service[117185]: [pid: 117185|app: 0|req: 7/25] 10.222.0.126 () {58 vars in 1249 bytes} [Fri Apr 8 18:56:43 2022] GET /compute/v2.1/os-volumes/c85497c6-f188-40f0-a7a2-4eabe0d275ff => generated 109 bytes in 101 msecs (HTTP/1.1 404) 9 headers in 379 bytes (2 switches on core 0)
Apr 08 18:56:43.730622 dv-cinder-837167-1-smb devstack@n-api.service[117184]: DEBUG nova.quota [None req-8b05fa50-230a-4f3a-a31f-21399e03a090 tempest-AttachVolumeShelveTestJSON-248372292 tempest-AttachVolumeShelveTestJSON-248372292-project] Getting quotas for project 756dd3d4e8b0403c89118fe21b7f7357. Resources: {'key_pairs'} {{(pid=117184) _get_quotas /opt/stack/nova/nova/quota.py:393}}
Apr 08 18:56:43.750559 dv-cinder-837167-1-smb devstack@n-api.service[117184]: DEBUG nova.quota [None req-8b05fa50-230a-4f3a-a31f-21399e03a090 tempest-AttachVolumeShelveTestJSON-248372292 tempest-AttachVolumeShelveTestJSON-248372292-project] Getting quotas for user 50636c91bf4a45958089a8a13e15bada and project 756dd3d4e8b0403c89118fe21b7f7357. Resources: {'key_pairs'} {{(pid=117184) _get_quotas /opt/stack/nova/nova/quota.py:383}}
Apr 08 18:56:44.396150 dv-cinder-837167-1-smb devstack@n-api.service[117185]: DEBUG nova.api.openstack.wsgi [None req-c4157c17-87f1-4520-8a1d-cc139dc80566 tempest-DeleteServersTestJSON-775075300 tempest-DeleteServersTestJSON-775075300-project] Calling method '>' {{(pid=117185) _process_stack /opt/stack/nova/nova/api/openstack/wsgi.py:513}}
Apr 08 18:56:44.397965 dv-cinder-837167-1-smb devstack@n-api.service[117185]: DEBUG nova.compute.api [None req-c4157c17-87f1-4520-8a1d-cc139dc80566 tempest-DeleteServersTestJSON-775075300 tempest-DeleteServersTestJSON-775075300-project] [instance: 687cc195-db54-4b61-9059-3be85b9839ea] Fetching instance by UUID {{(pid=117185) get /opt/stack/nova/nova/compute/api.py:2918}}
Apr 08 18:56:44.420155 dv-cinder-837167-1-smb devstack@n-api.service[117185]: DEBUG oslo_concurrency.lockutils [None req-c4157c17-87f1-4520-8a1d-cc139dc80566 tempest-DeleteServersTestJSON-775075300 tempest-DeleteServersTestJSON-775075300-project] Lock "40fc3bab-2de0-4f8b-b9ae-1ddaa853ef65" acquired by "nova.context.set_target_cell..get_or_set_cached_cell_and_set_connections" :: waited 0.000s {{(pid=117185) inner /usr/local/lib/python3.8/dist-packages/oslo_concurrency/lockutils.py:386}}
Apr 08 18:56:44.422908 dv-cinder-837167-1-smb devstack@n-api.service[117185]: DEBUG oslo_concurrency.lockutils [None req-c4157c17-87f1-4520-8a1d-cc139dc80566 tempest-DeleteServersTestJSON-775075300 tempest-DeleteServersTestJSON-775075300-project] Lock "40fc3bab-2de0-4f8b-b9ae-1ddaa853ef65" "released" by "nova.context.set_target_cell..get_or_set_cached_cell_and_set_connections" :: held 0.003s {{(pid=117185) inner /usr/local/lib/python3.8/dist-packages/oslo_concurrency/lockutils.py:400}}
Apr 08 18:56:44.424217 dv-cinder-837167-1-smb devstack@n-api.service[117185]: DEBUG oslo_concurrency.lockutils [None req-c4157c17-87f1-4520-8a1d-cc139dc80566 tempest-DeleteServersTestJSON-775075300 tempest-DeleteServersTestJSON-775075300-project] Lock "40fc3bab-2de0-4f8b-b9ae-1ddaa853ef65" acquired by "nova.context.set_target_cell..get_or_set_cached_cell_and_set_connections" :: waited 0.000s {{(pid=117185) inner /usr/local/lib/python3.8/dist-packages/oslo_concurrency/lockutils.py:386}}
Apr 08 18:56:44.431361 dv-cinder-837167-1-smb devstack@n-api.service[117185]: DEBUG oslo_concurrency.lockutils [None req-c4157c17-87f1-4520-8a1d-cc139dc80566 tempest-DeleteServersTestJSON-775075300 tempest-DeleteServersTestJSON-775075300-project] Lock "40fc3bab-2de0-4f8b-b9ae-1ddaa853ef65" "released" by "nova.context.set_target_cell..get_or_set_cached_cell_and_set_connections" :: held 0.007s {{(pid=117185) inner /usr/local/lib/python3.8/dist-packages/oslo_concurrency/lockutils.py:400}}
Apr 08 18:56:44.601165 dv-cinder-837167-1-smb devstack@n-api.service[117185]: DEBUG nova.policy [None req-c4157c17-87f1-4520-8a1d-cc139dc80566 tempest-DeleteServersTestJSON-775075300 tempest-DeleteServersTestJSON-775075300-project] Policy check for os_compute_api:os-extended-server-attributes failed with credentials {'is_admin': False, 'user_id': '2d4e1c4296754884b664d9f3fb19e0e2', 'user_domain_id': 'default', 'system_scope': None, 'domain_id': None, 'project_id': 'b5a50bf35a9444e5a68d8601af319136', 'project_domain_id': 'default', 'roles': ['member', 'reader'], 'is_admin_project': True, 'service_user_id': None, 'service_user_domain_id': None, 'service_project_id': None, 'service_project_domain_id': None, 'service_roles': []} {{(pid=117185) authorize /opt/stack/nova/nova/policy.py:199}}
Apr 08 18:56:44.611665 dv-cinder-837167-1-smb devstack@n-api.service[117185]: INFO nova.api.openstack.requestlog [None req-c4157c17-87f1-4520-8a1d-cc139dc80566 tempest-DeleteServersTestJSON-775075300 tempest-DeleteServersTestJSON-775075300-project] 10.222.0.126 "GET /compute/v2.1/servers/687cc195-db54-4b61-9059-3be85b9839ea" status: 200 len: 1277 microversion: 2.1 time: 0.221430
Apr 08 18:56:44.619524 dv-cinder-837167-1-smb devstack@n-api.service[117185]: [pid: 117185|app: 0|req: 8/26] 10.222.0.126 () {58 vars in 1240 bytes} [Fri Apr 8 18:56:44 2022] GET /compute/v2.1/servers/687cc195-db54-4b61-9059-3be85b9839ea => generated 1277 bytes in 230 msecs (HTTP/1.1 200) 9 headers in 358 bytes (1 switches on core 0)
Apr 08 18:56:44.975396 dv-cinder-837167-1-smb devstack@n-api.service[117184]: DEBUG nova.quota [None req-8b05fa50-230a-4f3a-a31f-21399e03a090 tempest-AttachVolumeShelveTestJSON-248372292 tempest-AttachVolumeShelveTestJSON-248372292-project] Getting quotas for project 756dd3d4e8b0403c89118fe21b7f7357. Resources: {'key_pairs'} {{(pid=117184) _get_quotas /opt/stack/nova/nova/quota.py:393}}
Apr 08 18:56:44.996178 dv-cinder-837167-1-smb devstack@n-api.service[117184]: DEBUG nova.quota [None req-8b05fa50-230a-4f3a-a31f-21399e03a090 tempest-AttachVolumeShelveTestJSON-248372292 tempest-AttachVolumeShelveTestJSON-248372292-project] Getting quotas for user 50636c91bf4a45958089a8a13e15bada and project 756dd3d4e8b0403c89118fe21b7f7357. Resources: {'key_pairs'} {{(pid=117184) _get_quotas /opt/stack/nova/nova/quota.py:383}}
Apr 08 18:56:45.035883 dv-cinder-837167-1-smb devstack@n-api.service[117184]: INFO nova.api.openstack.requestlog [None req-8b05fa50-230a-4f3a-a31f-21399e03a090 tempest-AttachVolumeShelveTestJSON-248372292 tempest-AttachVolumeShelveTestJSON-248372292-project] 10.222.0.126 "POST /compute/v2.1/os-keypairs" status: 201 len: 2319 microversion: 2.20 time: 1.855732
Apr 08 18:56:45.043207 dv-cinder-837167-1-smb devstack@n-api.service[117184]: [pid: 117184|app: 0|req: 19/27] 10.222.0.126 () {62 vars in 1203 bytes} [Fri Apr 8 18:56:43 2022] POST /compute/v2.1/os-keypairs => generated 2319 bytes in 1864 msecs (HTTP/1.1 201) 9 headers in 365 bytes (1 switches on core 0)
Apr 08 18:56:45.635291 dv-cinder-837167-1-smb devstack@n-api.service[117185]: DEBUG nova.api.openstack.wsgi [None req-ce52504c-483a-4ede-b645-adec0eaf687d tempest-DeleteServersTestJSON-775075300 tempest-DeleteServersTestJSON-775075300-project] Calling method '>' {{(pid=117185) _process_stack /opt/stack/nova/nova/api/openstack/wsgi.py:513}}
Apr 08 18:56:45.636681 dv-cinder-837167-1-smb devstack@n-api.service[117185]: DEBUG nova.compute.api [None req-ce52504c-483a-4ede-b645-adec0eaf687d tempest-DeleteServersTestJSON-775075300 tempest-DeleteServersTestJSON-775075300-project] [instance: 687cc195-db54-4b61-9059-3be85b9839ea] Fetching instance by UUID {{(pid=117185) get /opt/stack/nova/nova/compute/api.py:2918}}
Apr 08 18:56:45.668121 dv-cinder-837167-1-smb devstack@n-api.service[117185]: DEBUG oslo_concurrency.lockutils [None req-ce52504c-483a-4ede-b645-adec0eaf687d tempest-DeleteServersTestJSON-775075300 tempest-DeleteServersTestJSON-775075300-project] Lock "40fc3bab-2de0-4f8b-b9ae-1ddaa853ef65" acquired by "nova.context.set_target_cell..get_or_set_cached_cell_and_set_connections" :: waited 0.000s {{(pid=117185) inner /usr/local/lib/python3.8/dist-packages/oslo_concurrency/lockutils.py:386}}
Apr 08 18:56:45.668949 dv-cinder-837167-1-smb devstack@n-api.service[117185]: DEBUG oslo_concurrency.lockutils [None req-ce52504c-483a-4ede-b645-adec0eaf687d tempest-DeleteServersTestJSON-775075300 tempest-DeleteServersTestJSON-775075300-project] Lock "40fc3bab-2de0-4f8b-b9ae-1ddaa853ef65" "released" by "nova.context.set_target_cell..get_or_set_cached_cell_and_set_connections" :: held 0.002s {{(pid=117185) inner /usr/local/lib/python3.8/dist-packages/oslo_concurrency/lockutils.py:400}}
Apr 08 18:56:45.670342 dv-cinder-837167-1-smb devstack@n-api.service[117185]: DEBUG oslo_concurrency.lockutils [None req-ce52504c-483a-4ede-b645-adec0eaf687d tempest-DeleteServersTestJSON-775075300 tempest-DeleteServersTestJSON-775075300-project] Lock "40fc3bab-2de0-4f8b-b9ae-1ddaa853ef65" acquired by "nova.context.set_target_cell..get_or_set_cached_cell_and_set_connections" :: waited 0.000s {{(pid=117185) inner /usr/local/lib/python3.8/dist-packages/oslo_concurrency/lockutils.py:386}}
Apr 08 18:56:45.671146 dv-cinder-837167-1-smb devstack@n-api.service[117185]: DEBUG oslo_concurrency.lockutils [None req-ce52504c-483a-4ede-b645-adec0eaf687d tempest-DeleteServersTestJSON-775075300 tempest-DeleteServersTestJSON-775075300-project] Lock "40fc3bab-2de0-4f8b-b9ae-1ddaa853ef65" "released" by "nova.context.set_target_cell..get_or_set_cached_cell_and_set_connections" :: held 0.001s {{(pid=117185) inner /usr/local/lib/python3.8/dist-packages/oslo_concurrency/lockutils.py:400}}
Apr 08 18:56:46.030885 dv-cinder-837167-1-smb devstack@n-api.service[117185]: DEBUG nova.policy [None req-ce52504c-483a-4ede-b645-adec0eaf687d tempest-DeleteServersTestJSON-775075300 tempest-DeleteServersTestJSON-775075300-project] Policy check for os_compute_api:os-extended-server-attributes failed with credentials {'is_admin': False, 'user_id': '2d4e1c4296754884b664d9f3fb19e0e2', 'user_domain_id': 'default', 'system_scope': None, 'domain_id': None, 'project_id': 'b5a50bf35a9444e5a68d8601af319136', 'project_domain_id': 'default', 'roles': ['member', 'reader'], 'is_admin_project': True, 'service_user_id': None, 'service_user_domain_id': None, 'service_project_id': None, 'service_project_domain_id': None, 'service_roles': []} {{(pid=117185) authorize /opt/stack/nova/nova/policy.py:199}}
Apr 08 18:56:46.097196 dv-cinder-837167-1-smb devstack@n-api.service[117185]: INFO nova.api.openstack.requestlog [None req-ce52504c-483a-4ede-b645-adec0eaf687d tempest-DeleteServersTestJSON-775075300 tempest-DeleteServersTestJSON-775075300-project] 10.222.0.126 "GET /compute/v2.1/servers/687cc195-db54-4b61-9059-3be85b9839ea" status: 200 len: 1277 microversion: 2.1 time: 0.464761
Apr 08 18:56:46.103810 dv-cinder-837167-1-smb devstack@n-api.service[117185]: [pid: 117185|app: 0|req: 9/28] 10.222.0.126 () {58 vars in 1240 bytes} [Fri Apr 8 18:56:45 2022] GET /compute/v2.1/servers/687cc195-db54-4b61-9059-3be85b9839ea => generated 1277 bytes in 477 msecs (HTTP/1.1 200) 9 headers in 358 bytes (1 switches on core 0)
Apr 08 18:56:47.123719 dv-cinder-837167-1-smb devstack@n-api.service[117184]: DEBUG nova.api.openstack.wsgi [None req-231bf69d-862d-424e-a9ce-4c4d3851e9b7 tempest-DeleteServersTestJSON-775075300 tempest-DeleteServersTestJSON-775075300-project] Calling method '>' {{(pid=117184) _process_stack /opt/stack/nova/nova/api/openstack/wsgi.py:513}}
Apr 08 18:56:47.125038 dv-cinder-837167-1-smb devstack@n-api.service[117184]: DEBUG nova.compute.api [None req-231bf69d-862d-424e-a9ce-4c4d3851e9b7 tempest-DeleteServersTestJSON-775075300 tempest-DeleteServersTestJSON-775075300-project] [instance: 687cc195-db54-4b61-9059-3be85b9839ea] Fetching instance by UUID {{(pid=117184) get /opt/stack/nova/nova/compute/api.py:2918}}
Apr 08 18:56:47.182587 dv-cinder-837167-1-smb devstack@n-api.service[117184]: DEBUG oslo_concurrency.lockutils [None req-231bf69d-862d-424e-a9ce-4c4d3851e9b7 tempest-DeleteServersTestJSON-775075300 tempest-DeleteServersTestJSON-775075300-project] Lock "40fc3bab-2de0-4f8b-b9ae-1ddaa853ef65" acquired by "nova.context.set_target_cell..get_or_set_cached_cell_and_set_connections" :: waited 0.000s {{(pid=117184) inner /usr/local/lib/python3.8/dist-packages/oslo_concurrency/lockutils.py:386}}
Apr 08 18:56:47.184971 dv-cinder-837167-1-smb devstack@n-api.service[117184]: DEBUG oslo_concurrency.lockutils [None req-231bf69d-862d-424e-a9ce-4c4d3851e9b7 tempest-DeleteServersTestJSON-775075300 tempest-DeleteServersTestJSON-775075300-project] Lock "40fc3bab-2de0-4f8b-b9ae-1ddaa853ef65" "released" by "nova.context.set_target_cell..get_or_set_cached_cell_and_set_connections" :: held 0.015s {{(pid=117184) inner /usr/local/lib/python3.8/dist-packages/oslo_concurrency/lockutils.py:400}}
Apr 08 18:56:47.186830 dv-cinder-837167-1-smb devstack@n-api.service[117184]: DEBUG oslo_concurrency.lockutils [None req-231bf69d-862d-424e-a9ce-4c4d3851e9b7 tempest-DeleteServersTestJSON-775075300 tempest-DeleteServersTestJSON-775075300-project] Lock "40fc3bab-2de0-4f8b-b9ae-1ddaa853ef65" acquired by "nova.context.set_target_cell..get_or_set_cached_cell_and_set_connections" :: waited 0.000s {{(pid=117184) inner /usr/local/lib/python3.8/dist-packages/oslo_concurrency/lockutils.py:386}}
Apr 08 18:56:47.188701 dv-cinder-837167-1-smb devstack@n-api.service[117184]: DEBUG oslo_concurrency.lockutils [None req-231bf69d-862d-424e-a9ce-4c4d3851e9b7 tempest-DeleteServersTestJSON-775075300 tempest-DeleteServersTestJSON-775075300-project] Lock "40fc3bab-2de0-4f8b-b9ae-1ddaa853ef65" "released" by "nova.context.set_target_cell..get_or_set_cached_cell_and_set_connections" :: held 0.002s {{(pid=117184) inner /usr/local/lib/python3.8/dist-packages/oslo_concurrency/lockutils.py:400}}
Apr 08 18:56:48.546307 dv-cinder-837167-1-smb devstack@n-api.service[117184]: DEBUG nova.policy [None req-231bf69d-862d-424e-a9ce-4c4d3851e9b7 tempest-DeleteServersTestJSON-775075300 tempest-DeleteServersTestJSON-775075300-project] Policy check for os_compute_api:os-extended-server-attributes failed with credentials {'is_admin': False, 'user_id': '2d4e1c4296754884b664d9f3fb19e0e2', 'user_domain_id': 'default', 'system_scope': None, 'domain_id': None, 'project_id': 'b5a50bf35a9444e5a68d8601af319136', 'project_domain_id': 'default', 'roles': ['member', 'reader'], 'is_admin_project': True, 'service_user_id': None, 'service_user_domain_id': None, 'service_project_id': None, 'service_project_domain_id': None, 'service_roles': []} {{(pid=117184) authorize /opt/stack/nova/nova/policy.py:199}}
Apr 08 18:56:48.579613 dv-cinder-837167-1-smb devstack@n-api.service[117184]: INFO nova.api.openstack.requestlog [None req-231bf69d-862d-424e-a9ce-4c4d3851e9b7 tempest-DeleteServersTestJSON-775075300 tempest-DeleteServersTestJSON-775075300-project] 10.222.0.126 "GET /compute/v2.1/servers/687cc195-db54-4b61-9059-3be85b9839ea" status: 200 len: 1319 microversion: 2.1 time: 1.468317
Apr 08 18:56:48.580672 dv-cinder-837167-1-smb devstack@n-api.service[117184]: [pid: 117184|app: 0|req: 20/29] 10.222.0.126 () {58 vars in 1240 bytes} [Fri Apr 8 18:56:47 2022] GET /compute/v2.1/servers/687cc195-db54-4b61-9059-3be85b9839ea => generated 1319 bytes in 1470 msecs (HTTP/1.1 200) 9 headers in 358 bytes (1 switches on core 0)
Apr 08 18:56:49.606022 dv-cinder-837167-1-smb devstack@n-api.service[117185]: DEBUG nova.api.openstack.wsgi [None req-5d647f94-330f-451d-9c80-dfb7ab23ac33 tempest-DeleteServersTestJSON-775075300 tempest-DeleteServersTestJSON-775075300-project] Calling method '>' {{(pid=117185) _process_stack /opt/stack/nova/nova/api/openstack/wsgi.py:513}}
Apr 08 18:56:49.607424 dv-cinder-837167-1-smb devstack@n-api.service[117185]: DEBUG nova.compute.api [None req-5d647f94-330f-451d-9c80-dfb7ab23ac33 tempest-DeleteServersTestJSON-775075300 tempest-DeleteServersTestJSON-775075300-project] [instance: 687cc195-db54-4b61-9059-3be85b9839ea] Fetching instance by UUID {{(pid=117185) get /opt/stack/nova/nova/compute/api.py:2918}}
Apr 08 18:56:49.619742 dv-cinder-837167-1-smb devstack@n-api.service[117185]: DEBUG oslo_concurrency.lockutils [None req-5d647f94-330f-451d-9c80-dfb7ab23ac33 tempest-DeleteServersTestJSON-775075300 tempest-DeleteServersTestJSON-775075300-project] Lock "40fc3bab-2de0-4f8b-b9ae-1ddaa853ef65" acquired by "nova.context.set_target_cell..get_or_set_cached_cell_and_set_connections" :: waited 0.000s {{(pid=117185) inner /usr/local/lib/python3.8/dist-packages/oslo_concurrency/lockutils.py:386}}
Apr 08 18:56:49.626505 dv-cinder-837167-1-smb devstack@n-api.service[117185]: DEBUG oslo_concurrency.lockutils [None req-5d647f94-330f-451d-9c80-dfb7ab23ac33 tempest-DeleteServersTestJSON-775075300 tempest-DeleteServersTestJSON-775075300-project] Lock "40fc3bab-2de0-4f8b-b9ae-1ddaa853ef65" "released" by "nova.context.set_target_cell..get_or_set_cached_cell_and_set_connections" :: held 0.007s {{(pid=117185) inner /usr/local/lib/python3.8/dist-packages/oslo_concurrency/lockutils.py:400}}
Apr 08 18:56:49.628169 dv-cinder-837167-1-smb devstack@n-api.service[117185]: DEBUG oslo_concurrency.lockutils [None req-5d647f94-330f-451d-9c80-dfb7ab23ac33 tempest-DeleteServersTestJSON-775075300 tempest-DeleteServersTestJSON-775075300-project] Lock "40fc3bab-2de0-4f8b-b9ae-1ddaa853ef65" acquired by "nova.context.set_target_cell..get_or_set_cached_cell_and_set_connections" :: waited 0.000s {{(pid=117185) inner /usr/local/lib/python3.8/dist-packages/oslo_concurrency/lockutils.py:386}}
Apr 08 18:56:49.636311 dv-cinder-837167-1-smb devstack@n-api.service[117185]: DEBUG oslo_concurrency.lockutils [None req-5d647f94-330f-451d-9c80-dfb7ab23ac33 tempest-DeleteServersTestJSON-775075300 tempest-DeleteServersTestJSON-775075300-project] Lock "40fc3bab-2de0-4f8b-b9ae-1ddaa853ef65" "released" by "nova.context.set_target_cell..get_or_set_cached_cell_and_set_connections" :: held 0.008s {{(pid=117185) inner /usr/local/lib/python3.8/dist-packages/oslo_concurrency/lockutils.py:400}}
Apr 08 18:56:52.050315 dv-cinder-837167-1-smb devstack@n-api.service[117185]: DEBUG nova.policy [None req-5d647f94-330f-451d-9c80-dfb7ab23ac33 tempest-DeleteServersTestJSON-775075300 tempest-DeleteServersTestJSON-775075300-project] Policy check for os_compute_api:os-extended-server-attributes failed with credentials {'is_admin': False, 'user_id': '2d4e1c4296754884b664d9f3fb19e0e2', 'user_domain_id': 'default', 'system_scope': None, 'domain_id': None, 'project_id': 'b5a50bf35a9444e5a68d8601af319136', 'project_domain_id': 'default', 'roles': ['member', 'reader'], 'is_admin_project': True, 'service_user_id': None, 'service_user_domain_id': None, 'service_project_id': None, 'service_project_domain_id': None, 'service_roles': []} {{(pid=117185) authorize /opt/stack/nova/nova/policy.py:199}}
Apr 08 18:56:52.058809 dv-cinder-837167-1-smb devstack@n-api.service[117185]: INFO nova.api.openstack.requestlog [None req-5d647f94-330f-451d-9c80-dfb7ab23ac33 tempest-DeleteServersTestJSON-775075300 tempest-DeleteServersTestJSON-775075300-project] 10.222.0.126 "GET /compute/v2.1/servers/687cc195-db54-4b61-9059-3be85b9839ea" status: 200 len: 1319 microversion: 2.1 time: 2.456758
Apr 08 18:56:52.066482 dv-cinder-837167-1-smb devstack@n-api.service[117185]: [pid: 117185|app: 0|req: 10/30] 10.222.0.126 () {58 vars in 1240 bytes} [Fri Apr 8 18:56:49 2022] GET /compute/v2.1/servers/687cc195-db54-4b61-9059-3be85b9839ea => generated 1319 bytes in 2465 msecs (HTTP/1.1 200) 9 headers in 358 bytes (1 switches on core 0)
Apr 08 18:56:53.093881 dv-cinder-837167-1-smb devstack@n-api.service[117185]: DEBUG nova.api.openstack.wsgi [None req-63ed4d1a-8ac2-4f19-8ac9-923d06931bd8 tempest-DeleteServersTestJSON-775075300 tempest-DeleteServersTestJSON-775075300-project] Calling method '>' {{(pid=117185) _process_stack /opt/stack/nova/nova/api/openstack/wsgi.py:513}}
Apr 08 18:56:53.105851 dv-cinder-837167-1-smb devstack@n-api.service[117184]: DEBUG nova.api.openstack.wsgi [req-3e8775bd-bf3c-44cc-9208-dca5b7134cd3 req-fc933d24-ca2e-4ba3-aefb-49eb8921801a service nova] Action: 'create', calling method: >, body: {"events": [{"name": "network-changed", "server_uuid": "687cc195-db54-4b61-9059-3be85b9839ea", "tag": "7a00d3a5-0b98-40ee-bb44-712343de66e5"}]} {{(pid=117184) _process_stack /opt/stack/nova/nova/api/openstack/wsgi.py:511}}
Apr 08 18:56:53.127934 dv-cinder-837167-1-smb devstack@n-api.service[117185]: DEBUG nova.compute.api [None req-63ed4d1a-8ac2-4f19-8ac9-923d06931bd8 tempest-DeleteServersTestJSON-775075300 tempest-DeleteServersTestJSON-775075300-project] [instance: 687cc195-db54-4b61-9059-3be85b9839ea] Fetching instance by UUID {{(pid=117185) get /opt/stack/nova/nova/compute/api.py:2918}}
Apr 08 18:56:53.142356 dv-cinder-837167-1-smb devstack@n-api.service[117185]: DEBUG oslo_concurrency.lockutils [None req-63ed4d1a-8ac2-4f19-8ac9-923d06931bd8 tempest-DeleteServersTestJSON-775075300 tempest-DeleteServersTestJSON-775075300-project] Lock "40fc3bab-2de0-4f8b-b9ae-1ddaa853ef65" acquired by "nova.context.set_target_cell..get_or_set_cached_cell_and_set_connections" :: waited 0.000s {{(pid=117185) inner /usr/local/lib/python3.8/dist-packages/oslo_concurrency/lockutils.py:386}}
Apr 08 18:56:53.143986 dv-cinder-837167-1-smb devstack@n-api.service[117185]: DEBUG oslo_concurrency.lockutils [None req-63ed4d1a-8ac2-4f19-8ac9-923d06931bd8 tempest-DeleteServersTestJSON-775075300 tempest-DeleteServersTestJSON-775075300-project] Lock "40fc3bab-2de0-4f8b-b9ae-1ddaa853ef65" "released" by "nova.context.set_target_cell..get_or_set_cached_cell_and_set_connections" :: held 0.002s {{(pid=117185) inner /usr/local/lib/python3.8/dist-packages/oslo_concurrency/lockutils.py:400}}
Apr 08 18:56:53.146184 dv-cinder-837167-1-smb devstack@n-api.service[117185]: DEBUG oslo_concurrency.lockutils [None req-63ed4d1a-8ac2-4f19-8ac9-923d06931bd8 tempest-DeleteServersTestJSON-775075300 tempest-DeleteServersTestJSON-775075300-project] Lock "40fc3bab-2de0-4f8b-b9ae-1ddaa853ef65" acquired by "nova.context.set_target_cell..get_or_set_cached_cell_and_set_connections" :: waited 0.000s {{(pid=117185) inner /usr/local/lib/python3.8/dist-packages/oslo_concurrency/lockutils.py:386}}
Apr 08 18:56:53.147331 dv-cinder-837167-1-smb devstack@n-api.service[117185]: DEBUG oslo_concurrency.lockutils [None req-63ed4d1a-8ac2-4f19-8ac9-923d06931bd8 tempest-DeleteServersTestJSON-775075300 tempest-DeleteServersTestJSON-775075300-project] Lock "40fc3bab-2de0-4f8b-b9ae-1ddaa853ef65" "released" by "nova.context.set_target_cell..get_or_set_cached_cell_and_set_connections" :: held 0.002s {{(pid=117185) inner /usr/local/lib/python3.8/dist-packages/oslo_concurrency/lockutils.py:400}}
Apr 08 18:56:53.177233 dv-cinder-837167-1-smb devstack@n-api.service[117184]: DEBUG oslo_concurrency.lockutils [req-3e8775bd-bf3c-44cc-9208-dca5b7134cd3 req-fc933d24-ca2e-4ba3-aefb-49eb8921801a service nova] Lock "40fc3bab-2de0-4f8b-b9ae-1ddaa853ef65" acquired by "nova.context.set_target_cell..get_or_set_cached_cell_and_set_connections" :: waited 0.000s {{(pid=117184) inner /usr/local/lib/python3.8/dist-packages/oslo_concurrency/lockutils.py:386}}
Apr 08 18:56:53.188903 dv-cinder-837167-1-smb devstack@n-api.service[117184]: DEBUG oslo_concurrency.lockutils [req-3e8775bd-bf3c-44cc-9208-dca5b7134cd3 req-fc933d24-ca2e-4ba3-aefb-49eb8921801a service nova] Lock "40fc3bab-2de0-4f8b-b9ae-1ddaa853ef65" "released" by "nova.context.set_target_cell..get_or_set_cached_cell_and_set_connections" :: held 0.010s {{(pid=117184) inner /usr/local/lib/python3.8/dist-packages/oslo_concurrency/lockutils.py:400}}
Apr 08 18:56:53.256605 dv-cinder-837167-1-smb devstack@n-api.service[117184]: INFO nova.api.openstack.compute.server_external_events [req-3e8775bd-bf3c-44cc-9208-dca5b7134cd3 req-fc933d24-ca2e-4ba3-aefb-49eb8921801a service nova] Creating event network-changed:7a00d3a5-0b98-40ee-bb44-712343de66e5 for instance 687cc195-db54-4b61-9059-3be85b9839ea on hv-cinder-83716
Apr 08 18:56:53.257867 dv-cinder-837167-1-smb devstack@n-api.service[117184]: DEBUG oslo_concurrency.lockutils [req-3e8775bd-bf3c-44cc-9208-dca5b7134cd3 req-fc933d24-ca2e-4ba3-aefb-49eb8921801a service nova] Acquired lock "compute-rpcapi-router" {{(pid=117184) lock /usr/local/lib/python3.8/dist-packages/oslo_concurrency/lockutils.py:294}}
Apr 08 18:56:53.287939 dv-cinder-837167-1-smb devstack@n-api.service[117184]: DEBUG oslo_concurrency.lockutils [None req-38a770c8-5a52-4758-913e-779440b9ce29 None None] Lock "00000000-0000-0000-0000-000000000000" acquired by "nova.context.set_target_cell..get_or_set_cached_cell_and_set_connections" :: waited 0.000s {{(pid=117184) inner /usr/local/lib/python3.8/dist-packages/oslo_concurrency/lockutils.py:386}}
Apr 08 18:56:53.289014 dv-cinder-837167-1-smb devstack@n-api.service[117184]: DEBUG oslo_concurrency.lockutils [None req-38a770c8-5a52-4758-913e-779440b9ce29 None None] Lock "00000000-0000-0000-0000-000000000000" "released" by "nova.context.set_target_cell..get_or_set_cached_cell_and_set_connections" :: held 0.004s {{(pid=117184) inner /usr/local/lib/python3.8/dist-packages/oslo_concurrency/lockutils.py:400}}
Apr 08 18:56:53.293214 dv-cinder-837167-1-smb devstack@n-api.service[117184]: DEBUG oslo_concurrency.lockutils [None req-38a770c8-5a52-4758-913e-779440b9ce29 None None] Lock "40fc3bab-2de0-4f8b-b9ae-1ddaa853ef65" acquired by "nova.context.set_target_cell..get_or_set_cached_cell_and_set_connections" :: waited 0.000s {{(pid=117184) inner /usr/local/lib/python3.8/dist-packages/oslo_concurrency/lockutils.py:386}}
Apr 08 18:56:53.302379 dv-cinder-837167-1-smb devstack@n-api.service[117184]: DEBUG oslo_concurrency.lockutils [None req-38a770c8-5a52-4758-913e-779440b9ce29 None None] Lock "40fc3bab-2de0-4f8b-b9ae-1ddaa853ef65" "released" by "nova.context.set_target_cell..get_or_set_cached_cell_and_set_connections" :: held 0.007s {{(pid=117184) inner /usr/local/lib/python3.8/dist-packages/oslo_concurrency/lockutils.py:400}}
Apr 08 18:56:53.339286 dv-cinder-837167-1-smb devstack@n-api.service[117184]: INFO nova.compute.rpcapi [None req-38a770c8-5a52-4758-913e-779440b9ce29 None None] Automatically selected compute RPC version 6.0 from minimum service version 61
Apr 08 18:56:53.342449 dv-cinder-837167-1-smb devstack@n-api.service[117184]: DEBUG oslo_concurrency.lockutils [None req-38a770c8-5a52-4758-913e-779440b9ce29 None None] Releasing lock "compute-rpcapi-router" {{(pid=117184) lock /usr/local/lib/python3.8/dist-packages/oslo_concurrency/lockutils.py:312}}
Apr 08 18:56:53.406814 dv-cinder-837167-1-smb devstack@n-api.service[117184]: INFO nova.api.openstack.requestlog [None req-38a770c8-5a52-4758-913e-779440b9ce29 None None] 10.222.0.126 "POST /compute/v2.1/os-server-external-events" status: 200 len: 179 microversion: 2.1 time: 0.529061
Apr 08 18:56:53.407770 dv-cinder-837167-1-smb devstack@n-api.service[117184]: [pid: 117184|app: 0|req: 21/31] 10.222.0.126 () {64 vars in 1322 bytes} [Fri Apr 8 18:56:52 2022] POST /compute/v2.1/os-server-external-events => generated 179 bytes in 532 msecs (HTTP/1.1 200) 9 headers in 357 bytes (1 switches on core 0)
Apr 08 18:56:53.773984 dv-cinder-837167-1-smb devstack@n-api.service[117185]: DEBUG nova.policy [None req-63ed4d1a-8ac2-4f19-8ac9-923d06931bd8 tempest-DeleteServersTestJSON-775075300 tempest-DeleteServersTestJSON-775075300-project] Policy check for os_compute_api:os-extended-server-attributes failed with credentials {'is_admin': False, 'user_id': '2d4e1c4296754884b664d9f3fb19e0e2', 'user_domain_id': 'default', 'system_scope': None, 'domain_id': None, 'project_id': 'b5a50bf35a9444e5a68d8601af319136', 'project_domain_id': 'default', 'roles': ['member', 'reader'], 'is_admin_project': True, 'service_user_id': None, 'service_user_domain_id': None, 'service_project_id': None, 'service_project_domain_id': None, 'service_roles': []} {{(pid=117185) authorize /opt/stack/nova/nova/policy.py:199}}
Apr 08 18:56:53.809231 dv-cinder-837167-1-smb devstack@n-api.service[117185]: INFO nova.api.openstack.requestlog [None req-63ed4d1a-8ac2-4f19-8ac9-923d06931bd8 tempest-DeleteServersTestJSON-775075300 tempest-DeleteServersTestJSON-775075300-project] 10.222.0.126 "GET /compute/v2.1/servers/687cc195-db54-4b61-9059-3be85b9839ea" status: 200 len: 1319 microversion: 2.1 time: 0.720417
Apr 08 18:56:53.811535 dv-cinder-837167-1-smb devstack@n-api.service[117185]: [pid: 117185|app: 0|req: 11/32] 10.222.0.126 () {58 vars in 1240 bytes} [Fri Apr 8 18:56:53 2022] GET /compute/v2.1/servers/687cc195-db54-4b61-9059-3be85b9839ea => generated 1319 bytes in 733 msecs (HTTP/1.1 200) 9 headers in 358 bytes (1 switches on core 0)
