Apr 08 19:02:11.274270 dv-cinder-837167-1-iscsi devstack@c-api.service[110091]: DEBUG cinder.volume.api [None req-861e247a-63b0-4f24-85f8-5fcd60800c48 tempest-VolumesTestJSON-173993516 tempest-VolumesTestJSON-173993516-project] Flow 'volume_create_api' (3b1309d7-2938-4329-9fed-f1ba9511ed31) transitioned into state 'SUCCESS' from state 'RUNNING' {{(pid=110091) _flow_receiver /usr/local/lib/python3.8/dist-packages/taskflow/listeners/logging.py:141}}
Apr 08 19:02:11.275207 dv-cinder-837167-1-iscsi devstack@c-api.service[110091]: INFO cinder.volume.api [None req-861e247a-63b0-4f24-85f8-5fcd60800c48 tempest-VolumesTestJSON-173993516 tempest-VolumesTestJSON-173993516-project] Create volume request issued successfully.
Apr 08 19:02:11.276659 dv-cinder-837167-1-iscsi devstack@c-api.service[110090]: INFO cinder.api.openstack.wsgi [None req-a0eb2f89-6c28-4a63-82f6-0e111ad9af81 tempest-VolumeQuotaClassesTest-228875382 tempest-VolumeQuotaClassesTest-228875382-project-admin] http://10.222.0.109/volume/v3/21034f15564645c296eb000fd6e5f3b2/os-quota-class-sets/default returned with HTTP 200
Apr 08 19:02:11.277475 dv-cinder-837167-1-iscsi devstack@c-api.service[110090]: [pid: 110090|app: 0|req: 39/72] 10.222.0.109 () {60 vars in 1299 bytes} [Fri Apr 8 19:02:10 2022] PUT /volume/v3/21034f15564645c296eb000fd6e5f3b2/os-quota-class-sets/default => generated 741 bytes in 494 msecs (HTTP/1.1 200) 7 headers in 285 bytes (1 switches on core 0)
Apr 08 19:02:11.279652 dv-cinder-837167-1-iscsi devstack@c-api.service[110091]: INFO cinder.api.openstack.wsgi [None req-861e247a-63b0-4f24-85f8-5fcd60800c48 tempest-VolumesTestJSON-173993516 tempest-VolumesTestJSON-173993516-project] http://10.222.0.109/volume/v3/0106a92fefbe4c849a8fa7bb6e7ea2a3/volumes returned with HTTP 202
Apr 08 19:02:11.283422 dv-cinder-837167-1-iscsi devstack@c-api.service[110091]: [pid: 110091|app: 0|req: 34/73] 10.222.0.109 () {60 vars in 1240 bytes} [Fri Apr 8 19:02:10 2022] POST /volume/v3/0106a92fefbe4c849a8fa7bb6e7ea2a3/volumes => generated 830 bytes in 613 msecs (HTTP/1.1 202) 7 headers in 291 bytes (1 switches on core 0)
Apr 08 19:02:11.295842 dv-cinder-837167-1-iscsi devstack@c-api.service[110091]: DEBUG cinder.api.middleware.request_id [None req-8806e08c-69b1-4712-ba65-4e3a10e2da78 None None] RequestId filter calling following filter/app {{(pid=110091) _context_setter /opt/stack/cinder/cinder/api/middleware/request_id.py:62}}
Apr 08 19:02:11.302764 dv-cinder-837167-1-iscsi devstack@c-api.service[110091]: INFO cinder.api.openstack.wsgi [None req-8806e08c-69b1-4712-ba65-4e3a10e2da78 tempest-VolumeQuotaClassesTest-228875382 tempest-VolumeQuotaClassesTest-228875382-project-admin] GET http://10.222.0.109/volume/v3/21034f15564645c296eb000fd6e5f3b2/os-quota-sets/21034f15564645c296eb000fd6e5f3b2/defaults
Apr 08 19:02:11.303303 dv-cinder-837167-1-iscsi devstack@c-api.service[110091]: DEBUG cinder.api.openstack.wsgi [None req-8806e08c-69b1-4712-ba65-4e3a10e2da78 tempest-VolumeQuotaClassesTest-228875382 tempest-VolumeQuotaClassesTest-228875382-project-admin] Empty body provided in request {{(pid=110091) get_body /opt/stack/cinder/cinder/api/openstack/wsgi.py:715}}
Apr 08 19:02:11.303853 dv-cinder-837167-1-iscsi devstack@c-api.service[110091]: DEBUG cinder.api.openstack.wsgi [None req-8806e08c-69b1-4712-ba65-4e3a10e2da78 tempest-VolumeQuotaClassesTest-228875382 tempest-VolumeQuotaClassesTest-228875382-project-admin] Calling method 'defaults' {{(pid=110091) _process_stack /opt/stack/cinder/cinder/api/openstack/wsgi.py:868}}
Apr 08 19:02:11.304746 dv-cinder-837167-1-iscsi devstack@c-api.service[110091]: /usr/local/lib/python3.8/dist-packages/oslo_context/context.py:100: DeprecationWarning: Policy enforcement is depending on the value of is_admin. This key is deprecated. Please update your policy file to use the standard policy values.
Apr 08 19:02:11.304746 dv-cinder-837167-1-iscsi devstack@c-api.service[110091]: warnings.warn('Policy enforcement is depending on the value of '
Apr 08 19:02:11.314504 dv-cinder-837167-1-iscsi devstack@c-api.service[110090]: DEBUG cinder.api.middleware.request_id [None req-68f7e3e2-b570-4f86-af06-e3da4282d6c1 None None] RequestId filter calling following filter/app {{(pid=110090) _context_setter /opt/stack/cinder/cinder/api/middleware/request_id.py:62}}
Apr 08 19:02:11.325366 dv-cinder-837167-1-iscsi devstack@c-api.service[110090]: INFO cinder.api.openstack.wsgi [None req-68f7e3e2-b570-4f86-af06-e3da4282d6c1 tempest-GroupSnapshotsV319Test-365322552 tempest-GroupSnapshotsV319Test-365322552-project] GET http://10.222.0.109/volume/v3/7ff8857b69ef4b799a605b1aab8d1ff8/volumes/detail
Apr 08 19:02:11.327180 dv-cinder-837167-1-iscsi devstack@c-api.service[110090]: DEBUG cinder.api.openstack.wsgi [None req-68f7e3e2-b570-4f86-af06-e3da4282d6c1 tempest-GroupSnapshotsV319Test-365322552 tempest-GroupSnapshotsV319Test-365322552-project] Empty body provided in request {{(pid=110090) get_body /opt/stack/cinder/cinder/api/openstack/wsgi.py:715}}
Apr 08 19:02:11.328024 dv-cinder-837167-1-iscsi devstack@c-api.service[110090]: DEBUG cinder.api.openstack.wsgi [None req-68f7e3e2-b570-4f86-af06-e3da4282d6c1 tempest-GroupSnapshotsV319Test-365322552 tempest-GroupSnapshotsV319Test-365322552-project] Calling method 'detail' {{(pid=110090) _process_stack /opt/stack/cinder/cinder/api/openstack/wsgi.py:868}}
Apr 08 19:02:11.330414 dv-cinder-837167-1-iscsi devstack@c-api.service[110090]: DEBUG cinder.api.api_utils [None req-68f7e3e2-b570-4f86-af06-e3da4282d6c1 tempest-GroupSnapshotsV319Test-365322552 tempest-GroupSnapshotsV319Test-365322552-project] Removing options '' from query. {{(pid=110090) remove_invalid_filter_options /opt/stack/cinder/cinder/api/api_utils.py:73}}
Apr 08 19:02:11.337590 dv-cinder-837167-1-iscsi devstack@c-api.service[110090]: DEBUG cinder.volume.api [None req-68f7e3e2-b570-4f86-af06-e3da4282d6c1 tempest-GroupSnapshotsV319Test-365322552 tempest-GroupSnapshotsV319Test-365322552-project] Searching by: MultiDict([('no_migration_targets', True)]). {{(pid=110090) get_all /opt/stack/cinder/cinder/volume/api.py:662}}
Apr 08 19:02:11.340365 dv-cinder-837167-1-iscsi devstack@c-api.service[110091]: WARNING cinder.quota [None req-8806e08c-69b1-4712-ba65-4e3a10e2da78 tempest-VolumeQuotaClassesTest-228875382 tempest-VolumeQuotaClassesTest-228875382-project-admin] Deprecated: Default quota for resource: volumes_lvmdriver-1 is set by the default quota flag: quota_volumes_lvmdriver-1, it is now deprecated. Please use the default quota class for default quota.
Apr 08 19:02:11.341728 dv-cinder-837167-1-iscsi devstack@c-api.service[110091]: WARNING cinder.quota [None req-8806e08c-69b1-4712-ba65-4e3a10e2da78 tempest-VolumeQuotaClassesTest-228875382 tempest-VolumeQuotaClassesTest-228875382-project-admin] Deprecated: Default quota for resource: gigabytes_lvmdriver-1 is set by the default quota flag: quota_gigabytes_lvmdriver-1, it is now deprecated. Please use the default quota class for default quota.
Apr 08 19:02:11.342997 dv-cinder-837167-1-iscsi devstack@c-api.service[110091]: WARNING cinder.quota [None req-8806e08c-69b1-4712-ba65-4e3a10e2da78 tempest-VolumeQuotaClassesTest-228875382 tempest-VolumeQuotaClassesTest-228875382-project-admin] Deprecated: Default quota for resource: snapshots_lvmdriver-1 is set by the default quota flag: quota_snapshots_lvmdriver-1, it is now deprecated. Please use the default quota class for default quota.
Apr 08 19:02:11.345023 dv-cinder-837167-1-iscsi devstack@c-api.service[110091]: WARNING cinder.quota [None req-8806e08c-69b1-4712-ba65-4e3a10e2da78 tempest-VolumeQuotaClassesTest-228875382 tempest-VolumeQuotaClassesTest-228875382-project-admin] Deprecated: Default quota for resource: snapshots___DEFAULT__ is set by the default quota flag: quota_snapshots___DEFAULT__, it is now deprecated. Please use the default quota class for default quota.
Apr 08 19:02:11.381471 dv-cinder-837167-1-iscsi devstack@c-api.service[110091]: INFO cinder.api.openstack.wsgi [None req-8806e08c-69b1-4712-ba65-4e3a10e2da78 tempest-VolumeQuotaClassesTest-228875382 tempest-VolumeQuotaClassesTest-228875382-project-admin] http://10.222.0.109/volume/v3/21034f15564645c296eb000fd6e5f3b2/os-quota-sets/21034f15564645c296eb000fd6e5f3b2/defaults returned with HTTP 200
Apr 08 19:02:11.382280 dv-cinder-837167-1-iscsi devstack@c-api.service[110091]: [pid: 110091|app: 0|req: 35/74] 10.222.0.109 () {58 vars in 1362 bytes} [Fri Apr 8 19:02:11 2022] GET /volume/v3/21034f15564645c296eb000fd6e5f3b2/os-quota-sets/21034f15564645c296eb000fd6e5f3b2/defaults => generated 777 bytes in 85 msecs (HTTP/1.1 200) 7 headers in 285 bytes (1 switches on core 0)
Apr 08 19:02:11.400150 dv-cinder-837167-1-iscsi devstack@c-api.service[110091]: DEBUG cinder.api.middleware.request_id [None req-e1447318-2b32-45db-88a5-2f0e33d91b1a None None] RequestId filter calling following filter/app {{(pid=110091) _context_setter /opt/stack/cinder/cinder/api/middleware/request_id.py:62}}
Apr 08 19:02:11.427495 dv-cinder-837167-1-iscsi devstack@c-api.service[110091]: INFO cinder.api.openstack.wsgi [None req-e1447318-2b32-45db-88a5-2f0e33d91b1a tempest-VolumesTestJSON-173993516 tempest-VolumesTestJSON-173993516-project] GET http://10.222.0.109/volume/v3/0106a92fefbe4c849a8fa7bb6e7ea2a3/volumes/1087fd0e-c08c-46e6-a068-aefc9fccf741
Apr 08 19:02:11.429317 dv-cinder-837167-1-iscsi devstack@c-api.service[110091]: DEBUG cinder.api.openstack.wsgi [None req-e1447318-2b32-45db-88a5-2f0e33d91b1a tempest-VolumesTestJSON-173993516 tempest-VolumesTestJSON-173993516-project] Empty body provided in request {{(pid=110091) get_body /opt/stack/cinder/cinder/api/openstack/wsgi.py:715}}
Apr 08 19:02:11.435285 dv-cinder-837167-1-iscsi devstack@c-api.service[110091]: DEBUG cinder.api.openstack.wsgi [None req-e1447318-2b32-45db-88a5-2f0e33d91b1a tempest-VolumesTestJSON-173993516 tempest-VolumesTestJSON-173993516-project] Calling method 'show' {{(pid=110091) _process_stack /opt/stack/cinder/cinder/api/openstack/wsgi.py:868}}
Apr 08 19:02:11.514421 dv-cinder-837167-1-iscsi devstack@c-api.service[110091]: /usr/local/lib/python3.8/dist-packages/oslo_context/context.py:100: DeprecationWarning: Policy enforcement is depending on the value of is_admin. This key is deprecated. Please update your policy file to use the standard policy values.
Apr 08 19:02:11.514421 dv-cinder-837167-1-iscsi devstack@c-api.service[110091]: warnings.warn('Policy enforcement is depending on the value of '
Apr 08 19:02:11.557824 dv-cinder-837167-1-iscsi devstack@c-api.service[110091]: INFO cinder.volume.api [None req-e1447318-2b32-45db-88a5-2f0e33d91b1a tempest-VolumesTestJSON-173993516 tempest-VolumesTestJSON-173993516-project] Volume info retrieved successfully.
Apr 08 19:02:11.591746 dv-cinder-837167-1-iscsi devstack@c-api.service[110091]: INFO cinder.api.openstack.wsgi [None req-e1447318-2b32-45db-88a5-2f0e33d91b1a tempest-VolumesTestJSON-173993516 tempest-VolumesTestJSON-173993516-project] http://10.222.0.109/volume/v3/0106a92fefbe4c849a8fa7bb6e7ea2a3/volumes/1087fd0e-c08c-46e6-a068-aefc9fccf741 returned with HTTP 200
Apr 08 19:02:11.594407 dv-cinder-837167-1-iscsi devstack@c-api.service[110090]: INFO cinder.volume.api [None req-68f7e3e2-b570-4f86-af06-e3da4282d6c1 tempest-GroupSnapshotsV319Test-365322552 tempest-GroupSnapshotsV319Test-365322552-project] Get all volumes completed successfully.
Apr 08 19:02:11.595873 dv-cinder-837167-1-iscsi devstack@c-api.service[110090]: WARNING stevedore.named [None req-68f7e3e2-b570-4f86-af06-e3da4282d6c1 tempest-GroupSnapshotsV319Test-365322552 tempest-GroupSnapshotsV319Test-365322552-project] Could not load cinder.keymgr.conf_key_mgr.ConfKeyManager
Apr 08 19:02:11.596291 dv-cinder-837167-1-iscsi devstack@c-api.service[110090]: WARNING castellan.key_manager [None req-68f7e3e2-b570-4f86-af06-e3da4282d6c1 tempest-GroupSnapshotsV319Test-365322552 tempest-GroupSnapshotsV319Test-365322552-project] Deprecation Warning : cinder.keymgr.conf_key_mgr.ConfKeyManager is not a stevedore based driver, trying to load it as a class: stevedore.exception.NoMatches: No 'castellan.drivers' driver found, looking for 'cinder.keymgr.conf_key_mgr.ConfKeyManager'
Apr 08 19:02:11.607756 dv-cinder-837167-1-iscsi devstack@c-api.service[110091]: [pid: 110091|app: 0|req: 36/75] 10.222.0.109 () {58 vars in 1329 bytes} [Fri Apr 8 19:02:11 2022] GET /volume/v3/0106a92fefbe4c849a8fa7bb6e7ea2a3/volumes/1087fd0e-c08c-46e6-a068-aefc9fccf741 => generated 898 bytes in 215 msecs (HTTP/1.1 200) 7 headers in 285 bytes (1 switches on core 0)
Apr 08 19:02:11.613483 dv-cinder-837167-1-iscsi devstack@c-api.service[110090]: DEBUG oslo_db.sqlalchemy.engines [None req-68f7e3e2-b570-4f86-af06-e3da4282d6c1 tempest-GroupSnapshotsV319Test-365322552 tempest-GroupSnapshotsV319Test-365322552-project] MySQL server mode set to STRICT_TRANS_TABLES,STRICT_ALL_TABLES,NO_ZERO_IN_DATE,NO_ZERO_DATE,ERROR_FOR_DIVISION_BY_ZERO,TRADITIONAL,NO_ENGINE_SUBSTITUTION {{(pid=110090) _check_effective_sql_mode /usr/local/lib/python3.8/dist-packages/oslo_db/sqlalchemy/engines.py:314}}
Apr 08 19:02:11.630692 dv-cinder-837167-1-iscsi devstack@c-api.service[110090]: /usr/local/lib/python3.8/dist-packages/oslo_context/context.py:100: DeprecationWarning: Policy enforcement is depending on the value of is_admin. This key is deprecated. Please update your policy file to use the standard policy values.
Apr 08 19:02:11.630692 dv-cinder-837167-1-iscsi devstack@c-api.service[110090]: warnings.warn('Policy enforcement is depending on the value of '
Apr 08 19:02:11.710038 dv-cinder-837167-1-iscsi devstack@c-api.service[110090]: INFO cinder.api.openstack.wsgi [None req-68f7e3e2-b570-4f86-af06-e3da4282d6c1 tempest-GroupSnapshotsV319Test-365322552 tempest-GroupSnapshotsV319Test-365322552-project] http://10.222.0.109/volume/v3/7ff8857b69ef4b799a605b1aab8d1ff8/volumes/detail returned with HTTP 200
Apr 08 19:02:11.740830 dv-cinder-837167-1-iscsi devstack@c-api.service[110091]: DEBUG cinder.api.middleware.request_id [None req-6723b346-fe18-4374-9c4d-147e946fc1bb None None] RequestId filter calling following filter/app {{(pid=110091) _context_setter /opt/stack/cinder/cinder/api/middleware/request_id.py:62}}
Apr 08 19:02:11.742152 dv-cinder-837167-1-iscsi devstack@c-api.service[110090]: [pid: 110090|app: 0|req: 40/76] 10.222.0.109 () {60 vars in 1280 bytes} [Fri Apr 8 19:02:11 2022] GET /volume/v3/7ff8857b69ef4b799a605b1aab8d1ff8/volumes/detail => generated 1014 bytes in 445 msecs (HTTP/1.1 200) 7 headers in 287 bytes (1 switches on core 0)
Apr 08 19:02:11.745593 dv-cinder-837167-1-iscsi devstack@c-api.service[110091]: INFO cinder.api.openstack.wsgi [None req-6723b346-fe18-4374-9c4d-147e946fc1bb tempest-GroupSnapshotsV319Test-365322552 tempest-GroupSnapshotsV319Test-365322552-project] POST http://10.222.0.109/volume/v3/7ff8857b69ef4b799a605b1aab8d1ff8/groups/16ffb073-2195-4c78-bd6b-9ece6d24b2ad/action
Apr 08 19:02:11.746645 dv-cinder-837167-1-iscsi devstack@c-api.service[110091]: DEBUG cinder.api.openstack.wsgi [None req-6723b346-fe18-4374-9c4d-147e946fc1bb tempest-GroupSnapshotsV319Test-365322552 tempest-GroupSnapshotsV319Test-365322552-project] Action body: b'{"delete": {"delete-volumes": true}}' {{(pid=110091) get_method /opt/stack/cinder/cinder/api/openstack/wsgi.py:983}}
Apr 08 19:02:11.748556 dv-cinder-837167-1-iscsi devstack@c-api.service[110091]: DEBUG cinder.api.openstack.wsgi [None req-6723b346-fe18-4374-9c4d-147e946fc1bb tempest-GroupSnapshotsV319Test-365322552 tempest-GroupSnapshotsV319Test-365322552-project] Action: 'action', calling method: version_select, body: {"delete": {"delete-volumes": true}} {{(pid=110091) _process_stack /opt/stack/cinder/cinder/api/openstack/wsgi.py:866}}
Apr 08 19:02:11.749451 dv-cinder-837167-1-iscsi devstack@c-api.service[110091]: DEBUG cinder.api.v3.groups [None req-6723b346-fe18-4374-9c4d-147e946fc1bb tempest-GroupSnapshotsV319Test-365322552 tempest-GroupSnapshotsV319Test-365322552-project] delete called for group 16ffb073-2195-4c78-bd6b-9ece6d24b2ad {{(pid=110091) _delete /opt/stack/cinder/cinder/api/v3/groups.py:117}}
Apr 08 19:02:11.753234 dv-cinder-837167-1-iscsi devstack@c-api.service[110091]: INFO cinder.api.v3.groups [None req-6723b346-fe18-4374-9c4d-147e946fc1bb tempest-GroupSnapshotsV319Test-365322552 tempest-GroupSnapshotsV319Test-365322552-project] Delete group with id: 16ffb073-2195-4c78-bd6b-9ece6d24b2ad
Apr 08 19:02:11.768561 dv-cinder-837167-1-iscsi devstack@c-api.service[110091]: /usr/local/lib/python3.8/dist-packages/oslo_context/context.py:100: DeprecationWarning: Policy enforcement is depending on the value of is_admin. This key is deprecated. Please update your policy file to use the standard policy values.
Apr 08 19:02:11.768561 dv-cinder-837167-1-iscsi devstack@c-api.service[110091]: warnings.warn('Policy enforcement is depending on the value of '
Apr 08 19:02:11.932945 dv-cinder-837167-1-iscsi devstack@c-api.service[110091]: INFO cinder.api.openstack.wsgi [None req-6723b346-fe18-4374-9c4d-147e946fc1bb tempest-GroupSnapshotsV319Test-365322552 tempest-GroupSnapshotsV319Test-365322552-project] http://10.222.0.109/volume/v3/7ff8857b69ef4b799a605b1aab8d1ff8/groups/16ffb073-2195-4c78-bd6b-9ece6d24b2ad/action returned with HTTP 202
Apr 08 19:02:11.939325 dv-cinder-837167-1-iscsi devstack@c-api.service[110091]: [pid: 110091|app: 0|req: 37/77] 10.222.0.109 () {62 vars in 1409 bytes} [Fri Apr 8 19:02:11 2022] POST /volume/v3/7ff8857b69ef4b799a605b1aab8d1ff8/groups/16ffb073-2195-4c78-bd6b-9ece6d24b2ad/action => generated 0 bytes in 199 msecs (HTTP/1.1 202) 6 headers in 234 bytes (1 switches on core 0)
Apr 08 19:02:11.940549 dv-cinder-837167-1-iscsi devstack@c-api.service[110090]: DEBUG cinder.api.middleware.request_id [None req-b379d9df-6e53-4568-8d4a-db4d6aad817d None None] RequestId filter calling following filter/app {{(pid=110090) _context_setter /opt/stack/cinder/cinder/api/middleware/request_id.py:62}}
Apr 08 19:02:11.944722 dv-cinder-837167-1-iscsi devstack@c-api.service[110090]: INFO cinder.api.openstack.wsgi [None req-b379d9df-6e53-4568-8d4a-db4d6aad817d tempest-GroupSnapshotsV319Test-365322552 tempest-GroupSnapshotsV319Test-365322552-project] GET http://10.222.0.109/volume/v3/7ff8857b69ef4b799a605b1aab8d1ff8/volumes/431fa4ad-b444-4a9f-9966-624fce01e12a
Apr 08 19:02:11.945539 dv-cinder-837167-1-iscsi devstack@c-api.service[110090]: DEBUG cinder.api.openstack.wsgi [None req-b379d9df-6e53-4568-8d4a-db4d6aad817d tempest-GroupSnapshotsV319Test-365322552 tempest-GroupSnapshotsV319Test-365322552-project] Empty body provided in request {{(pid=110090) get_body /opt/stack/cinder/cinder/api/openstack/wsgi.py:715}}
Apr 08 19:02:11.946261 dv-cinder-837167-1-iscsi devstack@c-api.service[110090]: DEBUG cinder.api.openstack.wsgi [None req-b379d9df-6e53-4568-8d4a-db4d6aad817d tempest-GroupSnapshotsV319Test-365322552 tempest-GroupSnapshotsV319Test-365322552-project] Calling method 'show' {{(pid=110090) _process_stack /opt/stack/cinder/cinder/api/openstack/wsgi.py:868}}
Apr 08 19:02:11.975715 dv-cinder-837167-1-iscsi devstack@c-api.service[110090]: /usr/local/lib/python3.8/dist-packages/oslo_context/context.py:100: DeprecationWarning: Policy enforcement is depending on the value of is_admin. This key is deprecated. Please update your policy file to use the standard policy values.
Apr 08 19:02:11.975715 dv-cinder-837167-1-iscsi devstack@c-api.service[110090]: warnings.warn('Policy enforcement is depending on the value of '
Apr 08 19:02:12.007122 dv-cinder-837167-1-iscsi devstack@c-api.service[110090]: INFO cinder.volume.api [None req-b379d9df-6e53-4568-8d4a-db4d6aad817d tempest-GroupSnapshotsV319Test-365322552 tempest-GroupSnapshotsV319Test-365322552-project] Volume info retrieved successfully.
Apr 08 19:02:12.009237 dv-cinder-837167-1-iscsi devstack@c-api.service[110090]: WARNING stevedore.named [None req-b379d9df-6e53-4568-8d4a-db4d6aad817d tempest-GroupSnapshotsV319Test-365322552 tempest-GroupSnapshotsV319Test-365322552-project] Could not load cinder.keymgr.conf_key_mgr.ConfKeyManager
Apr 08 19:02:12.009885 dv-cinder-837167-1-iscsi devstack@c-api.service[110090]: WARNING castellan.key_manager [None req-b379d9df-6e53-4568-8d4a-db4d6aad817d tempest-GroupSnapshotsV319Test-365322552 tempest-GroupSnapshotsV319Test-365322552-project] Deprecation Warning : cinder.keymgr.conf_key_mgr.ConfKeyManager is not a stevedore based driver, trying to load it as a class: stevedore.exception.NoMatches: No 'castellan.drivers' driver found, looking for 'cinder.keymgr.conf_key_mgr.ConfKeyManager'
Apr 08 19:02:12.021818 dv-cinder-837167-1-iscsi devstack@c-api.service[110090]: DEBUG oslo_db.sqlalchemy.engines [None req-b379d9df-6e53-4568-8d4a-db4d6aad817d tempest-GroupSnapshotsV319Test-365322552 tempest-GroupSnapshotsV319Test-365322552-project] MySQL server mode set to STRICT_TRANS_TABLES,STRICT_ALL_TABLES,NO_ZERO_IN_DATE,NO_ZERO_DATE,ERROR_FOR_DIVISION_BY_ZERO,TRADITIONAL,NO_ENGINE_SUBSTITUTION {{(pid=110090) _check_effective_sql_mode /usr/local/lib/python3.8/dist-packages/oslo_db/sqlalchemy/engines.py:314}}
Apr 08 19:02:12.037285 dv-cinder-837167-1-iscsi devstack@c-api.service[110090]: /usr/local/lib/python3.8/dist-packages/oslo_context/context.py:100: DeprecationWarning: Policy enforcement is depending on the value of is_admin. This key is deprecated. Please update your policy file to use the standard policy values.
Apr 08 19:02:12.037285 dv-cinder-837167-1-iscsi devstack@c-api.service[110090]: warnings.warn('Policy enforcement is depending on the value of '
Apr 08 19:02:12.069277 dv-cinder-837167-1-iscsi devstack@c-api.service[110090]: INFO cinder.api.openstack.wsgi [None req-b379d9df-6e53-4568-8d4a-db4d6aad817d tempest-GroupSnapshotsV319Test-365322552 tempest-GroupSnapshotsV319Test-365322552-project] http://10.222.0.109/volume/v3/7ff8857b69ef4b799a605b1aab8d1ff8/volumes/431fa4ad-b444-4a9f-9966-624fce01e12a returned with HTTP 200
Apr 08 19:02:12.070773 dv-cinder-837167-1-iscsi devstack@c-api.service[110090]: [pid: 110090|app: 0|req: 41/78] 10.222.0.109 () {60 vars in 1370 bytes} [Fri Apr 8 19:02:11 2022] GET /volume/v3/7ff8857b69ef4b799a605b1aab8d1ff8/volumes/431fa4ad-b444-4a9f-9966-624fce01e12a => generated 1010 bytes in 132 msecs (HTTP/1.1 200) 7 headers in 287 bytes (1 switches on core 0)
Apr 08 19:02:12.173104 dv-cinder-837167-1-iscsi devstack@c-api.service[110091]: DEBUG cinder.api.middleware.request_id [None req-2d9a7b5f-c335-4a19-a957-035a334dd21e None None] RequestId filter calling following filter/app {{(pid=110091) _context_setter /opt/stack/cinder/cinder/api/middleware/request_id.py:62}}
Apr 08 19:02:12.185388 dv-cinder-837167-1-iscsi devstack@c-api.service[110091]: INFO cinder.api.openstack.wsgi [None req-2d9a7b5f-c335-4a19-a957-035a334dd21e tempest-VolumeQuotaClassesTest-228875382 tempest-VolumeQuotaClassesTest-228875382-project-admin] GET http://10.222.0.109/volume/v3/21034f15564645c296eb000fd6e5f3b2/os-quota-sets/d769921b2f4e4ce2a8aa1aa058661f38/defaults
Apr 08 19:02:12.186837 dv-cinder-837167-1-iscsi devstack@c-api.service[110091]: DEBUG cinder.api.openstack.wsgi [None req-2d9a7b5f-c335-4a19-a957-035a334dd21e tempest-VolumeQuotaClassesTest-228875382 tempest-VolumeQuotaClassesTest-228875382-project-admin] Empty body provided in request {{(pid=110091) get_body /opt/stack/cinder/cinder/api/openstack/wsgi.py:715}}
Apr 08 19:02:12.188350 dv-cinder-837167-1-iscsi devstack@c-api.service[110091]: DEBUG cinder.api.openstack.wsgi [None req-2d9a7b5f-c335-4a19-a957-035a334dd21e tempest-VolumeQuotaClassesTest-228875382 tempest-VolumeQuotaClassesTest-228875382-project-admin] Calling method 'defaults' {{(pid=110091) _process_stack /opt/stack/cinder/cinder/api/openstack/wsgi.py:868}}
Apr 08 19:02:12.246511 dv-cinder-837167-1-iscsi devstack@c-api.service[110091]: INFO cinder.api.openstack.wsgi [None req-2d9a7b5f-c335-4a19-a957-035a334dd21e tempest-VolumeQuotaClassesTest-228875382 tempest-VolumeQuotaClassesTest-228875382-project-admin] http://10.222.0.109/volume/v3/21034f15564645c296eb000fd6e5f3b2/os-quota-sets/d769921b2f4e4ce2a8aa1aa058661f38/defaults returned with HTTP 200
Apr 08 19:02:12.249235 dv-cinder-837167-1-iscsi devstack@c-api.service[110091]: [pid: 110091|app: 0|req: 38/79] 10.222.0.109 () {58 vars in 1362 bytes} [Fri Apr 8 19:02:12 2022] GET /volume/v3/21034f15564645c296eb000fd6e5f3b2/os-quota-sets/d769921b2f4e4ce2a8aa1aa058661f38/defaults => generated 777 bytes in 78 msecs (HTTP/1.1 200) 7 headers in 285 bytes (1 switches on core 0)
Apr 08 19:02:12.498574 dv-cinder-837167-1-iscsi devstack@c-api.service[110090]: DEBUG cinder.api.middleware.request_id [None req-8517f59e-4bfe-4960-bf8e-f1e2bf2c3eed None None] RequestId filter calling following filter/app {{(pid=110090) _context_setter /opt/stack/cinder/cinder/api/middleware/request_id.py:62}}
Apr 08 19:02:12.504917 dv-cinder-837167-1-iscsi devstack@c-api.service[110090]: INFO cinder.api.openstack.wsgi [None req-8517f59e-4bfe-4960-bf8e-f1e2bf2c3eed tempest-VolumeQuotaClassesTest-228875382 tempest-VolumeQuotaClassesTest-228875382-project-admin] PUT http://10.222.0.109/volume/v3/21034f15564645c296eb000fd6e5f3b2/os-quota-class-sets/default
Apr 08 19:02:12.505813 dv-cinder-837167-1-iscsi devstack@c-api.service[110090]: DEBUG cinder.api.openstack.wsgi [None req-8517f59e-4bfe-4960-bf8e-f1e2bf2c3eed tempest-VolumeQuotaClassesTest-228875382 tempest-VolumeQuotaClassesTest-228875382-project-admin] Action: 'update', calling method: update, body: {"quota_class_set": {"volumes": 10, "per_volume_gigabytes": -1, "snapshots": 10, "gigabytes": 1000, "backups": 10, "backup_gigabytes": 1000}} {{(pid=110090) _process_stack /opt/stack/cinder/cinder/api/openstack/wsgi.py:866}}
Apr 08 19:02:12.621354 dv-cinder-837167-1-iscsi devstack@c-api.service[110091]: DEBUG cinder.api.middleware.request_id [None req-62328fe7-a82d-482c-85cf-411d8c1726ef None None] RequestId filter calling following filter/app {{(pid=110091) _context_setter /opt/stack/cinder/cinder/api/middleware/request_id.py:62}}
Apr 08 19:02:12.625443 dv-cinder-837167-1-iscsi devstack@c-api.service[110091]: INFO cinder.api.openstack.wsgi [None req-62328fe7-a82d-482c-85cf-411d8c1726ef tempest-VolumesTestJSON-173993516 tempest-VolumesTestJSON-173993516-project] GET http://10.222.0.109/volume/v3/0106a92fefbe4c849a8fa7bb6e7ea2a3/volumes/1087fd0e-c08c-46e6-a068-aefc9fccf741
Apr 08 19:02:12.625929 dv-cinder-837167-1-iscsi devstack@c-api.service[110091]: DEBUG cinder.api.openstack.wsgi [None req-62328fe7-a82d-482c-85cf-411d8c1726ef tempest-VolumesTestJSON-173993516 tempest-VolumesTestJSON-173993516-project] Empty body provided in request {{(pid=110091) get_body /opt/stack/cinder/cinder/api/openstack/wsgi.py:715}}
Apr 08 19:02:12.626556 dv-cinder-837167-1-iscsi devstack@c-api.service[110091]: DEBUG cinder.api.openstack.wsgi [None req-62328fe7-a82d-482c-85cf-411d8c1726ef tempest-VolumesTestJSON-173993516 tempest-VolumesTestJSON-173993516-project] Calling method 'show' {{(pid=110091) _process_stack /opt/stack/cinder/cinder/api/openstack/wsgi.py:868}}
Apr 08 19:02:12.676302 dv-cinder-837167-1-iscsi devstack@c-api.service[110091]: /usr/local/lib/python3.8/dist-packages/oslo_context/context.py:100: DeprecationWarning: Policy enforcement is depending on the value of is_admin. This key is deprecated. Please update your policy file to use the standard policy values.
Apr 08 19:02:12.676302 dv-cinder-837167-1-iscsi devstack@c-api.service[110091]: warnings.warn('Policy enforcement is depending on the value of '
Apr 08 19:02:12.702304 dv-cinder-837167-1-iscsi devstack@c-api.service[110091]: INFO cinder.volume.api [None req-62328fe7-a82d-482c-85cf-411d8c1726ef tempest-VolumesTestJSON-173993516 tempest-VolumesTestJSON-173993516-project] Volume info retrieved successfully.
Apr 08 19:02:12.743090 dv-cinder-837167-1-iscsi devstack@c-api.service[110091]: INFO cinder.api.openstack.wsgi [None req-62328fe7-a82d-482c-85cf-411d8c1726ef tempest-VolumesTestJSON-173993516 tempest-VolumesTestJSON-173993516-project] http://10.222.0.109/volume/v3/0106a92fefbe4c849a8fa7bb6e7ea2a3/volumes/1087fd0e-c08c-46e6-a068-aefc9fccf741 returned with HTTP 200
Apr 08 19:02:12.747050 dv-cinder-837167-1-iscsi devstack@c-api.service[110091]: [pid: 110091|app: 0|req: 39/80] 10.222.0.109 () {58 vars in 1329 bytes} [Fri Apr 8 19:02:12 2022] GET /volume/v3/0106a92fefbe4c849a8fa7bb6e7ea2a3/volumes/1087fd0e-c08c-46e6-a068-aefc9fccf741 => generated 923 bytes in 127 msecs (HTTP/1.1 200) 7 headers in 285 bytes (1 switches on core 0)
Apr 08 19:02:12.782297 dv-cinder-837167-1-iscsi devstack@c-api.service[110090]: INFO cinder.api.openstack.wsgi [None req-8517f59e-4bfe-4960-bf8e-f1e2bf2c3eed tempest-VolumeQuotaClassesTest-228875382 tempest-VolumeQuotaClassesTest-228875382-project-admin] http://10.222.0.109/volume/v3/21034f15564645c296eb000fd6e5f3b2/os-quota-class-sets/default returned with HTTP 200
Apr 08 19:02:12.783431 dv-cinder-837167-1-iscsi devstack@c-api.service[110090]: [pid: 110090|app: 0|req: 42/81] 10.222.0.109 () {60 vars in 1299 bytes} [Fri Apr 8 19:02:12 2022] PUT /volume/v3/21034f15564645c296eb000fd6e5f3b2/os-quota-class-sets/default => generated 741 bytes in 286 msecs (HTTP/1.1 200) 7 headers in 285 bytes (1 switches on core 0)
Apr 08 19:02:12.791734 dv-cinder-837167-1-iscsi devstack@c-api.service[110091]: DEBUG cinder.api.middleware.request_id [None req-04c308d4-e8ad-40b9-93d0-df71b3c8df6f None None] RequestId filter calling following filter/app {{(pid=110091) _context_setter /opt/stack/cinder/cinder/api/middleware/request_id.py:62}}
Apr 08 19:02:12.795892 dv-cinder-837167-1-iscsi devstack@c-api.service[110091]: INFO cinder.api.openstack.wsgi [None req-04c308d4-e8ad-40b9-93d0-df71b3c8df6f tempest-VolumeQuotaClassesTest-228875382 tempest-VolumeQuotaClassesTest-228875382-project-admin] DELETE http://10.222.0.109/volume/v3/21034f15564645c296eb000fd6e5f3b2/types/094409dd-b9d2-4324-935a-462f5a01a79f
Apr 08 19:02:12.796690 dv-cinder-837167-1-iscsi devstack@c-api.service[110091]: DEBUG cinder.api.openstack.wsgi [None req-04c308d4-e8ad-40b9-93d0-df71b3c8df6f tempest-VolumeQuotaClassesTest-228875382 tempest-VolumeQuotaClassesTest-228875382-project-admin] Empty body provided in request {{(pid=110091) get_body /opt/stack/cinder/cinder/api/openstack/wsgi.py:715}}
Apr 08 19:02:12.797892 dv-cinder-837167-1-iscsi devstack@c-api.service[110091]: DEBUG cinder.api.openstack.wsgi [None req-04c308d4-e8ad-40b9-93d0-df71b3c8df6f tempest-VolumeQuotaClassesTest-228875382 tempest-VolumeQuotaClassesTest-228875382-project-admin] Calling method '_delete' {{(pid=110091) _process_stack /opt/stack/cinder/cinder/api/openstack/wsgi.py:868}}
Apr 08 19:02:12.960632 dv-cinder-837167-1-iscsi devstack@c-api.service[110091]: INFO cinder.api.openstack.wsgi [None req-04c308d4-e8ad-40b9-93d0-df71b3c8df6f tempest-VolumeQuotaClassesTest-228875382 tempest-VolumeQuotaClassesTest-228875382-project-admin] http://10.222.0.109/volume/v3/21034f15564645c296eb000fd6e5f3b2/types/094409dd-b9d2-4324-935a-462f5a01a79f returned with HTTP 202
Apr 08 19:02:12.967297 dv-cinder-837167-1-iscsi devstack@c-api.service[110091]: [pid: 110091|app: 0|req: 40/82] 10.222.0.109 () {58 vars in 1326 bytes} [Fri Apr 8 19:02:12 2022] DELETE /volume/v3/21034f15564645c296eb000fd6e5f3b2/types/094409dd-b9d2-4324-935a-462f5a01a79f => generated 0 bytes in 176 msecs (HTTP/1.1 202) 6 headers in 233 bytes (1 switches on core 0)
Apr 08 19:02:12.971494 dv-cinder-837167-1-iscsi devstack@c-api.service[110090]: DEBUG cinder.api.middleware.request_id [None req-d6e26ed2-419e-40eb-9a56-75ead20d8da0 None None] RequestId filter calling following filter/app {{(pid=110090) _context_setter /opt/stack/cinder/cinder/api/middleware/request_id.py:62}}
Apr 08 19:02:13.021923 dv-cinder-837167-1-iscsi devstack@c-api.service[110090]: INFO cinder.api.openstack.wsgi [None req-d6e26ed2-419e-40eb-9a56-75ead20d8da0 tempest-VolumeQuotaClassesTest-228875382 tempest-VolumeQuotaClassesTest-228875382-project-admin] GET http://10.222.0.109/volume/v3/21034f15564645c296eb000fd6e5f3b2/types/094409dd-b9d2-4324-935a-462f5a01a79f
Apr 08 19:02:13.022657 dv-cinder-837167-1-iscsi devstack@c-api.service[110090]: DEBUG cinder.api.openstack.wsgi [None req-d6e26ed2-419e-40eb-9a56-75ead20d8da0 tempest-VolumeQuotaClassesTest-228875382 tempest-VolumeQuotaClassesTest-228875382-project-admin] Empty body provided in request {{(pid=110090) get_body /opt/stack/cinder/cinder/api/openstack/wsgi.py:715}}
Apr 08 19:02:13.023286 dv-cinder-837167-1-iscsi devstack@c-api.service[110090]: DEBUG cinder.api.openstack.wsgi [None req-d6e26ed2-419e-40eb-9a56-75ead20d8da0 tempest-VolumeQuotaClassesTest-228875382 tempest-VolumeQuotaClassesTest-228875382-project-admin] Calling method 'show' {{(pid=110090) _process_stack /opt/stack/cinder/cinder/api/openstack/wsgi.py:868}}
Apr 08 19:02:13.029430 dv-cinder-837167-1-iscsi devstack@c-api.service[110090]: INFO cinder.api.openstack.wsgi [None req-d6e26ed2-419e-40eb-9a56-75ead20d8da0 tempest-VolumeQuotaClassesTest-228875382 tempest-VolumeQuotaClassesTest-228875382-project-admin] http://10.222.0.109/volume/v3/21034f15564645c296eb000fd6e5f3b2/types/094409dd-b9d2-4324-935a-462f5a01a79f returned with HTTP 404
Apr 08 19:02:13.039409 dv-cinder-837167-1-iscsi devstack@c-api.service[110090]: [pid: 110090|app: 0|req: 43/83] 10.222.0.109 () {58 vars in 1323 bytes} [Fri Apr 8 19:02:12 2022] GET /volume/v3/21034f15564645c296eb000fd6e5f3b2/types/094409dd-b9d2-4324-935a-462f5a01a79f => generated 114 bytes in 69 msecs (HTTP/1.1 404) 7 headers in 292 bytes (1 switches on core 0)
Apr 08 19:02:13.083800 dv-cinder-837167-1-iscsi devstack@c-api.service[110091]: DEBUG cinder.api.middleware.request_id [None req-ae39195e-d17f-4a24-aff1-5033b0794a2d None None] RequestId filter calling following filter/app {{(pid=110091) _context_setter /opt/stack/cinder/cinder/api/middleware/request_id.py:62}}
Apr 08 19:02:13.087789 dv-cinder-837167-1-iscsi devstack@c-api.service[110091]: INFO cinder.api.openstack.wsgi [None req-ae39195e-d17f-4a24-aff1-5033b0794a2d tempest-GroupSnapshotsV319Test-365322552 tempest-GroupSnapshotsV319Test-365322552-project] GET http://10.222.0.109/volume/v3/7ff8857b69ef4b799a605b1aab8d1ff8/volumes/431fa4ad-b444-4a9f-9966-624fce01e12a
Apr 08 19:02:13.088819 dv-cinder-837167-1-iscsi devstack@c-api.service[110091]: DEBUG cinder.api.openstack.wsgi [None req-ae39195e-d17f-4a24-aff1-5033b0794a2d tempest-GroupSnapshotsV319Test-365322552 tempest-GroupSnapshotsV319Test-365322552-project] Empty body provided in request {{(pid=110091) get_body /opt/stack/cinder/cinder/api/openstack/wsgi.py:715}}
Apr 08 19:02:13.089289 dv-cinder-837167-1-iscsi devstack@c-api.service[110091]: DEBUG cinder.api.openstack.wsgi [None req-ae39195e-d17f-4a24-aff1-5033b0794a2d tempest-GroupSnapshotsV319Test-365322552 tempest-GroupSnapshotsV319Test-365322552-project] Calling method 'show' {{(pid=110091) _process_stack /opt/stack/cinder/cinder/api/openstack/wsgi.py:868}}
Apr 08 19:02:13.113349 dv-cinder-837167-1-iscsi devstack@c-api.service[110091]: INFO cinder.api.openstack.wsgi [None req-ae39195e-d17f-4a24-aff1-5033b0794a2d tempest-GroupSnapshotsV319Test-365322552 tempest-GroupSnapshotsV319Test-365322552-project] http://10.222.0.109/volume/v3/7ff8857b69ef4b799a605b1aab8d1ff8/volumes/431fa4ad-b444-4a9f-9966-624fce01e12a returned with HTTP 404
Apr 08 19:02:13.119666 dv-cinder-837167-1-iscsi devstack@c-api.service[110090]: DEBUG cinder.api.middleware.request_id [None req-ad42398b-dc73-4403-b98f-981870d077f3 None None] RequestId filter calling following filter/app {{(pid=110090) _context_setter /opt/stack/cinder/cinder/api/middleware/request_id.py:62}}
Apr 08 19:02:13.123817 dv-cinder-837167-1-iscsi devstack@c-api.service[110090]: INFO cinder.api.openstack.wsgi [None req-ad42398b-dc73-4403-b98f-981870d077f3 tempest-GroupSnapshotsV319Test-365322552 tempest-GroupSnapshotsV319Test-365322552-project] GET http://10.222.0.109/volume/v3/7ff8857b69ef4b799a605b1aab8d1ff8/groups/16ffb073-2195-4c78-bd6b-9ece6d24b2ad
Apr 08 19:02:13.124285 dv-cinder-837167-1-iscsi devstack@c-api.service[110091]: [pid: 110091|app: 0|req: 41/84] 10.222.0.109 () {60 vars in 1370 bytes} [Fri Apr 8 19:02:13 2022] GET /volume/v3/7ff8857b69ef4b799a605b1aab8d1ff8/volumes/431fa4ad-b444-4a9f-9966-624fce01e12a => generated 109 bytes in 41 msecs (HTTP/1.1 404) 7 headers in 293 bytes (1 switches on core 0)
Apr 08 19:02:13.124438 dv-cinder-837167-1-iscsi devstack@c-api.service[110090]: DEBUG cinder.api.openstack.wsgi [None req-ad42398b-dc73-4403-b98f-981870d077f3 tempest-GroupSnapshotsV319Test-365322552 tempest-GroupSnapshotsV319Test-365322552-project] Empty body provided in request {{(pid=110090) get_body /opt/stack/cinder/cinder/api/openstack/wsgi.py:715}}
Apr 08 19:02:13.124884 dv-cinder-837167-1-iscsi devstack@c-api.service[110090]: DEBUG cinder.api.openstack.wsgi [None req-ad42398b-dc73-4403-b98f-981870d077f3 tempest-GroupSnapshotsV319Test-365322552 tempest-GroupSnapshotsV319Test-365322552-project] Calling method 'version_select' {{(pid=110090) _process_stack /opt/stack/cinder/cinder/api/openstack/wsgi.py:868}}
Apr 08 19:02:13.125405 dv-cinder-837167-1-iscsi devstack@c-api.service[110090]: DEBUG cinder.api.v3.groups [None req-ad42398b-dc73-4403-b98f-981870d077f3 tempest-GroupSnapshotsV319Test-365322552 tempest-GroupSnapshotsV319Test-365322552-project] show called for member 16ffb073-2195-4c78-bd6b-9ece6d24b2ad {{(pid=110090) show /opt/stack/cinder/cinder/api/v3/groups.py:58}}
Apr 08 19:02:13.145361 dv-cinder-837167-1-iscsi devstack@c-api.service[110090]: INFO cinder.api.openstack.wsgi [None req-ad42398b-dc73-4403-b98f-981870d077f3 tempest-GroupSnapshotsV319Test-365322552 tempest-GroupSnapshotsV319Test-365322552-project] http://10.222.0.109/volume/v3/7ff8857b69ef4b799a605b1aab8d1ff8/groups/16ffb073-2195-4c78-bd6b-9ece6d24b2ad returned with HTTP 404
Apr 08 19:02:13.146661 dv-cinder-837167-1-iscsi devstack@c-api.service[110090]: [pid: 110090|app: 0|req: 44/85] 10.222.0.109 () {60 vars in 1367 bytes} [Fri Apr 8 19:02:13 2022] GET /volume/v3/7ff8857b69ef4b799a605b1aab8d1ff8/groups/16ffb073-2195-4c78-bd6b-9ece6d24b2ad => generated 108 bytes in 28 msecs (HTTP/1.1 404) 7 headers in 293 bytes (1 switches on core 0)
Apr 08 19:02:13.152097 dv-cinder-837167-1-iscsi devstack@c-api.service[110091]: DEBUG cinder.api.middleware.request_id [None req-56acfc48-141a-4ee6-958c-e00271e81a70 None None] RequestId filter calling following filter/app {{(pid=110091) _context_setter /opt/stack/cinder/cinder/api/middleware/request_id.py:62}}
Apr 08 19:02:13.162606 dv-cinder-837167-1-iscsi devstack@c-api.service[110091]: INFO cinder.api.openstack.wsgi [None req-56acfc48-141a-4ee6-958c-e00271e81a70 tempest-GroupSnapshotsV319Test-2108357802 tempest-GroupSnapshotsV319Test-2108357802-project-admin] DELETE http://10.222.0.109/volume/v3/19543e36f28144c4b23a3afbb419ffef/group_types/9249c448-b30d-42ab-9067-03ecde97c135
Apr 08 19:02:13.163249 dv-cinder-837167-1-iscsi devstack@c-api.service[110091]: DEBUG cinder.api.openstack.wsgi [None req-56acfc48-141a-4ee6-958c-e00271e81a70 tempest-GroupSnapshotsV319Test-2108357802 tempest-GroupSnapshotsV319Test-2108357802-project-admin] Empty body provided in request {{(pid=110091) get_body /opt/stack/cinder/cinder/api/openstack/wsgi.py:715}}
Apr 08 19:02:13.163748 dv-cinder-837167-1-iscsi devstack@c-api.service[110091]: DEBUG cinder.api.openstack.wsgi [None req-56acfc48-141a-4ee6-958c-e00271e81a70 tempest-GroupSnapshotsV319Test-2108357802 tempest-GroupSnapshotsV319Test-2108357802-project-admin] Calling method 'version_select' {{(pid=110091) _process_stack /opt/stack/cinder/cinder/api/openstack/wsgi.py:868}}
Apr 08 19:02:13.256955 dv-cinder-837167-1-iscsi devstack@c-api.service[110091]: INFO cinder.api.openstack.wsgi [None req-56acfc48-141a-4ee6-958c-e00271e81a70 tempest-GroupSnapshotsV319Test-2108357802 tempest-GroupSnapshotsV319Test-2108357802-project-admin] http://10.222.0.109/volume/v3/19543e36f28144c4b23a3afbb419ffef/group_types/9249c448-b30d-42ab-9067-03ecde97c135 returned with HTTP 202
Apr 08 19:02:13.258956 dv-cinder-837167-1-iscsi devstack@c-api.service[110091]: [pid: 110091|app: 0|req: 42/86] 10.222.0.109 () {60 vars in 1385 bytes} [Fri Apr 8 19:02:13 2022] DELETE /volume/v3/19543e36f28144c4b23a3afbb419ffef/group_types/9249c448-b30d-42ab-9067-03ecde97c135 => generated 0 bytes in 108 msecs (HTTP/1.1 202) 6 headers in 234 bytes (1 switches on core 0)
Apr 08 19:02:13.266850 dv-cinder-837167-1-iscsi devstack@c-api.service[110090]: DEBUG cinder.api.middleware.request_id [None req-08e483aa-86e0-4159-bc06-5d7522b3eed7 None None] RequestId filter calling following filter/app {{(pid=110090) _context_setter /opt/stack/cinder/cinder/api/middleware/request_id.py:62}}
Apr 08 19:02:13.271436 dv-cinder-837167-1-iscsi devstack@c-api.service[110090]: INFO cinder.api.openstack.wsgi [None req-08e483aa-86e0-4159-bc06-5d7522b3eed7 tempest-GroupSnapshotsV319Test-365322552 tempest-GroupSnapshotsV319Test-365322552-project] DELETE http://10.222.0.109/volume/v3/7ff8857b69ef4b799a605b1aab8d1ff8/volumes/431fa4ad-b444-4a9f-9966-624fce01e12a
Apr 08 19:02:13.272141 dv-cinder-837167-1-iscsi devstack@c-api.service[110090]: DEBUG cinder.api.openstack.wsgi [None req-08e483aa-86e0-4159-bc06-5d7522b3eed7 tempest-GroupSnapshotsV319Test-365322552 tempest-GroupSnapshotsV319Test-365322552-project] Empty body provided in request {{(pid=110090) get_body /opt/stack/cinder/cinder/api/openstack/wsgi.py:715}}
Apr 08 19:02:13.272858 dv-cinder-837167-1-iscsi devstack@c-api.service[110090]: DEBUG cinder.api.openstack.wsgi [None req-08e483aa-86e0-4159-bc06-5d7522b3eed7 tempest-GroupSnapshotsV319Test-365322552 tempest-GroupSnapshotsV319Test-365322552-project] Calling method 'delete' {{(pid=110090) _process_stack /opt/stack/cinder/cinder/api/openstack/wsgi.py:868}}
Apr 08 19:02:13.273447 dv-cinder-837167-1-iscsi devstack@c-api.service[110090]: INFO cinder.api.v3.volumes [None req-08e483aa-86e0-4159-bc06-5d7522b3eed7 tempest-GroupSnapshotsV319Test-365322552 tempest-GroupSnapshotsV319Test-365322552-project] Delete volume with id: 431fa4ad-b444-4a9f-9966-624fce01e12a
Apr 08 19:02:13.305372 dv-cinder-837167-1-iscsi devstack@c-api.service[110090]: INFO cinder.api.openstack.wsgi [None req-08e483aa-86e0-4159-bc06-5d7522b3eed7 tempest-GroupSnapshotsV319Test-365322552 tempest-GroupSnapshotsV319Test-365322552-project] http://10.222.0.109/volume/v3/7ff8857b69ef4b799a605b1aab8d1ff8/volumes/431fa4ad-b444-4a9f-9966-624fce01e12a returned with HTTP 404
Apr 08 19:02:13.313149 dv-cinder-837167-1-iscsi devstack@c-api.service[110090]: [pid: 110090|app: 0|req: 45/87] 10.222.0.109 () {60 vars in 1373 bytes} [Fri Apr 8 19:02:13 2022] DELETE /volume/v3/7ff8857b69ef4b799a605b1aab8d1ff8/volumes/431fa4ad-b444-4a9f-9966-624fce01e12a => generated 109 bytes in 43 msecs (HTTP/1.1 404) 7 headers in 293 bytes (1 switches on core 0)
Apr 08 19:02:13.317078 dv-cinder-837167-1-iscsi devstack@c-api.service[110091]: DEBUG cinder.api.middleware.request_id [None req-5b7366d7-d5ae-4609-be84-de497141fb90 None None] RequestId filter calling following filter/app {{(pid=110091) _context_setter /opt/stack/cinder/cinder/api/middleware/request_id.py:62}}
Apr 08 19:02:13.321590 dv-cinder-837167-1-iscsi devstack@c-api.service[110091]: INFO cinder.api.openstack.wsgi [None req-5b7366d7-d5ae-4609-be84-de497141fb90 tempest-GroupSnapshotsV319Test-2108357802 tempest-GroupSnapshotsV319Test-2108357802-project-admin] DELETE http://10.222.0.109/volume/v3/19543e36f28144c4b23a3afbb419ffef/types/12d882ae-477b-48b2-a8d1-86239d234269
Apr 08 19:02:13.322136 dv-cinder-837167-1-iscsi devstack@c-api.service[110091]: DEBUG cinder.api.openstack.wsgi [None req-5b7366d7-d5ae-4609-be84-de497141fb90 tempest-GroupSnapshotsV319Test-2108357802 tempest-GroupSnapshotsV319Test-2108357802-project-admin] Empty body provided in request {{(pid=110091) get_body /opt/stack/cinder/cinder/api/openstack/wsgi.py:715}}
Apr 08 19:02:13.322703 dv-cinder-837167-1-iscsi devstack@c-api.service[110091]: DEBUG cinder.api.openstack.wsgi [None req-5b7366d7-d5ae-4609-be84-de497141fb90 tempest-GroupSnapshotsV319Test-2108357802 tempest-GroupSnapshotsV319Test-2108357802-project-admin] Calling method '_delete' {{(pid=110091) _process_stack /opt/stack/cinder/cinder/api/openstack/wsgi.py:868}}
Apr 08 19:02:13.469510 dv-cinder-837167-1-iscsi devstack@c-api.service[110091]: INFO cinder.api.openstack.wsgi [None req-5b7366d7-d5ae-4609-be84-de497141fb90 tempest-GroupSnapshotsV319Test-2108357802 tempest-GroupSnapshotsV319Test-2108357802-project-admin] http://10.222.0.109/volume/v3/19543e36f28144c4b23a3afbb419ffef/types/12d882ae-477b-48b2-a8d1-86239d234269 returned with HTTP 202
Apr 08 19:02:13.475577 dv-cinder-837167-1-iscsi devstack@c-api.service[110090]: DEBUG cinder.api.middleware.request_id [None req-0bddfc7a-6d20-4c7c-8ad4-5d108db79453 None None] RequestId filter calling following filter/app {{(pid=110090) _context_setter /opt/stack/cinder/cinder/api/middleware/request_id.py:62}}
Apr 08 19:02:13.476428 dv-cinder-837167-1-iscsi devstack@c-api.service[110091]: [pid: 110091|app: 0|req: 43/88] 10.222.0.109 () {58 vars in 1326 bytes} [Fri Apr 8 19:02:13 2022] DELETE /volume/v3/19543e36f28144c4b23a3afbb419ffef/types/12d882ae-477b-48b2-a8d1-86239d234269 => generated 0 bytes in 159 msecs (HTTP/1.1 202) 6 headers in 233 bytes (1 switches on core 0)
Apr 08 19:02:13.479619 dv-cinder-837167-1-iscsi devstack@c-api.service[110090]: INFO cinder.api.openstack.wsgi [None req-0bddfc7a-6d20-4c7c-8ad4-5d108db79453 tempest-GroupSnapshotsV319Test-2108357802 tempest-GroupSnapshotsV319Test-2108357802-project-admin] GET http://10.222.0.109/volume/v3/19543e36f28144c4b23a3afbb419ffef/types/12d882ae-477b-48b2-a8d1-86239d234269
Apr 08 19:02:13.480090 dv-cinder-837167-1-iscsi devstack@c-api.service[110090]: DEBUG cinder.api.openstack.wsgi [None req-0bddfc7a-6d20-4c7c-8ad4-5d108db79453 tempest-GroupSnapshotsV319Test-2108357802 tempest-GroupSnapshotsV319Test-2108357802-project-admin] Empty body provided in request {{(pid=110090) get_body /opt/stack/cinder/cinder/api/openstack/wsgi.py:715}}
Apr 08 19:02:13.480568 dv-cinder-837167-1-iscsi devstack@c-api.service[110090]: DEBUG cinder.api.openstack.wsgi [None req-0bddfc7a-6d20-4c7c-8ad4-5d108db79453 tempest-GroupSnapshotsV319Test-2108357802 tempest-GroupSnapshotsV319Test-2108357802-project-admin] Calling method 'show' {{(pid=110090) _process_stack /opt/stack/cinder/cinder/api/openstack/wsgi.py:868}}
Apr 08 19:02:13.490140 dv-cinder-837167-1-iscsi devstack@c-api.service[110090]: INFO cinder.api.openstack.wsgi [None req-0bddfc7a-6d20-4c7c-8ad4-5d108db79453 tempest-GroupSnapshotsV319Test-2108357802 tempest-GroupSnapshotsV319Test-2108357802-project-admin] http://10.222.0.109/volume/v3/19543e36f28144c4b23a3afbb419ffef/types/12d882ae-477b-48b2-a8d1-86239d234269 returned with HTTP 404
Apr 08 19:02:13.492597 dv-cinder-837167-1-iscsi devstack@c-api.service[110090]: [pid: 110090|app: 0|req: 46/89] 10.222.0.109 () {58 vars in 1323 bytes} [Fri Apr 8 19:02:13 2022] GET /volume/v3/19543e36f28144c4b23a3afbb419ffef/types/12d882ae-477b-48b2-a8d1-86239d234269 => generated 114 bytes in 18 msecs (HTTP/1.1 404) 7 headers in 292 bytes (1 switches on core 0)
Apr 08 19:02:13.833928 dv-cinder-837167-1-iscsi devstack@c-api.service[110091]: DEBUG cinder.api.middleware.request_id [req-6c9b7072-a8b7-40dc-8db1-debe2d76f795 req-709d9eba-3636-4fc2-9ee9-61b24f4bf9b2 None None] RequestId filter calling following filter/app {{(pid=110091) _context_setter /opt/stack/cinder/cinder/api/middleware/request_id.py:62}}
Apr 08 19:02:13.838859 dv-cinder-837167-1-iscsi devstack@c-api.service[110091]: INFO cinder.api.openstack.wsgi [req-6c9b7072-a8b7-40dc-8db1-debe2d76f795 req-709d9eba-3636-4fc2-9ee9-61b24f4bf9b2 tempest-VolumesTestJSON-173993516 tempest-VolumesTestJSON-173993516-project] GET http://10.222.0.109/volume/v3/0106a92fefbe4c849a8fa7bb6e7ea2a3/volumes/1087fd0e-c08c-46e6-a068-aefc9fccf741
Apr 08 19:02:13.842031 dv-cinder-837167-1-iscsi devstack@c-api.service[110091]: DEBUG cinder.api.openstack.wsgi [req-6c9b7072-a8b7-40dc-8db1-debe2d76f795 req-709d9eba-3636-4fc2-9ee9-61b24f4bf9b2 tempest-VolumesTestJSON-173993516 tempest-VolumesTestJSON-173993516-project] Empty body provided in request {{(pid=110091) get_body /opt/stack/cinder/cinder/api/openstack/wsgi.py:715}}
Apr 08 19:02:13.842674 dv-cinder-837167-1-iscsi devstack@c-api.service[110091]: DEBUG cinder.api.openstack.wsgi [req-6c9b7072-a8b7-40dc-8db1-debe2d76f795 req-709d9eba-3636-4fc2-9ee9-61b24f4bf9b2 tempest-VolumesTestJSON-173993516 tempest-VolumesTestJSON-173993516-project] Calling method 'show' {{(pid=110091) _process_stack /opt/stack/cinder/cinder/api/openstack/wsgi.py:868}}
Apr 08 19:02:13.874956 dv-cinder-837167-1-iscsi devstack@c-api.service[110091]: /usr/local/lib/python3.8/dist-packages/oslo_context/context.py:100: DeprecationWarning: Policy enforcement is depending on the value of is_admin. This key is deprecated. Please update your policy file to use the standard policy values.
Apr 08 19:02:13.874956 dv-cinder-837167-1-iscsi devstack@c-api.service[110091]: warnings.warn('Policy enforcement is depending on the value of '
Apr 08 19:02:13.900864 dv-cinder-837167-1-iscsi devstack@c-api.service[110091]: INFO cinder.volume.api [req-6c9b7072-a8b7-40dc-8db1-debe2d76f795 req-709d9eba-3636-4fc2-9ee9-61b24f4bf9b2 tempest-VolumesTestJSON-173993516 tempest-VolumesTestJSON-173993516-project] Volume info retrieved successfully.
Apr 08 19:02:13.920299 dv-cinder-837167-1-iscsi devstack@c-api.service[110091]: INFO cinder.api.openstack.wsgi [req-6c9b7072-a8b7-40dc-8db1-debe2d76f795 req-709d9eba-3636-4fc2-9ee9-61b24f4bf9b2 tempest-VolumesTestJSON-173993516 tempest-VolumesTestJSON-173993516-project] http://10.222.0.109/volume/v3/0106a92fefbe4c849a8fa7bb6e7ea2a3/volumes/1087fd0e-c08c-46e6-a068-aefc9fccf741 returned with HTTP 200
