Apr 11 17:15:14.681738 dv-cinder-837166-2-smb devstack@n-api.service[117598]: DEBUG oslo_concurrency.lockutils [req-c4438318-9cd1-4a77-8207-23c2d66e13e1 req-6081e8c0-3f40-4cbd-a260-7fa82445e1e9 service nova] Lock "b1ba23c4-b84e-4048-b5a4-792f4a6534b9" acquired by "nova.context.set_target_cell..get_or_set_cached_cell_and_set_connections" :: waited 0.000s {{(pid=117598) inner /usr/local/lib/python3.8/dist-packages/oslo_concurrency/lockutils.py:386}}
Apr 11 17:15:14.682424 dv-cinder-837166-2-smb devstack@n-api.service[117598]: DEBUG oslo_concurrency.lockutils [req-c4438318-9cd1-4a77-8207-23c2d66e13e1 req-6081e8c0-3f40-4cbd-a260-7fa82445e1e9 service nova] Lock "b1ba23c4-b84e-4048-b5a4-792f4a6534b9" "released" by "nova.context.set_target_cell..get_or_set_cached_cell_and_set_connections" :: held 0.001s {{(pid=117598) inner /usr/local/lib/python3.8/dist-packages/oslo_concurrency/lockutils.py:400}}
Apr 11 17:15:14.685663 dv-cinder-837166-2-smb devstack@n-api.service[117597]: DEBUG nova.policy [None req-fd11f572-c1c5-4d65-b092-b0efcabe607c tempest-ServerRescueNegativeTestJSON-1098138825 tempest-ServerRescueNegativeTestJSON-1098138825-project] Policy check for os_compute_api:os-extended-server-attributes failed with credentials {'is_admin': False, 'user_id': '0567249a08514d5e85532b897d3fbeb4', 'user_domain_id': 'default', 'system_scope': None, 'domain_id': None, 'project_id': 'bf86c9b36c5941dcb9cf48527a55e42c', 'project_domain_id': 'default', 'roles': ['member', 'reader'], 'is_admin_project': True, 'service_user_id': None, 'service_user_domain_id': None, 'service_project_id': None, 'service_project_domain_id': None, 'service_roles': []} {{(pid=117597) authorize /opt/stack/nova/nova/policy.py:199}}
Apr 11 17:15:14.714478 dv-cinder-837166-2-smb devstack@n-api.service[117597]: INFO nova.api.openstack.requestlog [None req-fd11f572-c1c5-4d65-b092-b0efcabe607c tempest-ServerRescueNegativeTestJSON-1098138825 tempest-ServerRescueNegativeTestJSON-1098138825-project] 10.222.0.71 "GET /compute/v2.1/servers/393332fb-84f0-497b-861a-41e240aec70b" status: 200 len: 1523 microversion: 2.1 time: 0.352961
Apr 11 17:15:14.725459 dv-cinder-837166-2-smb devstack@n-api.service[117597]: [pid: 117597|app: 0|req: 96/187] 10.222.0.71 () {58 vars in 1235 bytes} [Mon Apr 11 17:15:14 2022] GET /compute/v2.1/servers/393332fb-84f0-497b-861a-41e240aec70b => generated 1523 bytes in 366 msecs (HTTP/1.1 200) 9 headers in 358 bytes (2 switches on core 0)
Apr 11 17:15:14.732361 dv-cinder-837166-2-smb devstack@n-api.service[117597]: DEBUG nova.api.openstack.wsgi [None req-4f246a3c-c6f5-4414-a6d9-a87450fb0e23 tempest-VolumesNegativeTest-757821573 tempest-VolumesNegativeTest-757821573-project] Action: 'create', calling method: >, body: {"server": {"name": "tempest-VolumesNegativeTest-instance-987850056", "imageRef": "2ef41d25-4339-4f71-961e-902be6f1e7dc", "flavorRef": "452"}} {{(pid=117597) _process_stack /opt/stack/nova/nova/api/openstack/wsgi.py:511}}
Apr 11 17:15:14.742052 dv-cinder-837166-2-smb devstack@n-api.service[117598]: INFO nova.api.openstack.compute.server_external_events [req-c4438318-9cd1-4a77-8207-23c2d66e13e1 req-6081e8c0-3f40-4cbd-a260-7fa82445e1e9 service nova] Creating event network-changed:e5a401b4-90f3-4a5a-8565-28bb5bebf571 for instance cefffe07-a7c7-418a-96c1-9bcb721d79b2 on hv-cinder-83716
Apr 11 17:15:14.747822 dv-cinder-837166-2-smb devstack@n-api.service[117598]: INFO nova.api.openstack.requestlog [req-c4438318-9cd1-4a77-8207-23c2d66e13e1 req-6081e8c0-3f40-4cbd-a260-7fa82445e1e9 service nova] 10.222.0.71 "POST /compute/v2.1/os-server-external-events" status: 200 len: 179 microversion: 2.1 time: 0.087779
Apr 11 17:15:14.749042 dv-cinder-837166-2-smb devstack@n-api.service[117598]: [pid: 117598|app: 0|req: 92/188] 10.222.0.71 () {64 vars in 1317 bytes} [Mon Apr 11 17:15:14 2022] POST /compute/v2.1/os-server-external-events => generated 179 bytes in 90 msecs (HTTP/1.1 200) 9 headers in 357 bytes (1 switches on core 0)
Apr 11 17:15:14.755535 dv-cinder-837166-2-smb devstack@n-api.service[117598]: DEBUG nova.api.openstack.wsgi [None req-edd1dc02-5a4f-4428-beac-9df89ff4663f tempest-AttachVolumeTestJSON-1473650398 tempest-AttachVolumeTestJSON-1473650398-project] Action: 'action', calling method: >, body: {"os-stop": {}} {{(pid=117598) _process_stack /opt/stack/nova/nova/api/openstack/wsgi.py:511}}
Apr 11 17:15:14.763256 dv-cinder-837166-2-smb devstack@n-api.service[117598]: DEBUG oslo_concurrency.lockutils [None req-edd1dc02-5a4f-4428-beac-9df89ff4663f tempest-AttachVolumeTestJSON-1473650398 tempest-AttachVolumeTestJSON-1473650398-project] Lock "b1ba23c4-b84e-4048-b5a4-792f4a6534b9" acquired by "nova.context.set_target_cell..get_or_set_cached_cell_and_set_connections" :: waited 0.000s {{(pid=117598) inner /usr/local/lib/python3.8/dist-packages/oslo_concurrency/lockutils.py:386}}
Apr 11 17:15:14.763256 dv-cinder-837166-2-smb devstack@n-api.service[117598]: DEBUG oslo_concurrency.lockutils [None req-edd1dc02-5a4f-4428-beac-9df89ff4663f tempest-AttachVolumeTestJSON-1473650398 tempest-AttachVolumeTestJSON-1473650398-project] Lock "b1ba23c4-b84e-4048-b5a4-792f4a6534b9" "released" by "nova.context.set_target_cell..get_or_set_cached_cell_and_set_connections" :: held 0.001s {{(pid=117598) inner /usr/local/lib/python3.8/dist-packages/oslo_concurrency/lockutils.py:400}}
Apr 11 17:15:14.792382 dv-cinder-837166-2-smb devstack@n-api.service[117597]: DEBUG nova.network.neutron [None req-4f246a3c-c6f5-4414-a6d9-a87450fb0e23 tempest-VolumesNegativeTest-757821573 tempest-VolumesNegativeTest-757821573-project] validate_networks() for None {{(pid=117597) validate_networks /opt/stack/nova/nova/network/neutron.py:2632}}
Apr 11 17:15:14.825229 dv-cinder-837166-2-smb devstack@n-api.service[117598]: DEBUG nova.compute.api [None req-edd1dc02-5a4f-4428-beac-9df89ff4663f tempest-AttachVolumeTestJSON-1473650398 tempest-AttachVolumeTestJSON-1473650398-project] [instance: a464f717-5398-460b-bca6-c92e770bdba7] Going to try to stop instance {{(pid=117598) force_stop /opt/stack/nova/nova/compute/api.py:2707}}
Apr 11 17:15:15.044781 dv-cinder-837166-2-smb devstack@n-api.service[117598]: INFO nova.api.openstack.requestlog [None req-edd1dc02-5a4f-4428-beac-9df89ff4663f tempest-AttachVolumeTestJSON-1473650398 tempest-AttachVolumeTestJSON-1473650398-project] 10.222.0.71 "POST /compute/v2.1/servers/a464f717-5398-460b-bca6-c92e770bdba7/action" status: 202 len: 0 microversion: 2.1 time: 0.294070
Apr 11 17:15:15.045379 dv-cinder-837166-2-smb devstack@n-api.service[117598]: [pid: 117598|app: 0|req: 93/189] 10.222.0.71 () {60 vars in 1277 bytes} [Mon Apr 11 17:15:14 2022] POST /compute/v2.1/servers/a464f717-5398-460b-bca6-c92e770bdba7/action => generated 0 bytes in 296 msecs (HTTP/1.1 202) 9 headers in 361 bytes (1 switches on core 0)
Apr 11 17:15:15.050707 dv-cinder-837166-2-smb devstack@n-api.service[117598]: DEBUG nova.api.openstack.wsgi [None req-e507ab78-4724-4142-8fe7-19631746a3a7 tempest-VolumesSnapshotTestJSON-1393047755 tempest-VolumesSnapshotTestJSON-1393047755-project] Calling method '>' {{(pid=117598) _process_stack /opt/stack/nova/nova/api/openstack/wsgi.py:513}}
Apr 11 17:15:15.051481 dv-cinder-837166-2-smb devstack@n-api.service[117598]: DEBUG nova.compute.api [None req-e507ab78-4724-4142-8fe7-19631746a3a7 tempest-VolumesSnapshotTestJSON-1393047755 tempest-VolumesSnapshotTestJSON-1393047755-project] [instance: b2990a46-5dda-40e8-b457-123b141dc9de] Fetching instance by UUID {{(pid=117598) get /opt/stack/nova/nova/compute/api.py:2918}}
Apr 11 17:15:15.057593 dv-cinder-837166-2-smb devstack@n-api.service[117598]: DEBUG oslo_concurrency.lockutils [None req-e507ab78-4724-4142-8fe7-19631746a3a7 tempest-VolumesSnapshotTestJSON-1393047755 tempest-VolumesSnapshotTestJSON-1393047755-project] Lock "b1ba23c4-b84e-4048-b5a4-792f4a6534b9" acquired by "nova.context.set_target_cell..get_or_set_cached_cell_and_set_connections" :: waited 0.000s {{(pid=117598) inner /usr/local/lib/python3.8/dist-packages/oslo_concurrency/lockutils.py:386}}
Apr 11 17:15:15.058045 dv-cinder-837166-2-smb devstack@n-api.service[117598]: DEBUG oslo_concurrency.lockutils [None req-e507ab78-4724-4142-8fe7-19631746a3a7 tempest-VolumesSnapshotTestJSON-1393047755 tempest-VolumesSnapshotTestJSON-1393047755-project] Lock "b1ba23c4-b84e-4048-b5a4-792f4a6534b9" "released" by "nova.context.set_target_cell..get_or_set_cached_cell_and_set_connections" :: held 0.001s {{(pid=117598) inner /usr/local/lib/python3.8/dist-packages/oslo_concurrency/lockutils.py:400}}
Apr 11 17:15:15.058826 dv-cinder-837166-2-smb devstack@n-api.service[117598]: DEBUG oslo_concurrency.lockutils [None req-e507ab78-4724-4142-8fe7-19631746a3a7 tempest-VolumesSnapshotTestJSON-1393047755 tempest-VolumesSnapshotTestJSON-1393047755-project] Lock "b1ba23c4-b84e-4048-b5a4-792f4a6534b9" acquired by "nova.context.set_target_cell..get_or_set_cached_cell_and_set_connections" :: waited 0.000s {{(pid=117598) inner /usr/local/lib/python3.8/dist-packages/oslo_concurrency/lockutils.py:386}}
Apr 11 17:15:15.059296 dv-cinder-837166-2-smb devstack@n-api.service[117598]: DEBUG oslo_concurrency.lockutils [None req-e507ab78-4724-4142-8fe7-19631746a3a7 tempest-VolumesSnapshotTestJSON-1393047755 tempest-VolumesSnapshotTestJSON-1393047755-project] Lock "b1ba23c4-b84e-4048-b5a4-792f4a6534b9" "released" by "nova.context.set_target_cell..get_or_set_cached_cell_and_set_connections" :: held 0.000s {{(pid=117598) inner /usr/local/lib/python3.8/dist-packages/oslo_concurrency/lockutils.py:400}}
Apr 11 17:15:15.073301 dv-cinder-837166-2-smb devstack@n-api.service[117597]: DEBUG nova.virt.hardware [None req-4f246a3c-c6f5-4414-a6d9-a87450fb0e23 tempest-VolumesNegativeTest-757821573 tempest-VolumesNegativeTest-757821573-project] Flavor limits 0:0:0 {{(pid=117597) get_cpu_topology_constraints /opt/stack/nova/nova/virt/hardware.py:343}}
Apr 11 17:15:15.073723 dv-cinder-837166-2-smb devstack@n-api.service[117597]: DEBUG nova.virt.hardware [None req-4f246a3c-c6f5-4414-a6d9-a87450fb0e23 tempest-VolumesNegativeTest-757821573 tempest-VolumesNegativeTest-757821573-project] Image limits 0:0:0 {{(pid=117597) get_cpu_topology_constraints /opt/stack/nova/nova/virt/hardware.py:347}}
Apr 11 17:15:15.074185 dv-cinder-837166-2-smb devstack@n-api.service[117597]: DEBUG nova.virt.hardware [None req-4f246a3c-c6f5-4414-a6d9-a87450fb0e23 tempest-VolumesNegativeTest-757821573 tempest-VolumesNegativeTest-757821573-project] Flavor pref 0:0:0 {{(pid=117597) get_cpu_topology_constraints /opt/stack/nova/nova/virt/hardware.py:383}}
Apr 11 17:15:15.074614 dv-cinder-837166-2-smb devstack@n-api.service[117597]: DEBUG nova.virt.hardware [None req-4f246a3c-c6f5-4414-a6d9-a87450fb0e23 tempest-VolumesNegativeTest-757821573 tempest-VolumesNegativeTest-757821573-project] Image pref 0:0:0 {{(pid=117597) get_cpu_topology_constraints /opt/stack/nova/nova/virt/hardware.py:387}}
Apr 11 17:15:15.075042 dv-cinder-837166-2-smb devstack@n-api.service[117597]: DEBUG nova.virt.hardware [None req-4f246a3c-c6f5-4414-a6d9-a87450fb0e23 tempest-VolumesNegativeTest-757821573 tempest-VolumesNegativeTest-757821573-project] Chose sockets=0, cores=0, threads=0; limits were sockets=65536, cores=65536, threads=65536 {{(pid=117597) get_cpu_topology_constraints /opt/stack/nova/nova/virt/hardware.py:425}}
Apr 11 17:15:15.084852 dv-cinder-837166-2-smb devstack@n-api.service[117597]: DEBUG oslo_concurrency.lockutils [None req-4f246a3c-c6f5-4414-a6d9-a87450fb0e23 tempest-VolumesNegativeTest-757821573 tempest-VolumesNegativeTest-757821573-project] Lock "00000000-0000-0000-0000-000000000000" acquired by "nova.context.set_target_cell..get_or_set_cached_cell_and_set_connections" :: waited 0.000s {{(pid=117597) inner /usr/local/lib/python3.8/dist-packages/oslo_concurrency/lockutils.py:386}}
Apr 11 17:15:15.085287 dv-cinder-837166-2-smb devstack@n-api.service[117597]: DEBUG oslo_concurrency.lockutils [None req-4f246a3c-c6f5-4414-a6d9-a87450fb0e23 tempest-VolumesNegativeTest-757821573 tempest-VolumesNegativeTest-757821573-project] Lock "00000000-0000-0000-0000-000000000000" "released" by "nova.context.set_target_cell..get_or_set_cached_cell_and_set_connections" :: held 0.001s {{(pid=117597) inner /usr/local/lib/python3.8/dist-packages/oslo_concurrency/lockutils.py:400}}
Apr 11 17:15:15.086071 dv-cinder-837166-2-smb devstack@n-api.service[117597]: DEBUG oslo_concurrency.lockutils [None req-4f246a3c-c6f5-4414-a6d9-a87450fb0e23 tempest-VolumesNegativeTest-757821573 tempest-VolumesNegativeTest-757821573-project] Lock "b1ba23c4-b84e-4048-b5a4-792f4a6534b9" acquired by "nova.context.set_target_cell..get_or_set_cached_cell_and_set_connections" :: waited 0.000s {{(pid=117597) inner /usr/local/lib/python3.8/dist-packages/oslo_concurrency/lockutils.py:386}}
Apr 11 17:15:15.086496 dv-cinder-837166-2-smb devstack@n-api.service[117597]: DEBUG oslo_concurrency.lockutils [None req-4f246a3c-c6f5-4414-a6d9-a87450fb0e23 tempest-VolumesNegativeTest-757821573 tempest-VolumesNegativeTest-757821573-project] Lock "b1ba23c4-b84e-4048-b5a4-792f4a6534b9" "released" by "nova.context.set_target_cell..get_or_set_cached_cell_and_set_connections" :: held 0.000s {{(pid=117597) inner /usr/local/lib/python3.8/dist-packages/oslo_concurrency/lockutils.py:400}}
Apr 11 17:15:15.103808 dv-cinder-837166-2-smb devstack@n-api.service[117597]: DEBUG nova.quota [None req-4f246a3c-c6f5-4414-a6d9-a87450fb0e23 tempest-VolumesNegativeTest-757821573 tempest-VolumesNegativeTest-757821573-project] Getting quotas for project 49e2e356775441f591ad87838b8f2483. Resources: {'instances', 'cores', 'ram'} {{(pid=117597) _get_quotas /opt/stack/nova/nova/quota.py:393}}
Apr 11 17:15:15.107527 dv-cinder-837166-2-smb devstack@n-api.service[117597]: DEBUG nova.quota [None req-4f246a3c-c6f5-4414-a6d9-a87450fb0e23 tempest-VolumesNegativeTest-757821573 tempest-VolumesNegativeTest-757821573-project] Getting quotas for user f583fb5dde7b48e2b6f2ef3385d933e5 and project 49e2e356775441f591ad87838b8f2483. Resources: {'instances', 'cores', 'ram'} {{(pid=117597) _get_quotas /opt/stack/nova/nova/quota.py:383}}
Apr 11 17:15:15.120328 dv-cinder-837166-2-smb devstack@n-api.service[117597]: DEBUG nova.compute.api [None req-4f246a3c-c6f5-4414-a6d9-a87450fb0e23 tempest-VolumesNegativeTest-757821573 tempest-VolumesNegativeTest-757821573-project] Going to run 1 instances... {{(pid=117597) _provision_instances /opt/stack/nova/nova/compute/api.py:1389}}
Apr 11 17:15:15.122443 dv-cinder-837166-2-smb devstack@n-api.service[117597]: DEBUG nova.compute.api [None req-4f246a3c-c6f5-4414-a6d9-a87450fb0e23 tempest-VolumesNegativeTest-757821573 tempest-VolumesNegativeTest-757821573-project] [instance: b666aa2c-c72f-4f84-b478-78f547a61d72] block_device_mapping [BlockDeviceMapping(attachment_id=,boot_index=0,connection_info=None,created_at=,delete_on_termination=True,deleted=,deleted_at=,destination_type='local',device_name=None,device_type='disk',disk_bus=None,guest_format=None,id=,image_id='2ef41d25-4339-4f71-961e-902be6f1e7dc',instance=,instance_uuid=,no_device=False,snapshot_id=None,source_type='image',tag=None,updated_at=,uuid=,volume_id=None,volume_size=None,volume_type=None)] {{(pid=117597) _bdm_validate_set_size_and_instance /opt/stack/nova/nova/compute/api.py:1807}}
Apr 11 17:15:15.204859 dv-cinder-837166-2-smb devstack@n-api.service[117598]: DEBUG nova.policy [None req-e507ab78-4724-4142-8fe7-19631746a3a7 tempest-VolumesSnapshotTestJSON-1393047755 tempest-VolumesSnapshotTestJSON-1393047755-project] Policy check for os_compute_api:os-extended-server-attributes failed with credentials {'is_admin': False, 'user_id': '88cdbb5cbfdb434a93b992960af1f4dd', 'user_domain_id': 'default', 'system_scope': None, 'domain_id': None, 'project_id': '094138a24f96438a85bd190a82278aa1', 'project_domain_id': 'default', 'roles': ['member', 'reader'], 'is_admin_project': True, 'service_user_id': None, 'service_user_domain_id': None, 'service_project_id': None, 'service_project_domain_id': None, 'service_roles': []} {{(pid=117598) authorize /opt/stack/nova/nova/policy.py:199}}
Apr 11 17:15:15.214531 dv-cinder-837166-2-smb devstack@n-api.service[117598]: INFO nova.api.openstack.requestlog [None req-e507ab78-4724-4142-8fe7-19631746a3a7 tempest-VolumesSnapshotTestJSON-1393047755 tempest-VolumesSnapshotTestJSON-1393047755-project] 10.222.0.71 "GET /compute/v2.1/servers/b2990a46-5dda-40e8-b457-123b141dc9de" status: 200 len: 1319 microversion: 2.1 time: 0.167882
Apr 11 17:15:15.215204 dv-cinder-837166-2-smb devstack@n-api.service[117598]: [pid: 117598|app: 0|req: 94/190] 10.222.0.71 () {58 vars in 1235 bytes} [Mon Apr 11 17:15:15 2022] GET /compute/v2.1/servers/b2990a46-5dda-40e8-b457-123b141dc9de => generated 1319 bytes in 169 msecs (HTTP/1.1 200) 9 headers in 358 bytes (1 switches on core 0)
Apr 11 17:15:15.220386 dv-cinder-837166-2-smb devstack@n-api.service[117598]: DEBUG nova.api.openstack.wsgi [None req-bd908e06-e41b-4caf-9bcf-019ce7c5790a tempest-AttachVolumeTestJSON-1473650398 tempest-AttachVolumeTestJSON-1473650398-project] Calling method '>' {{(pid=117598) _process_stack /opt/stack/nova/nova/api/openstack/wsgi.py:513}}
Apr 11 17:15:15.221226 dv-cinder-837166-2-smb devstack@n-api.service[117598]: DEBUG nova.compute.api [None req-bd908e06-e41b-4caf-9bcf-019ce7c5790a tempest-AttachVolumeTestJSON-1473650398 tempest-AttachVolumeTestJSON-1473650398-project] [instance: a464f717-5398-460b-bca6-c92e770bdba7] Fetching instance by UUID {{(pid=117598) get /opt/stack/nova/nova/compute/api.py:2918}}
Apr 11 17:15:15.227279 dv-cinder-837166-2-smb devstack@n-api.service[117598]: DEBUG oslo_concurrency.lockutils [None req-bd908e06-e41b-4caf-9bcf-019ce7c5790a tempest-AttachVolumeTestJSON-1473650398 tempest-AttachVolumeTestJSON-1473650398-project] Lock "b1ba23c4-b84e-4048-b5a4-792f4a6534b9" acquired by "nova.context.set_target_cell..get_or_set_cached_cell_and_set_connections" :: waited 0.000s {{(pid=117598) inner /usr/local/lib/python3.8/dist-packages/oslo_concurrency/lockutils.py:386}}
Apr 11 17:15:15.227730 dv-cinder-837166-2-smb devstack@n-api.service[117598]: DEBUG oslo_concurrency.lockutils [None req-bd908e06-e41b-4caf-9bcf-019ce7c5790a tempest-AttachVolumeTestJSON-1473650398 tempest-AttachVolumeTestJSON-1473650398-project] Lock "b1ba23c4-b84e-4048-b5a4-792f4a6534b9" "released" by "nova.context.set_target_cell..get_or_set_cached_cell_and_set_connections" :: held 0.001s {{(pid=117598) inner /usr/local/lib/python3.8/dist-packages/oslo_concurrency/lockutils.py:400}}
Apr 11 17:15:15.228503 dv-cinder-837166-2-smb devstack@n-api.service[117598]: DEBUG oslo_concurrency.lockutils [None req-bd908e06-e41b-4caf-9bcf-019ce7c5790a tempest-AttachVolumeTestJSON-1473650398 tempest-AttachVolumeTestJSON-1473650398-project] Lock "b1ba23c4-b84e-4048-b5a4-792f4a6534b9" acquired by "nova.context.set_target_cell..get_or_set_cached_cell_and_set_connections" :: waited 0.000s {{(pid=117598) inner /usr/local/lib/python3.8/dist-packages/oslo_concurrency/lockutils.py:386}}
Apr 11 17:15:15.228935 dv-cinder-837166-2-smb devstack@n-api.service[117598]: DEBUG oslo_concurrency.lockutils [None req-bd908e06-e41b-4caf-9bcf-019ce7c5790a tempest-AttachVolumeTestJSON-1473650398 tempest-AttachVolumeTestJSON-1473650398-project] Lock "b1ba23c4-b84e-4048-b5a4-792f4a6534b9" "released" by "nova.context.set_target_cell..get_or_set_cached_cell_and_set_connections" :: held 0.000s {{(pid=117598) inner /usr/local/lib/python3.8/dist-packages/oslo_concurrency/lockutils.py:400}}
Apr 11 17:15:15.236296 dv-cinder-837166-2-smb devstack@n-api.service[117597]: INFO nova.api.openstack.requestlog [None req-4f246a3c-c6f5-4414-a6d9-a87450fb0e23 tempest-VolumesNegativeTest-757821573 tempest-VolumesNegativeTest-757821573-project] 10.222.0.71 "POST /compute/v2.1/servers" status: 202 len: 380 microversion: 2.1 time: 0.509440
Apr 11 17:15:15.239296 dv-cinder-837166-2-smb devstack@n-api.service[117597]: [pid: 117597|app: 0|req: 97/191] 10.222.0.71 () {60 vars in 1146 bytes} [Mon Apr 11 17:15:14 2022] POST /compute/v2.1/servers => generated 380 bytes in 513 msecs (HTTP/1.1 202) 10 headers in 451 bytes (1 switches on core 0)
Apr 11 17:15:15.247094 dv-cinder-837166-2-smb devstack@n-api.service[117597]: DEBUG nova.api.openstack.wsgi [None req-25d6b0a7-21e1-4344-9261-49f5b7ff12b2 tempest-VolumesNegativeTest-757821573 tempest-VolumesNegativeTest-757821573-project] Calling method '>' {{(pid=117597) _process_stack /opt/stack/nova/nova/api/openstack/wsgi.py:513}}
Apr 11 17:15:15.247830 dv-cinder-837166-2-smb devstack@n-api.service[117597]: DEBUG nova.compute.api [None req-25d6b0a7-21e1-4344-9261-49f5b7ff12b2 tempest-VolumesNegativeTest-757821573 tempest-VolumesNegativeTest-757821573-project] [instance: b666aa2c-c72f-4f84-b478-78f547a61d72] Fetching instance by UUID {{(pid=117597) get /opt/stack/nova/nova/compute/api.py:2918}}
Apr 11 17:15:15.308897 dv-cinder-837166-2-smb devstack@n-api.service[117597]: DEBUG nova.policy [None req-25d6b0a7-21e1-4344-9261-49f5b7ff12b2 tempest-VolumesNegativeTest-757821573 tempest-VolumesNegativeTest-757821573-project] Policy check for os_compute_api:os-extended-server-attributes failed with credentials {'is_admin': False, 'user_id': 'f583fb5dde7b48e2b6f2ef3385d933e5', 'user_domain_id': 'default', 'system_scope': None, 'domain_id': None, 'project_id': '49e2e356775441f591ad87838b8f2483', 'project_domain_id': 'default', 'roles': ['member', 'reader'], 'is_admin_project': True, 'service_user_id': None, 'service_user_domain_id': None, 'service_project_id': None, 'service_project_domain_id': None, 'service_roles': []} {{(pid=117597) authorize /opt/stack/nova/nova/policy.py:199}}
Apr 11 17:15:15.317638 dv-cinder-837166-2-smb devstack@n-api.service[117597]: INFO nova.api.openstack.requestlog [None req-25d6b0a7-21e1-4344-9261-49f5b7ff12b2 tempest-VolumesNegativeTest-757821573 tempest-VolumesNegativeTest-757821573-project] 10.222.0.71 "GET /compute/v2.1/servers/b666aa2c-c72f-4f84-b478-78f547a61d72" status: 200 len: 1214 microversion: 2.1 time: 0.074499
Apr 11 17:15:15.318575 dv-cinder-837166-2-smb devstack@n-api.service[117597]: [pid: 117597|app: 0|req: 98/192] 10.222.0.71 () {58 vars in 1235 bytes} [Mon Apr 11 17:15:15 2022] GET /compute/v2.1/servers/b666aa2c-c72f-4f84-b478-78f547a61d72 => generated 1214 bytes in 76 msecs (HTTP/1.1 200) 9 headers in 358 bytes (1 switches on core 0)
Apr 11 17:15:15.356398 dv-cinder-837166-2-smb devstack@n-api.service[117597]: DEBUG nova.api.openstack.wsgi [None req-22bf9cc4-38ea-4bd9-9816-f9da00873240 tempest-AttachVolumeShelveTestJSON-1245832744 tempest-AttachVolumeShelveTestJSON-1245832744-project] Calling method '>' {{(pid=117597) _process_stack /opt/stack/nova/nova/api/openstack/wsgi.py:513}}
Apr 11 17:15:15.357134 dv-cinder-837166-2-smb devstack@n-api.service[117597]: DEBUG nova.compute.api [None req-22bf9cc4-38ea-4bd9-9816-f9da00873240 tempest-AttachVolumeShelveTestJSON-1245832744 tempest-AttachVolumeShelveTestJSON-1245832744-project] [instance: e09f9cba-646d-43ff-aeb7-caceb0d226a1] Fetching instance by UUID {{(pid=117597) get /opt/stack/nova/nova/compute/api.py:2918}}
Apr 11 17:15:15.363694 dv-cinder-837166-2-smb devstack@n-api.service[117597]: DEBUG oslo_concurrency.lockutils [None req-22bf9cc4-38ea-4bd9-9816-f9da00873240 tempest-AttachVolumeShelveTestJSON-1245832744 tempest-AttachVolumeShelveTestJSON-1245832744-project] Lock "b1ba23c4-b84e-4048-b5a4-792f4a6534b9" acquired by "nova.context.set_target_cell..get_or_set_cached_cell_and_set_connections" :: waited 0.000s {{(pid=117597) inner /usr/local/lib/python3.8/dist-packages/oslo_concurrency/lockutils.py:386}}
Apr 11 17:15:15.364148 dv-cinder-837166-2-smb devstack@n-api.service[117597]: DEBUG oslo_concurrency.lockutils [None req-22bf9cc4-38ea-4bd9-9816-f9da00873240 tempest-AttachVolumeShelveTestJSON-1245832744 tempest-AttachVolumeShelveTestJSON-1245832744-project] Lock "b1ba23c4-b84e-4048-b5a4-792f4a6534b9" "released" by "nova.context.set_target_cell..get_or_set_cached_cell_and_set_connections" :: held 0.001s {{(pid=117597) inner /usr/local/lib/python3.8/dist-packages/oslo_concurrency/lockutils.py:400}}
Apr 11 17:15:15.364991 dv-cinder-837166-2-smb devstack@n-api.service[117597]: DEBUG oslo_concurrency.lockutils [None req-22bf9cc4-38ea-4bd9-9816-f9da00873240 tempest-AttachVolumeShelveTestJSON-1245832744 tempest-AttachVolumeShelveTestJSON-1245832744-project] Lock "b1ba23c4-b84e-4048-b5a4-792f4a6534b9" acquired by "nova.context.set_target_cell..get_or_set_cached_cell_and_set_connections" :: waited 0.000s {{(pid=117597) inner /usr/local/lib/python3.8/dist-packages/oslo_concurrency/lockutils.py:386}}
Apr 11 17:15:15.365427 dv-cinder-837166-2-smb devstack@n-api.service[117597]: DEBUG oslo_concurrency.lockutils [None req-22bf9cc4-38ea-4bd9-9816-f9da00873240 tempest-AttachVolumeShelveTestJSON-1245832744 tempest-AttachVolumeShelveTestJSON-1245832744-project] Lock "b1ba23c4-b84e-4048-b5a4-792f4a6534b9" "released" by "nova.context.set_target_cell..get_or_set_cached_cell_and_set_connections" :: held 0.000s {{(pid=117597) inner /usr/local/lib/python3.8/dist-packages/oslo_concurrency/lockutils.py:400}}
Apr 11 17:15:15.387266 dv-cinder-837166-2-smb devstack@n-api.service[117598]: DEBUG nova.policy [None req-bd908e06-e41b-4caf-9bcf-019ce7c5790a tempest-AttachVolumeTestJSON-1473650398 tempest-AttachVolumeTestJSON-1473650398-project] Policy check for os_compute_api:os-extended-server-attributes failed with credentials {'is_admin': False, 'user_id': '0cdfa741c8a34a2b8262060ff6902d3f', 'user_domain_id': 'default', 'system_scope': None, 'domain_id': None, 'project_id': 'd683f94da6f64242a424602b2fc94f80', 'project_domain_id': 'default', 'roles': ['member', 'reader'], 'is_admin_project': True, 'service_user_id': None, 'service_user_domain_id': None, 'service_project_id': None, 'service_project_domain_id': None, 'service_roles': []} {{(pid=117598) authorize /opt/stack/nova/nova/policy.py:199}}
Apr 11 17:15:15.396919 dv-cinder-837166-2-smb devstack@n-api.service[117598]: INFO nova.api.openstack.requestlog [None req-bd908e06-e41b-4caf-9bcf-019ce7c5790a tempest-AttachVolumeTestJSON-1473650398 tempest-AttachVolumeTestJSON-1473650398-project] 10.222.0.71 "GET /compute/v2.1/servers/a464f717-5398-460b-bca6-c92e770bdba7" status: 200 len: 1723 microversion: 2.1 time: 0.180347
Apr 11 17:15:15.406056 dv-cinder-837166-2-smb devstack@n-api.service[117598]: [pid: 117598|app: 0|req: 95/193] 10.222.0.71 () {58 vars in 1235 bytes} [Mon Apr 11 17:15:15 2022] GET /compute/v2.1/servers/a464f717-5398-460b-bca6-c92e770bdba7 => generated 1723 bytes in 182 msecs (HTTP/1.1 200) 9 headers in 358 bytes (1 switches on core 0)
Apr 11 17:15:15.547403 dv-cinder-837166-2-smb devstack@n-api.service[117597]: DEBUG nova.policy [None req-22bf9cc4-38ea-4bd9-9816-f9da00873240 tempest-AttachVolumeShelveTestJSON-1245832744 tempest-AttachVolumeShelveTestJSON-1245832744-project] Policy check for os_compute_api:os-extended-server-attributes failed with credentials {'is_admin': False, 'user_id': '8464647bf9da4e4c87c2404d5a5f3464', 'user_domain_id': 'default', 'system_scope': None, 'domain_id': None, 'project_id': 'b7b4f4c460cf4dd99824aa9d511327d3', 'project_domain_id': 'default', 'roles': ['member', 'reader'], 'is_admin_project': True, 'service_user_id': None, 'service_user_domain_id': None, 'service_project_id': None, 'service_project_domain_id': None, 'service_roles': []} {{(pid=117597) authorize /opt/stack/nova/nova/policy.py:199}}
Apr 11 17:15:15.556774 dv-cinder-837166-2-smb devstack@n-api.service[117597]: DEBUG nova.policy [None req-22bf9cc4-38ea-4bd9-9816-f9da00873240 tempest-AttachVolumeShelveTestJSON-1245832744 tempest-AttachVolumeShelveTestJSON-1245832744-project] Policy check for os_compute_api:servers:show:host_status failed with credentials {'is_admin': False, 'user_id': '8464647bf9da4e4c87c2404d5a5f3464', 'user_domain_id': 'default', 'system_scope': None, 'domain_id': None, 'project_id': 'b7b4f4c460cf4dd99824aa9d511327d3', 'project_domain_id': 'default', 'roles': ['member', 'reader'], 'is_admin_project': True, 'service_user_id': None, 'service_user_domain_id': None, 'service_project_id': None, 'service_project_domain_id': None, 'service_roles': []} {{(pid=117597) authorize /opt/stack/nova/nova/policy.py:199}}
Apr 11 17:15:15.558268 dv-cinder-837166-2-smb devstack@n-api.service[117597]: DEBUG nova.policy [None req-22bf9cc4-38ea-4bd9-9816-f9da00873240 tempest-AttachVolumeShelveTestJSON-1245832744 tempest-AttachVolumeShelveTestJSON-1245832744-project] Policy check for os_compute_api:servers:show:host_status:unknown-only failed with credentials {'is_admin': False, 'user_id': '8464647bf9da4e4c87c2404d5a5f3464', 'user_domain_id': 'default', 'system_scope': None, 'domain_id': None, 'project_id': 'b7b4f4c460cf4dd99824aa9d511327d3', 'project_domain_id': 'default', 'roles': ['member', 'reader'], 'is_admin_project': True, 'service_user_id': None, 'service_user_domain_id': None, 'service_project_id': None, 'service_project_domain_id': None, 'service_roles': []} {{(pid=117597) authorize /opt/stack/nova/nova/policy.py:199}}
Apr 11 17:15:15.559628 dv-cinder-837166-2-smb devstack@n-api.service[117597]: INFO nova.api.openstack.requestlog [None req-22bf9cc4-38ea-4bd9-9816-f9da00873240 tempest-AttachVolumeShelveTestJSON-1245832744 tempest-AttachVolumeShelveTestJSON-1245832744-project] 10.222.0.71 "GET /compute/v2.1/servers/e09f9cba-646d-43ff-aeb7-caceb0d226a1" status: 200 len: 1725 microversion: 2.20 time: 0.207234
Apr 11 17:15:15.560379 dv-cinder-837166-2-smb devstack@n-api.service[117597]: [pid: 117597|app: 0|req: 99/194] 10.222.0.71 () {60 vars in 1276 bytes} [Mon Apr 11 17:15:15 2022] GET /compute/v2.1/servers/e09f9cba-646d-43ff-aeb7-caceb0d226a1 => generated 1725 bytes in 209 msecs (HTTP/1.1 200) 9 headers in 360 bytes (2 switches on core 0)
Apr 11 17:15:15.674660 dv-cinder-837166-2-smb devstack@n-api.service[117598]: DEBUG nova.api.openstack.wsgi [None req-859749c8-813b-4336-a3eb-470807bce807 tempest-AttachVolumeNegativeTest-905249283 tempest-AttachVolumeNegativeTest-905249283-project] Calling method '>' {{(pid=117598) _process_stack /opt/stack/nova/nova/api/openstack/wsgi.py:513}}
Apr 11 17:15:15.675316 dv-cinder-837166-2-smb devstack@n-api.service[117598]: DEBUG nova.compute.api [None req-859749c8-813b-4336-a3eb-470807bce807 tempest-AttachVolumeNegativeTest-905249283 tempest-AttachVolumeNegativeTest-905249283-project] [instance: cefffe07-a7c7-418a-96c1-9bcb721d79b2] Fetching instance by UUID {{(pid=117598) get /opt/stack/nova/nova/compute/api.py:2918}}
Apr 11 17:15:15.681823 dv-cinder-837166-2-smb devstack@n-api.service[117598]: DEBUG oslo_concurrency.lockutils [None req-859749c8-813b-4336-a3eb-470807bce807 tempest-AttachVolumeNegativeTest-905249283 tempest-AttachVolumeNegativeTest-905249283-project] Lock "b1ba23c4-b84e-4048-b5a4-792f4a6534b9" acquired by "nova.context.set_target_cell..get_or_set_cached_cell_and_set_connections" :: waited 0.000s {{(pid=117598) inner /usr/local/lib/python3.8/dist-packages/oslo_concurrency/lockutils.py:386}}
Apr 11 17:15:15.682321 dv-cinder-837166-2-smb devstack@n-api.service[117598]: DEBUG oslo_concurrency.lockutils [None req-859749c8-813b-4336-a3eb-470807bce807 tempest-AttachVolumeNegativeTest-905249283 tempest-AttachVolumeNegativeTest-905249283-project] Lock "b1ba23c4-b84e-4048-b5a4-792f4a6534b9" "released" by "nova.context.set_target_cell..get_or_set_cached_cell_and_set_connections" :: held 0.001s {{(pid=117598) inner /usr/local/lib/python3.8/dist-packages/oslo_concurrency/lockutils.py:400}}
Apr 11 17:15:15.683225 dv-cinder-837166-2-smb devstack@n-api.service[117598]: DEBUG oslo_concurrency.lockutils [None req-859749c8-813b-4336-a3eb-470807bce807 tempest-AttachVolumeNegativeTest-905249283 tempest-AttachVolumeNegativeTest-905249283-project] Lock "b1ba23c4-b84e-4048-b5a4-792f4a6534b9" acquired by "nova.context.set_target_cell..get_or_set_cached_cell_and_set_connections" :: waited 0.000s {{(pid=117598) inner /usr/local/lib/python3.8/dist-packages/oslo_concurrency/lockutils.py:386}}
Apr 11 17:15:15.683715 dv-cinder-837166-2-smb devstack@n-api.service[117598]: DEBUG oslo_concurrency.lockutils [None req-859749c8-813b-4336-a3eb-470807bce807 tempest-AttachVolumeNegativeTest-905249283 tempest-AttachVolumeNegativeTest-905249283-project] Lock "b1ba23c4-b84e-4048-b5a4-792f4a6534b9" "released" by "nova.context.set_target_cell..get_or_set_cached_cell_and_set_connections" :: held 0.000s {{(pid=117598) inner /usr/local/lib/python3.8/dist-packages/oslo_concurrency/lockutils.py:400}}
Apr 11 17:15:15.732335 dv-cinder-837166-2-smb devstack@n-api.service[117597]: DEBUG nova.api.openstack.wsgi [None req-c478c437-d677-4e2a-9516-d254c0ec10d5 tempest-ServerRescueNegativeTestJSON-1098138825 tempest-ServerRescueNegativeTestJSON-1098138825-project] Calling method '>' {{(pid=117597) _process_stack /opt/stack/nova/nova/api/openstack/wsgi.py:513}}
Apr 11 17:15:15.733326 dv-cinder-837166-2-smb devstack@n-api.service[117597]: DEBUG nova.compute.api [None req-c478c437-d677-4e2a-9516-d254c0ec10d5 tempest-ServerRescueNegativeTestJSON-1098138825 tempest-ServerRescueNegativeTestJSON-1098138825-project] [instance: 393332fb-84f0-497b-861a-41e240aec70b] Fetching instance by UUID {{(pid=117597) get /opt/stack/nova/nova/compute/api.py:2918}}
Apr 11 17:15:15.746230 dv-cinder-837166-2-smb devstack@n-api.service[117597]: DEBUG oslo_concurrency.lockutils [None req-c478c437-d677-4e2a-9516-d254c0ec10d5 tempest-ServerRescueNegativeTestJSON-1098138825 tempest-ServerRescueNegativeTestJSON-1098138825-project] Lock "b1ba23c4-b84e-4048-b5a4-792f4a6534b9" acquired by "nova.context.set_target_cell..get_or_set_cached_cell_and_set_connections" :: waited 0.000s {{(pid=117597) inner /usr/local/lib/python3.8/dist-packages/oslo_concurrency/lockutils.py:386}}
Apr 11 17:15:15.747073 dv-cinder-837166-2-smb devstack@n-api.service[117597]: DEBUG oslo_concurrency.lockutils [None req-c478c437-d677-4e2a-9516-d254c0ec10d5 tempest-ServerRescueNegativeTestJSON-1098138825 tempest-ServerRescueNegativeTestJSON-1098138825-project] Lock "b1ba23c4-b84e-4048-b5a4-792f4a6534b9" "released" by "nova.context.set_target_cell..get_or_set_cached_cell_and_set_connections" :: held 0.002s {{(pid=117597) inner /usr/local/lib/python3.8/dist-packages/oslo_concurrency/lockutils.py:400}}
Apr 11 17:15:15.748341 dv-cinder-837166-2-smb devstack@n-api.service[117597]: DEBUG oslo_concurrency.lockutils [None req-c478c437-d677-4e2a-9516-d254c0ec10d5 tempest-ServerRescueNegativeTestJSON-1098138825 tempest-ServerRescueNegativeTestJSON-1098138825-project] Lock "b1ba23c4-b84e-4048-b5a4-792f4a6534b9" acquired by "nova.context.set_target_cell..get_or_set_cached_cell_and_set_connections" :: waited 0.000s {{(pid=117597) inner /usr/local/lib/python3.8/dist-packages/oslo_concurrency/lockutils.py:386}}
Apr 11 17:15:15.748858 dv-cinder-837166-2-smb devstack@n-api.service[117597]: DEBUG oslo_concurrency.lockutils [None req-c478c437-d677-4e2a-9516-d254c0ec10d5 tempest-ServerRescueNegativeTestJSON-1098138825 tempest-ServerRescueNegativeTestJSON-1098138825-project] Lock "b1ba23c4-b84e-4048-b5a4-792f4a6534b9" "released" by "nova.context.set_target_cell..get_or_set_cached_cell_and_set_connections" :: held 0.001s {{(pid=117597) inner /usr/local/lib/python3.8/dist-packages/oslo_concurrency/lockutils.py:400}}
Apr 11 17:15:15.905044 dv-cinder-837166-2-smb devstack@n-api.service[117597]: DEBUG nova.policy [None req-c478c437-d677-4e2a-9516-d254c0ec10d5 tempest-ServerRescueNegativeTestJSON-1098138825 tempest-ServerRescueNegativeTestJSON-1098138825-project] Policy check for os_compute_api:os-extended-server-attributes failed with credentials {'is_admin': False, 'user_id': '0567249a08514d5e85532b897d3fbeb4', 'user_domain_id': 'default', 'system_scope': None, 'domain_id': None, 'project_id': 'bf86c9b36c5941dcb9cf48527a55e42c', 'project_domain_id': 'default', 'roles': ['member', 'reader'], 'is_admin_project': True, 'service_user_id': None, 'service_user_domain_id': None, 'service_project_id': None, 'service_project_domain_id': None, 'service_roles': []} {{(pid=117597) authorize /opt/stack/nova/nova/policy.py:199}}
Apr 11 17:15:15.912717 dv-cinder-837166-2-smb devstack@n-api.service[117597]: INFO nova.api.openstack.requestlog [None req-c478c437-d677-4e2a-9516-d254c0ec10d5 tempest-ServerRescueNegativeTestJSON-1098138825 tempest-ServerRescueNegativeTestJSON-1098138825-project] 10.222.0.71 "GET /compute/v2.1/servers/393332fb-84f0-497b-861a-41e240aec70b" status: 200 len: 1523 microversion: 2.1 time: 0.184368
Apr 11 17:15:15.913379 dv-cinder-837166-2-smb devstack@n-api.service[117597]: [pid: 117597|app: 0|req: 100/195] 10.222.0.71 () {58 vars in 1235 bytes} [Mon Apr 11 17:15:15 2022] GET /compute/v2.1/servers/393332fb-84f0-497b-861a-41e240aec70b => generated 1523 bytes in 186 msecs (HTTP/1.1 200) 9 headers in 358 bytes (2 switches on core 0)
Apr 11 17:15:15.962325 dv-cinder-837166-2-smb devstack@n-api.service[117598]: DEBUG nova.policy [None req-859749c8-813b-4336-a3eb-470807bce807 tempest-AttachVolumeNegativeTest-905249283 tempest-AttachVolumeNegativeTest-905249283-project] Policy check for os_compute_api:os-extended-server-attributes failed with credentials {'is_admin': False, 'user_id': 'ecb31b606f1d498480443061ad095b63', 'user_domain_id': 'default', 'system_scope': None, 'domain_id': None, 'project_id': 'a50a69a66b0e4af68c4feb8b0089cac6', 'project_domain_id': 'default', 'roles': ['member', 'reader'], 'is_admin_project': True, 'service_user_id': None, 'service_user_domain_id': None, 'service_project_id': None, 'service_project_domain_id': None, 'service_roles': []} {{(pid=117598) authorize /opt/stack/nova/nova/policy.py:199}}
Apr 11 17:15:15.976839 dv-cinder-837166-2-smb devstack@n-api.service[117598]: INFO nova.api.openstack.requestlog [None req-859749c8-813b-4336-a3eb-470807bce807 tempest-AttachVolumeNegativeTest-905249283 tempest-AttachVolumeNegativeTest-905249283-project] 10.222.0.71 "GET /compute/v2.1/servers/cefffe07-a7c7-418a-96c1-9bcb721d79b2" status: 200 len: 1367 microversion: 2.1 time: 0.305950
Apr 11 17:15:15.977429 dv-cinder-837166-2-smb devstack@n-api.service[117598]: [pid: 117598|app: 0|req: 96/196] 10.222.0.71 () {58 vars in 1235 bytes} [Mon Apr 11 17:15:15 2022] GET /compute/v2.1/servers/cefffe07-a7c7-418a-96c1-9bcb721d79b2 => generated 1367 bytes in 307 msecs (HTTP/1.1 200) 9 headers in 358 bytes (1 switches on core 0)
Apr 11 17:15:16.231939 dv-cinder-837166-2-smb devstack@n-api.service[117597]: DEBUG nova.api.openstack.wsgi [None req-0e20d92f-13df-4dfc-9ec2-1f0e6ffd7538 tempest-VolumesSnapshotTestJSON-1393047755 tempest-VolumesSnapshotTestJSON-1393047755-project] Calling method '>' {{(pid=117597) _process_stack /opt/stack/nova/nova/api/openstack/wsgi.py:513}}
Apr 11 17:15:16.233003 dv-cinder-837166-2-smb devstack@n-api.service[117597]: DEBUG nova.compute.api [None req-0e20d92f-13df-4dfc-9ec2-1f0e6ffd7538 tempest-VolumesSnapshotTestJSON-1393047755 tempest-VolumesSnapshotTestJSON-1393047755-project] [instance: b2990a46-5dda-40e8-b457-123b141dc9de] Fetching instance by UUID {{(pid=117597) get /opt/stack/nova/nova/compute/api.py:2918}}
Apr 11 17:15:16.242694 dv-cinder-837166-2-smb devstack@n-api.service[117597]: DEBUG oslo_concurrency.lockutils [None req-0e20d92f-13df-4dfc-9ec2-1f0e6ffd7538 tempest-VolumesSnapshotTestJSON-1393047755 tempest-VolumesSnapshotTestJSON-1393047755-project] Lock "b1ba23c4-b84e-4048-b5a4-792f4a6534b9" acquired by "nova.context.set_target_cell..get_or_set_cached_cell_and_set_connections" :: waited 0.000s {{(pid=117597) inner /usr/local/lib/python3.8/dist-packages/oslo_concurrency/lockutils.py:386}}
Apr 11 17:15:16.243358 dv-cinder-837166-2-smb devstack@n-api.service[117597]: DEBUG oslo_concurrency.lockutils [None req-0e20d92f-13df-4dfc-9ec2-1f0e6ffd7538 tempest-VolumesSnapshotTestJSON-1393047755 tempest-VolumesSnapshotTestJSON-1393047755-project] Lock "b1ba23c4-b84e-4048-b5a4-792f4a6534b9" "released" by "nova.context.set_target_cell..get_or_set_cached_cell_and_set_connections" :: held 0.001s {{(pid=117597) inner /usr/local/lib/python3.8/dist-packages/oslo_concurrency/lockutils.py:400}}
Apr 11 17:15:16.244117 dv-cinder-837166-2-smb devstack@n-api.service[117597]: DEBUG oslo_concurrency.lockutils [None req-0e20d92f-13df-4dfc-9ec2-1f0e6ffd7538 tempest-VolumesSnapshotTestJSON-1393047755 tempest-VolumesSnapshotTestJSON-1393047755-project] Lock "b1ba23c4-b84e-4048-b5a4-792f4a6534b9" acquired by "nova.context.set_target_cell..get_or_set_cached_cell_and_set_connections" :: waited 0.000s {{(pid=117597) inner /usr/local/lib/python3.8/dist-packages/oslo_concurrency/lockutils.py:386}}
Apr 11 17:15:16.244741 dv-cinder-837166-2-smb devstack@n-api.service[117597]: DEBUG oslo_concurrency.lockutils [None req-0e20d92f-13df-4dfc-9ec2-1f0e6ffd7538 tempest-VolumesSnapshotTestJSON-1393047755 tempest-VolumesSnapshotTestJSON-1393047755-project] Lock "b1ba23c4-b84e-4048-b5a4-792f4a6534b9" "released" by "nova.context.set_target_cell..get_or_set_cached_cell_and_set_connections" :: held 0.001s {{(pid=117597) inner /usr/local/lib/python3.8/dist-packages/oslo_concurrency/lockutils.py:400}}
Apr 11 17:15:16.335144 dv-cinder-837166-2-smb devstack@n-api.service[117598]: DEBUG nova.api.openstack.wsgi [None req-541ab049-c576-4b1d-89ff-d834364146f9 tempest-VolumesNegativeTest-757821573 tempest-VolumesNegativeTest-757821573-project] Calling method '>' {{(pid=117598) _process_stack /opt/stack/nova/nova/api/openstack/wsgi.py:513}}
Apr 11 17:15:16.335846 dv-cinder-837166-2-smb devstack@n-api.service[117598]: DEBUG nova.compute.api [None req-541ab049-c576-4b1d-89ff-d834364146f9 tempest-VolumesNegativeTest-757821573 tempest-VolumesNegativeTest-757821573-project] [instance: b666aa2c-c72f-4f84-b478-78f547a61d72] Fetching instance by UUID {{(pid=117598) get /opt/stack/nova/nova/compute/api.py:2918}}
Apr 11 17:15:16.387513 dv-cinder-837166-2-smb devstack@n-api.service[117597]: DEBUG nova.policy [None req-0e20d92f-13df-4dfc-9ec2-1f0e6ffd7538 tempest-VolumesSnapshotTestJSON-1393047755 tempest-VolumesSnapshotTestJSON-1393047755-project] Policy check for os_compute_api:os-extended-server-attributes failed with credentials {'is_admin': False, 'user_id': '88cdbb5cbfdb434a93b992960af1f4dd', 'user_domain_id': 'default', 'system_scope': None, 'domain_id': None, 'project_id': '094138a24f96438a85bd190a82278aa1', 'project_domain_id': 'default', 'roles': ['member', 'reader'], 'is_admin_project': True, 'service_user_id': None, 'service_user_domain_id': None, 'service_project_id': None, 'service_project_domain_id': None, 'service_roles': []} {{(pid=117597) authorize /opt/stack/nova/nova/policy.py:199}}
Apr 11 17:15:16.397175 dv-cinder-837166-2-smb devstack@n-api.service[117597]: INFO nova.api.openstack.requestlog [None req-0e20d92f-13df-4dfc-9ec2-1f0e6ffd7538 tempest-VolumesSnapshotTestJSON-1393047755 tempest-VolumesSnapshotTestJSON-1393047755-project] 10.222.0.71 "GET /compute/v2.1/servers/b2990a46-5dda-40e8-b457-123b141dc9de" status: 200 len: 1508 microversion: 2.1 time: 0.169367
Apr 11 17:15:16.399110 dv-cinder-837166-2-smb devstack@n-api.service[117597]: [pid: 117597|app: 0|req: 101/197] 10.222.0.71 () {58 vars in 1235 bytes} [Mon Apr 11 17:15:16 2022] GET /compute/v2.1/servers/b2990a46-5dda-40e8-b457-123b141dc9de => generated 1508 bytes in 172 msecs (HTTP/1.1 200) 9 headers in 358 bytes (1 switches on core 0)
Apr 11 17:15:16.406220 dv-cinder-837166-2-smb devstack@n-api.service[117598]: DEBUG nova.policy [None req-541ab049-c576-4b1d-89ff-d834364146f9 tempest-VolumesNegativeTest-757821573 tempest-VolumesNegativeTest-757821573-project] Policy check for os_compute_api:os-extended-server-attributes failed with credentials {'is_admin': False, 'user_id': 'f583fb5dde7b48e2b6f2ef3385d933e5', 'user_domain_id': 'default', 'system_scope': None, 'domain_id': None, 'project_id': '49e2e356775441f591ad87838b8f2483', 'project_domain_id': 'default', 'roles': ['member', 'reader'], 'is_admin_project': True, 'service_user_id': None, 'service_user_domain_id': None, 'service_project_id': None, 'service_project_domain_id': None, 'service_roles': []} {{(pid=117598) authorize /opt/stack/nova/nova/policy.py:199}}
Apr 11 17:15:16.414384 dv-cinder-837166-2-smb devstack@n-api.service[117598]: INFO nova.api.openstack.requestlog [None req-541ab049-c576-4b1d-89ff-d834364146f9 tempest-VolumesNegativeTest-757821573 tempest-VolumesNegativeTest-757821573-project] 10.222.0.71 "GET /compute/v2.1/servers/b666aa2c-c72f-4f84-b478-78f547a61d72" status: 200 len: 1214 microversion: 2.1 time: 0.083563
Apr 11 17:15:16.415247 dv-cinder-837166-2-smb devstack@n-api.service[117598]: [pid: 117598|app: 0|req: 97/198] 10.222.0.71 () {58 vars in 1235 bytes} [Mon Apr 11 17:15:16 2022] GET /compute/v2.1/servers/b666aa2c-c72f-4f84-b478-78f547a61d72 => generated 1214 bytes in 85 msecs (HTTP/1.1 200) 9 headers in 358 bytes (1 switches on core 0)
Apr 11 17:15:16.420021 dv-cinder-837166-2-smb devstack@n-api.service[117597]: DEBUG nova.api.openstack.wsgi [None req-800976a3-f3f5-47a0-8027-12714fdff6bf tempest-AttachVolumeTestJSON-1473650398 tempest-AttachVolumeTestJSON-1473650398-project] Calling method '>' {{(pid=117597) _process_stack /opt/stack/nova/nova/api/openstack/wsgi.py:513}}
Apr 11 17:15:16.420651 dv-cinder-837166-2-smb devstack@n-api.service[117597]: DEBUG nova.compute.api [None req-800976a3-f3f5-47a0-8027-12714fdff6bf tempest-AttachVolumeTestJSON-1473650398 tempest-AttachVolumeTestJSON-1473650398-project] [instance: a464f717-5398-460b-bca6-c92e770bdba7] Fetching instance by UUID {{(pid=117597) get /opt/stack/nova/nova/compute/api.py:2918}}
Apr 11 17:15:16.430800 dv-cinder-837166-2-smb devstack@n-api.service[117597]: DEBUG oslo_concurrency.lockutils [None req-800976a3-f3f5-47a0-8027-12714fdff6bf tempest-AttachVolumeTestJSON-1473650398 tempest-AttachVolumeTestJSON-1473650398-project] Lock "b1ba23c4-b84e-4048-b5a4-792f4a6534b9" acquired by "nova.context.set_target_cell..get_or_set_cached_cell_and_set_connections" :: waited 0.000s {{(pid=117597) inner /usr/local/lib/python3.8/dist-packages/oslo_concurrency/lockutils.py:386}}
Apr 11 17:15:16.430800 dv-cinder-837166-2-smb devstack@n-api.service[117597]: DEBUG oslo_concurrency.lockutils [None req-800976a3-f3f5-47a0-8027-12714fdff6bf tempest-AttachVolumeTestJSON-1473650398 tempest-AttachVolumeTestJSON-1473650398-project] Lock "b1ba23c4-b84e-4048-b5a4-792f4a6534b9" "released" by "nova.context.set_target_cell..get_or_set_cached_cell_and_set_connections" :: held 0.001s {{(pid=117597) inner /usr/local/lib/python3.8/dist-packages/oslo_concurrency/lockutils.py:400}}
Apr 11 17:15:16.430800 dv-cinder-837166-2-smb devstack@n-api.service[117597]: DEBUG oslo_concurrency.lockutils [None req-800976a3-f3f5-47a0-8027-12714fdff6bf tempest-AttachVolumeTestJSON-1473650398 tempest-AttachVolumeTestJSON-1473650398-project] Lock "b1ba23c4-b84e-4048-b5a4-792f4a6534b9" acquired by "nova.context.set_target_cell..get_or_set_cached_cell_and_set_connections" :: waited 0.000s {{(pid=117597) inner /usr/local/lib/python3.8/dist-packages/oslo_concurrency/lockutils.py:386}}
Apr 11 17:15:16.430800 dv-cinder-837166-2-smb devstack@n-api.service[117597]: DEBUG oslo_concurrency.lockutils [None req-800976a3-f3f5-47a0-8027-12714fdff6bf tempest-AttachVolumeTestJSON-1473650398 tempest-AttachVolumeTestJSON-1473650398-project] Lock "b1ba23c4-b84e-4048-b5a4-792f4a6534b9" "released" by "nova.context.set_target_cell..get_or_set_cached_cell_and_set_connections" :: held 0.000s {{(pid=117597) inner /usr/local/lib/python3.8/dist-packages/oslo_concurrency/lockutils.py:400}}
Apr 11 17:15:16.576865 dv-cinder-837166-2-smb devstack@n-api.service[117597]: DEBUG nova.policy [None req-800976a3-f3f5-47a0-8027-12714fdff6bf tempest-AttachVolumeTestJSON-1473650398 tempest-AttachVolumeTestJSON-1473650398-project] Policy check for os_compute_api:os-extended-server-attributes failed with credentials {'is_admin': False, 'user_id': '0cdfa741c8a34a2b8262060ff6902d3f', 'user_domain_id': 'default', 'system_scope': None, 'domain_id': None, 'project_id': 'd683f94da6f64242a424602b2fc94f80', 'project_domain_id': 'default', 'roles': ['member', 'reader'], 'is_admin_project': True, 'service_user_id': None, 'service_user_domain_id': None, 'service_project_id': None, 'service_project_domain_id': None, 'service_roles': []} {{(pid=117597) authorize /opt/stack/nova/nova/policy.py:199}}
Apr 11 17:15:16.577670 dv-cinder-837166-2-smb devstack@n-api.service[117598]: DEBUG nova.api.openstack.wsgi [None req-ca2b6d0f-5129-4a1b-84ba-233227529270 tempest-AttachVolumeShelveTestJSON-1245832744 tempest-AttachVolumeShelveTestJSON-1245832744-project] Calling method '>' {{(pid=117598) _process_stack /opt/stack/nova/nova/api/openstack/wsgi.py:513}}
Apr 11 17:15:16.578400 dv-cinder-837166-2-smb devstack@n-api.service[117598]: DEBUG nova.compute.api [None req-ca2b6d0f-5129-4a1b-84ba-233227529270 tempest-AttachVolumeShelveTestJSON-1245832744 tempest-AttachVolumeShelveTestJSON-1245832744-project] [instance: e09f9cba-646d-43ff-aeb7-caceb0d226a1] Fetching instance by UUID {{(pid=117598) get /opt/stack/nova/nova/compute/api.py:2918}}
Apr 11 17:15:16.584320 dv-cinder-837166-2-smb devstack@n-api.service[117598]: DEBUG oslo_concurrency.lockutils [None req-ca2b6d0f-5129-4a1b-84ba-233227529270 tempest-AttachVolumeShelveTestJSON-1245832744 tempest-AttachVolumeShelveTestJSON-1245832744-project] Lock "b1ba23c4-b84e-4048-b5a4-792f4a6534b9" acquired by "nova.context.set_target_cell..get_or_set_cached_cell_and_set_connections" :: waited 0.000s {{(pid=117598) inner /usr/local/lib/python3.8/dist-packages/oslo_concurrency/lockutils.py:386}}
Apr 11 17:15:16.584975 dv-cinder-837166-2-smb devstack@n-api.service[117598]: DEBUG oslo_concurrency.lockutils [None req-ca2b6d0f-5129-4a1b-84ba-233227529270 tempest-AttachVolumeShelveTestJSON-1245832744 tempest-AttachVolumeShelveTestJSON-1245832744-project] Lock "b1ba23c4-b84e-4048-b5a4-792f4a6534b9" "released" by "nova.context.set_target_cell..get_or_set_cached_cell_and_set_connections" :: held 0.001s {{(pid=117598) inner /usr/local/lib/python3.8/dist-packages/oslo_concurrency/lockutils.py:400}}
