Apr 11 16:50:49.718528 dv-cinder-837166-2-iscsi devstack@c-api.service[116633]: DEBUG cinder.api.openstack.wsgi [None req-99e4012f-f4ed-48fc-84aa-6182d59f41aa tempest-QosSpecsTestJSON-2138840953 tempest-QosSpecsTestJSON-2138840953-project-admin] Calling method 'index' {{(pid=116633) _process_stack /opt/stack/cinder/cinder/api/openstack/wsgi.py:868}}
Apr 11 16:50:49.736955 dv-cinder-837166-2-iscsi devstack@c-api.service[116634]: DEBUG cinder.volume.api [None req-3eb66407-48c7-40c1-9efa-e922f4baa4f4 tempest-GroupSnapshotsV319Test-1116210369 tempest-GroupSnapshotsV319Test-1116210369-project] Flow 'volume_create_api' (31a65871-a290-4ed4-b66e-1dffcd3cd01e) transitioned into state 'RUNNING' from state 'PENDING' {{(pid=116634) _flow_receiver /usr/local/lib/python3.8/dist-packages/taskflow/listeners/logging.py:141}}
Apr 11 16:50:49.741305 dv-cinder-837166-2-iscsi devstack@c-api.service[116634]: DEBUG cinder.volume.api [None req-3eb66407-48c7-40c1-9efa-e922f4baa4f4 tempest-GroupSnapshotsV319Test-1116210369 tempest-GroupSnapshotsV319Test-1116210369-project] Task 'cinder.volume.flows.api.create_volume.ExtractVolumeRequestTask;volume:create' (678499ec-636b-497a-90a0-f302c117911e) transitioned into state 'RUNNING' from state 'PENDING' {{(pid=116634) _task_receiver /usr/local/lib/python3.8/dist-packages/taskflow/listeners/logging.py:190}}
Apr 11 16:50:49.741527 dv-cinder-837166-2-iscsi devstack@c-api.service[116633]: INFO cinder.api.openstack.wsgi [None req-99e4012f-f4ed-48fc-84aa-6182d59f41aa tempest-QosSpecsTestJSON-2138840953 tempest-QosSpecsTestJSON-2138840953-project-admin] http://10.222.0.73/volume/v3/3a81f45a39c54381906d4ca1b3d60275/qos-specs returned with HTTP 200
Apr 11 16:50:49.742076 dv-cinder-837166-2-iscsi devstack@c-api.service[116633]: [pid: 116633|app: 0|req: 26/45] 10.222.0.73 () {58 vars in 1219 bytes} [Mon Apr 11 16:50:49 2022] GET /volume/v3/3a81f45a39c54381906d4ca1b3d60275/qos-specs => generated 175 bytes in 34 msecs (HTTP/1.1 200) 7 headers in 285 bytes (2 switches on core 0)
Apr 11 16:50:49.748175 dv-cinder-837166-2-iscsi devstack@c-api.service[116634]: /usr/local/lib/python3.8/dist-packages/oslo_context/context.py:100: DeprecationWarning: Policy enforcement is depending on the value of is_admin. This key is deprecated. Please update your policy file to use the standard policy values.
Apr 11 16:50:49.748175 dv-cinder-837166-2-iscsi devstack@c-api.service[116634]: warnings.warn('Policy enforcement is depending on the value of '
Apr 11 16:50:49.748175 dv-cinder-837166-2-iscsi devstack@c-api.service[116634]: DEBUG cinder.volume.flows.api.create_volume [None req-3eb66407-48c7-40c1-9efa-e922f4baa4f4 tempest-GroupSnapshotsV319Test-1116210369 tempest-GroupSnapshotsV319Test-1116210369-project] Validating volume size '1' using validate_int {{(pid=116634) _extract_size /opt/stack/cinder/cinder/volume/flows/api/create_volume.py:225}}
Apr 11 16:50:49.748450 dv-cinder-837166-2-iscsi devstack@c-api.service[116633]: DEBUG cinder.api.middleware.request_id [req-70e42c8b-e634-4cf0-8dee-eb9ac3e11cf0 req-61343cc4-03c1-4b8a-9ad8-8f8dbd948faa None None] RequestId filter calling following filter/app {{(pid=116633) _context_setter /opt/stack/cinder/cinder/api/middleware/request_id.py:62}}
Apr 11 16:50:49.757709 dv-cinder-837166-2-iscsi devstack@c-api.service[116633]: INFO cinder.api.openstack.wsgi [req-70e42c8b-e634-4cf0-8dee-eb9ac3e11cf0 req-61343cc4-03c1-4b8a-9ad8-8f8dbd948faa tempest-VolumesGetTestJSON-1300393762 tempest-VolumesGetTestJSON-1300393762-project] GET http://10.222.0.73/volume/v3/6713521d2d30444e80af185f9f7c05dd/volumes/e3e48b8a-c12b-4dce-bc32-432a3148549b
Apr 11 16:50:49.762827 dv-cinder-837166-2-iscsi devstack@c-api.service[116633]: DEBUG cinder.api.openstack.wsgi [req-70e42c8b-e634-4cf0-8dee-eb9ac3e11cf0 req-61343cc4-03c1-4b8a-9ad8-8f8dbd948faa tempest-VolumesGetTestJSON-1300393762 tempest-VolumesGetTestJSON-1300393762-project] Empty body provided in request {{(pid=116633) get_body /opt/stack/cinder/cinder/api/openstack/wsgi.py:715}}
Apr 11 16:50:49.763360 dv-cinder-837166-2-iscsi devstack@c-api.service[116633]: DEBUG cinder.api.openstack.wsgi [req-70e42c8b-e634-4cf0-8dee-eb9ac3e11cf0 req-61343cc4-03c1-4b8a-9ad8-8f8dbd948faa tempest-VolumesGetTestJSON-1300393762 tempest-VolumesGetTestJSON-1300393762-project] Calling method 'show' {{(pid=116633) _process_stack /opt/stack/cinder/cinder/api/openstack/wsgi.py:868}}
Apr 11 16:50:49.783107 dv-cinder-837166-2-iscsi devstack@c-api.service[116634]: DEBUG cinder.volume.api [None req-3eb66407-48c7-40c1-9efa-e922f4baa4f4 tempest-GroupSnapshotsV319Test-1116210369 tempest-GroupSnapshotsV319Test-1116210369-project] Task 'cinder.volume.flows.api.create_volume.ExtractVolumeRequestTask;volume:create' (678499ec-636b-497a-90a0-f302c117911e) transitioned into state 'SUCCESS' from state 'RUNNING' with result '{'size': 1, 'snapshot_id': None, 'source_volid': None, 'volume_type': VolumeType(created_at=2022-04-11T16:50:47Z,deleted=False,deleted_at=None,description=None,extra_specs={},id=e6a3ed75-334c-47fb-9ffd-c7e386d90cd5,is_public=True,name='tempest-GroupSnapshotsV319Test-volume-type-1568946295',projects=[],qos_specs=,qos_specs_id=None,updated_at=None), 'volume_type_id': 'e6a3ed75-334c-47fb-9ffd-c7e386d90cd5', 'encryption_key_id': None, 'qos_specs': None, 'consistencygroup_id': None, 'cgsnapshot_id': None, 'group_id': '82b1f042-0493-43c1-96ad-78d81cbc6896', 'replication_status': 'disabled', 'refresh_az': False, 'backup_id': None, 'multiattach': False, 'availability_zones': ['nova']}' {{(pid=116634) _task_receiver /usr/local/lib/python3.8/dist-packages/taskflow/listeners/logging.py:178}}
Apr 11 16:50:49.790399 dv-cinder-837166-2-iscsi devstack@c-api.service[116634]: DEBUG cinder.volume.api [None req-3eb66407-48c7-40c1-9efa-e922f4baa4f4 tempest-GroupSnapshotsV319Test-1116210369 tempest-GroupSnapshotsV319Test-1116210369-project] Task 'cinder.volume.flows.api.create_volume.QuotaReserveTask;volume:create' (37dc99b3-80bb-4c90-8188-f149d0772fa3) transitioned into state 'RUNNING' from state 'PENDING' {{(pid=116634) _task_receiver /usr/local/lib/python3.8/dist-packages/taskflow/listeners/logging.py:190}}
Apr 11 16:50:49.796212 dv-cinder-837166-2-iscsi devstack@c-api.service[116633]: /usr/local/lib/python3.8/dist-packages/oslo_context/context.py:100: DeprecationWarning: Policy enforcement is depending on the value of is_admin. This key is deprecated. Please update your policy file to use the standard policy values.
Apr 11 16:50:49.796212 dv-cinder-837166-2-iscsi devstack@c-api.service[116633]: warnings.warn('Policy enforcement is depending on the value of '
Apr 11 16:50:49.813494 dv-cinder-837166-2-iscsi devstack@c-api.service[116633]: INFO cinder.volume.api [req-70e42c8b-e634-4cf0-8dee-eb9ac3e11cf0 req-61343cc4-03c1-4b8a-9ad8-8f8dbd948faa tempest-VolumesGetTestJSON-1300393762 tempest-VolumesGetTestJSON-1300393762-project] Volume info retrieved successfully.
Apr 11 16:50:49.833374 dv-cinder-837166-2-iscsi devstack@c-api.service[116633]: INFO cinder.api.openstack.wsgi [req-70e42c8b-e634-4cf0-8dee-eb9ac3e11cf0 req-61343cc4-03c1-4b8a-9ad8-8f8dbd948faa tempest-VolumesGetTestJSON-1300393762 tempest-VolumesGetTestJSON-1300393762-project] http://10.222.0.73/volume/v3/6713521d2d30444e80af185f9f7c05dd/volumes/e3e48b8a-c12b-4dce-bc32-432a3148549b returned with HTTP 200
Apr 11 16:50:49.834287 dv-cinder-837166-2-iscsi devstack@c-api.service[116633]: [pid: 116633|app: 0|req: 27/46] 10.222.0.73 () {60 vars in 1578 bytes} [Mon Apr 11 16:50:49 2022] GET /volume/v3/6713521d2d30444e80af185f9f7c05dd/volumes/e3e48b8a-c12b-4dce-bc32-432a3148549b => generated 924 bytes in 91 msecs (HTTP/1.1 200) 7 headers in 285 bytes (1 switches on core 0)
Apr 11 16:50:49.843859 dv-cinder-837166-2-iscsi devstack@c-api.service[116633]: DEBUG cinder.api.middleware.request_id [None req-946f523b-81bb-4ec9-b27d-7100f9e641f1 None None] RequestId filter calling following filter/app {{(pid=116633) _context_setter /opt/stack/cinder/cinder/api/middleware/request_id.py:62}}
Apr 11 16:50:49.853599 dv-cinder-837166-2-iscsi devstack@c-api.service[116633]: INFO cinder.api.openstack.wsgi [None req-946f523b-81bb-4ec9-b27d-7100f9e641f1 tempest-QosSpecsTestJSON-2138840953 tempest-QosSpecsTestJSON-2138840953-project-admin] GET http://10.222.0.73/volume/v3/3a81f45a39c54381906d4ca1b3d60275/qos-specs/2ef9152e-8731-464c-b69e-5d3d9afd3e10
Apr 11 16:50:49.854069 dv-cinder-837166-2-iscsi devstack@c-api.service[116633]: DEBUG cinder.api.openstack.wsgi [None req-946f523b-81bb-4ec9-b27d-7100f9e641f1 tempest-QosSpecsTestJSON-2138840953 tempest-QosSpecsTestJSON-2138840953-project-admin] Empty body provided in request {{(pid=116633) get_body /opt/stack/cinder/cinder/api/openstack/wsgi.py:715}}
Apr 11 16:50:49.856010 dv-cinder-837166-2-iscsi devstack@c-api.service[116633]: DEBUG cinder.api.openstack.wsgi [None req-946f523b-81bb-4ec9-b27d-7100f9e641f1 tempest-QosSpecsTestJSON-2138840953 tempest-QosSpecsTestJSON-2138840953-project-admin] Calling method 'show' {{(pid=116633) _process_stack /opt/stack/cinder/cinder/api/openstack/wsgi.py:868}}
Apr 11 16:50:49.858224 dv-cinder-837166-2-iscsi devstack@c-api.service[116634]: WARNING cinder.quota [None req-3eb66407-48c7-40c1-9efa-e922f4baa4f4 tempest-GroupSnapshotsV319Test-1116210369 tempest-GroupSnapshotsV319Test-1116210369-project] Deprecated: Default quota for resource: volumes_tempest-GroupSnapshotsV319Test-volume-type-1568946295 is set by the default quota flag: quota_volumes_tempest-GroupSnapshotsV319Test-volume-type-1568946295, it is now deprecated. Please use the default quota class for default quota.
Apr 11 16:50:49.859020 dv-cinder-837166-2-iscsi devstack@c-api.service[116634]: WARNING cinder.quota [None req-3eb66407-48c7-40c1-9efa-e922f4baa4f4 tempest-GroupSnapshotsV319Test-1116210369 tempest-GroupSnapshotsV319Test-1116210369-project] Deprecated: Default quota for resource: gigabytes_tempest-GroupSnapshotsV319Test-volume-type-1568946295 is set by the default quota flag: quota_gigabytes_tempest-GroupSnapshotsV319Test-volume-type-1568946295, it is now deprecated. Please use the default quota class for default quota.
Apr 11 16:50:49.872370 dv-cinder-837166-2-iscsi devstack@c-api.service[116633]: INFO cinder.api.openstack.wsgi [None req-946f523b-81bb-4ec9-b27d-7100f9e641f1 tempest-QosSpecsTestJSON-2138840953 tempest-QosSpecsTestJSON-2138840953-project-admin] http://10.222.0.73/volume/v3/3a81f45a39c54381906d4ca1b3d60275/qos-specs/2ef9152e-8731-464c-b69e-5d3d9afd3e10 returned with HTTP 200
Apr 11 16:50:49.883004 dv-cinder-837166-2-iscsi devstack@c-api.service[116633]: [pid: 116633|app: 0|req: 28/47] 10.222.0.73 () {58 vars in 1330 bytes} [Mon Apr 11 16:50:49 2022] GET /volume/v3/3a81f45a39c54381906d4ca1b3d60275/qos-specs/2ef9152e-8731-464c-b69e-5d3d9afd3e10 => generated 459 bytes in 43 msecs (HTTP/1.1 200) 7 headers in 285 bytes (1 switches on core 0)
Apr 11 16:50:49.883004 dv-cinder-837166-2-iscsi devstack@c-api.service[116633]: DEBUG cinder.api.middleware.request_id [req-41edfd7c-4632-45a0-8e0f-805bc63167ca req-b9ea6a0a-984e-48fa-bc83-dc0b11320df1 None None] RequestId filter calling following filter/app {{(pid=116633) _context_setter /opt/stack/cinder/cinder/api/middleware/request_id.py:62}}
Apr 11 16:50:49.889961 dv-cinder-837166-2-iscsi devstack@c-api.service[116633]: INFO cinder.api.openstack.wsgi [req-41edfd7c-4632-45a0-8e0f-805bc63167ca req-b9ea6a0a-984e-48fa-bc83-dc0b11320df1 tempest-VolumesGetTestJSON-1300393762 tempest-VolumesGetTestJSON-1300393762-project] GET http://10.222.0.73/volume/v3/6713521d2d30444e80af185f9f7c05dd/volumes/e3e48b8a-c12b-4dce-bc32-432a3148549b
Apr 11 16:50:49.890894 dv-cinder-837166-2-iscsi devstack@c-api.service[116633]: DEBUG cinder.api.openstack.wsgi [req-41edfd7c-4632-45a0-8e0f-805bc63167ca req-b9ea6a0a-984e-48fa-bc83-dc0b11320df1 tempest-VolumesGetTestJSON-1300393762 tempest-VolumesGetTestJSON-1300393762-project] Empty body provided in request {{(pid=116633) get_body /opt/stack/cinder/cinder/api/openstack/wsgi.py:715}}
Apr 11 16:50:49.890894 dv-cinder-837166-2-iscsi devstack@c-api.service[116633]: DEBUG cinder.api.openstack.wsgi [req-41edfd7c-4632-45a0-8e0f-805bc63167ca req-b9ea6a0a-984e-48fa-bc83-dc0b11320df1 tempest-VolumesGetTestJSON-1300393762 tempest-VolumesGetTestJSON-1300393762-project] Calling method 'show' {{(pid=116633) _process_stack /opt/stack/cinder/cinder/api/openstack/wsgi.py:868}}
Apr 11 16:50:49.923144 dv-cinder-837166-2-iscsi devstack@c-api.service[116633]: /usr/local/lib/python3.8/dist-packages/oslo_context/context.py:100: DeprecationWarning: Policy enforcement is depending on the value of is_admin. This key is deprecated. Please update your policy file to use the standard policy values.
Apr 11 16:50:49.923144 dv-cinder-837166-2-iscsi devstack@c-api.service[116633]: warnings.warn('Policy enforcement is depending on the value of '
Apr 11 16:50:49.943354 dv-cinder-837166-2-iscsi devstack@c-api.service[116633]: INFO cinder.volume.api [req-41edfd7c-4632-45a0-8e0f-805bc63167ca req-b9ea6a0a-984e-48fa-bc83-dc0b11320df1 tempest-VolumesGetTestJSON-1300393762 tempest-VolumesGetTestJSON-1300393762-project] Volume info retrieved successfully.
Apr 11 16:50:49.971767 dv-cinder-837166-2-iscsi devstack@c-api.service[116633]: INFO cinder.api.openstack.wsgi [req-41edfd7c-4632-45a0-8e0f-805bc63167ca req-b9ea6a0a-984e-48fa-bc83-dc0b11320df1 tempest-VolumesGetTestJSON-1300393762 tempest-VolumesGetTestJSON-1300393762-project] http://10.222.0.73/volume/v3/6713521d2d30444e80af185f9f7c05dd/volumes/e3e48b8a-c12b-4dce-bc32-432a3148549b returned with HTTP 200
Apr 11 16:50:49.972320 dv-cinder-837166-2-iscsi devstack@c-api.service[116633]: [pid: 116633|app: 0|req: 29/48] 10.222.0.73 () {60 vars in 1578 bytes} [Mon Apr 11 16:50:49 2022] GET /volume/v3/6713521d2d30444e80af185f9f7c05dd/volumes/e3e48b8a-c12b-4dce-bc32-432a3148549b => generated 924 bytes in 94 msecs (HTTP/1.1 200) 7 headers in 285 bytes (1 switches on core 0)
Apr 11 16:50:49.973474 dv-cinder-837166-2-iscsi devstack@c-api.service[116633]: DEBUG cinder.api.middleware.request_id [None req-2c26a6ab-d5d1-4409-8d49-5403b50a0bdb None None] RequestId filter calling following filter/app {{(pid=116633) _context_setter /opt/stack/cinder/cinder/api/middleware/request_id.py:62}}
Apr 11 16:50:49.975465 dv-cinder-837166-2-iscsi devstack@c-api.service[116634]: DEBUG cinder.quota [None req-3eb66407-48c7-40c1-9efa-e922f4baa4f4 tempest-GroupSnapshotsV319Test-1116210369 tempest-GroupSnapshotsV319Test-1116210369-project] Created reservations ['22fa567a-64f8-4381-a7ad-e8a61440264c', '0f32f026-9b01-460b-b6c3-e0178d451794', '26077f79-084a-43ff-9da4-386c22318904', 'f986dc87-0037-4919-8dc0-35a96d6b12a8'] {{(pid=116634) reserve /opt/stack/cinder/cinder/quota.py:755}}
Apr 11 16:50:49.977639 dv-cinder-837166-2-iscsi devstack@c-api.service[116634]: DEBUG cinder.volume.api [None req-3eb66407-48c7-40c1-9efa-e922f4baa4f4 tempest-GroupSnapshotsV319Test-1116210369 tempest-GroupSnapshotsV319Test-1116210369-project] Task 'cinder.volume.flows.api.create_volume.QuotaReserveTask;volume:create' (37dc99b3-80bb-4c90-8188-f149d0772fa3) transitioned into state 'SUCCESS' from state 'RUNNING' with result '{'reservations': ['22fa567a-64f8-4381-a7ad-e8a61440264c', '0f32f026-9b01-460b-b6c3-e0178d451794', '26077f79-084a-43ff-9da4-386c22318904', 'f986dc87-0037-4919-8dc0-35a96d6b12a8']}' {{(pid=116634) _task_receiver /usr/local/lib/python3.8/dist-packages/taskflow/listeners/logging.py:178}}
Apr 11 16:50:49.979792 dv-cinder-837166-2-iscsi devstack@c-api.service[116634]: DEBUG cinder.volume.api [None req-3eb66407-48c7-40c1-9efa-e922f4baa4f4 tempest-GroupSnapshotsV319Test-1116210369 tempest-GroupSnapshotsV319Test-1116210369-project] Task 'cinder.volume.flows.api.create_volume.EntryCreateTask;volume:create' (79cec023-af7e-485b-83b1-3bbf1bf49217) transitioned into state 'RUNNING' from state 'PENDING' {{(pid=116634) _task_receiver /usr/local/lib/python3.8/dist-packages/taskflow/listeners/logging.py:190}}
Apr 11 16:50:49.991042 dv-cinder-837166-2-iscsi devstack@c-api.service[116633]: INFO cinder.api.openstack.wsgi [None req-2c26a6ab-d5d1-4409-8d49-5403b50a0bdb tempest-QosSpecsTestJSON-2138840953 tempest-QosSpecsTestJSON-2138840953-project-admin] GET http://10.222.0.73/volume/v3/3a81f45a39c54381906d4ca1b3d60275/qos-specs
Apr 11 16:50:49.992351 dv-cinder-837166-2-iscsi devstack@c-api.service[116633]: DEBUG cinder.api.openstack.wsgi [None req-2c26a6ab-d5d1-4409-8d49-5403b50a0bdb tempest-QosSpecsTestJSON-2138840953 tempest-QosSpecsTestJSON-2138840953-project-admin] Empty body provided in request {{(pid=116633) get_body /opt/stack/cinder/cinder/api/openstack/wsgi.py:715}}
Apr 11 16:50:49.993055 dv-cinder-837166-2-iscsi devstack@c-api.service[116633]: DEBUG cinder.api.openstack.wsgi [None req-2c26a6ab-d5d1-4409-8d49-5403b50a0bdb tempest-QosSpecsTestJSON-2138840953 tempest-QosSpecsTestJSON-2138840953-project-admin] Calling method 'index' {{(pid=116633) _process_stack /opt/stack/cinder/cinder/api/openstack/wsgi.py:868}}
Apr 11 16:50:50.001607 dv-cinder-837166-2-iscsi devstack@c-api.service[116633]: INFO cinder.api.openstack.wsgi [None req-2c26a6ab-d5d1-4409-8d49-5403b50a0bdb tempest-QosSpecsTestJSON-2138840953 tempest-QosSpecsTestJSON-2138840953-project-admin] http://10.222.0.73/volume/v3/3a81f45a39c54381906d4ca1b3d60275/qos-specs returned with HTTP 200
Apr 11 16:50:50.003422 dv-cinder-837166-2-iscsi devstack@c-api.service[116633]: [pid: 116633|app: 0|req: 30/49] 10.222.0.73 () {58 vars in 1219 bytes} [Mon Apr 11 16:50:49 2022] GET /volume/v3/3a81f45a39c54381906d4ca1b3d60275/qos-specs => generated 175 bytes in 31 msecs (HTTP/1.1 200) 7 headers in 285 bytes (1 switches on core 0)
Apr 11 16:50:50.011764 dv-cinder-837166-2-iscsi devstack@c-api.service[116633]: DEBUG cinder.api.middleware.request_id [req-cec6133e-2708-4099-bc3c-83cc7e14a40f req-9f4bc36b-327e-4bcc-8fce-2b22be67e144 None None] RequestId filter calling following filter/app {{(pid=116633) _context_setter /opt/stack/cinder/cinder/api/middleware/request_id.py:62}}
Apr 11 16:50:50.051135 dv-cinder-837166-2-iscsi devstack@c-api.service[116633]: INFO cinder.api.openstack.wsgi [req-cec6133e-2708-4099-bc3c-83cc7e14a40f req-9f4bc36b-327e-4bcc-8fce-2b22be67e144 tempest-VolumesSnapshotsTestJSON-1480557652 tempest-VolumesSnapshotsTestJSON-1480557652-project] GET http://10.222.0.73/volume/v3/4c1eaeb25dca40618827018a56b90f68/volumes/aba28fa2-519e-42ad-9d96-6f900fd9a1fa
Apr 11 16:50:50.051632 dv-cinder-837166-2-iscsi devstack@c-api.service[116633]: DEBUG cinder.api.openstack.wsgi [req-cec6133e-2708-4099-bc3c-83cc7e14a40f req-9f4bc36b-327e-4bcc-8fce-2b22be67e144 tempest-VolumesSnapshotsTestJSON-1480557652 tempest-VolumesSnapshotsTestJSON-1480557652-project] Empty body provided in request {{(pid=116633) get_body /opt/stack/cinder/cinder/api/openstack/wsgi.py:715}}
Apr 11 16:50:50.052102 dv-cinder-837166-2-iscsi devstack@c-api.service[116633]: DEBUG cinder.api.openstack.wsgi [req-cec6133e-2708-4099-bc3c-83cc7e14a40f req-9f4bc36b-327e-4bcc-8fce-2b22be67e144 tempest-VolumesSnapshotsTestJSON-1480557652 tempest-VolumesSnapshotsTestJSON-1480557652-project] Calling method 'show' {{(pid=116633) _process_stack /opt/stack/cinder/cinder/api/openstack/wsgi.py:868}}
Apr 11 16:50:50.056687 dv-cinder-837166-2-iscsi devstack@c-api.service[116634]: DEBUG cinder.volume.api [None req-3eb66407-48c7-40c1-9efa-e922f4baa4f4 tempest-GroupSnapshotsV319Test-1116210369 tempest-GroupSnapshotsV319Test-1116210369-project] Task 'cinder.volume.flows.api.create_volume.EntryCreateTask;volume:create' (79cec023-af7e-485b-83b1-3bbf1bf49217) transitioned into state 'SUCCESS' from state 'RUNNING' with result '{'volume_id': 'da946d52-7504-4114-8e36-87148dcf20ef', 'volume_properties': VolumeProperties(attach_status='detached',availability_zone='nova',cgsnapshot_id=None,consistencygroup_id=None,display_description=None,display_name='tempest-GroupSnapshotsV319Test-Volume-1263522746',encryption_key_id=None,group_id=82b1f042-0493-43c1-96ad-78d81cbc6896,group_type_id=,metadata={},multiattach=False,project_id='86c699b812e44134b9a8f08dd7bb7257',qos_specs=None,replication_status=,reservations=['22fa567a-64f8-4381-a7ad-e8a61440264c','0f32f026-9b01-460b-b6c3-e0178d451794','26077f79-084a-43ff-9da4-386c22318904','f986dc87-0037-4919-8dc0-35a96d6b12a8'],size=1,snapshot_id=None,source_replicaid=,source_volid=None,status='creating',user_id='5abbbf5aabab4cf7b1921473b5528955',volume_type_id=e6a3ed75-334c-47fb-9ffd-c7e386d90cd5), 'volume': Volume(_name_id=None,admin_metadata=,attach_status='detached',availability_zone='nova',bootable=False,cluster=,cluster_name=None,consistencygroup=,consistencygroup_id=None,created_at=2022-04-11T16:50:49Z,deleted=False,deleted_at=None,display_description=None,display_name='tempest-GroupSnapshotsV319Test-Volume-1263522746',ec2_id=None,encryption_key_id=None,glance_metadata=,group=,group_id=82b1f042-0493-43c1-96ad-78d81cbc6896,host=None,id=da946d52-7504-4114-8e36-87148dcf20ef,launched_at=None,metadata={},migration_status=None,multiattach=False,previous_status=None,project_id='86c699b812e44134b9a8f08dd7bb7257',provider_auth=None,provider_geometry=None,provider_id=None,provider_location=None,replication_driver_data=None,replication_extended_status=None,replication_status=None,scheduled_at=None,service_uuid=None,shared_targets=True,size=1,snapshot_id=None,snapshots=,source_volid=None,status='creating',terminated_at=None,updated_at=None,use_quota=True,user_id='5abbbf5aabab4cf7b1921473b5528955',volume_attachment=VolumeAttachmentList,volume_type=VolumeType(e6a3ed75-334c-47fb-9ffd-c7e386d90cd5),volume_type_id=e6a3ed75-334c-47fb-9ffd-c7e386d90cd5)}' {{(pid=116634) _task_receiver /usr/local/lib/python3.8/dist-packages/taskflow/listeners/logging.py:178}}
Apr 11 16:50:50.067708 dv-cinder-837166-2-iscsi devstack@c-api.service[116634]: DEBUG cinder.volume.api [None req-3eb66407-48c7-40c1-9efa-e922f4baa4f4 tempest-GroupSnapshotsV319Test-1116210369 tempest-GroupSnapshotsV319Test-1116210369-project] Task 'cinder.volume.flows.api.create_volume.QuotaCommitTask;volume:create' (f1ef97c9-04c2-40d2-9ed6-4d111db469f3) transitioned into state 'RUNNING' from state 'PENDING' {{(pid=116634) _task_receiver /usr/local/lib/python3.8/dist-packages/taskflow/listeners/logging.py:190}}
Apr 11 16:50:50.091650 dv-cinder-837166-2-iscsi devstack@c-api.service[116633]: /usr/local/lib/python3.8/dist-packages/oslo_context/context.py:100: DeprecationWarning: Policy enforcement is depending on the value of is_admin. This key is deprecated. Please update your policy file to use the standard policy values.
Apr 11 16:50:50.091650 dv-cinder-837166-2-iscsi devstack@c-api.service[116633]: warnings.warn('Policy enforcement is depending on the value of '
Apr 11 16:50:50.113282 dv-cinder-837166-2-iscsi devstack@c-api.service[116633]: INFO cinder.volume.api [req-cec6133e-2708-4099-bc3c-83cc7e14a40f req-9f4bc36b-327e-4bcc-8fce-2b22be67e144 tempest-VolumesSnapshotsTestJSON-1480557652 tempest-VolumesSnapshotsTestJSON-1480557652-project] Volume info retrieved successfully.
Apr 11 16:50:50.119386 dv-cinder-837166-2-iscsi devstack@c-api.service[116634]: DEBUG cinder.volume.api [None req-3eb66407-48c7-40c1-9efa-e922f4baa4f4 tempest-GroupSnapshotsV319Test-1116210369 tempest-GroupSnapshotsV319Test-1116210369-project] Task 'cinder.volume.flows.api.create_volume.QuotaCommitTask;volume:create' (f1ef97c9-04c2-40d2-9ed6-4d111db469f3) transitioned into state 'SUCCESS' from state 'RUNNING' with result '{'volume_properties': VolumeProperties(attach_status='detached',availability_zone='nova',cgsnapshot_id=None,consistencygroup_id=None,display_description=None,display_name='tempest-GroupSnapshotsV319Test-Volume-1263522746',encryption_key_id=None,group_id=82b1f042-0493-43c1-96ad-78d81cbc6896,group_type_id=,metadata={},multiattach=False,project_id='86c699b812e44134b9a8f08dd7bb7257',qos_specs=None,replication_status=,reservations=['22fa567a-64f8-4381-a7ad-e8a61440264c','0f32f026-9b01-460b-b6c3-e0178d451794','26077f79-084a-43ff-9da4-386c22318904','f986dc87-0037-4919-8dc0-35a96d6b12a8'],size=1,snapshot_id=None,source_replicaid=,source_volid=None,status='creating',user_id='5abbbf5aabab4cf7b1921473b5528955',volume_type_id=e6a3ed75-334c-47fb-9ffd-c7e386d90cd5)}' {{(pid=116634) _task_receiver /usr/local/lib/python3.8/dist-packages/taskflow/listeners/logging.py:178}}
Apr 11 16:50:50.121641 dv-cinder-837166-2-iscsi devstack@c-api.service[116634]: DEBUG cinder.volume.api [None req-3eb66407-48c7-40c1-9efa-e922f4baa4f4 tempest-GroupSnapshotsV319Test-1116210369 tempest-GroupSnapshotsV319Test-1116210369-project] Task 'cinder.volume.flows.api.create_volume.VolumeCastTask;volume:create' (8bedbcf0-0d8e-4293-b7f7-6b2cc87261a3) transitioned into state 'RUNNING' from state 'PENDING' {{(pid=116634) _task_receiver /usr/local/lib/python3.8/dist-packages/taskflow/listeners/logging.py:190}}
Apr 11 16:50:50.125085 dv-cinder-837166-2-iscsi devstack@c-api.service[116633]: INFO cinder.api.openstack.wsgi [req-cec6133e-2708-4099-bc3c-83cc7e14a40f req-9f4bc36b-327e-4bcc-8fce-2b22be67e144 tempest-VolumesSnapshotsTestJSON-1480557652 tempest-VolumesSnapshotsTestJSON-1480557652-project] http://10.222.0.73/volume/v3/4c1eaeb25dca40618827018a56b90f68/volumes/aba28fa2-519e-42ad-9d96-6f900fd9a1fa returned with HTTP 200
Apr 11 16:50:50.128732 dv-cinder-837166-2-iscsi devstack@c-api.service[116633]: [pid: 116633|app: 0|req: 31/50] 10.222.0.73 () {60 vars in 1578 bytes} [Mon Apr 11 16:50:50 2022] GET /volume/v3/4c1eaeb25dca40618827018a56b90f68/volumes/aba28fa2-519e-42ad-9d96-6f900fd9a1fa => generated 916 bytes in 119 msecs (HTTP/1.1 200) 7 headers in 285 bytes (1 switches on core 0)
Apr 11 16:50:50.163211 dv-cinder-837166-2-iscsi devstack@c-api.service[116633]: DEBUG cinder.api.middleware.request_id [None req-3a0e3ccf-4d8d-4edb-8399-31051b2d113d None None] RequestId filter calling following filter/app {{(pid=116633) _context_setter /opt/stack/cinder/cinder/api/middleware/request_id.py:62}}
Apr 11 16:50:50.180912 dv-cinder-837166-2-iscsi devstack@c-api.service[116633]: INFO cinder.api.openstack.wsgi [None req-3a0e3ccf-4d8d-4edb-8399-31051b2d113d tempest-QosSpecsTestJSON-2138840953 tempest-QosSpecsTestJSON-2138840953-project-admin] PUT http://10.222.0.73/volume/v3/3a81f45a39c54381906d4ca1b3d60275/qos-specs/2ef9152e-8731-464c-b69e-5d3d9afd3e10
Apr 11 16:50:50.190640 dv-cinder-837166-2-iscsi devstack@c-api.service[116634]: DEBUG cinder.volume.api [None req-3eb66407-48c7-40c1-9efa-e922f4baa4f4 tempest-GroupSnapshotsV319Test-1116210369 tempest-GroupSnapshotsV319Test-1116210369-project] Task 'cinder.volume.flows.api.create_volume.VolumeCastTask;volume:create' (8bedbcf0-0d8e-4293-b7f7-6b2cc87261a3) transitioned into state 'SUCCESS' from state 'RUNNING' with result 'None' {{(pid=116634) _task_receiver /usr/local/lib/python3.8/dist-packages/taskflow/listeners/logging.py:178}}
Apr 11 16:50:50.193035 dv-cinder-837166-2-iscsi devstack@c-api.service[116633]: DEBUG cinder.api.openstack.wsgi [None req-3a0e3ccf-4d8d-4edb-8399-31051b2d113d tempest-QosSpecsTestJSON-2138840953 tempest-QosSpecsTestJSON-2138840953-project-admin] Action: 'update', calling method: update, body: {"qos_specs": {"iops_bytes": "500"}} {{(pid=116633) _process_stack /opt/stack/cinder/cinder/api/openstack/wsgi.py:866}}
Apr 11 16:50:50.193965 dv-cinder-837166-2-iscsi devstack@c-api.service[116634]: DEBUG cinder.volume.api [None req-3eb66407-48c7-40c1-9efa-e922f4baa4f4 tempest-GroupSnapshotsV319Test-1116210369 tempest-GroupSnapshotsV319Test-1116210369-project] Flow 'volume_create_api' (31a65871-a290-4ed4-b66e-1dffcd3cd01e) transitioned into state 'SUCCESS' from state 'RUNNING' {{(pid=116634) _flow_receiver /usr/local/lib/python3.8/dist-packages/taskflow/listeners/logging.py:141}}
Apr 11 16:50:50.194896 dv-cinder-837166-2-iscsi devstack@c-api.service[116634]: INFO cinder.volume.api [None req-3eb66407-48c7-40c1-9efa-e922f4baa4f4 tempest-GroupSnapshotsV319Test-1116210369 tempest-GroupSnapshotsV319Test-1116210369-project] Create volume request issued successfully.
Apr 11 16:50:50.196556 dv-cinder-837166-2-iscsi devstack@c-api.service[116634]: WARNING stevedore.named [None req-3eb66407-48c7-40c1-9efa-e922f4baa4f4 tempest-GroupSnapshotsV319Test-1116210369 tempest-GroupSnapshotsV319Test-1116210369-project] Could not load cinder.keymgr.conf_key_mgr.ConfKeyManager
Apr 11 16:50:50.197149 dv-cinder-837166-2-iscsi devstack@c-api.service[116634]: WARNING castellan.key_manager [None req-3eb66407-48c7-40c1-9efa-e922f4baa4f4 tempest-GroupSnapshotsV319Test-1116210369 tempest-GroupSnapshotsV319Test-1116210369-project] Deprecation Warning : cinder.keymgr.conf_key_mgr.ConfKeyManager is not a stevedore based driver, trying to load it as a class: stevedore.exception.NoMatches: No 'castellan.drivers' driver found, looking for 'cinder.keymgr.conf_key_mgr.ConfKeyManager'
Apr 11 16:50:50.201585 dv-cinder-837166-2-iscsi devstack@c-api.service[116633]: DEBUG cinder.volume.qos_specs [None req-3a0e3ccf-4d8d-4edb-8399-31051b2d113d tempest-QosSpecsTestJSON-2138840953 tempest-QosSpecsTestJSON-2138840953-project-admin] qos_specs.update(): specs {'iops_bytes': '500'} {{(pid=116633) update /opt/stack/cinder/cinder/volume/qos_specs.py:79}}
Apr 11 16:50:50.207115 dv-cinder-837166-2-iscsi devstack@c-api.service[116634]: DEBUG oslo_db.sqlalchemy.engines [None req-3eb66407-48c7-40c1-9efa-e922f4baa4f4 tempest-GroupSnapshotsV319Test-1116210369 tempest-GroupSnapshotsV319Test-1116210369-project] MySQL server mode set to STRICT_TRANS_TABLES,STRICT_ALL_TABLES,NO_ZERO_IN_DATE,NO_ZERO_DATE,ERROR_FOR_DIVISION_BY_ZERO,TRADITIONAL,NO_ENGINE_SUBSTITUTION {{(pid=116634) _check_effective_sql_mode /usr/local/lib/python3.8/dist-packages/oslo_db/sqlalchemy/engines.py:314}}
Apr 11 16:50:50.213432 dv-cinder-837166-2-iscsi devstack@c-api.service[116634]: /usr/local/lib/python3.8/dist-packages/oslo_context/context.py:100: DeprecationWarning: Policy enforcement is depending on the value of is_admin. This key is deprecated. Please update your policy file to use the standard policy values.
Apr 11 16:50:50.213432 dv-cinder-837166-2-iscsi devstack@c-api.service[116634]: warnings.warn('Policy enforcement is depending on the value of '
Apr 11 16:50:50.220756 dv-cinder-837166-2-iscsi devstack@c-api.service[116634]: INFO cinder.api.openstack.wsgi [None req-3eb66407-48c7-40c1-9efa-e922f4baa4f4 tempest-GroupSnapshotsV319Test-1116210369 tempest-GroupSnapshotsV319Test-1116210369-project] http://10.222.0.73/volume/v3/86c699b812e44134b9a8f08dd7bb7257/volumes returned with HTTP 202
Apr 11 16:50:50.222365 dv-cinder-837166-2-iscsi devstack@c-api.service[116634]: [pid: 116634|app: 0|req: 20/51] 10.222.0.73 () {62 vars in 1276 bytes} [Mon Apr 11 16:50:49 2022] POST /volume/v3/86c699b812e44134b9a8f08dd7bb7257/volumes => generated 916 bytes in 559 msecs (HTTP/1.1 202) 7 headers in 292 bytes (1 switches on core 0)
Apr 11 16:50:50.223927 dv-cinder-837166-2-iscsi devstack@c-api.service[116634]: DEBUG cinder.api.middleware.request_id [req-5d151968-80f6-41f3-a73b-9d8b8eb90069 req-919b9cc3-d7bb-402e-8518-bae244dd3677 None None] RequestId filter calling following filter/app {{(pid=116634) _context_setter /opt/stack/cinder/cinder/api/middleware/request_id.py:62}}
Apr 11 16:50:50.229210 dv-cinder-837166-2-iscsi devstack@c-api.service[116634]: INFO cinder.api.openstack.wsgi [req-5d151968-80f6-41f3-a73b-9d8b8eb90069 req-919b9cc3-d7bb-402e-8518-bae244dd3677 tempest-VolumesGetTestJSON-1300393762 tempest-VolumesGetTestJSON-1300393762-project] DELETE http://10.222.0.73/volume/v3/6713521d2d30444e80af185f9f7c05dd/volumes/e3e48b8a-c12b-4dce-bc32-432a3148549b
Apr 11 16:50:50.229834 dv-cinder-837166-2-iscsi devstack@c-api.service[116634]: DEBUG cinder.api.openstack.wsgi [req-5d151968-80f6-41f3-a73b-9d8b8eb90069 req-919b9cc3-d7bb-402e-8518-bae244dd3677 tempest-VolumesGetTestJSON-1300393762 tempest-VolumesGetTestJSON-1300393762-project] Empty body provided in request {{(pid=116634) get_body /opt/stack/cinder/cinder/api/openstack/wsgi.py:715}}
Apr 11 16:50:50.230496 dv-cinder-837166-2-iscsi devstack@c-api.service[116634]: DEBUG cinder.api.openstack.wsgi [req-5d151968-80f6-41f3-a73b-9d8b8eb90069 req-919b9cc3-d7bb-402e-8518-bae244dd3677 tempest-VolumesGetTestJSON-1300393762 tempest-VolumesGetTestJSON-1300393762-project] Calling method 'delete' {{(pid=116634) _process_stack /opt/stack/cinder/cinder/api/openstack/wsgi.py:868}}
Apr 11 16:50:50.231135 dv-cinder-837166-2-iscsi devstack@c-api.service[116634]: INFO cinder.api.v3.volumes [req-5d151968-80f6-41f3-a73b-9d8b8eb90069 req-919b9cc3-d7bb-402e-8518-bae244dd3677 tempest-VolumesGetTestJSON-1300393762 tempest-VolumesGetTestJSON-1300393762-project] Delete volume with id: e3e48b8a-c12b-4dce-bc32-432a3148549b
Apr 11 16:50:50.245961 dv-cinder-837166-2-iscsi devstack@c-api.service[116633]: DEBUG cinder.db.sqlalchemy.api [None req-3a0e3ccf-4d8d-4edb-8399-31051b2d113d tempest-QosSpecsTestJSON-2138840953 tempest-QosSpecsTestJSON-2138840953-project-admin] qos_specs_update() value: {'id': '564157c1-d478-4990-ac1c-f9f34dfc24c5', 'key': 'iops_bytes', 'value': '500', 'specs_id': '2ef9152e-8731-464c-b69e-5d3d9afd3e10', 'deleted': False} {{(pid=116633) qos_specs_update /opt/stack/cinder/cinder/db/sqlalchemy/api.py:5167}}
Apr 11 16:50:50.251089 dv-cinder-837166-2-iscsi devstack@c-api.service[116634]: /usr/local/lib/python3.8/dist-packages/oslo_context/context.py:100: DeprecationWarning: Policy enforcement is depending on the value of is_admin. This key is deprecated. Please update your policy file to use the standard policy values.
Apr 11 16:50:50.251089 dv-cinder-837166-2-iscsi devstack@c-api.service[116634]: warnings.warn('Policy enforcement is depending on the value of '
Apr 11 16:50:50.257319 dv-cinder-837166-2-iscsi devstack@c-api.service[116634]: INFO cinder.volume.api [req-5d151968-80f6-41f3-a73b-9d8b8eb90069 req-919b9cc3-d7bb-402e-8518-bae244dd3677 tempest-VolumesGetTestJSON-1300393762 tempest-VolumesGetTestJSON-1300393762-project] Volume info retrieved successfully.
Apr 11 16:50:50.270121 dv-cinder-837166-2-iscsi devstack@c-api.service[116633]: INFO cinder.api.openstack.wsgi [None req-3a0e3ccf-4d8d-4edb-8399-31051b2d113d tempest-QosSpecsTestJSON-2138840953 tempest-QosSpecsTestJSON-2138840953-project-admin] http://10.222.0.73/volume/v3/3a81f45a39c54381906d4ca1b3d60275/qos-specs/2ef9152e-8731-464c-b69e-5d3d9afd3e10 returned with HTTP 200
Apr 11 16:50:50.271881 dv-cinder-837166-2-iscsi devstack@c-api.service[116633]: [pid: 116633|app: 0|req: 32/52] 10.222.0.73 () {60 vars in 1350 bytes} [Mon Apr 11 16:50:50 2022] PUT /volume/v3/3a81f45a39c54381906d4ca1b3d60275/qos-specs/2ef9152e-8731-464c-b69e-5d3d9afd3e10 => generated 36 bytes in 143 msecs (HTTP/1.1 200) 7 headers in 284 bytes (1 switches on core 0)
Apr 11 16:50:50.273934 dv-cinder-837166-2-iscsi devstack@c-api.service[116633]: DEBUG cinder.api.middleware.request_id [None req-66feee78-8b59-4456-905e-2ceb7ae3b138 None None] RequestId filter calling following filter/app {{(pid=116633) _context_setter /opt/stack/cinder/cinder/api/middleware/request_id.py:62}}
Apr 11 16:50:50.279329 dv-cinder-837166-2-iscsi devstack@c-api.service[116633]: INFO cinder.api.openstack.wsgi [None req-66feee78-8b59-4456-905e-2ceb7ae3b138 tempest-GroupSnapshotsV319Test-1116210369 tempest-GroupSnapshotsV319Test-1116210369-project] GET http://10.222.0.73/volume/v3/86c699b812e44134b9a8f08dd7bb7257/volumes/da946d52-7504-4114-8e36-87148dcf20ef
Apr 11 16:50:50.280740 dv-cinder-837166-2-iscsi devstack@c-api.service[116633]: DEBUG cinder.api.openstack.wsgi [None req-66feee78-8b59-4456-905e-2ceb7ae3b138 tempest-GroupSnapshotsV319Test-1116210369 tempest-GroupSnapshotsV319Test-1116210369-project] Empty body provided in request {{(pid=116633) get_body /opt/stack/cinder/cinder/api/openstack/wsgi.py:715}}
Apr 11 16:50:50.281587 dv-cinder-837166-2-iscsi devstack@c-api.service[116633]: DEBUG cinder.api.openstack.wsgi [None req-66feee78-8b59-4456-905e-2ceb7ae3b138 tempest-GroupSnapshotsV319Test-1116210369 tempest-GroupSnapshotsV319Test-1116210369-project] Calling method 'show' {{(pid=116633) _process_stack /opt/stack/cinder/cinder/api/openstack/wsgi.py:868}}
Apr 11 16:50:50.320735 dv-cinder-837166-2-iscsi devstack@c-api.service[116633]: /usr/local/lib/python3.8/dist-packages/oslo_context/context.py:100: DeprecationWarning: Policy enforcement is depending on the value of is_admin. This key is deprecated. Please update your policy file to use the standard policy values.
Apr 11 16:50:50.320735 dv-cinder-837166-2-iscsi devstack@c-api.service[116633]: warnings.warn('Policy enforcement is depending on the value of '
Apr 11 16:50:50.348132 dv-cinder-837166-2-iscsi devstack@c-api.service[116634]: INFO cinder.volume.api [req-5d151968-80f6-41f3-a73b-9d8b8eb90069 req-919b9cc3-d7bb-402e-8518-bae244dd3677 tempest-VolumesGetTestJSON-1300393762 tempest-VolumesGetTestJSON-1300393762-project] Delete volume request issued successfully.
Apr 11 16:50:50.348608 dv-cinder-837166-2-iscsi devstack@c-api.service[116633]: INFO cinder.volume.api [None req-66feee78-8b59-4456-905e-2ceb7ae3b138 tempest-GroupSnapshotsV319Test-1116210369 tempest-GroupSnapshotsV319Test-1116210369-project] Volume info retrieved successfully.
Apr 11 16:50:50.349166 dv-cinder-837166-2-iscsi devstack@c-api.service[116634]: INFO cinder.api.openstack.wsgi [req-5d151968-80f6-41f3-a73b-9d8b8eb90069 req-919b9cc3-d7bb-402e-8518-bae244dd3677 tempest-VolumesGetTestJSON-1300393762 tempest-VolumesGetTestJSON-1300393762-project] http://10.222.0.73/volume/v3/6713521d2d30444e80af185f9f7c05dd/volumes/e3e48b8a-c12b-4dce-bc32-432a3148549b returned with HTTP 202
Apr 11 16:50:50.350201 dv-cinder-837166-2-iscsi devstack@c-api.service[116634]: [pid: 116634|app: 0|req: 21/53] 10.222.0.73 () {62 vars in 1600 bytes} [Mon Apr 11 16:50:50 2022] DELETE /volume/v3/6713521d2d30444e80af185f9f7c05dd/volumes/e3e48b8a-c12b-4dce-bc32-432a3148549b => generated 0 bytes in 127 msecs (HTTP/1.1 202) 6 headers in 233 bytes (1 switches on core 0)
Apr 11 16:50:50.352611 dv-cinder-837166-2-iscsi devstack@c-api.service[116633]: WARNING stevedore.named [None req-66feee78-8b59-4456-905e-2ceb7ae3b138 tempest-GroupSnapshotsV319Test-1116210369 tempest-GroupSnapshotsV319Test-1116210369-project] Could not load cinder.keymgr.conf_key_mgr.ConfKeyManager
Apr 11 16:50:50.354206 dv-cinder-837166-2-iscsi devstack@c-api.service[116633]: WARNING castellan.key_manager [None req-66feee78-8b59-4456-905e-2ceb7ae3b138 tempest-GroupSnapshotsV319Test-1116210369 tempest-GroupSnapshotsV319Test-1116210369-project] Deprecation Warning : cinder.keymgr.conf_key_mgr.ConfKeyManager is not a stevedore based driver, trying to load it as a class: stevedore.exception.NoMatches: No 'castellan.drivers' driver found, looking for 'cinder.keymgr.conf_key_mgr.ConfKeyManager'
Apr 11 16:50:50.361614 dv-cinder-837166-2-iscsi devstack@c-api.service[116634]: DEBUG cinder.api.middleware.request_id [None req-2294f6d5-e9da-4607-bb50-55b53e6d7ef5 None None] RequestId filter calling following filter/app {{(pid=116634) _context_setter /opt/stack/cinder/cinder/api/middleware/request_id.py:62}}
Apr 11 16:50:50.372884 dv-cinder-837166-2-iscsi devstack@c-api.service[116633]: DEBUG oslo_db.sqlalchemy.engines [None req-66feee78-8b59-4456-905e-2ceb7ae3b138 tempest-GroupSnapshotsV319Test-1116210369 tempest-GroupSnapshotsV319Test-1116210369-project] MySQL server mode set to STRICT_TRANS_TABLES,STRICT_ALL_TABLES,NO_ZERO_IN_DATE,NO_ZERO_DATE,ERROR_FOR_DIVISION_BY_ZERO,TRADITIONAL,NO_ENGINE_SUBSTITUTION {{(pid=116633) _check_effective_sql_mode /usr/local/lib/python3.8/dist-packages/oslo_db/sqlalchemy/engines.py:314}}
Apr 11 16:50:50.378889 dv-cinder-837166-2-iscsi devstack@c-api.service[116634]: INFO cinder.api.openstack.wsgi [None req-2294f6d5-e9da-4607-bb50-55b53e6d7ef5 tempest-QosSpecsTestJSON-2138840953 tempest-QosSpecsTestJSON-2138840953-project-admin] GET http://10.222.0.73/volume/v3/3a81f45a39c54381906d4ca1b3d60275/qos-specs/2ef9152e-8731-464c-b69e-5d3d9afd3e10
Apr 11 16:50:50.381976 dv-cinder-837166-2-iscsi devstack@c-api.service[116634]: DEBUG cinder.api.openstack.wsgi [None req-2294f6d5-e9da-4607-bb50-55b53e6d7ef5 tempest-QosSpecsTestJSON-2138840953 tempest-QosSpecsTestJSON-2138840953-project-admin] Empty body provided in request {{(pid=116634) get_body /opt/stack/cinder/cinder/api/openstack/wsgi.py:715}}
Apr 11 16:50:50.384356 dv-cinder-837166-2-iscsi devstack@c-api.service[116634]: DEBUG cinder.api.openstack.wsgi [None req-2294f6d5-e9da-4607-bb50-55b53e6d7ef5 tempest-QosSpecsTestJSON-2138840953 tempest-QosSpecsTestJSON-2138840953-project-admin] Calling method 'show' {{(pid=116634) _process_stack /opt/stack/cinder/cinder/api/openstack/wsgi.py:868}}
Apr 11 16:50:50.394208 dv-cinder-837166-2-iscsi devstack@c-api.service[116633]: /usr/local/lib/python3.8/dist-packages/oslo_context/context.py:100: DeprecationWarning: Policy enforcement is depending on the value of is_admin. This key is deprecated. Please update your policy file to use the standard policy values.
Apr 11 16:50:50.394208 dv-cinder-837166-2-iscsi devstack@c-api.service[116633]: warnings.warn('Policy enforcement is depending on the value of '
Apr 11 16:50:50.407630 dv-cinder-837166-2-iscsi devstack@c-api.service[116634]: INFO cinder.api.openstack.wsgi [None req-2294f6d5-e9da-4607-bb50-55b53e6d7ef5 tempest-QosSpecsTestJSON-2138840953 tempest-QosSpecsTestJSON-2138840953-project-admin] http://10.222.0.73/volume/v3/3a81f45a39c54381906d4ca1b3d60275/qos-specs/2ef9152e-8731-464c-b69e-5d3d9afd3e10 returned with HTTP 200
Apr 11 16:50:50.410484 dv-cinder-837166-2-iscsi devstack@c-api.service[116634]: [pid: 116634|app: 0|req: 22/54] 10.222.0.73 () {58 vars in 1330 bytes} [Mon Apr 11 16:50:50 2022] GET /volume/v3/3a81f45a39c54381906d4ca1b3d60275/qos-specs/2ef9152e-8731-464c-b69e-5d3d9afd3e10 => generated 480 bytes in 59 msecs (HTTP/1.1 200) 7 headers in 285 bytes (1 switches on core 0)
Apr 11 16:50:50.414206 dv-cinder-837166-2-iscsi devstack@c-api.service[116634]: DEBUG cinder.api.middleware.request_id [req-d0b448d9-c7e3-4105-a4d3-476ab7ff0142 req-270af322-4915-4c29-82df-355ff5ede1a2 None None] RequestId filter calling following filter/app {{(pid=116634) _context_setter /opt/stack/cinder/cinder/api/middleware/request_id.py:62}}
Apr 11 16:50:50.423415 dv-cinder-837166-2-iscsi devstack@c-api.service[116634]: INFO cinder.api.openstack.wsgi [req-d0b448d9-c7e3-4105-a4d3-476ab7ff0142 req-270af322-4915-4c29-82df-355ff5ede1a2 tempest-VolumesSnapshotsTestJSON-1480557652 tempest-VolumesSnapshotsTestJSON-1480557652-project] POST http://10.222.0.73/volume/v3/4c1eaeb25dca40618827018a56b90f68/snapshots
Apr 11 16:50:50.427661 dv-cinder-837166-2-iscsi devstack@c-api.service[116634]: DEBUG cinder.api.openstack.wsgi [req-d0b448d9-c7e3-4105-a4d3-476ab7ff0142 req-270af322-4915-4c29-82df-355ff5ede1a2 tempest-VolumesSnapshotsTestJSON-1480557652 tempest-VolumesSnapshotsTestJSON-1480557652-project] Action: 'create', calling method: create, body: {"snapshot": {"volume_id": "aba28fa2-519e-42ad-9d96-6f900fd9a1fa", "force": false, "name": "tempest-VolumesSnapshotsTestJSON-Snapshot-252539710", "description": null, "metadata": {}}} {{(pid=116634) _process_stack /opt/stack/cinder/cinder/api/openstack/wsgi.py:866}}
Apr 11 16:50:50.435009 dv-cinder-837166-2-iscsi devstack@c-api.service[116633]: INFO cinder.api.openstack.wsgi [None req-66feee78-8b59-4456-905e-2ceb7ae3b138 tempest-GroupSnapshotsV319Test-1116210369 tempest-GroupSnapshotsV319Test-1116210369-project] http://10.222.0.73/volume/v3/86c699b812e44134b9a8f08dd7bb7257/volumes/da946d52-7504-4114-8e36-87148dcf20ef returned with HTTP 200
Apr 11 16:50:50.446362 dv-cinder-837166-2-iscsi devstack@c-api.service[116633]: [pid: 116633|app: 0|req: 33/55] 10.222.0.73 () {60 vars in 1365 bytes} [Mon Apr 11 16:50:50 2022] GET /volume/v3/86c699b812e44134b9a8f08dd7bb7257/volumes/da946d52-7504-4114-8e36-87148dcf20ef => generated 984 bytes in 173 msecs (HTTP/1.1 200) 7 headers in 286 bytes (1 switches on core 0)
Apr 11 16:50:50.451176 dv-cinder-837166-2-iscsi devstack@c-api.service[116633]: DEBUG cinder.api.middleware.request_id [None req-11399d40-8962-4ff3-9f90-a1ed6cccae44 None None] RequestId filter calling following filter/app {{(pid=116633) _context_setter /opt/stack/cinder/cinder/api/middleware/request_id.py:62}}
Apr 11 16:50:50.461751 dv-cinder-837166-2-iscsi devstack@c-api.service[116633]: INFO cinder.api.openstack.wsgi [None req-11399d40-8962-4ff3-9f90-a1ed6cccae44 tempest-QosSpecsTestJSON-2138840953 tempest-QosSpecsTestJSON-2138840953-project-admin] PUT http://10.222.0.73/volume/v3/3a81f45a39c54381906d4ca1b3d60275/qos-specs/2ef9152e-8731-464c-b69e-5d3d9afd3e10/delete_keys
Apr 11 16:50:50.462486 dv-cinder-837166-2-iscsi devstack@c-api.service[116633]: DEBUG cinder.api.openstack.wsgi [None req-11399d40-8962-4ff3-9f90-a1ed6cccae44 tempest-QosSpecsTestJSON-2138840953 tempest-QosSpecsTestJSON-2138840953-project-admin] Action: 'delete_keys', calling method: delete_keys, body: {"keys": ["iops_bytes"]} {{(pid=116633) _process_stack /opt/stack/cinder/cinder/api/openstack/wsgi.py:866}}
Apr 11 16:50:50.464822 dv-cinder-837166-2-iscsi devstack@c-api.service[116633]: DEBUG cinder.api.contrib.qos_specs_manage [None req-11399d40-8962-4ff3-9f90-a1ed6cccae44 tempest-QosSpecsTestJSON-2138840953 tempest-QosSpecsTestJSON-2138840953-project-admin] Delete_key spec: 2ef9152e-8731-464c-b69e-5d3d9afd3e10, keys: ['iops_bytes'] {{(pid=116633) delete_keys /opt/stack/cinder/cinder/api/contrib/qos_specs_manage.py:207}}
Apr 11 16:50:50.469541 dv-cinder-837166-2-iscsi devstack@c-api.service[116634]: /usr/local/lib/python3.8/dist-packages/oslo_context/context.py:100: DeprecationWarning: Policy enforcement is depending on the value of is_admin. This key is deprecated. Please update your policy file to use the standard policy values.
Apr 11 16:50:50.469541 dv-cinder-837166-2-iscsi devstack@c-api.service[116634]: warnings.warn('Policy enforcement is depending on the value of '
Apr 11 16:50:50.479319 dv-cinder-837166-2-iscsi devstack@c-api.service[116634]: INFO cinder.volume.api [req-d0b448d9-c7e3-4105-a4d3-476ab7ff0142 req-270af322-4915-4c29-82df-355ff5ede1a2 tempest-VolumesSnapshotsTestJSON-1480557652 tempest-VolumesSnapshotsTestJSON-1480557652-project] Volume info retrieved successfully.
Apr 11 16:50:50.482001 dv-cinder-837166-2-iscsi devstack@c-api.service[116634]: INFO cinder.api.v3.snapshots [req-d0b448d9-c7e3-4105-a4d3-476ab7ff0142 req-270af322-4915-4c29-82df-355ff5ede1a2 tempest-VolumesSnapshotsTestJSON-1480557652 tempest-VolumesSnapshotsTestJSON-1480557652-project] Create snapshot from volume aba28fa2-519e-42ad-9d96-6f900fd9a1fa
Apr 11 16:50:50.513380 dv-cinder-837166-2-iscsi devstack@c-api.service[116633]: INFO cinder.api.openstack.wsgi [None req-11399d40-8962-4ff3-9f90-a1ed6cccae44 tempest-QosSpecsTestJSON-2138840953 tempest-QosSpecsTestJSON-2138840953-project-admin] http://10.222.0.73/volume/v3/3a81f45a39c54381906d4ca1b3d60275/qos-specs/2ef9152e-8731-464c-b69e-5d3d9afd3e10/delete_keys returned with HTTP 202
Apr 11 16:50:50.514829 dv-cinder-837166-2-iscsi devstack@c-api.service[116633]: [pid: 116633|app: 0|req: 34/56] 10.222.0.73 () {60 vars in 1386 bytes} [Mon Apr 11 16:50:50 2022] PUT /volume/v3/3a81f45a39c54381906d4ca1b3d60275/qos-specs/2ef9152e-8731-464c-b69e-5d3d9afd3e10/delete_keys => generated 0 bytes in 67 msecs (HTTP/1.1 202) 6 headers in 233 bytes (1 switches on core 0)
Apr 11 16:50:50.521091 dv-cinder-837166-2-iscsi devstack@c-api.service[116633]: DEBUG cinder.api.middleware.request_id [None req-7811529c-c368-4366-80a5-59a35237c53f None None] RequestId filter calling following filter/app {{(pid=116633) _context_setter /opt/stack/cinder/cinder/api/middleware/request_id.py:62}}
Apr 11 16:50:50.530369 dv-cinder-837166-2-iscsi devstack@c-api.service[116633]: INFO cinder.api.openstack.wsgi [None req-7811529c-c368-4366-80a5-59a35237c53f tempest-QosSpecsTestJSON-2138840953 tempest-QosSpecsTestJSON-2138840953-project-admin] GET http://10.222.0.73/volume/v3/3a81f45a39c54381906d4ca1b3d60275/qos-specs/2ef9152e-8731-464c-b69e-5d3d9afd3e10
Apr 11 16:50:50.531601 dv-cinder-837166-2-iscsi devstack@c-api.service[116633]: DEBUG cinder.api.openstack.wsgi [None req-7811529c-c368-4366-80a5-59a35237c53f tempest-QosSpecsTestJSON-2138840953 tempest-QosSpecsTestJSON-2138840953-project-admin] Empty body provided in request {{(pid=116633) get_body /opt/stack/cinder/cinder/api/openstack/wsgi.py:715}}
Apr 11 16:50:50.531846 dv-cinder-837166-2-iscsi devstack@c-api.service[116634]: WARNING cinder.quota [req-d0b448d9-c7e3-4105-a4d3-476ab7ff0142 req-270af322-4915-4c29-82df-355ff5ede1a2 tempest-VolumesSnapshotsTestJSON-1480557652 tempest-VolumesSnapshotsTestJSON-1480557652-project] Deprecated: Default quota for resource: snapshots___DEFAULT__ is set by the default quota flag: quota_snapshots___DEFAULT__, it is now deprecated. Please use the default quota class for default quota.
Apr 11 16:50:50.532429 dv-cinder-837166-2-iscsi devstack@c-api.service[116633]: DEBUG cinder.api.openstack.wsgi [None req-7811529c-c368-4366-80a5-59a35237c53f tempest-QosSpecsTestJSON-2138840953 tempest-QosSpecsTestJSON-2138840953-project-admin] Calling method 'show' {{(pid=116633) _process_stack /opt/stack/cinder/cinder/api/openstack/wsgi.py:868}}
Apr 11 16:50:50.533270 dv-cinder-837166-2-iscsi devstack@c-api.service[116633]: /usr/local/lib/python3.8/dist-packages/oslo_context/context.py:100: DeprecationWarning: Policy enforcement is depending on the value of is_admin. This key is deprecated. Please update your policy file to use the standard policy values.
Apr 11 16:50:50.533270 dv-cinder-837166-2-iscsi devstack@c-api.service[116633]: warnings.warn('Policy enforcement is depending on the value of '
Apr 11 16:50:50.542445 dv-cinder-837166-2-iscsi devstack@c-api.service[116633]: INFO cinder.api.openstack.wsgi [None req-7811529c-c368-4366-80a5-59a35237c53f tempest-QosSpecsTestJSON-2138840953 tempest-QosSpecsTestJSON-2138840953-project-admin] http://10.222.0.73/volume/v3/3a81f45a39c54381906d4ca1b3d60275/qos-specs/2ef9152e-8731-464c-b69e-5d3d9afd3e10 returned with HTTP 200
