Jun 16 14:48:58.170150 dv-cinder-837165-3-smb devstack@c-api.service[110610]: DEBUG cinder.api.extensions [-] Ext alias: os-vol-image-meta {{(pid=110610) _check_extension /opt/stack/cinder/cinder/api/extensions.py:180}}
Jun 16 14:48:58.170339 dv-cinder-837165-3-smb devstack@c-api.service[110610]: DEBUG cinder.api.extensions [-] Ext description: Show image metadata associated with the volume. {{(pid=110610) _check_extension /opt/stack/cinder/cinder/api/extensions.py:181}}
Jun 16 14:48:58.170523 dv-cinder-837165-3-smb devstack@c-api.service[110610]: DEBUG cinder.api.extensions [-] Ext updated: 2012-12-07T00:00:00+00:00 {{(pid=110610) _check_extension /opt/stack/cinder/cinder/api/extensions.py:183}}
Jun 16 14:48:58.170703 dv-cinder-837165-3-smb devstack@c-api.service[110610]: DEBUG cinder.api.extensions [-] Loaded extension: os-vol-image-meta {{(pid=110610) register /opt/stack/cinder/cinder/api/extensions.py:140}}
Jun 16 14:48:58.170899 dv-cinder-837165-3-smb devstack@c-api.service[110610]: DEBUG cinder.api.extensions [-] Loading extension cinder.api.contrib.snapshot_actions.Snapshot_actions {{(pid=110610) load_extension /opt/stack/cinder/cinder/api/extensions.py:199}}
Jun 16 14:48:58.171191 dv-cinder-837165-3-smb devstack@c-api.service[110610]: DEBUG cinder.api.extensions [-] Calling extension factory cinder.api.contrib.snapshot_actions.Snapshot_actions {{(pid=110610) load_extension /opt/stack/cinder/cinder/api/extensions.py:205}}
Jun 16 14:48:58.171377 dv-cinder-837165-3-smb devstack@c-api.service[110610]: DEBUG cinder.api.extensions [-] Ext name: SnapshotActions {{(pid=110610) _check_extension /opt/stack/cinder/cinder/api/extensions.py:179}}
Jun 16 14:48:58.171588 dv-cinder-837165-3-smb devstack@c-api.service[110610]: DEBUG cinder.api.extensions [-] Ext alias: os-snapshot-actions {{(pid=110610) _check_extension /opt/stack/cinder/cinder/api/extensions.py:180}}
Jun 16 14:48:58.171758 dv-cinder-837165-3-smb devstack@c-api.service[110610]: DEBUG cinder.api.extensions [-] Ext description: Enable snapshot manager actions. {{(pid=110610) _check_extension /opt/stack/cinder/cinder/api/extensions.py:181}}
Jun 16 14:48:58.172062 dv-cinder-837165-3-smb devstack@c-api.service[110610]: DEBUG cinder.api.extensions [-] Ext updated: 2013-07-16T00:00:00+00:00 {{(pid=110610) _check_extension /opt/stack/cinder/cinder/api/extensions.py:183}}
Jun 16 14:48:58.172245 dv-cinder-837165-3-smb devstack@c-api.service[110610]: DEBUG cinder.api.extensions [-] Loaded extension: os-snapshot-actions {{(pid=110610) register /opt/stack/cinder/cinder/api/extensions.py:140}}
Jun 16 14:48:58.172438 dv-cinder-837165-3-smb devstack@c-api.service[110610]: DEBUG cinder.api.extensions [-] Loading extension cinder.api.contrib.extended_services.Extended_services {{(pid=110610) load_extension /opt/stack/cinder/cinder/api/extensions.py:199}}
Jun 16 14:48:58.172624 dv-cinder-837165-3-smb devstack@c-api.service[110610]: DEBUG cinder.api.extensions [-] Calling extension factory cinder.api.contrib.extended_services.Extended_services {{(pid=110610) load_extension /opt/stack/cinder/cinder/api/extensions.py:205}}
Jun 16 14:48:58.172914 dv-cinder-837165-3-smb devstack@c-api.service[110610]: DEBUG cinder.api.extensions [-] Ext name: ExtendedServices {{(pid=110610) _check_extension /opt/stack/cinder/cinder/api/extensions.py:179}}
Jun 16 14:48:58.175893 dv-cinder-837165-3-smb devstack@c-api.service[110610]: DEBUG cinder.api.extensions [-] Ext alias: os-extended-services {{(pid=110610) _check_extension /opt/stack/cinder/cinder/api/extensions.py:180}}
Jun 16 14:48:58.175893 dv-cinder-837165-3-smb devstack@c-api.service[110610]: DEBUG cinder.api.extensions [-] Ext description: Extended services support. {{(pid=110610) _check_extension /opt/stack/cinder/cinder/api/extensions.py:181}}
Jun 16 14:48:58.175893 dv-cinder-837165-3-smb devstack@c-api.service[110610]: DEBUG cinder.api.extensions [-] Ext updated: 2014-01-10T00:00:00-00:00 {{(pid=110610) _check_extension /opt/stack/cinder/cinder/api/extensions.py:183}}
Jun 16 14:48:58.175893 dv-cinder-837165-3-smb devstack@c-api.service[110610]: DEBUG cinder.api.extensions [-] Loaded extension: os-extended-services {{(pid=110610) register /opt/stack/cinder/cinder/api/extensions.py:140}}
Jun 16 14:48:58.175893 dv-cinder-837165-3-smb devstack@c-api.service[110610]: DEBUG cinder.api.extensions [-] Loading extension cinder.api.contrib.capabilities.Capabilities {{(pid=110610) load_extension /opt/stack/cinder/cinder/api/extensions.py:199}}
Jun 16 14:48:58.175893 dv-cinder-837165-3-smb devstack@c-api.service[110610]: DEBUG cinder.api.extensions [-] Calling extension factory cinder.api.contrib.capabilities.Capabilities {{(pid=110610) load_extension /opt/stack/cinder/cinder/api/extensions.py:205}}
Jun 16 14:48:58.175893 dv-cinder-837165-3-smb devstack@c-api.service[110610]: DEBUG cinder.api.extensions [-] Ext name: Capabilities {{(pid=110610) _check_extension /opt/stack/cinder/cinder/api/extensions.py:179}}
Jun 16 14:48:58.175893 dv-cinder-837165-3-smb devstack@c-api.service[110610]: DEBUG cinder.api.extensions [-] Ext alias: capabilities {{(pid=110610) _check_extension /opt/stack/cinder/cinder/api/extensions.py:180}}
Jun 16 14:48:58.175893 dv-cinder-837165-3-smb devstack@c-api.service[110610]: DEBUG cinder.api.extensions [-] Ext description: Capabilities support. {{(pid=110610) _check_extension /opt/stack/cinder/cinder/api/extensions.py:181}}
Jun 16 14:48:58.176593 dv-cinder-837165-3-smb devstack@c-api.service[110610]: DEBUG cinder.api.extensions [-] Ext updated: 2015-08-31T00:00:00+00:00 {{(pid=110610) _check_extension /opt/stack/cinder/cinder/api/extensions.py:183}}
Jun 16 14:48:58.176593 dv-cinder-837165-3-smb devstack@c-api.service[110610]: DEBUG cinder.api.extensions [-] Loaded extension: capabilities {{(pid=110610) register /opt/stack/cinder/cinder/api/extensions.py:140}}
Jun 16 14:48:58.176593 dv-cinder-837165-3-smb devstack@c-api.service[110610]: DEBUG cinder.api.extensions [-] Loading extension cinder.api.contrib.extended_snapshot_attributes.Extended_snapshot_attributes {{(pid=110610) load_extension /opt/stack/cinder/cinder/api/extensions.py:199}}
Jun 16 14:48:58.176593 dv-cinder-837165-3-smb devstack@c-api.service[110610]: DEBUG cinder.api.extensions [-] Calling extension factory cinder.api.contrib.extended_snapshot_attributes.Extended_snapshot_attributes {{(pid=110610) load_extension /opt/stack/cinder/cinder/api/extensions.py:205}}
Jun 16 14:48:58.176593 dv-cinder-837165-3-smb devstack@c-api.service[110610]: DEBUG cinder.api.extensions [-] Ext name: ExtendedSnapshotAttributes {{(pid=110610) _check_extension /opt/stack/cinder/cinder/api/extensions.py:179}}
Jun 16 14:48:58.176593 dv-cinder-837165-3-smb devstack@c-api.service[110610]: DEBUG cinder.api.extensions [-] Ext alias: os-extended-snapshot-attributes {{(pid=110610) _check_extension /opt/stack/cinder/cinder/api/extensions.py:180}}
Jun 16 14:48:58.176593 dv-cinder-837165-3-smb devstack@c-api.service[110610]: DEBUG cinder.api.extensions [-] Ext description: Extended SnapshotAttributes support. {{(pid=110610) _check_extension /opt/stack/cinder/cinder/api/extensions.py:181}}
Jun 16 14:48:58.176593 dv-cinder-837165-3-smb devstack@c-api.service[110610]: DEBUG cinder.api.extensions [-] Ext updated: 2012-06-19T00:00:00+00:00 {{(pid=110610) _check_extension /opt/stack/cinder/cinder/api/extensions.py:183}}
Jun 16 14:48:58.177293 dv-cinder-837165-3-smb devstack@c-api.service[110610]: DEBUG cinder.api.extensions [-] Loaded extension: os-extended-snapshot-attributes {{(pid=110610) register /opt/stack/cinder/cinder/api/extensions.py:140}}
Jun 16 14:48:58.177505 dv-cinder-837165-3-smb devstack@c-api.service[110610]: DEBUG cinder.api.extensions [-] Loading extension cinder.api.contrib.snapshot_unmanage.Snapshot_unmanage {{(pid=110610) load_extension /opt/stack/cinder/cinder/api/extensions.py:199}}
Jun 16 14:48:58.178324 dv-cinder-837165-3-smb devstack@c-api.service[110610]: DEBUG cinder.api.extensions [-] Calling extension factory cinder.api.contrib.snapshot_unmanage.Snapshot_unmanage {{(pid=110610) load_extension /opt/stack/cinder/cinder/api/extensions.py:205}}
Jun 16 14:48:58.178528 dv-cinder-837165-3-smb devstack@c-api.service[110610]: DEBUG cinder.api.extensions [-] Ext name: SnapshotUnmanage {{(pid=110610) _check_extension /opt/stack/cinder/cinder/api/extensions.py:179}}
Jun 16 14:48:58.178712 dv-cinder-837165-3-smb devstack@c-api.service[110610]: DEBUG cinder.api.extensions [-] Ext alias: os-snapshot-unmanage {{(pid=110610) _check_extension /opt/stack/cinder/cinder/api/extensions.py:180}}
Jun 16 14:48:58.178898 dv-cinder-837165-3-smb devstack@c-api.service[110610]: DEBUG cinder.api.extensions [-] Ext description: Enable volume unmanage operation. {{(pid=110610) _check_extension /opt/stack/cinder/cinder/api/extensions.py:181}}
Jun 16 14:48:58.179076 dv-cinder-837165-3-smb devstack@c-api.service[110610]: DEBUG cinder.api.extensions [-] Ext updated: 2014-12-31T00:00:00+00:00 {{(pid=110610) _check_extension /opt/stack/cinder/cinder/api/extensions.py:183}}
Jun 16 14:48:58.179254 dv-cinder-837165-3-smb devstack@c-api.service[110610]: DEBUG cinder.api.extensions [-] Loaded extension: os-snapshot-unmanage {{(pid=110610) register /opt/stack/cinder/cinder/api/extensions.py:140}}
Jun 16 14:48:58.179557 dv-cinder-837165-3-smb devstack@c-api.service[110610]: DEBUG cinder.api.extensions [-] Loading extension cinder.api.contrib.volume_type_access.Volume_type_access {{(pid=110610) load_extension /opt/stack/cinder/cinder/api/extensions.py:199}}
Jun 16 14:48:58.179853 dv-cinder-837165-3-smb devstack@c-api.service[110610]: DEBUG cinder.api.extensions [-] Calling extension factory cinder.api.contrib.volume_type_access.Volume_type_access {{(pid=110610) load_extension /opt/stack/cinder/cinder/api/extensions.py:205}}
Jun 16 14:48:58.180059 dv-cinder-837165-3-smb devstack@c-api.service[110610]: DEBUG cinder.api.extensions [-] Ext name: VolumeTypeAccess {{(pid=110610) _check_extension /opt/stack/cinder/cinder/api/extensions.py:179}}
Jun 16 14:48:58.180238 dv-cinder-837165-3-smb devstack@c-api.service[110610]: DEBUG cinder.api.extensions [-] Ext alias: os-volume-type-access {{(pid=110610) _check_extension /opt/stack/cinder/cinder/api/extensions.py:180}}
Jun 16 14:48:58.180450 dv-cinder-837165-3-smb devstack@c-api.service[110610]: DEBUG cinder.api.extensions [-] Ext description: Volume type access support. {{(pid=110610) _check_extension /opt/stack/cinder/cinder/api/extensions.py:181}}
Jun 16 14:48:58.180621 dv-cinder-837165-3-smb devstack@c-api.service[110610]: DEBUG cinder.api.extensions [-] Ext updated: 2014-06-26T00:00:00Z {{(pid=110610) _check_extension /opt/stack/cinder/cinder/api/extensions.py:183}}
Jun 16 14:48:58.180800 dv-cinder-837165-3-smb devstack@c-api.service[110610]: DEBUG cinder.api.extensions [-] Loaded extension: os-volume-type-access {{(pid=110610) register /opt/stack/cinder/cinder/api/extensions.py:140}}
Jun 16 14:48:58.180990 dv-cinder-837165-3-smb devstack@c-api.service[110610]: DEBUG cinder.api.extensions [-] Loading extension cinder.api.contrib.snapshot_manage.Snapshot_manage {{(pid=110610) load_extension /opt/stack/cinder/cinder/api/extensions.py:199}}
Jun 16 14:48:58.181282 dv-cinder-837165-3-smb devstack@c-api.service[110610]: DEBUG cinder.api.extensions [-] Calling extension factory cinder.api.contrib.snapshot_manage.Snapshot_manage {{(pid=110610) load_extension /opt/stack/cinder/cinder/api/extensions.py:205}}
Jun 16 14:48:58.181468 dv-cinder-837165-3-smb devstack@c-api.service[110610]: DEBUG cinder.api.extensions [-] Ext name: SnapshotManage {{(pid=110610) _check_extension /opt/stack/cinder/cinder/api/extensions.py:179}}
Jun 16 14:48:58.181628 dv-cinder-837165-3-smb devstack@c-api.service[110610]: DEBUG cinder.api.extensions [-] Ext alias: os-snapshot-manage {{(pid=110610) _check_extension /opt/stack/cinder/cinder/api/extensions.py:180}}
Jun 16 14:48:58.181811 dv-cinder-837165-3-smb devstack@c-api.service[110610]: DEBUG cinder.api.extensions [-] Ext description: Allows existing backend storage to be 'managed' by Cinder. {{(pid=110610) _check_extension /opt/stack/cinder/cinder/api/extensions.py:181}}
Jun 16 14:48:58.181985 dv-cinder-837165-3-smb devstack@c-api.service[110610]: DEBUG cinder.api.extensions [-] Ext updated: 2014-12-31T00:00:00+00:00 {{(pid=110610) _check_extension /opt/stack/cinder/cinder/api/extensions.py:183}}
Jun 16 14:48:58.182278 dv-cinder-837165-3-smb devstack@c-api.service[110610]: DEBUG cinder.api.extensions [-] Loaded extension: os-snapshot-manage {{(pid=110610) register /opt/stack/cinder/cinder/api/extensions.py:140}}
Jun 16 14:48:58.182474 dv-cinder-837165-3-smb devstack@c-api.service[110610]: DEBUG cinder.api.extensions [-] Loading extension cinder.api.contrib.used_limits.Used_limits {{(pid=110610) load_extension /opt/stack/cinder/cinder/api/extensions.py:199}}
Jun 16 14:48:58.182660 dv-cinder-837165-3-smb devstack@c-api.service[110610]: DEBUG cinder.api.extensions [-] Calling extension factory cinder.api.contrib.used_limits.Used_limits {{(pid=110610) load_extension /opt/stack/cinder/cinder/api/extensions.py:205}}
Jun 16 14:48:58.182952 dv-cinder-837165-3-smb devstack@c-api.service[110610]: DEBUG cinder.api.extensions [-] Ext name: UsedLimits {{(pid=110610) _check_extension /opt/stack/cinder/cinder/api/extensions.py:179}}
Jun 16 14:48:58.183131 dv-cinder-837165-3-smb devstack@c-api.service[110610]: DEBUG cinder.api.extensions [-] Ext alias: os-used-limits {{(pid=110610) _check_extension /opt/stack/cinder/cinder/api/extensions.py:180}}
Jun 16 14:48:58.183311 dv-cinder-837165-3-smb devstack@c-api.service[110610]: DEBUG cinder.api.extensions [-] Ext description: Provide data on limited resources that are being used. {{(pid=110610) _check_extension /opt/stack/cinder/cinder/api/extensions.py:181}}
Jun 16 14:48:58.183488 dv-cinder-837165-3-smb devstack@c-api.service[110610]: DEBUG cinder.api.extensions [-] Ext updated: 2013-10-03T00:00:00+00:00 {{(pid=110610) _check_extension /opt/stack/cinder/cinder/api/extensions.py:183}}
Jun 16 14:48:58.183664 dv-cinder-837165-3-smb devstack@c-api.service[110610]: DEBUG cinder.api.extensions [-] Loaded extension: os-used-limits {{(pid=110610) register /opt/stack/cinder/cinder/api/extensions.py:140}}
Jun 16 14:48:58.183855 dv-cinder-837165-3-smb devstack@c-api.service[110610]: DEBUG cinder.api.extensions [-] Loading extension cinder.api.contrib.availability_zones.Availability_zones {{(pid=110610) load_extension /opt/stack/cinder/cinder/api/extensions.py:199}}
Jun 16 14:48:58.184117 dv-cinder-837165-3-smb devstack@c-api.service[110610]: DEBUG cinder.api.extensions [-] Calling extension factory cinder.api.contrib.availability_zones.Availability_zones {{(pid=110610) load_extension /opt/stack/cinder/cinder/api/extensions.py:205}}
Jun 16 14:48:58.184288 dv-cinder-837165-3-smb devstack@c-api.service[110610]: DEBUG cinder.api.extensions [-] Ext name: AvailabilityZones {{(pid=110610) _check_extension /opt/stack/cinder/cinder/api/extensions.py:179}}
Jun 16 14:48:58.184433 dv-cinder-837165-3-smb devstack@c-api.service[110610]: DEBUG cinder.api.extensions [-] Ext alias: os-availability-zone {{(pid=110610) _check_extension /opt/stack/cinder/cinder/api/extensions.py:180}}
Jun 16 14:48:58.184576 dv-cinder-837165-3-smb devstack@c-api.service[110610]: DEBUG cinder.api.extensions [-] Ext description: Describe Availability Zones. {{(pid=110610) _check_extension /opt/stack/cinder/cinder/api/extensions.py:181}}
Jun 16 14:48:58.184742 dv-cinder-837165-3-smb devstack@c-api.service[110610]: DEBUG cinder.api.extensions [-] Ext updated: 2013-06-27T00:00:00+00:00 {{(pid=110610) _check_extension /opt/stack/cinder/cinder/api/extensions.py:183}}
Jun 16 14:48:58.184885 dv-cinder-837165-3-smb devstack@c-api.service[110610]: DEBUG cinder.api.extensions [-] Loaded extension: os-availability-zone {{(pid=110610) register /opt/stack/cinder/cinder/api/extensions.py:140}}
Jun 16 14:48:58.185097 dv-cinder-837165-3-smb devstack@c-api.service[110610]: DEBUG cinder.api.extensions [-] Loading extension cinder.api.contrib.cgsnapshots.Cgsnapshots {{(pid=110610) load_extension /opt/stack/cinder/cinder/api/extensions.py:199}}
Jun 16 14:48:58.185254 dv-cinder-837165-3-smb devstack@c-api.service[110610]: DEBUG cinder.api.extensions [-] Calling extension factory cinder.api.contrib.cgsnapshots.Cgsnapshots {{(pid=110610) load_extension /opt/stack/cinder/cinder/api/extensions.py:205}}
Jun 16 14:48:58.185419 dv-cinder-837165-3-smb devstack@c-api.service[110610]: DEBUG cinder.api.extensions [-] Ext name: Cgsnapshots {{(pid=110610) _check_extension /opt/stack/cinder/cinder/api/extensions.py:179}}
Jun 16 14:48:58.185595 dv-cinder-837165-3-smb devstack@c-api.service[110610]: DEBUG cinder.api.extensions [-] Ext alias: cgsnapshots {{(pid=110610) _check_extension /opt/stack/cinder/cinder/api/extensions.py:180}}
Jun 16 14:48:58.185773 dv-cinder-837165-3-smb devstack@c-api.service[110610]: DEBUG cinder.api.extensions [-] Ext description: cgsnapshots support. {{(pid=110610) _check_extension /opt/stack/cinder/cinder/api/extensions.py:181}}
Jun 16 14:48:58.185947 dv-cinder-837165-3-smb devstack@c-api.service[110610]: DEBUG cinder.api.extensions [-] Ext updated: 2014-08-18T00:00:00+00:00 {{(pid=110610) _check_extension /opt/stack/cinder/cinder/api/extensions.py:183}}
Jun 16 14:48:58.186108 dv-cinder-837165-3-smb devstack@c-api.service[110610]: DEBUG cinder.api.extensions [-] Loaded extension: cgsnapshots {{(pid=110610) register /opt/stack/cinder/cinder/api/extensions.py:140}}
Jun 16 14:48:58.186928 dv-cinder-837165-3-smb devstack@c-api.service[110610]: DEBUG cinder.api.extensions [-] Loading extension cinder.api.contrib.backups.Backups {{(pid=110610) load_extension /opt/stack/cinder/cinder/api/extensions.py:199}}
Jun 16 14:48:58.187119 dv-cinder-837165-3-smb devstack@c-api.service[110610]: DEBUG cinder.api.extensions [-] Calling extension factory cinder.api.contrib.backups.Backups {{(pid=110610) load_extension /opt/stack/cinder/cinder/api/extensions.py:205}}
Jun 16 14:48:58.187300 dv-cinder-837165-3-smb devstack@c-api.service[110610]: DEBUG cinder.api.extensions [-] Ext name: Backups {{(pid=110610) _check_extension /opt/stack/cinder/cinder/api/extensions.py:179}}
Jun 16 14:48:58.187476 dv-cinder-837165-3-smb devstack@c-api.service[110610]: DEBUG cinder.api.extensions [-] Ext alias: backups {{(pid=110610) _check_extension /opt/stack/cinder/cinder/api/extensions.py:180}}
Jun 16 14:48:58.187937 dv-cinder-837165-3-smb devstack@c-api.service[110610]: DEBUG cinder.api.extensions [-] Ext description: Backups support. {{(pid=110610) _check_extension /opt/stack/cinder/cinder/api/extensions.py:181}}
Jun 16 14:48:58.187937 dv-cinder-837165-3-smb devstack@c-api.service[110610]: DEBUG cinder.api.extensions [-] Ext updated: 2012-12-12T00:00:00+00:00 {{(pid=110610) _check_extension /opt/stack/cinder/cinder/api/extensions.py:183}}
Jun 16 14:48:58.188232 dv-cinder-837165-3-smb devstack@c-api.service[110610]: DEBUG cinder.api.extensions [-] Loaded extension: backups {{(pid=110610) register /opt/stack/cinder/cinder/api/extensions.py:140}}
Jun 16 14:48:58.188232 dv-cinder-837165-3-smb devstack@c-api.service[110610]: DEBUG cinder.api.extensions [-] Loading extension cinder.api.contrib.consistencygroups.Consistencygroups {{(pid=110610) load_extension /opt/stack/cinder/cinder/api/extensions.py:199}}
Jun 16 14:48:58.189162 dv-cinder-837165-3-smb devstack@c-api.service[110610]: DEBUG cinder.api.extensions [-] Calling extension factory cinder.api.contrib.consistencygroups.Consistencygroups {{(pid=110610) load_extension /opt/stack/cinder/cinder/api/extensions.py:205}}
Jun 16 14:48:58.189162 dv-cinder-837165-3-smb devstack@c-api.service[110610]: DEBUG cinder.api.extensions [-] Ext name: Consistencygroups {{(pid=110610) _check_extension /opt/stack/cinder/cinder/api/extensions.py:179}}
Jun 16 14:48:58.189162 dv-cinder-837165-3-smb devstack@c-api.service[110610]: DEBUG cinder.api.extensions [-] Ext alias: consistencygroups {{(pid=110610) _check_extension /opt/stack/cinder/cinder/api/extensions.py:180}}
Jun 16 14:48:58.189162 dv-cinder-837165-3-smb devstack@c-api.service[110610]: DEBUG cinder.api.extensions [-] Ext description: consistency groups support. {{(pid=110610) _check_extension /opt/stack/cinder/cinder/api/extensions.py:181}}
Jun 16 14:48:58.189162 dv-cinder-837165-3-smb devstack@c-api.service[110610]: DEBUG cinder.api.extensions [-] Ext updated: 2014-08-18T00:00:00+00:00 {{(pid=110610) _check_extension /opt/stack/cinder/cinder/api/extensions.py:183}}
Jun 16 14:48:58.189969 dv-cinder-837165-3-smb devstack@c-api.service[110610]: DEBUG cinder.api.extensions [-] Loaded extension: consistencygroups {{(pid=110610) register /opt/stack/cinder/cinder/api/extensions.py:140}}
Jun 16 14:48:58.189969 dv-cinder-837165-3-smb devstack@c-api.service[110610]: DEBUG cinder.api.extensions [-] Loading extension cinder.api.contrib.volume_host_attribute.Volume_host_attribute {{(pid=110610) load_extension /opt/stack/cinder/cinder/api/extensions.py:199}}
Jun 16 14:48:58.189969 dv-cinder-837165-3-smb devstack@c-api.service[110610]: DEBUG cinder.api.extensions [-] Calling extension factory cinder.api.contrib.volume_host_attribute.Volume_host_attribute {{(pid=110610) load_extension /opt/stack/cinder/cinder/api/extensions.py:205}}
Jun 16 14:48:58.189969 dv-cinder-837165-3-smb devstack@c-api.service[110610]: DEBUG cinder.api.extensions [-] Ext name: VolumeHostAttribute {{(pid=110610) _check_extension /opt/stack/cinder/cinder/api/extensions.py:179}}
Jun 16 14:48:58.190516 dv-cinder-837165-3-smb devstack@c-api.service[110610]: DEBUG cinder.api.extensions [-] Ext alias: os-vol-host-attr {{(pid=110610) _check_extension /opt/stack/cinder/cinder/api/extensions.py:180}}
Jun 16 14:48:58.190516 dv-cinder-837165-3-smb devstack@c-api.service[110610]: DEBUG cinder.api.extensions [-] Ext description: Expose host as an attribute of a volume. {{(pid=110610) _check_extension /opt/stack/cinder/cinder/api/extensions.py:181}}
Jun 16 14:48:58.190516 dv-cinder-837165-3-smb devstack@c-api.service[110610]: DEBUG cinder.api.extensions [-] Ext updated: 2011-11-03T00:00:00+00:00 {{(pid=110610) _check_extension /opt/stack/cinder/cinder/api/extensions.py:183}}
Jun 16 14:48:58.190915 dv-cinder-837165-3-smb devstack@c-api.service[110610]: DEBUG cinder.api.extensions [-] Loaded extension: os-vol-host-attr {{(pid=110610) register /opt/stack/cinder/cinder/api/extensions.py:140}}
Jun 16 14:48:58.190915 dv-cinder-837165-3-smb devstack@c-api.service[110610]: DEBUG cinder.api.extensions [-] Loading extension cinder.api.contrib.scheduler_stats.Scheduler_stats {{(pid=110610) load_extension /opt/stack/cinder/cinder/api/extensions.py:199}}
Jun 16 14:48:58.191187 dv-cinder-837165-3-smb devstack@c-api.service[110610]: DEBUG cinder.api.extensions [-] Calling extension factory cinder.api.contrib.scheduler_stats.Scheduler_stats {{(pid=110610) load_extension /opt/stack/cinder/cinder/api/extensions.py:205}}
Jun 16 14:48:58.191329 dv-cinder-837165-3-smb devstack@c-api.service[110610]: DEBUG cinder.api.extensions [-] Ext name: Scheduler_stats {{(pid=110610) _check_extension /opt/stack/cinder/cinder/api/extensions.py:179}}
Jun 16 14:48:58.191470 dv-cinder-837165-3-smb devstack@c-api.service[110610]: DEBUG cinder.api.extensions [-] Ext alias: scheduler-stats {{(pid=110610) _check_extension /opt/stack/cinder/cinder/api/extensions.py:180}}
Jun 16 14:48:58.191622 dv-cinder-837165-3-smb devstack@c-api.service[110610]: DEBUG cinder.api.extensions [-] Ext description: Scheduler stats support. {{(pid=110610) _check_extension /opt/stack/cinder/cinder/api/extensions.py:181}}
Jun 16 14:48:58.191777 dv-cinder-837165-3-smb devstack@c-api.service[110610]: DEBUG cinder.api.extensions [-] Ext updated: 2014-09-07T00:00:00+00:00 {{(pid=110610) _check_extension /opt/stack/cinder/cinder/api/extensions.py:183}}
Jun 16 14:48:58.191954 dv-cinder-837165-3-smb devstack@c-api.service[110610]: DEBUG cinder.api.extensions [-] Loaded extension: scheduler-stats {{(pid=110610) register /opt/stack/cinder/cinder/api/extensions.py:140}}
Jun 16 14:48:58.213951 dv-cinder-837165-3-smb devstack@c-api.service[110609]: INFO dbcounter [None req-18022106-fe57-425e-adb1-6b0e599a0222 None None] Registered counter for database cinder
Jun 16 14:48:58.233087 dv-cinder-837165-3-smb devstack@c-api.service[110609]: DEBUG oslo_db.sqlalchemy.engines [None req-18022106-fe57-425e-adb1-6b0e599a0222 None None] MySQL server mode set to STRICT_TRANS_TABLES,STRICT_ALL_TABLES,NO_ZERO_IN_DATE,NO_ZERO_DATE,ERROR_FOR_DIVISION_BY_ZERO,TRADITIONAL,NO_ENGINE_SUBSTITUTION {{(pid=110609) _check_effective_sql_mode /usr/local/lib/python3.8/dist-packages/oslo_db/sqlalchemy/engines.py:314}}
Jun 16 14:48:58.240204 dv-cinder-837165-3-smb devstack@c-api.service[110609]: DEBUG dbcounter [-] [110609] Writer thread running {{(pid=110609) stat_writer /usr/local/lib/python3.8/dist-packages/dbcounter.py:99}}
Jun 16 14:48:58.254439 dv-cinder-837165-3-smb devstack@c-api.service[110610]: INFO dbcounter [None req-5e27622f-df03-4d99-8186-9feefc462874 None None] Registered counter for database cinder
Jun 16 14:48:58.275225 dv-cinder-837165-3-smb devstack@c-api.service[110610]: DEBUG oslo_db.sqlalchemy.engines [None req-5e27622f-df03-4d99-8186-9feefc462874 None None] MySQL server mode set to STRICT_TRANS_TABLES,STRICT_ALL_TABLES,NO_ZERO_IN_DATE,NO_ZERO_DATE,ERROR_FOR_DIVISION_BY_ZERO,TRADITIONAL,NO_ENGINE_SUBSTITUTION {{(pid=110610) _check_effective_sql_mode /usr/local/lib/python3.8/dist-packages/oslo_db/sqlalchemy/engines.py:314}}
Jun 16 14:48:58.282480 dv-cinder-837165-3-smb devstack@c-api.service[110610]: DEBUG dbcounter [-] [110610] Writer thread running {{(pid=110610) stat_writer /usr/local/lib/python3.8/dist-packages/dbcounter.py:99}}
Jun 16 14:48:58.461302 dv-cinder-837165-3-smb devstack@c-api.service[110609]: INFO cinder.rpc [None req-18022106-fe57-425e-adb1-6b0e599a0222 None None] Automatically selected cinder-scheduler objects version 1.39 as minimum service version.
Jun 16 14:48:58.466771 dv-cinder-837165-3-smb devstack@c-api.service[110609]: INFO cinder.rpc [None req-18022106-fe57-425e-adb1-6b0e599a0222 None None] Automatically selected cinder-scheduler RPC version 3.12 as minimum service version.
Jun 16 14:48:58.471828 dv-cinder-837165-3-smb devstack@c-api.service[110609]: INFO cinder.rpc [None req-18022106-fe57-425e-adb1-6b0e599a0222 None None] Automatically selected cinder-volume objects version 1.39 as minimum service version.
Jun 16 14:48:58.476155 dv-cinder-837165-3-smb devstack@c-api.service[110609]: INFO cinder.rpc [None req-18022106-fe57-425e-adb1-6b0e599a0222 None None] Automatically selected cinder-volume RPC version 3.18 as minimum service version.
Jun 16 14:48:58.476962 dv-cinder-837165-3-smb devstack@c-api.service[110609]: WARNING stevedore.named [None req-18022106-fe57-425e-adb1-6b0e599a0222 None None] Could not load cinder.keymgr.conf_key_mgr.ConfKeyManager
Jun 16 14:48:58.477494 dv-cinder-837165-3-smb devstack@c-api.service[110609]: WARNING castellan.key_manager [None req-18022106-fe57-425e-adb1-6b0e599a0222 None None] Deprecation Warning : cinder.keymgr.conf_key_mgr.ConfKeyManager is not a stevedore based driver, trying to load it as a class: stevedore.exception.NoMatches: No 'castellan.drivers' driver found, looking for 'cinder.keymgr.conf_key_mgr.ConfKeyManager'
Jun 16 14:48:58.496594 dv-cinder-837165-3-smb devstack@c-api.service[110609]: WARNING cinder.keymgr.conf_key_mgr [None req-18022106-fe57-425e-adb1-6b0e599a0222 None None] This key manager is insecure and is not recommended for production deployments: stevedore.exception.NoMatches: No 'castellan.drivers' driver found, looking for 'cinder.keymgr.conf_key_mgr.ConfKeyManager'
Jun 16 14:48:58.504195 dv-cinder-837165-3-smb devstack@c-api.service[110609]: DEBUG oslo_db.sqlalchemy.engines [None req-18022106-fe57-425e-adb1-6b0e599a0222 None None] MySQL server mode set to STRICT_TRANS_TABLES,STRICT_ALL_TABLES,NO_ZERO_IN_DATE,NO_ZERO_DATE,ERROR_FOR_DIVISION_BY_ZERO,TRADITIONAL,NO_ENGINE_SUBSTITUTION {{(pid=110609) _check_effective_sql_mode /usr/local/lib/python3.8/dist-packages/oslo_db/sqlalchemy/engines.py:314}}
Jun 16 14:48:58.506378 dv-cinder-837165-3-smb devstack@c-api.service[110610]: INFO cinder.rpc [None req-5e27622f-df03-4d99-8186-9feefc462874 None None] Automatically selected cinder-scheduler objects version 1.39 as minimum service version.
Jun 16 14:48:58.509841 dv-cinder-837165-3-smb devstack@c-api.service[110609]: INFO cinder.rpc [None req-18022106-fe57-425e-adb1-6b0e599a0222 None None] Automatically selected cinder-backup objects version 1.39 as minimum service version.
Jun 16 14:48:58.511197 dv-cinder-837165-3-smb devstack@c-api.service[110610]: INFO cinder.rpc [None req-5e27622f-df03-4d99-8186-9feefc462874 None None] Automatically selected cinder-scheduler RPC version 3.12 as minimum service version.
Jun 16 14:48:58.518433 dv-cinder-837165-3-smb devstack@c-api.service[110609]: INFO cinder.rpc [None req-18022106-fe57-425e-adb1-6b0e599a0222 None None] Automatically selected cinder-backup RPC version 2.3 as minimum service version.
Jun 16 14:48:58.518433 dv-cinder-837165-3-smb devstack@c-api.service[110609]: WARNING stevedore.named [None req-18022106-fe57-425e-adb1-6b0e599a0222 None None] Could not load cinder.keymgr.conf_key_mgr.ConfKeyManager
Jun 16 14:48:58.518433 dv-cinder-837165-3-smb devstack@c-api.service[110609]: WARNING castellan.key_manager [None req-18022106-fe57-425e-adb1-6b0e599a0222 None None] Deprecation Warning : cinder.keymgr.conf_key_mgr.ConfKeyManager is not a stevedore based driver, trying to load it as a class: stevedore.exception.NoMatches: No 'castellan.drivers' driver found, looking for 'cinder.keymgr.conf_key_mgr.ConfKeyManager'
Jun 16 14:48:58.518766 dv-cinder-837165-3-smb devstack@c-api.service[110609]: WARNING stevedore.named [None req-18022106-fe57-425e-adb1-6b0e599a0222 None None] Could not load cinder.keymgr.conf_key_mgr.ConfKeyManager
Jun 16 14:48:58.519178 dv-cinder-837165-3-smb devstack@c-api.service[110609]: WARNING castellan.key_manager [None req-18022106-fe57-425e-adb1-6b0e599a0222 None None] Deprecation Warning : cinder.keymgr.conf_key_mgr.ConfKeyManager is not a stevedore based driver, trying to load it as a class: stevedore.exception.NoMatches: No 'castellan.drivers' driver found, looking for 'cinder.keymgr.conf_key_mgr.ConfKeyManager'
Jun 16 14:48:58.520848 dv-cinder-837165-3-smb devstack@c-api.service[110609]: WARNING stevedore.named [None req-18022106-fe57-425e-adb1-6b0e599a0222 None None] Could not load cinder.keymgr.conf_key_mgr.ConfKeyManager
Jun 16 14:48:58.521250 dv-cinder-837165-3-smb devstack@c-api.service[110609]: WARNING castellan.key_manager [None req-18022106-fe57-425e-adb1-6b0e599a0222 None None] Deprecation Warning : cinder.keymgr.conf_key_mgr.ConfKeyManager is not a stevedore based driver, trying to load it as a class: stevedore.exception.NoMatches: No 'castellan.drivers' driver found, looking for 'cinder.keymgr.conf_key_mgr.ConfKeyManager'
Jun 16 14:48:58.521355 dv-cinder-837165-3-smb devstack@c-api.service[110610]: INFO cinder.rpc [None req-5e27622f-df03-4d99-8186-9feefc462874 None None] Automatically selected cinder-volume objects version 1.39 as minimum service version.
Jun 16 14:48:58.526310 dv-cinder-837165-3-smb devstack@c-api.service[110610]: INFO cinder.rpc [None req-5e27622f-df03-4d99-8186-9feefc462874 None None] Automatically selected cinder-volume RPC version 3.18 as minimum service version.
Jun 16 14:48:58.527160 dv-cinder-837165-3-smb devstack@c-api.service[110610]: WARNING stevedore.named [None req-5e27622f-df03-4d99-8186-9feefc462874 None None] Could not load cinder.keymgr.conf_key_mgr.ConfKeyManager
Jun 16 14:48:58.527556 dv-cinder-837165-3-smb devstack@c-api.service[110610]: WARNING castellan.key_manager [None req-5e27622f-df03-4d99-8186-9feefc462874 None None] Deprecation Warning : cinder.keymgr.conf_key_mgr.ConfKeyManager is not a stevedore based driver, trying to load it as a class: stevedore.exception.NoMatches: No 'castellan.drivers' driver found, looking for 'cinder.keymgr.conf_key_mgr.ConfKeyManager'
Jun 16 14:48:58.545317 dv-cinder-837165-3-smb devstack@c-api.service[110610]: WARNING cinder.keymgr.conf_key_mgr [None req-5e27622f-df03-4d99-8186-9feefc462874 None None] This key manager is insecure and is not recommended for production deployments: stevedore.exception.NoMatches: No 'castellan.drivers' driver found, looking for 'cinder.keymgr.conf_key_mgr.ConfKeyManager'
Jun 16 14:48:58.547055 dv-cinder-837165-3-smb devstack@c-api.service[110609]: WARNING stevedore.named [None req-18022106-fe57-425e-adb1-6b0e599a0222 None None] Could not load cinder.keymgr.conf_key_mgr.ConfKeyManager
Jun 16 14:48:58.547505 dv-cinder-837165-3-smb devstack@c-api.service[110609]: WARNING castellan.key_manager [None req-18022106-fe57-425e-adb1-6b0e599a0222 None None] Deprecation Warning : cinder.keymgr.conf_key_mgr.ConfKeyManager is not a stevedore based driver, trying to load it as a class: stevedore.exception.NoMatches: No 'castellan.drivers' driver found, looking for 'cinder.keymgr.conf_key_mgr.ConfKeyManager'
Jun 16 14:48:58.553425 dv-cinder-837165-3-smb devstack@c-api.service[110610]: DEBUG oslo_db.sqlalchemy.engines [None req-5e27622f-df03-4d99-8186-9feefc462874 None None] MySQL server mode set to STRICT_TRANS_TABLES,STRICT_ALL_TABLES,NO_ZERO_IN_DATE,NO_ZERO_DATE,ERROR_FOR_DIVISION_BY_ZERO,TRADITIONAL,NO_ENGINE_SUBSTITUTION {{(pid=110610) _check_effective_sql_mode /usr/local/lib/python3.8/dist-packages/oslo_db/sqlalchemy/engines.py:314}}
Jun 16 14:48:58.553698 dv-cinder-837165-3-smb devstack@c-api.service[110609]: WARNING stevedore.named [None req-18022106-fe57-425e-adb1-6b0e599a0222 None None] Could not load cinder.keymgr.conf_key_mgr.ConfKeyManager
Jun 16 14:48:58.554128 dv-cinder-837165-3-smb devstack@c-api.service[110609]: WARNING castellan.key_manager [None req-18022106-fe57-425e-adb1-6b0e599a0222 None None] Deprecation Warning : cinder.keymgr.conf_key_mgr.ConfKeyManager is not a stevedore based driver, trying to load it as a class: stevedore.exception.NoMatches: No 'castellan.drivers' driver found, looking for 'cinder.keymgr.conf_key_mgr.ConfKeyManager'
Jun 16 14:48:58.561589 dv-cinder-837165-3-smb devstack@c-api.service[110610]: INFO cinder.rpc [None req-5e27622f-df03-4d99-8186-9feefc462874 None None] Automatically selected cinder-backup objects version 1.39 as minimum service version.
Jun 16 14:48:58.561757 dv-cinder-837165-3-smb devstack@c-api.service[110609]: WARNING stevedore.named [None req-18022106-fe57-425e-adb1-6b0e599a0222 None None] Could not load cinder.keymgr.conf_key_mgr.ConfKeyManager
Jun 16 14:48:58.561757 dv-cinder-837165-3-smb devstack@c-api.service[110609]: WARNING castellan.key_manager [None req-18022106-fe57-425e-adb1-6b0e599a0222 None None] Deprecation Warning : cinder.keymgr.conf_key_mgr.ConfKeyManager is not a stevedore based driver, trying to load it as a class: stevedore.exception.NoMatches: No 'castellan.drivers' driver found, looking for 'cinder.keymgr.conf_key_mgr.ConfKeyManager'
Jun 16 14:48:58.565602 dv-cinder-837165-3-smb devstack@c-api.service[110610]: INFO cinder.rpc [None req-5e27622f-df03-4d99-8186-9feefc462874 None None] Automatically selected cinder-backup RPC version 2.3 as minimum service version.
Jun 16 14:48:58.566523 dv-cinder-837165-3-smb devstack@c-api.service[110610]: WARNING stevedore.named [None req-5e27622f-df03-4d99-8186-9feefc462874 None None] Could not load cinder.keymgr.conf_key_mgr.ConfKeyManager
Jun 16 14:48:58.566949 dv-cinder-837165-3-smb devstack@c-api.service[110610]: WARNING castellan.key_manager [None req-5e27622f-df03-4d99-8186-9feefc462874 None None] Deprecation Warning : cinder.keymgr.conf_key_mgr.ConfKeyManager is not a stevedore based driver, trying to load it as a class: stevedore.exception.NoMatches: No 'castellan.drivers' driver found, looking for 'cinder.keymgr.conf_key_mgr.ConfKeyManager'
Jun 16 14:48:58.568803 dv-cinder-837165-3-smb devstack@c-api.service[110609]: WARNING stevedore.named [None req-18022106-fe57-425e-adb1-6b0e599a0222 None None] Could not load cinder.keymgr.conf_key_mgr.ConfKeyManager
Jun 16 14:48:58.569166 dv-cinder-837165-3-smb devstack@c-api.service[110609]: WARNING castellan.key_manager [None req-18022106-fe57-425e-adb1-6b0e599a0222 None None] Deprecation Warning : cinder.keymgr.conf_key_mgr.ConfKeyManager is not a stevedore based driver, trying to load it as a class: stevedore.exception.NoMatches: No 'castellan.drivers' driver found, looking for 'cinder.keymgr.conf_key_mgr.ConfKeyManager'
Jun 16 14:48:58.569272 dv-cinder-837165-3-smb devstack@c-api.service[110610]: WARNING stevedore.named [None req-5e27622f-df03-4d99-8186-9feefc462874 None None] Could not load cinder.keymgr.conf_key_mgr.ConfKeyManager
Jun 16 14:48:58.569694 dv-cinder-837165-3-smb devstack@c-api.service[110610]: WARNING castellan.key_manager [None req-5e27622f-df03-4d99-8186-9feefc462874 None None] Deprecation Warning : cinder.keymgr.conf_key_mgr.ConfKeyManager is not a stevedore based driver, trying to load it as a class: stevedore.exception.NoMatches: No 'castellan.drivers' driver found, looking for 'cinder.keymgr.conf_key_mgr.ConfKeyManager'
Jun 16 14:48:58.571407 dv-cinder-837165-3-smb devstack@c-api.service[110610]: WARNING stevedore.named [None req-5e27622f-df03-4d99-8186-9feefc462874 None None] Could not load cinder.keymgr.conf_key_mgr.ConfKeyManager
Jun 16 14:48:58.571823 dv-cinder-837165-3-smb devstack@c-api.service[110610]: WARNING castellan.key_manager [None req-5e27622f-df03-4d99-8186-9feefc462874 None None] Deprecation Warning : cinder.keymgr.conf_key_mgr.ConfKeyManager is not a stevedore based driver, trying to load it as a class: stevedore.exception.NoMatches: No 'castellan.drivers' driver found, looking for 'cinder.keymgr.conf_key_mgr.ConfKeyManager'
Jun 16 14:48:58.574678 dv-cinder-837165-3-smb devstack@c-api.service[110609]: WARNING stevedore.named [None req-18022106-fe57-425e-adb1-6b0e599a0222 None None] Could not load cinder.keymgr.conf_key_mgr.ConfKeyManager
Jun 16 14:48:58.575036 dv-cinder-837165-3-smb devstack@c-api.service[110609]: WARNING castellan.key_manager [None req-18022106-fe57-425e-adb1-6b0e599a0222 None None] Deprecation Warning : cinder.keymgr.conf_key_mgr.ConfKeyManager is not a stevedore based driver, trying to load it as a class: stevedore.exception.NoMatches: No 'castellan.drivers' driver found, looking for 'cinder.keymgr.conf_key_mgr.ConfKeyManager'
Jun 16 14:48:58.580248 dv-cinder-837165-3-smb devstack@c-api.service[110609]: WARNING stevedore.named [None req-18022106-fe57-425e-adb1-6b0e599a0222 None None] Could not load cinder.keymgr.conf_key_mgr.ConfKeyManager
Jun 16 14:48:58.580617 dv-cinder-837165-3-smb devstack@c-api.service[110609]: WARNING castellan.key_manager [None req-18022106-fe57-425e-adb1-6b0e599a0222 None None] Deprecation Warning : cinder.keymgr.conf_key_mgr.ConfKeyManager is not a stevedore based driver, trying to load it as a class: stevedore.exception.NoMatches: No 'castellan.drivers' driver found, looking for 'cinder.keymgr.conf_key_mgr.ConfKeyManager'
Jun 16 14:48:58.586312 dv-cinder-837165-3-smb devstack@c-api.service[110609]: WARNING stevedore.named [None req-18022106-fe57-425e-adb1-6b0e599a0222 None None] Could not load cinder.keymgr.conf_key_mgr.ConfKeyManager
Jun 16 14:48:58.586745 dv-cinder-837165-3-smb devstack@c-api.service[110609]: WARNING castellan.key_manager [None req-18022106-fe57-425e-adb1-6b0e599a0222 None None] Deprecation Warning : cinder.keymgr.conf_key_mgr.ConfKeyManager is not a stevedore based driver, trying to load it as a class: stevedore.exception.NoMatches: No 'castellan.drivers' driver found, looking for 'cinder.keymgr.conf_key_mgr.ConfKeyManager'
Jun 16 14:48:58.591861 dv-cinder-837165-3-smb devstack@c-api.service[110609]: WARNING stevedore.named [None req-18022106-fe57-425e-adb1-6b0e599a0222 None None] Could not load cinder.keymgr.conf_key_mgr.ConfKeyManager
Jun 16 14:48:58.592253 dv-cinder-837165-3-smb devstack@c-api.service[110609]: WARNING castellan.key_manager [None req-18022106-fe57-425e-adb1-6b0e599a0222 None None] Deprecation Warning : cinder.keymgr.conf_key_mgr.ConfKeyManager is not a stevedore based driver, trying to load it as a class: stevedore.exception.NoMatches: No 'castellan.drivers' driver found, looking for 'cinder.keymgr.conf_key_mgr.ConfKeyManager'
Jun 16 14:48:58.597441 dv-cinder-837165-3-smb devstack@c-api.service[110609]: WARNING stevedore.named [None req-18022106-fe57-425e-adb1-6b0e599a0222 None None] Could not load cinder.keymgr.conf_key_mgr.ConfKeyManager
Jun 16 14:48:58.597552 dv-cinder-837165-3-smb devstack@c-api.service[110610]: WARNING stevedore.named [None req-5e27622f-df03-4d99-8186-9feefc462874 None None] Could not load cinder.keymgr.conf_key_mgr.ConfKeyManager
Jun 16 14:48:58.597805 dv-cinder-837165-3-smb devstack@c-api.service[110609]: WARNING castellan.key_manager [None req-18022106-fe57-425e-adb1-6b0e599a0222 None None] Deprecation Warning : cinder.keymgr.conf_key_mgr.ConfKeyManager is not a stevedore based driver, trying to load it as a class: stevedore.exception.NoMatches: No 'castellan.drivers' driver found, looking for 'cinder.keymgr.conf_key_mgr.ConfKeyManager'
Jun 16 14:48:58.598049 dv-cinder-837165-3-smb devstack@c-api.service[110610]: WARNING castellan.key_manager [None req-5e27622f-df03-4d99-8186-9feefc462874 None None] Deprecation Warning : cinder.keymgr.conf_key_mgr.ConfKeyManager is not a stevedore based driver, trying to load it as a class: stevedore.exception.NoMatches: No 'castellan.drivers' driver found, looking for 'cinder.keymgr.conf_key_mgr.ConfKeyManager'
Jun 16 14:48:58.599616 dv-cinder-837165-3-smb devstack@c-api.service[110609]: WARNING stevedore.named [None req-18022106-fe57-425e-adb1-6b0e599a0222 None None] Could not load cinder.keymgr.conf_key_mgr.ConfKeyManager
Jun 16 14:48:58.599987 dv-cinder-837165-3-smb devstack@c-api.service[110609]: WARNING castellan.key_manager [None req-18022106-fe57-425e-adb1-6b0e599a0222 None None] Deprecation Warning : cinder.keymgr.conf_key_mgr.ConfKeyManager is not a stevedore based driver, trying to load it as a class: stevedore.exception.NoMatches: No 'castellan.drivers' driver found, looking for 'cinder.keymgr.conf_key_mgr.ConfKeyManager'
Jun 16 14:48:58.604299 dv-cinder-837165-3-smb devstack@c-api.service[110610]: WARNING stevedore.named [None req-5e27622f-df03-4d99-8186-9feefc462874 None None] Could not load cinder.keymgr.conf_key_mgr.ConfKeyManager
Jun 16 14:48:58.604719 dv-cinder-837165-3-smb devstack@c-api.service[110610]: WARNING castellan.key_manager [None req-5e27622f-df03-4d99-8186-9feefc462874 None None] Deprecation Warning : cinder.keymgr.conf_key_mgr.ConfKeyManager is not a stevedore based driver, trying to load it as a class: stevedore.exception.NoMatches: No 'castellan.drivers' driver found, looking for 'cinder.keymgr.conf_key_mgr.ConfKeyManager'
Jun 16 14:48:58.605282 dv-cinder-837165-3-smb devstack@c-api.service[110609]: WARNING stevedore.named [None req-18022106-fe57-425e-adb1-6b0e599a0222 None None] Could not load cinder.keymgr.conf_key_mgr.ConfKeyManager
Jun 16 14:48:58.605651 dv-cinder-837165-3-smb devstack@c-api.service[110609]: WARNING castellan.key_manager [None req-18022106-fe57-425e-adb1-6b0e599a0222 None None] Deprecation Warning : cinder.keymgr.conf_key_mgr.ConfKeyManager is not a stevedore based driver, trying to load it as a class: stevedore.exception.NoMatches: No 'castellan.drivers' driver found, looking for 'cinder.keymgr.conf_key_mgr.ConfKeyManager'
Jun 16 14:48:58.611050 dv-cinder-837165-3-smb devstack@c-api.service[110610]: WARNING stevedore.named [None req-5e27622f-df03-4d99-8186-9feefc462874 None None] Could not load cinder.keymgr.conf_key_mgr.ConfKeyManager
Jun 16 14:48:58.611456 dv-cinder-837165-3-smb devstack@c-api.service[110610]: WARNING castellan.key_manager [None req-5e27622f-df03-4d99-8186-9feefc462874 None None] Deprecation Warning : cinder.keymgr.conf_key_mgr.ConfKeyManager is not a stevedore based driver, trying to load it as a class: stevedore.exception.NoMatches: No 'castellan.drivers' driver found, looking for 'cinder.keymgr.conf_key_mgr.ConfKeyManager'
Jun 16 14:48:58.617441 dv-cinder-837165-3-smb devstack@c-api.service[110609]: WARNING stevedore.named [None req-18022106-fe57-425e-adb1-6b0e599a0222 None None] Could not load cinder.keymgr.conf_key_mgr.ConfKeyManager
Jun 16 14:48:58.617818 dv-cinder-837165-3-smb devstack@c-api.service[110609]: WARNING castellan.key_manager [None req-18022106-fe57-425e-adb1-6b0e599a0222 None None] Deprecation Warning : cinder.keymgr.conf_key_mgr.ConfKeyManager is not a stevedore based driver, trying to load it as a class: stevedore.exception.NoMatches: No 'castellan.drivers' driver found, looking for 'cinder.keymgr.conf_key_mgr.ConfKeyManager'
Jun 16 14:48:58.620048 dv-cinder-837165-3-smb devstack@c-api.service[110610]: WARNING stevedore.named [None req-5e27622f-df03-4d99-8186-9feefc462874 None None] Could not load cinder.keymgr.conf_key_mgr.ConfKeyManager
Jun 16 14:48:58.620491 dv-cinder-837165-3-smb devstack@c-api.service[110610]: WARNING castellan.key_manager [None req-5e27622f-df03-4d99-8186-9feefc462874 None None] Deprecation Warning : cinder.keymgr.conf_key_mgr.ConfKeyManager is not a stevedore based driver, trying to load it as a class: stevedore.exception.NoMatches: No 'castellan.drivers' driver found, looking for 'cinder.keymgr.conf_key_mgr.ConfKeyManager'
Jun 16 14:48:58.625280 dv-cinder-837165-3-smb devstack@c-api.service[110609]: WARNING stevedore.named [None req-18022106-fe57-425e-adb1-6b0e599a0222 None None] Could not load cinder.keymgr.conf_key_mgr.ConfKeyManager
Jun 16 14:48:58.625710 dv-cinder-837165-3-smb devstack@c-api.service[110609]: WARNING castellan.key_manager [None req-18022106-fe57-425e-adb1-6b0e599a0222 None None] Deprecation Warning : cinder.keymgr.conf_key_mgr.ConfKeyManager is not a stevedore based driver, trying to load it as a class: stevedore.exception.NoMatches: No 'castellan.drivers' driver found, looking for 'cinder.keymgr.conf_key_mgr.ConfKeyManager'
Jun 16 14:48:58.626091 dv-cinder-837165-3-smb devstack@c-api.service[110610]: WARNING stevedore.named [None req-5e27622f-df03-4d99-8186-9feefc462874 None None] Could not load cinder.keymgr.conf_key_mgr.ConfKeyManager
Jun 16 14:48:58.626511 dv-cinder-837165-3-smb devstack@c-api.service[110610]: WARNING castellan.key_manager [None req-5e27622f-df03-4d99-8186-9feefc462874 None None] Deprecation Warning : cinder.keymgr.conf_key_mgr.ConfKeyManager is not a stevedore based driver, trying to load it as a class: stevedore.exception.NoMatches: No 'castellan.drivers' driver found, looking for 'cinder.keymgr.conf_key_mgr.ConfKeyManager'
Jun 16 14:48:58.627789 dv-cinder-837165-3-smb devstack@c-api.service[110609]: WARNING cinder.api.contrib.hosts [None req-18022106-fe57-425e-adb1-6b0e599a0222 None None] Deprecated: The Host API is deprecated and will be be removed in a future version.
Jun 16 14:48:58.628531 dv-cinder-837165-3-smb devstack@c-api.service[110609]: WARNING stevedore.named [None req-18022106-fe57-425e-adb1-6b0e599a0222 None None] Could not load cinder.keymgr.conf_key_mgr.ConfKeyManager
Jun 16 14:48:58.628858 dv-cinder-837165-3-smb devstack@c-api.service[110609]: WARNING castellan.key_manager [None req-18022106-fe57-425e-adb1-6b0e599a0222 None None] Deprecation Warning : cinder.keymgr.conf_key_mgr.ConfKeyManager is not a stevedore based driver, trying to load it as a class: stevedore.exception.NoMatches: No 'castellan.drivers' driver found, looking for 'cinder.keymgr.conf_key_mgr.ConfKeyManager'
Jun 16 14:48:58.630695 dv-cinder-837165-3-smb devstack@c-api.service[110609]: WARNING stevedore.named [None req-18022106-fe57-425e-adb1-6b0e599a0222 None None] Could not load cinder.keymgr.conf_key_mgr.ConfKeyManager
Jun 16 14:48:58.631024 dv-cinder-837165-3-smb devstack@c-api.service[110609]: WARNING castellan.key_manager [None req-18022106-fe57-425e-adb1-6b0e599a0222 None None] Deprecation Warning : cinder.keymgr.conf_key_mgr.ConfKeyManager is not a stevedore based driver, trying to load it as a class: stevedore.exception.NoMatches: No 'castellan.drivers' driver found, looking for 'cinder.keymgr.conf_key_mgr.ConfKeyManager'
Jun 16 14:48:58.632224 dv-cinder-837165-3-smb devstack@c-api.service[110610]: WARNING stevedore.named [None req-5e27622f-df03-4d99-8186-9feefc462874 None None] Could not load cinder.keymgr.conf_key_mgr.ConfKeyManager
Jun 16 14:48:58.632657 dv-cinder-837165-3-smb devstack@c-api.service[110610]: WARNING castellan.key_manager [None req-5e27622f-df03-4d99-8186-9feefc462874 None None] Deprecation Warning : cinder.keymgr.conf_key_mgr.ConfKeyManager is not a stevedore based driver, trying to load it as a class: stevedore.exception.NoMatches: No 'castellan.drivers' driver found, looking for 'cinder.keymgr.conf_key_mgr.ConfKeyManager'
Jun 16 14:48:58.632787 dv-cinder-837165-3-smb devstack@c-api.service[110609]: WARNING stevedore.named [None req-18022106-fe57-425e-adb1-6b0e599a0222 None None] Could not load cinder.keymgr.conf_key_mgr.ConfKeyManager
Jun 16 14:48:58.633239 dv-cinder-837165-3-smb devstack@c-api.service[110609]: WARNING castellan.key_manager [None req-18022106-fe57-425e-adb1-6b0e599a0222 None None] Deprecation Warning : cinder.keymgr.conf_key_mgr.ConfKeyManager is not a stevedore based driver, trying to load it as a class: stevedore.exception.NoMatches: No 'castellan.drivers' driver found, looking for 'cinder.keymgr.conf_key_mgr.ConfKeyManager'
Jun 16 14:48:58.634722 dv-cinder-837165-3-smb devstack@c-api.service[110609]: WARNING stevedore.named [None req-18022106-fe57-425e-adb1-6b0e599a0222 None None] Could not load cinder.keymgr.conf_key_mgr.ConfKeyManager
