Apr 08 17:43:06.526085 dv-cinder-837165-1-smb devstack@c-api.service[116770]: DEBUG cinder.volume.api [None req-88216be8-a081-4c2e-bc90-48d09d078841 tempest-VolumesActionsTest-1143318202 tempest-VolumesActionsTest-1143318202-project] Task 'cinder.volume.flows.api.create_volume.QuotaCommitTask;volume:create' (acedb180-994d-42bf-a5bc-01c8afddeaed) transitioned into state 'SUCCESS' from state 'RUNNING' with result '{'volume_properties': VolumeProperties(attach_status='detached',availability_zone='nova',cgsnapshot_id=None,consistencygroup_id=None,display_description=None,display_name='tempest-VolumesActionsTest-Volume-229275255',encryption_key_id=None,group_id=None,group_type_id=,metadata={},multiattach=False,project_id='e5734569cac54a8d9d116c224f333df2',qos_specs=None,replication_status=,reservations=['904a98e2-41f2-4fed-be3a-162ae41fd722','f2b41861-5456-48e2-85e3-72b10962327d','2cb1ddeb-7e0b-4e84-bee5-18e10516fa77','4d849ed4-2306-4000-81bb-e10b46927995'],size=1,snapshot_id=None,source_replicaid=,source_volid=None,status='creating',user_id='25299fbc124b4fed91ef1f559d4776cd',volume_type_id=e256bcc2-5561-4f0e-8ce2-f4568bbac2d6)}' {{(pid=116770) _task_receiver /usr/local/lib/python3.8/dist-packages/taskflow/listeners/logging.py:178}}
Apr 08 17:43:06.530195 dv-cinder-837165-1-smb devstack@c-api.service[116770]: DEBUG cinder.volume.api [None req-88216be8-a081-4c2e-bc90-48d09d078841 tempest-VolumesActionsTest-1143318202 tempest-VolumesActionsTest-1143318202-project] Task 'cinder.volume.flows.api.create_volume.VolumeCastTask;volume:create' (0dc74571-c7a6-44d6-8624-18b37f82ce65) transitioned into state 'RUNNING' from state 'PENDING' {{(pid=116770) _task_receiver /usr/local/lib/python3.8/dist-packages/taskflow/listeners/logging.py:190}}
Apr 08 17:43:06.556312 dv-cinder-837165-1-smb devstack@c-api.service[116770]: DEBUG cinder.volume.api [None req-88216be8-a081-4c2e-bc90-48d09d078841 tempest-VolumesActionsTest-1143318202 tempest-VolumesActionsTest-1143318202-project] Task 'cinder.volume.flows.api.create_volume.VolumeCastTask;volume:create' (0dc74571-c7a6-44d6-8624-18b37f82ce65) transitioned into state 'SUCCESS' from state 'RUNNING' with result 'None' {{(pid=116770) _task_receiver /usr/local/lib/python3.8/dist-packages/taskflow/listeners/logging.py:178}}
Apr 08 17:43:06.561441 dv-cinder-837165-1-smb devstack@c-api.service[116770]: DEBUG cinder.volume.api [None req-88216be8-a081-4c2e-bc90-48d09d078841 tempest-VolumesActionsTest-1143318202 tempest-VolumesActionsTest-1143318202-project] Flow 'volume_create_api' (f71e3816-4f50-4bbb-9e40-05f5f68a1b18) transitioned into state 'SUCCESS' from state 'RUNNING' {{(pid=116770) _flow_receiver /usr/local/lib/python3.8/dist-packages/taskflow/listeners/logging.py:141}}
Apr 08 17:43:06.562528 dv-cinder-837165-1-smb devstack@c-api.service[116770]: INFO cinder.volume.api [None req-88216be8-a081-4c2e-bc90-48d09d078841 tempest-VolumesActionsTest-1143318202 tempest-VolumesActionsTest-1143318202-project] Create volume request issued successfully.
Apr 08 17:43:06.564532 dv-cinder-837165-1-smb devstack@c-api.service[116770]: INFO cinder.api.openstack.wsgi [None req-88216be8-a081-4c2e-bc90-48d09d078841 tempest-VolumesActionsTest-1143318202 tempest-VolumesActionsTest-1143318202-project] http://10.222.0.70/volume/v3/e5734569cac54a8d9d116c224f333df2/volumes returned with HTTP 202
Apr 08 17:43:06.566165 dv-cinder-837165-1-smb devstack@c-api.service[116770]: [pid: 116770|app: 0|req: 127/238] 10.222.0.70 () {60 vars in 1234 bytes} [Fri Apr 8 17:43:06 2022] POST /volume/v3/e5734569cac54a8d9d116c224f333df2/volumes => generated 817 bytes in 519 msecs (HTTP/1.1 202) 7 headers in 291 bytes (2 switches on core 0)
Apr 08 17:43:06.577722 dv-cinder-837165-1-smb devstack@c-api.service[116770]: DEBUG cinder.api.middleware.request_id [None req-50989359-ab3d-4d97-bc0f-056206805975 None None] RequestId filter calling following filter/app {{(pid=116770) _context_setter /opt/stack/cinder/cinder/api/middleware/request_id.py:62}}
Apr 08 17:43:06.582140 dv-cinder-837165-1-smb devstack@c-api.service[116770]: INFO cinder.api.openstack.wsgi [None req-50989359-ab3d-4d97-bc0f-056206805975 tempest-VolumesActionsTest-1143318202 tempest-VolumesActionsTest-1143318202-project] GET http://10.222.0.70/volume/v3/e5734569cac54a8d9d116c224f333df2/volumes/a7eb8553-caed-4be5-a3a1-debff6c5ca0d
Apr 08 17:43:06.582750 dv-cinder-837165-1-smb devstack@c-api.service[116770]: DEBUG cinder.api.openstack.wsgi [None req-50989359-ab3d-4d97-bc0f-056206805975 tempest-VolumesActionsTest-1143318202 tempest-VolumesActionsTest-1143318202-project] Empty body provided in request {{(pid=116770) get_body /opt/stack/cinder/cinder/api/openstack/wsgi.py:715}}
Apr 08 17:43:06.583741 dv-cinder-837165-1-smb devstack@c-api.service[116770]: DEBUG cinder.api.openstack.wsgi [None req-50989359-ab3d-4d97-bc0f-056206805975 tempest-VolumesActionsTest-1143318202 tempest-VolumesActionsTest-1143318202-project] Calling method 'show' {{(pid=116770) _process_stack /opt/stack/cinder/cinder/api/openstack/wsgi.py:868}}
Apr 08 17:43:06.601510 dv-cinder-837165-1-smb devstack@c-api.service[116770]: /usr/local/lib/python3.8/dist-packages/oslo_context/context.py:100: DeprecationWarning: Policy enforcement is depending on the value of is_admin. This key is deprecated. Please update your policy file to use the standard policy values.
Apr 08 17:43:06.601510 dv-cinder-837165-1-smb devstack@c-api.service[116770]: warnings.warn('Policy enforcement is depending on the value of '
Apr 08 17:43:06.614861 dv-cinder-837165-1-smb devstack@c-api.service[116770]: INFO cinder.volume.api [None req-50989359-ab3d-4d97-bc0f-056206805975 tempest-VolumesActionsTest-1143318202 tempest-VolumesActionsTest-1143318202-project] Volume info retrieved successfully.
Apr 08 17:43:06.622320 dv-cinder-837165-1-smb devstack@c-api.service[116771]: /usr/local/lib/python3.8/dist-packages/oslo_context/context.py:100: DeprecationWarning: Policy enforcement is depending on the value of is_admin. This key is deprecated. Please update your policy file to use the standard policy values.
Apr 08 17:43:06.622320 dv-cinder-837165-1-smb devstack@c-api.service[116771]: warnings.warn('Policy enforcement is depending on the value of '
Apr 08 17:43:06.636518 dv-cinder-837165-1-smb devstack@c-api.service[116770]: INFO cinder.api.openstack.wsgi [None req-50989359-ab3d-4d97-bc0f-056206805975 tempest-VolumesActionsTest-1143318202 tempest-VolumesActionsTest-1143318202-project] http://10.222.0.70/volume/v3/e5734569cac54a8d9d116c224f333df2/volumes/a7eb8553-caed-4be5-a3a1-debff6c5ca0d returned with HTTP 200
Apr 08 17:43:06.638283 dv-cinder-837165-1-smb devstack@c-api.service[116770]: [pid: 116770|app: 0|req: 128/239] 10.222.0.70 () {58 vars in 1324 bytes} [Fri Apr 8 17:43:06 2022] GET /volume/v3/e5734569cac54a8d9d116c224f333df2/volumes/a7eb8553-caed-4be5-a3a1-debff6c5ca0d => generated 885 bytes in 62 msecs (HTTP/1.1 200) 7 headers in 285 bytes (1 switches on core 0)
Apr 08 17:43:06.665918 dv-cinder-837165-1-smb devstack@c-api.service[116771]: INFO cinder.api.openstack.wsgi [req-322738b3-3637-469c-819f-41e078746f59 req-6656dbba-4e90-456a-b200-81042c45fbdf tempest-DeleteServersTestJSON-1076574345 tempest-DeleteServersTestJSON-1076574345-project] http://10.222.0.70/volume/v3/0d708ece49654527940e95b216588de3/attachments/41917484-0f6e-471d-b5f8-09744145dbfa/action returned with HTTP 204
Apr 08 17:43:06.667810 dv-cinder-837165-1-smb devstack@c-api.service[116771]: [pid: 116771|app: 0|req: 112/240] 10.222.0.83 () {64 vars in 1498 bytes} [Fri Apr 8 17:43:06 2022] POST /volume/v3/0d708ece49654527940e95b216588de3/attachments/41917484-0f6e-471d-b5f8-09744145dbfa/action => generated 0 bytes in 178 msecs (HTTP/1.1 204) 7 headers in 292 bytes (1 switches on core 0)
Apr 08 17:43:06.706289 dv-cinder-837165-1-smb devstack@c-api.service[116770]: DEBUG cinder.api.middleware.request_id [None req-b7390aee-c70b-4efb-a36f-a016fc1a2e10 None None] RequestId filter calling following filter/app {{(pid=116770) _context_setter /opt/stack/cinder/cinder/api/middleware/request_id.py:62}}
Apr 08 17:43:06.714053 dv-cinder-837165-1-smb devstack@c-api.service[116770]: INFO cinder.api.openstack.wsgi [None req-b7390aee-c70b-4efb-a36f-a016fc1a2e10 tempest-GroupSnapshotsV319Test-1116800849 tempest-GroupSnapshotsV319Test-1116800849-project] GET http://10.222.0.70/volume/v3/dca2e272e9574664a57bdbd680c36555/group_snapshots/6ffe4654-6ca8-4558-b5bb-b03c831be64f
Apr 08 17:43:06.714937 dv-cinder-837165-1-smb devstack@c-api.service[116770]: DEBUG cinder.api.openstack.wsgi [None req-b7390aee-c70b-4efb-a36f-a016fc1a2e10 tempest-GroupSnapshotsV319Test-1116800849 tempest-GroupSnapshotsV319Test-1116800849-project] Empty body provided in request {{(pid=116770) get_body /opt/stack/cinder/cinder/api/openstack/wsgi.py:715}}
Apr 08 17:43:06.716434 dv-cinder-837165-1-smb devstack@c-api.service[116770]: DEBUG cinder.api.openstack.wsgi [None req-b7390aee-c70b-4efb-a36f-a016fc1a2e10 tempest-GroupSnapshotsV319Test-1116800849 tempest-GroupSnapshotsV319Test-1116800849-project] Calling method 'version_select' {{(pid=116770) _process_stack /opt/stack/cinder/cinder/api/openstack/wsgi.py:868}}
Apr 08 17:43:06.718489 dv-cinder-837165-1-smb devstack@c-api.service[116770]: DEBUG cinder.api.v3.group_snapshots [None req-b7390aee-c70b-4efb-a36f-a016fc1a2e10 tempest-GroupSnapshotsV319Test-1116800849 tempest-GroupSnapshotsV319Test-1116800849-project] show called for member 6ffe4654-6ca8-4558-b5bb-b03c831be64f {{(pid=116770) show /opt/stack/cinder/cinder/api/v3/group_snapshots.py:58}}
Apr 08 17:43:06.736268 dv-cinder-837165-1-smb devstack@c-api.service[116770]: /usr/local/lib/python3.8/dist-packages/oslo_context/context.py:100: DeprecationWarning: Policy enforcement is depending on the value of is_admin. This key is deprecated. Please update your policy file to use the standard policy values.
Apr 08 17:43:06.736268 dv-cinder-837165-1-smb devstack@c-api.service[116770]: warnings.warn('Policy enforcement is depending on the value of '
Apr 08 17:43:06.751387 dv-cinder-837165-1-smb devstack@c-api.service[116770]: INFO cinder.api.openstack.wsgi [None req-b7390aee-c70b-4efb-a36f-a016fc1a2e10 tempest-GroupSnapshotsV319Test-1116800849 tempest-GroupSnapshotsV319Test-1116800849-project] http://10.222.0.70/volume/v3/dca2e272e9574664a57bdbd680c36555/group_snapshots/6ffe4654-6ca8-4558-b5bb-b03c831be64f returned with HTTP 200
Apr 08 17:43:06.753825 dv-cinder-837165-1-smb devstack@c-api.service[116770]: [pid: 116770|app: 0|req: 129/241] 10.222.0.70 () {60 vars in 1389 bytes} [Fri Apr 8 17:43:06 2022] GET /volume/v3/dca2e272e9574664a57bdbd680c36555/group_snapshots/6ffe4654-6ca8-4558-b5bb-b03c831be64f => generated 331 bytes in 50 msecs (HTTP/1.1 200) 7 headers in 286 bytes (1 switches on core 0)
Apr 08 17:43:06.761615 dv-cinder-837165-1-smb devstack@c-api.service[116771]: DEBUG cinder.api.middleware.request_id [None req-1a4734c4-6d44-4375-892e-6f377dcde1f3 None None] RequestId filter calling following filter/app {{(pid=116771) _context_setter /opt/stack/cinder/cinder/api/middleware/request_id.py:62}}
Apr 08 17:43:06.768641 dv-cinder-837165-1-smb devstack@c-api.service[116771]: INFO cinder.api.openstack.wsgi [None req-1a4734c4-6d44-4375-892e-6f377dcde1f3 tempest-GroupSnapshotsV319Test-1116800849 tempest-GroupSnapshotsV319Test-1116800849-project] GET http://10.222.0.70/volume/v3/dca2e272e9574664a57bdbd680c36555/snapshots/detail
Apr 08 17:43:06.770293 dv-cinder-837165-1-smb devstack@c-api.service[116771]: DEBUG cinder.api.openstack.wsgi [None req-1a4734c4-6d44-4375-892e-6f377dcde1f3 tempest-GroupSnapshotsV319Test-1116800849 tempest-GroupSnapshotsV319Test-1116800849-project] Empty body provided in request {{(pid=116771) get_body /opt/stack/cinder/cinder/api/openstack/wsgi.py:715}}
Apr 08 17:43:06.777217 dv-cinder-837165-1-smb devstack@c-api.service[116771]: DEBUG cinder.api.openstack.wsgi [None req-1a4734c4-6d44-4375-892e-6f377dcde1f3 tempest-GroupSnapshotsV319Test-1116800849 tempest-GroupSnapshotsV319Test-1116800849-project] Calling method 'detail' {{(pid=116771) _process_stack /opt/stack/cinder/cinder/api/openstack/wsgi.py:868}}
Apr 08 17:43:06.778341 dv-cinder-837165-1-smb devstack@c-api.service[116771]: DEBUG cinder.api.api_utils [None req-1a4734c4-6d44-4375-892e-6f377dcde1f3 tempest-GroupSnapshotsV319Test-1116800849 tempest-GroupSnapshotsV319Test-1116800849-project] Removing options '' from query. {{(pid=116771) remove_invalid_filter_options /opt/stack/cinder/cinder/api/api_utils.py:73}}
Apr 08 17:43:06.786567 dv-cinder-837165-1-smb devstack@c-api.service[116771]: DEBUG cinder.db.sqlalchemy.api [None req-1a4734c4-6d44-4375-892e-6f377dcde1f3 tempest-GroupSnapshotsV319Test-1116800849 tempest-GroupSnapshotsV319Test-1116800849-project] Building query based on filter {{(pid=116771) _process_snaps_filters /opt/stack/cinder/cinder/db/sqlalchemy/api.py:3377}}
Apr 08 17:43:06.797595 dv-cinder-837165-1-smb devstack@c-api.service[116771]: INFO cinder.volume.api [None req-1a4734c4-6d44-4375-892e-6f377dcde1f3 tempest-GroupSnapshotsV319Test-1116800849 tempest-GroupSnapshotsV319Test-1116800849-project] Get all snapshots completed successfully.
Apr 08 17:43:06.799500 dv-cinder-837165-1-smb devstack@c-api.service[116771]: /usr/local/lib/python3.8/dist-packages/oslo_context/context.py:100: DeprecationWarning: Policy enforcement is depending on the value of is_admin. This key is deprecated. Please update your policy file to use the standard policy values.
Apr 08 17:43:06.799500 dv-cinder-837165-1-smb devstack@c-api.service[116771]: warnings.warn('Policy enforcement is depending on the value of '
Apr 08 17:43:06.802068 dv-cinder-837165-1-smb devstack@c-api.service[116771]: INFO cinder.api.openstack.wsgi [None req-1a4734c4-6d44-4375-892e-6f377dcde1f3 tempest-GroupSnapshotsV319Test-1116800849 tempest-GroupSnapshotsV319Test-1116800849-project] http://10.222.0.70/volume/v3/dca2e272e9574664a57bdbd680c36555/snapshots/detail returned with HTTP 200
Apr 08 17:43:06.803393 dv-cinder-837165-1-smb devstack@c-api.service[116771]: [pid: 116771|app: 0|req: 113/242] 10.222.0.70 () {58 vars in 1240 bytes} [Fri Apr 8 17:43:06 2022] GET /volume/v3/dca2e272e9574664a57bdbd680c36555/snapshots/detail => generated 543 bytes in 44 msecs (HTTP/1.1 200) 7 headers in 285 bytes (1 switches on core 0)
Apr 08 17:43:06.811887 dv-cinder-837165-1-smb devstack@c-api.service[116770]: DEBUG cinder.api.middleware.request_id [None req-073412b5-3db0-4da8-9dd3-72e8f22f1bae None None] RequestId filter calling following filter/app {{(pid=116770) _context_setter /opt/stack/cinder/cinder/api/middleware/request_id.py:62}}
Apr 08 17:43:06.823895 dv-cinder-837165-1-smb devstack@c-api.service[116770]: INFO cinder.api.openstack.wsgi [None req-073412b5-3db0-4da8-9dd3-72e8f22f1bae tempest-GroupSnapshotsV319Test-1116800849 tempest-GroupSnapshotsV319Test-1116800849-project] GET http://10.222.0.70/volume/v3/dca2e272e9574664a57bdbd680c36555/snapshots/b47c8c6c-e66b-4093-8f4e-4149c23185f5
Apr 08 17:43:06.827654 dv-cinder-837165-1-smb devstack@c-api.service[116770]: DEBUG cinder.api.openstack.wsgi [None req-073412b5-3db0-4da8-9dd3-72e8f22f1bae tempest-GroupSnapshotsV319Test-1116800849 tempest-GroupSnapshotsV319Test-1116800849-project] Empty body provided in request {{(pid=116770) get_body /opt/stack/cinder/cinder/api/openstack/wsgi.py:715}}
Apr 08 17:43:06.828409 dv-cinder-837165-1-smb devstack@c-api.service[116771]: DEBUG cinder.api.middleware.request_id [None req-224aff55-1880-48fd-a76e-97be7a3a031c None None] RequestId filter calling following filter/app {{(pid=116771) _context_setter /opt/stack/cinder/cinder/api/middleware/request_id.py:62}}
Apr 08 17:43:06.831867 dv-cinder-837165-1-smb devstack@c-api.service[116770]: DEBUG cinder.api.openstack.wsgi [None req-073412b5-3db0-4da8-9dd3-72e8f22f1bae tempest-GroupSnapshotsV319Test-1116800849 tempest-GroupSnapshotsV319Test-1116800849-project] Calling method 'show' {{(pid=116770) _process_stack /opt/stack/cinder/cinder/api/openstack/wsgi.py:868}}
Apr 08 17:43:06.842885 dv-cinder-837165-1-smb devstack@c-api.service[116771]: INFO cinder.api.openstack.wsgi [None req-224aff55-1880-48fd-a76e-97be7a3a031c tempest-VolumesDeleteCascade-1552645697 tempest-VolumesDeleteCascade-1552645697-project] GET http://10.222.0.70/volume/v3/77d94b2f3c8f4a59b5ab6f4ba3fe7ef4/volumes/baeb5877-ebba-4da9-9d9d-744729e3f9c1
Apr 08 17:43:06.843354 dv-cinder-837165-1-smb devstack@c-api.service[116771]: DEBUG cinder.api.openstack.wsgi [None req-224aff55-1880-48fd-a76e-97be7a3a031c tempest-VolumesDeleteCascade-1552645697 tempest-VolumesDeleteCascade-1552645697-project] Empty body provided in request {{(pid=116771) get_body /opt/stack/cinder/cinder/api/openstack/wsgi.py:715}}
Apr 08 17:43:06.843812 dv-cinder-837165-1-smb devstack@c-api.service[116771]: DEBUG cinder.api.openstack.wsgi [None req-224aff55-1880-48fd-a76e-97be7a3a031c tempest-VolumesDeleteCascade-1552645697 tempest-VolumesDeleteCascade-1552645697-project] Calling method 'show' {{(pid=116771) _process_stack /opt/stack/cinder/cinder/api/openstack/wsgi.py:868}}
Apr 08 17:43:06.860978 dv-cinder-837165-1-smb devstack@c-api.service[116770]: /usr/local/lib/python3.8/dist-packages/oslo_context/context.py:100: DeprecationWarning: Policy enforcement is depending on the value of is_admin. This key is deprecated. Please update your policy file to use the standard policy values.
Apr 08 17:43:06.860978 dv-cinder-837165-1-smb devstack@c-api.service[116770]: warnings.warn('Policy enforcement is depending on the value of '
Apr 08 17:43:06.863865 dv-cinder-837165-1-smb devstack@c-api.service[116770]: INFO cinder.volume.api [None req-073412b5-3db0-4da8-9dd3-72e8f22f1bae tempest-GroupSnapshotsV319Test-1116800849 tempest-GroupSnapshotsV319Test-1116800849-project] Snapshot retrieved successfully.
Apr 08 17:43:06.867268 dv-cinder-837165-1-smb devstack@c-api.service[116770]: INFO cinder.api.openstack.wsgi [None req-073412b5-3db0-4da8-9dd3-72e8f22f1bae tempest-GroupSnapshotsV319Test-1116800849 tempest-GroupSnapshotsV319Test-1116800849-project] http://10.222.0.70/volume/v3/dca2e272e9574664a57bdbd680c36555/snapshots/b47c8c6c-e66b-4093-8f4e-4149c23185f5 returned with HTTP 200
Apr 08 17:43:06.872649 dv-cinder-837165-1-smb devstack@c-api.service[116770]: [pid: 116770|app: 0|req: 130/243] 10.222.0.70 () {58 vars in 1330 bytes} [Fri Apr 8 17:43:06 2022] GET /volume/v3/dca2e272e9574664a57bdbd680c36555/snapshots/b47c8c6c-e66b-4093-8f4e-4149c23185f5 => generated 540 bytes in 62 msecs (HTTP/1.1 200) 7 headers in 285 bytes (1 switches on core 0)
Apr 08 17:43:06.876830 dv-cinder-837165-1-smb devstack@c-api.service[116771]: /usr/local/lib/python3.8/dist-packages/oslo_context/context.py:100: DeprecationWarning: Policy enforcement is depending on the value of is_admin. This key is deprecated. Please update your policy file to use the standard policy values.
Apr 08 17:43:06.876830 dv-cinder-837165-1-smb devstack@c-api.service[116771]: warnings.warn('Policy enforcement is depending on the value of '
Apr 08 17:43:06.880910 dv-cinder-837165-1-smb devstack@c-api.service[116770]: DEBUG cinder.api.middleware.request_id [None req-5bf2435b-d0b2-42d9-ad37-1547cf33a525 None None] RequestId filter calling following filter/app {{(pid=116770) _context_setter /opt/stack/cinder/cinder/api/middleware/request_id.py:62}}
Apr 08 17:43:06.889788 dv-cinder-837165-1-smb devstack@c-api.service[116770]: INFO cinder.api.openstack.wsgi [None req-5bf2435b-d0b2-42d9-ad37-1547cf33a525 tempest-GroupSnapshotsV319Test-668087367 tempest-GroupSnapshotsV319Test-668087367-project-admin] POST http://10.222.0.70/volume/v3/a3e23a41fd9d49e9be9e9e64925a1ee6/group_snapshots/6ffe4654-6ca8-4558-b5bb-b03c831be64f/action
Apr 08 17:43:06.891356 dv-cinder-837165-1-smb devstack@c-api.service[116770]: DEBUG cinder.api.openstack.wsgi [None req-5bf2435b-d0b2-42d9-ad37-1547cf33a525 tempest-GroupSnapshotsV319Test-668087367 tempest-GroupSnapshotsV319Test-668087367-project-admin] Action body: b'{"reset_status": {"status": "creating"}}' {{(pid=116770) get_method /opt/stack/cinder/cinder/api/openstack/wsgi.py:983}}
Apr 08 17:43:06.891702 dv-cinder-837165-1-smb devstack@c-api.service[116770]: DEBUG cinder.api.openstack.wsgi [None req-5bf2435b-d0b2-42d9-ad37-1547cf33a525 tempest-GroupSnapshotsV319Test-668087367 tempest-GroupSnapshotsV319Test-668087367-project-admin] Action: 'action', calling method: version_select, body: {"reset_status": {"status": "creating"}} {{(pid=116770) _process_stack /opt/stack/cinder/cinder/api/openstack/wsgi.py:866}}
Apr 08 17:43:06.892595 dv-cinder-837165-1-smb devstack@c-api.service[116770]: DEBUG cinder.api.v3.group_snapshots [None req-5bf2435b-d0b2-42d9-ad37-1547cf33a525 tempest-GroupSnapshotsV319Test-668087367 tempest-GroupSnapshotsV319Test-668087367-project-admin] Updating group '6ffe4654-6ca8-4558-b5bb-b03c831be64f' with 'creating' {{(pid=116770) _reset_status /opt/stack/cinder/cinder/api/v3/group_snapshots.py:194}}
Apr 08 17:43:06.900257 dv-cinder-837165-1-smb devstack@c-api.service[116771]: INFO cinder.volume.api [None req-224aff55-1880-48fd-a76e-97be7a3a031c tempest-VolumesDeleteCascade-1552645697 tempest-VolumesDeleteCascade-1552645697-project] Volume info retrieved successfully.
Apr 08 17:43:06.902327 dv-cinder-837165-1-smb devstack@c-api.service[116770]: /usr/local/lib/python3.8/dist-packages/oslo_context/context.py:100: DeprecationWarning: Policy enforcement is depending on the value of is_admin. This key is deprecated. Please update your policy file to use the standard policy values.
Apr 08 17:43:06.902327 dv-cinder-837165-1-smb devstack@c-api.service[116770]: warnings.warn('Policy enforcement is depending on the value of '
Apr 08 17:43:06.911320 dv-cinder-837165-1-smb devstack@c-api.service[116771]: INFO cinder.api.openstack.wsgi [None req-224aff55-1880-48fd-a76e-97be7a3a031c tempest-VolumesDeleteCascade-1552645697 tempest-VolumesDeleteCascade-1552645697-project] http://10.222.0.70/volume/v3/77d94b2f3c8f4a59b5ab6f4ba3fe7ef4/volumes/baeb5877-ebba-4da9-9d9d-744729e3f9c1 returned with HTTP 200
Apr 08 17:43:06.912554 dv-cinder-837165-1-smb devstack@c-api.service[116771]: [pid: 116771|app: 0|req: 114/244] 10.222.0.70 () {58 vars in 1324 bytes} [Fri Apr 8 17:43:06 2022] GET /volume/v3/77d94b2f3c8f4a59b5ab6f4ba3fe7ef4/volumes/baeb5877-ebba-4da9-9d9d-744729e3f9c1 => generated 912 bytes in 99 msecs (HTTP/1.1 200) 7 headers in 285 bytes (1 switches on core 0)
Apr 08 17:43:06.926575 dv-cinder-837165-1-smb devstack@c-api.service[116771]: DEBUG cinder.api.middleware.request_id [None req-e0271051-41a2-4131-8069-55c8172ee9cc None None] RequestId filter calling following filter/app {{(pid=116771) _context_setter /opt/stack/cinder/cinder/api/middleware/request_id.py:62}}
Apr 08 17:43:06.927838 dv-cinder-837165-1-smb devstack@c-api.service[116770]: INFO cinder.api.openstack.wsgi [None req-5bf2435b-d0b2-42d9-ad37-1547cf33a525 tempest-GroupSnapshotsV319Test-668087367 tempest-GroupSnapshotsV319Test-668087367-project-admin] http://10.222.0.70/volume/v3/a3e23a41fd9d49e9be9e9e64925a1ee6/group_snapshots/6ffe4654-6ca8-4558-b5bb-b03c831be64f/action returned with HTTP 202
Apr 08 17:43:06.929859 dv-cinder-837165-1-smb devstack@c-api.service[116770]: [pid: 116770|app: 0|req: 131/245] 10.222.0.70 () {62 vars in 1431 bytes} [Fri Apr 8 17:43:06 2022] POST /volume/v3/a3e23a41fd9d49e9be9e9e64925a1ee6/group_snapshots/6ffe4654-6ca8-4558-b5bb-b03c831be64f/action => generated 0 bytes in 50 msecs (HTTP/1.1 202) 6 headers in 234 bytes (1 switches on core 0)
Apr 08 17:43:06.934639 dv-cinder-837165-1-smb devstack@c-api.service[116770]: DEBUG cinder.api.middleware.request_id [None req-b590671e-b258-4f8a-ad60-acf8fdf53495 None None] RequestId filter calling following filter/app {{(pid=116770) _context_setter /opt/stack/cinder/cinder/api/middleware/request_id.py:62}}
Apr 08 17:43:06.938851 dv-cinder-837165-1-smb devstack@c-api.service[116771]: INFO cinder.api.openstack.wsgi [None req-e0271051-41a2-4131-8069-55c8172ee9cc tempest-VolumesDeleteCascade-1552645697 tempest-VolumesDeleteCascade-1552645697-project] POST http://10.222.0.70/volume/v3/77d94b2f3c8f4a59b5ab6f4ba3fe7ef4/snapshots
Apr 08 17:43:06.939664 dv-cinder-837165-1-smb devstack@c-api.service[116771]: DEBUG cinder.api.openstack.wsgi [None req-e0271051-41a2-4131-8069-55c8172ee9cc tempest-VolumesDeleteCascade-1552645697 tempest-VolumesDeleteCascade-1552645697-project] Action: 'create', calling method: create, body: {"snapshot": {"volume_id": "baeb5877-ebba-4da9-9d9d-744729e3f9c1", "name": "tempest-VolumesDeleteCascade-Snapshot-1566633594"}} {{(pid=116771) _process_stack /opt/stack/cinder/cinder/api/openstack/wsgi.py:866}}
Apr 08 17:43:06.944128 dv-cinder-837165-1-smb devstack@c-api.service[116770]: INFO cinder.api.openstack.wsgi [None req-b590671e-b258-4f8a-ad60-acf8fdf53495 tempest-GroupSnapshotsV319Test-1116800849 tempest-GroupSnapshotsV319Test-1116800849-project] GET http://10.222.0.70/volume/v3/dca2e272e9574664a57bdbd680c36555/group_snapshots/6ffe4654-6ca8-4558-b5bb-b03c831be64f
Apr 08 17:43:06.945467 dv-cinder-837165-1-smb devstack@c-api.service[116770]: DEBUG cinder.api.openstack.wsgi [None req-b590671e-b258-4f8a-ad60-acf8fdf53495 tempest-GroupSnapshotsV319Test-1116800849 tempest-GroupSnapshotsV319Test-1116800849-project] Empty body provided in request {{(pid=116770) get_body /opt/stack/cinder/cinder/api/openstack/wsgi.py:715}}
Apr 08 17:43:06.946343 dv-cinder-837165-1-smb devstack@c-api.service[116770]: DEBUG cinder.api.openstack.wsgi [None req-b590671e-b258-4f8a-ad60-acf8fdf53495 tempest-GroupSnapshotsV319Test-1116800849 tempest-GroupSnapshotsV319Test-1116800849-project] Calling method 'version_select' {{(pid=116770) _process_stack /opt/stack/cinder/cinder/api/openstack/wsgi.py:868}}
Apr 08 17:43:06.946748 dv-cinder-837165-1-smb devstack@c-api.service[116770]: DEBUG cinder.api.v3.group_snapshots [None req-b590671e-b258-4f8a-ad60-acf8fdf53495 tempest-GroupSnapshotsV319Test-1116800849 tempest-GroupSnapshotsV319Test-1116800849-project] show called for member 6ffe4654-6ca8-4558-b5bb-b03c831be64f {{(pid=116770) show /opt/stack/cinder/cinder/api/v3/group_snapshots.py:58}}
Apr 08 17:43:06.955026 dv-cinder-837165-1-smb devstack@c-api.service[116770]: /usr/local/lib/python3.8/dist-packages/oslo_context/context.py:100: DeprecationWarning: Policy enforcement is depending on the value of is_admin. This key is deprecated. Please update your policy file to use the standard policy values.
Apr 08 17:43:06.955026 dv-cinder-837165-1-smb devstack@c-api.service[116770]: warnings.warn('Policy enforcement is depending on the value of '
Apr 08 17:43:06.959420 dv-cinder-837165-1-smb devstack@c-api.service[116771]: /usr/local/lib/python3.8/dist-packages/oslo_context/context.py:100: DeprecationWarning: Policy enforcement is depending on the value of is_admin. This key is deprecated. Please update your policy file to use the standard policy values.
Apr 08 17:43:06.959420 dv-cinder-837165-1-smb devstack@c-api.service[116771]: warnings.warn('Policy enforcement is depending on the value of '
Apr 08 17:43:06.960863 dv-cinder-837165-1-smb devstack@c-api.service[116771]: INFO cinder.volume.api [None req-e0271051-41a2-4131-8069-55c8172ee9cc tempest-VolumesDeleteCascade-1552645697 tempest-VolumesDeleteCascade-1552645697-project] Volume info retrieved successfully.
Apr 08 17:43:06.961416 dv-cinder-837165-1-smb devstack@c-api.service[116771]: INFO cinder.api.v3.snapshots [None req-e0271051-41a2-4131-8069-55c8172ee9cc tempest-VolumesDeleteCascade-1552645697 tempest-VolumesDeleteCascade-1552645697-project] Create snapshot from volume baeb5877-ebba-4da9-9d9d-744729e3f9c1
Apr 08 17:43:06.963418 dv-cinder-837165-1-smb devstack@c-api.service[116770]: INFO cinder.api.openstack.wsgi [None req-b590671e-b258-4f8a-ad60-acf8fdf53495 tempest-GroupSnapshotsV319Test-1116800849 tempest-GroupSnapshotsV319Test-1116800849-project] http://10.222.0.70/volume/v3/dca2e272e9574664a57bdbd680c36555/group_snapshots/6ffe4654-6ca8-4558-b5bb-b03c831be64f returned with HTTP 200
Apr 08 17:43:06.965290 dv-cinder-837165-1-smb devstack@c-api.service[116770]: [pid: 116770|app: 0|req: 132/246] 10.222.0.70 () {60 vars in 1389 bytes} [Fri Apr 8 17:43:06 2022] GET /volume/v3/dca2e272e9574664a57bdbd680c36555/group_snapshots/6ffe4654-6ca8-4558-b5bb-b03c831be64f => generated 330 bytes in 31 msecs (HTTP/1.1 200) 7 headers in 286 bytes (1 switches on core 0)
Apr 08 17:43:06.974480 dv-cinder-837165-1-smb devstack@c-api.service[116770]: DEBUG cinder.api.middleware.request_id [None req-a418b68e-09b0-4b19-97a0-1454271952d5 None None] RequestId filter calling following filter/app {{(pid=116770) _context_setter /opt/stack/cinder/cinder/api/middleware/request_id.py:62}}
Apr 08 17:43:06.981675 dv-cinder-837165-1-smb devstack@c-api.service[116770]: INFO cinder.api.openstack.wsgi [None req-a418b68e-09b0-4b19-97a0-1454271952d5 tempest-GroupSnapshotsV319Test-668087367 tempest-GroupSnapshotsV319Test-668087367-project-admin] POST http://10.222.0.70/volume/v3/a3e23a41fd9d49e9be9e9e64925a1ee6/group_snapshots/6ffe4654-6ca8-4558-b5bb-b03c831be64f/action
Apr 08 17:43:06.982694 dv-cinder-837165-1-smb devstack@c-api.service[116770]: DEBUG cinder.api.openstack.wsgi [None req-a418b68e-09b0-4b19-97a0-1454271952d5 tempest-GroupSnapshotsV319Test-668087367 tempest-GroupSnapshotsV319Test-668087367-project-admin] Action body: b'{"reset_status": {"status": "available"}}' {{(pid=116770) get_method /opt/stack/cinder/cinder/api/openstack/wsgi.py:983}}
Apr 08 17:43:06.983028 dv-cinder-837165-1-smb devstack@c-api.service[116770]: DEBUG cinder.api.openstack.wsgi [None req-a418b68e-09b0-4b19-97a0-1454271952d5 tempest-GroupSnapshotsV319Test-668087367 tempest-GroupSnapshotsV319Test-668087367-project-admin] Action: 'action', calling method: reset_status, body: {"reset_status": {"status": "available"}} {{(pid=116770) _process_stack /opt/stack/cinder/cinder/api/openstack/wsgi.py:866}}
Apr 08 17:43:06.984917 dv-cinder-837165-1-smb devstack@c-api.service[116770]: DEBUG cinder.api.v3.group_snapshots [None req-a418b68e-09b0-4b19-97a0-1454271952d5 tempest-GroupSnapshotsV319Test-668087367 tempest-GroupSnapshotsV319Test-668087367-project-admin] Updating group '6ffe4654-6ca8-4558-b5bb-b03c831be64f' with 'available' {{(pid=116770) _reset_status /opt/stack/cinder/cinder/api/v3/group_snapshots.py:194}}
Apr 08 17:43:06.995525 dv-cinder-837165-1-smb devstack@c-api.service[116770]: /usr/local/lib/python3.8/dist-packages/oslo_context/context.py:100: DeprecationWarning: Policy enforcement is depending on the value of is_admin. This key is deprecated. Please update your policy file to use the standard policy values.
Apr 08 17:43:06.995525 dv-cinder-837165-1-smb devstack@c-api.service[116770]: warnings.warn('Policy enforcement is depending on the value of '
Apr 08 17:43:07.010582 dv-cinder-837165-1-smb devstack@c-api.service[116770]: INFO cinder.api.openstack.wsgi [None req-a418b68e-09b0-4b19-97a0-1454271952d5 tempest-GroupSnapshotsV319Test-668087367 tempest-GroupSnapshotsV319Test-668087367-project-admin] http://10.222.0.70/volume/v3/a3e23a41fd9d49e9be9e9e64925a1ee6/group_snapshots/6ffe4654-6ca8-4558-b5bb-b03c831be64f/action returned with HTTP 202
Apr 08 17:43:07.015556 dv-cinder-837165-1-smb devstack@c-api.service[116770]: [pid: 116770|app: 0|req: 133/247] 10.222.0.70 () {62 vars in 1431 bytes} [Fri Apr 8 17:43:06 2022] POST /volume/v3/a3e23a41fd9d49e9be9e9e64925a1ee6/group_snapshots/6ffe4654-6ca8-4558-b5bb-b03c831be64f/action => generated 0 bytes in 43 msecs (HTTP/1.1 202) 6 headers in 234 bytes (1 switches on core 0)
Apr 08 17:43:07.018324 dv-cinder-837165-1-smb devstack@c-api.service[116770]: DEBUG cinder.api.middleware.request_id [None req-6acbe245-7caf-4721-ae31-31fdfa95f35c None None] RequestId filter calling following filter/app {{(pid=116770) _context_setter /opt/stack/cinder/cinder/api/middleware/request_id.py:62}}
Apr 08 17:43:07.022797 dv-cinder-837165-1-smb devstack@c-api.service[116770]: INFO cinder.api.openstack.wsgi [None req-6acbe245-7caf-4721-ae31-31fdfa95f35c tempest-GroupSnapshotsV319Test-1116800849 tempest-GroupSnapshotsV319Test-1116800849-project] GET http://10.222.0.70/volume/v3/dca2e272e9574664a57bdbd680c36555/group_snapshots/6ffe4654-6ca8-4558-b5bb-b03c831be64f
Apr 08 17:43:07.023444 dv-cinder-837165-1-smb devstack@c-api.service[116770]: DEBUG cinder.api.openstack.wsgi [None req-6acbe245-7caf-4721-ae31-31fdfa95f35c tempest-GroupSnapshotsV319Test-1116800849 tempest-GroupSnapshotsV319Test-1116800849-project] Empty body provided in request {{(pid=116770) get_body /opt/stack/cinder/cinder/api/openstack/wsgi.py:715}}
Apr 08 17:43:07.024584 dv-cinder-837165-1-smb devstack@c-api.service[116770]: DEBUG cinder.api.openstack.wsgi [None req-6acbe245-7caf-4721-ae31-31fdfa95f35c tempest-GroupSnapshotsV319Test-1116800849 tempest-GroupSnapshotsV319Test-1116800849-project] Calling method 'version_select' {{(pid=116770) _process_stack /opt/stack/cinder/cinder/api/openstack/wsgi.py:868}}
Apr 08 17:43:07.024951 dv-cinder-837165-1-smb devstack@c-api.service[116770]: DEBUG cinder.api.v3.group_snapshots [None req-6acbe245-7caf-4721-ae31-31fdfa95f35c tempest-GroupSnapshotsV319Test-1116800849 tempest-GroupSnapshotsV319Test-1116800849-project] show called for member 6ffe4654-6ca8-4558-b5bb-b03c831be64f {{(pid=116770) show /opt/stack/cinder/cinder/api/v3/group_snapshots.py:58}}
Apr 08 17:43:07.033411 dv-cinder-837165-1-smb devstack@c-api.service[116770]: /usr/local/lib/python3.8/dist-packages/oslo_context/context.py:100: DeprecationWarning: Policy enforcement is depending on the value of is_admin. This key is deprecated. Please update your policy file to use the standard policy values.
Apr 08 17:43:07.033411 dv-cinder-837165-1-smb devstack@c-api.service[116770]: warnings.warn('Policy enforcement is depending on the value of '
Apr 08 17:43:07.044552 dv-cinder-837165-1-smb devstack@c-api.service[116770]: INFO cinder.api.openstack.wsgi [None req-6acbe245-7caf-4721-ae31-31fdfa95f35c tempest-GroupSnapshotsV319Test-1116800849 tempest-GroupSnapshotsV319Test-1116800849-project] http://10.222.0.70/volume/v3/dca2e272e9574664a57bdbd680c36555/group_snapshots/6ffe4654-6ca8-4558-b5bb-b03c831be64f returned with HTTP 200
Apr 08 17:43:07.045028 dv-cinder-837165-1-smb devstack@c-api.service[116770]: [pid: 116770|app: 0|req: 134/248] 10.222.0.70 () {60 vars in 1389 bytes} [Fri Apr 8 17:43:07 2022] GET /volume/v3/dca2e272e9574664a57bdbd680c36555/group_snapshots/6ffe4654-6ca8-4558-b5bb-b03c831be64f => generated 331 bytes in 29 msecs (HTTP/1.1 200) 7 headers in 286 bytes (1 switches on core 0)
Apr 08 17:43:07.052613 dv-cinder-837165-1-smb devstack@c-api.service[116770]: DEBUG cinder.api.middleware.request_id [None req-dea1a022-61d1-441c-9187-34bf3c581101 None None] RequestId filter calling following filter/app {{(pid=116770) _context_setter /opt/stack/cinder/cinder/api/middleware/request_id.py:62}}
Apr 08 17:43:07.056915 dv-cinder-837165-1-smb devstack@c-api.service[116770]: INFO cinder.api.openstack.wsgi [None req-dea1a022-61d1-441c-9187-34bf3c581101 tempest-GroupSnapshotsV319Test-668087367 tempest-GroupSnapshotsV319Test-668087367-project-admin] POST http://10.222.0.70/volume/v3/a3e23a41fd9d49e9be9e9e64925a1ee6/group_snapshots/6ffe4654-6ca8-4558-b5bb-b03c831be64f/action
Apr 08 17:43:07.057865 dv-cinder-837165-1-smb devstack@c-api.service[116770]: DEBUG cinder.api.openstack.wsgi [None req-dea1a022-61d1-441c-9187-34bf3c581101 tempest-GroupSnapshotsV319Test-668087367 tempest-GroupSnapshotsV319Test-668087367-project-admin] Action body: b'{"reset_status": {"status": "error"}}' {{(pid=116770) get_method /opt/stack/cinder/cinder/api/openstack/wsgi.py:983}}
Apr 08 17:43:07.059619 dv-cinder-837165-1-smb devstack@c-api.service[116770]: DEBUG cinder.api.openstack.wsgi [None req-dea1a022-61d1-441c-9187-34bf3c581101 tempest-GroupSnapshotsV319Test-668087367 tempest-GroupSnapshotsV319Test-668087367-project-admin] Action: 'action', calling method: reset_status, body: {"reset_status": {"status": "error"}} {{(pid=116770) _process_stack /opt/stack/cinder/cinder/api/openstack/wsgi.py:866}}
Apr 08 17:43:07.059619 dv-cinder-837165-1-smb devstack@c-api.service[116770]: DEBUG cinder.api.v3.group_snapshots [None req-dea1a022-61d1-441c-9187-34bf3c581101 tempest-GroupSnapshotsV319Test-668087367 tempest-GroupSnapshotsV319Test-668087367-project-admin] Updating group '6ffe4654-6ca8-4558-b5bb-b03c831be64f' with 'error' {{(pid=116770) _reset_status /opt/stack/cinder/cinder/api/v3/group_snapshots.py:194}}
Apr 08 17:43:07.065988 dv-cinder-837165-1-smb devstack@c-api.service[116770]: /usr/local/lib/python3.8/dist-packages/oslo_context/context.py:100: DeprecationWarning: Policy enforcement is depending on the value of is_admin. This key is deprecated. Please update your policy file to use the standard policy values.
Apr 08 17:43:07.065988 dv-cinder-837165-1-smb devstack@c-api.service[116770]: warnings.warn('Policy enforcement is depending on the value of '
Apr 08 17:43:07.075545 dv-cinder-837165-1-smb devstack@c-api.service[116771]: DEBUG cinder.quota [None req-e0271051-41a2-4131-8069-55c8172ee9cc tempest-VolumesDeleteCascade-1552645697 tempest-VolumesDeleteCascade-1552645697-project] Created reservations ['16b18908-88b6-4e6c-bb6d-dfa6602555f2', 'a2aa75a8-5e57-48e9-859a-29ad10eaadd2', 'd453c950-1135-422d-83ca-f1662b64df75', '15cb6596-247b-4049-a214-cea915005aca'] {{(pid=116771) reserve /opt/stack/cinder/cinder/quota.py:755}}
Apr 08 17:43:07.082853 dv-cinder-837165-1-smb devstack@c-api.service[116770]: INFO cinder.api.openstack.wsgi [None req-dea1a022-61d1-441c-9187-34bf3c581101 tempest-GroupSnapshotsV319Test-668087367 tempest-GroupSnapshotsV319Test-668087367-project-admin] http://10.222.0.70/volume/v3/a3e23a41fd9d49e9be9e9e64925a1ee6/group_snapshots/6ffe4654-6ca8-4558-b5bb-b03c831be64f/action returned with HTTP 202
Apr 08 17:43:07.086725 dv-cinder-837165-1-smb devstack@c-api.service[116770]: [pid: 116770|app: 0|req: 135/249] 10.222.0.70 () {62 vars in 1431 bytes} [Fri Apr 8 17:43:07 2022] POST /volume/v3/a3e23a41fd9d49e9be9e9e64925a1ee6/group_snapshots/6ffe4654-6ca8-4558-b5bb-b03c831be64f/action => generated 0 bytes in 32 msecs (HTTP/1.1 202) 6 headers in 234 bytes (1 switches on core 0)
Apr 08 17:43:07.088319 dv-cinder-837165-1-smb devstack@c-api.service[116770]: DEBUG cinder.api.middleware.request_id [None req-538669fc-e7e4-413c-a0fd-f84ab69c809c None None] RequestId filter calling following filter/app {{(pid=116770) _context_setter /opt/stack/cinder/cinder/api/middleware/request_id.py:62}}
Apr 08 17:43:07.095436 dv-cinder-837165-1-smb devstack@c-api.service[116770]: INFO cinder.api.openstack.wsgi [None req-538669fc-e7e4-413c-a0fd-f84ab69c809c tempest-GroupSnapshotsV319Test-1116800849 tempest-GroupSnapshotsV319Test-1116800849-project] GET http://10.222.0.70/volume/v3/dca2e272e9574664a57bdbd680c36555/group_snapshots/6ffe4654-6ca8-4558-b5bb-b03c831be64f
Apr 08 17:43:07.095939 dv-cinder-837165-1-smb devstack@c-api.service[116770]: DEBUG cinder.api.openstack.wsgi [None req-538669fc-e7e4-413c-a0fd-f84ab69c809c tempest-GroupSnapshotsV319Test-1116800849 tempest-GroupSnapshotsV319Test-1116800849-project] Empty body provided in request {{(pid=116770) get_body /opt/stack/cinder/cinder/api/openstack/wsgi.py:715}}
Apr 08 17:43:07.096397 dv-cinder-837165-1-smb devstack@c-api.service[116770]: DEBUG cinder.api.openstack.wsgi [None req-538669fc-e7e4-413c-a0fd-f84ab69c809c tempest-GroupSnapshotsV319Test-1116800849 tempest-GroupSnapshotsV319Test-1116800849-project] Calling method 'version_select' {{(pid=116770) _process_stack /opt/stack/cinder/cinder/api/openstack/wsgi.py:868}}
Apr 08 17:43:07.096742 dv-cinder-837165-1-smb devstack@c-api.service[116770]: DEBUG cinder.api.v3.group_snapshots [None req-538669fc-e7e4-413c-a0fd-f84ab69c809c tempest-GroupSnapshotsV319Test-1116800849 tempest-GroupSnapshotsV319Test-1116800849-project] show called for member 6ffe4654-6ca8-4558-b5bb-b03c831be64f {{(pid=116770) show /opt/stack/cinder/cinder/api/v3/group_snapshots.py:58}}
Apr 08 17:43:07.104584 dv-cinder-837165-1-smb devstack@c-api.service[116770]: /usr/local/lib/python3.8/dist-packages/oslo_context/context.py:100: DeprecationWarning: Policy enforcement is depending on the value of is_admin. This key is deprecated. Please update your policy file to use the standard policy values.
Apr 08 17:43:07.104584 dv-cinder-837165-1-smb devstack@c-api.service[116770]: warnings.warn('Policy enforcement is depending on the value of '
Apr 08 17:43:07.113262 dv-cinder-837165-1-smb devstack@c-api.service[116770]: INFO cinder.api.openstack.wsgi [None req-538669fc-e7e4-413c-a0fd-f84ab69c809c tempest-GroupSnapshotsV319Test-1116800849 tempest-GroupSnapshotsV319Test-1116800849-project] http://10.222.0.70/volume/v3/dca2e272e9574664a57bdbd680c36555/group_snapshots/6ffe4654-6ca8-4558-b5bb-b03c831be64f returned with HTTP 200
Apr 08 17:43:07.117283 dv-cinder-837165-1-smb devstack@c-api.service[116770]: [pid: 116770|app: 0|req: 136/250] 10.222.0.70 () {60 vars in 1389 bytes} [Fri Apr 8 17:43:07 2022] GET /volume/v3/dca2e272e9574664a57bdbd680c36555/group_snapshots/6ffe4654-6ca8-4558-b5bb-b03c831be64f => generated 327 bytes in 27 msecs (HTTP/1.1 200) 7 headers in 286 bytes (1 switches on core 0)
Apr 08 17:43:07.122482 dv-cinder-837165-1-smb devstack@c-api.service[116770]: DEBUG cinder.api.middleware.request_id [None req-4432ac21-03ab-4502-9e39-a1bce3c6363b None None] RequestId filter calling following filter/app {{(pid=116770) _context_setter /opt/stack/cinder/cinder/api/middleware/request_id.py:62}}
Apr 08 17:43:07.127722 dv-cinder-837165-1-smb devstack@c-api.service[116770]: INFO cinder.api.openstack.wsgi [None req-4432ac21-03ab-4502-9e39-a1bce3c6363b tempest-GroupSnapshotsV319Test-668087367 tempest-GroupSnapshotsV319Test-668087367-project-admin] POST http://10.222.0.70/volume/v3/a3e23a41fd9d49e9be9e9e64925a1ee6/group_snapshots/6ffe4654-6ca8-4558-b5bb-b03c831be64f/action
Apr 08 17:43:07.128680 dv-cinder-837165-1-smb devstack@c-api.service[116770]: DEBUG cinder.api.openstack.wsgi [None req-4432ac21-03ab-4502-9e39-a1bce3c6363b tempest-GroupSnapshotsV319Test-668087367 tempest-GroupSnapshotsV319Test-668087367-project-admin] Action body: b'{"reset_status": {"status": "available"}}' {{(pid=116770) get_method /opt/stack/cinder/cinder/api/openstack/wsgi.py:983}}
Apr 08 17:43:07.129009 dv-cinder-837165-1-smb devstack@c-api.service[116770]: DEBUG cinder.api.openstack.wsgi [None req-4432ac21-03ab-4502-9e39-a1bce3c6363b tempest-GroupSnapshotsV319Test-668087367 tempest-GroupSnapshotsV319Test-668087367-project-admin] Action: 'action', calling method: reset_status, body: {"reset_status": {"status": "available"}} {{(pid=116770) _process_stack /opt/stack/cinder/cinder/api/openstack/wsgi.py:866}}
Apr 08 17:43:07.129983 dv-cinder-837165-1-smb devstack@c-api.service[116770]: DEBUG cinder.api.v3.group_snapshots [None req-4432ac21-03ab-4502-9e39-a1bce3c6363b tempest-GroupSnapshotsV319Test-668087367 tempest-GroupSnapshotsV319Test-668087367-project-admin] Updating group '6ffe4654-6ca8-4558-b5bb-b03c831be64f' with 'available' {{(pid=116770) _reset_status /opt/stack/cinder/cinder/api/v3/group_snapshots.py:194}}
Apr 08 17:43:07.135568 dv-cinder-837165-1-smb devstack@c-api.service[116770]: /usr/local/lib/python3.8/dist-packages/oslo_context/context.py:100: DeprecationWarning: Policy enforcement is depending on the value of is_admin. This key is deprecated. Please update your policy file to use the standard policy values.
Apr 08 17:43:07.135568 dv-cinder-837165-1-smb devstack@c-api.service[116770]: warnings.warn('Policy enforcement is depending on the value of '
Apr 08 17:43:07.148060 dv-cinder-837165-1-smb devstack@c-api.service[116770]: INFO cinder.api.openstack.wsgi [None req-4432ac21-03ab-4502-9e39-a1bce3c6363b tempest-GroupSnapshotsV319Test-668087367 tempest-GroupSnapshotsV319Test-668087367-project-admin] http://10.222.0.70/volume/v3/a3e23a41fd9d49e9be9e9e64925a1ee6/group_snapshots/6ffe4654-6ca8-4558-b5bb-b03c831be64f/action returned with HTTP 202
Apr 08 17:43:07.151928 dv-cinder-837165-1-smb devstack@c-api.service[116770]: [pid: 116770|app: 0|req: 137/251] 10.222.0.70 () {62 vars in 1431 bytes} [Fri Apr 8 17:43:07 2022] POST /volume/v3/a3e23a41fd9d49e9be9e9e64925a1ee6/group_snapshots/6ffe4654-6ca8-4558-b5bb-b03c831be64f/action => generated 0 bytes in 28 msecs (HTTP/1.1 202) 6 headers in 234 bytes (1 switches on core 0)
Apr 08 17:43:07.153840 dv-cinder-837165-1-smb devstack@c-api.service[116770]: DEBUG cinder.api.middleware.request_id [None req-de41ff37-92a8-45f7-ac75-92b08660ab8a None None] RequestId filter calling following filter/app {{(pid=116770) _context_setter /opt/stack/cinder/cinder/api/middleware/request_id.py:62}}
Apr 08 17:43:07.158773 dv-cinder-837165-1-smb devstack@c-api.service[116770]: INFO cinder.api.openstack.wsgi [None req-de41ff37-92a8-45f7-ac75-92b08660ab8a tempest-GroupSnapshotsV319Test-1116800849 tempest-GroupSnapshotsV319Test-1116800849-project] GET http://10.222.0.70/volume/v3/dca2e272e9574664a57bdbd680c36555/group_snapshots/6ffe4654-6ca8-4558-b5bb-b03c831be64f
Apr 08 17:43:07.159303 dv-cinder-837165-1-smb devstack@c-api.service[116770]: DEBUG cinder.api.openstack.wsgi [None req-de41ff37-92a8-45f7-ac75-92b08660ab8a tempest-GroupSnapshotsV319Test-1116800849 tempest-GroupSnapshotsV319Test-1116800849-project] Empty body provided in request {{(pid=116770) get_body /opt/stack/cinder/cinder/api/openstack/wsgi.py:715}}
Apr 08 17:43:07.159733 dv-cinder-837165-1-smb devstack@c-api.service[116770]: DEBUG cinder.api.openstack.wsgi [None req-de41ff37-92a8-45f7-ac75-92b08660ab8a tempest-GroupSnapshotsV319Test-1116800849 tempest-GroupSnapshotsV319Test-1116800849-project] Calling method 'version_select' {{(pid=116770) _process_stack /opt/stack/cinder/cinder/api/openstack/wsgi.py:868}}
Apr 08 17:43:07.160071 dv-cinder-837165-1-smb devstack@c-api.service[116770]: DEBUG cinder.api.v3.group_snapshots [None req-de41ff37-92a8-45f7-ac75-92b08660ab8a tempest-GroupSnapshotsV319Test-1116800849 tempest-GroupSnapshotsV319Test-1116800849-project] show called for member 6ffe4654-6ca8-4558-b5bb-b03c831be64f {{(pid=116770) show /opt/stack/cinder/cinder/api/v3/group_snapshots.py:58}}
Apr 08 17:43:07.165357 dv-cinder-837165-1-smb devstack@c-api.service[116771]: INFO cinder.volume.api [None req-e0271051-41a2-4131-8069-55c8172ee9cc tempest-VolumesDeleteCascade-1552645697 tempest-VolumesDeleteCascade-1552645697-project] Snapshot create request issued successfully.
Apr 08 17:43:07.166317 dv-cinder-837165-1-smb devstack@c-api.service[116771]: INFO cinder.api.openstack.wsgi [None req-e0271051-41a2-4131-8069-55c8172ee9cc tempest-VolumesDeleteCascade-1552645697 tempest-VolumesDeleteCascade-1552645697-project] http://10.222.0.70/volume/v3/77d94b2f3c8f4a59b5ab6f4ba3fe7ef4/snapshots returned with HTTP 202
Apr 08 17:43:07.167210 dv-cinder-837165-1-smb devstack@c-api.service[116771]: [pid: 116771|app: 0|req: 115/252] 10.222.0.70 () {60 vars in 1241 bytes} [Fri Apr 8 17:43:06 2022] POST /volume/v3/77d94b2f3c8f4a59b5ab6f4ba3fe7ef4/snapshots => generated 307 bytes in 243 msecs (HTTP/1.1 202) 7 headers in 291 bytes (1 switches on core 0)
Apr 08 17:43:07.175763 dv-cinder-837165-1-smb devstack@c-api.service[116770]: /usr/local/lib/python3.8/dist-packages/oslo_context/context.py:100: DeprecationWarning: Policy enforcement is depending on the value of is_admin. This key is deprecated. Please update your policy file to use the standard policy values.
Apr 08 17:43:07.175763 dv-cinder-837165-1-smb devstack@c-api.service[116770]: warnings.warn('Policy enforcement is depending on the value of '
Apr 08 17:43:07.187622 dv-cinder-837165-1-smb devstack@c-api.service[116771]: DEBUG cinder.api.middleware.request_id [None req-af527685-4aeb-4149-bad3-92af4bef7645 None None] RequestId filter calling following filter/app {{(pid=116771) _context_setter /opt/stack/cinder/cinder/api/middleware/request_id.py:62}}
Apr 08 17:43:07.192240 dv-cinder-837165-1-smb devstack@c-api.service[116770]: INFO cinder.api.openstack.wsgi [None req-de41ff37-92a8-45f7-ac75-92b08660ab8a tempest-GroupSnapshotsV319Test-1116800849 tempest-GroupSnapshotsV319Test-1116800849-project] http://10.222.0.70/volume/v3/dca2e272e9574664a57bdbd680c36555/group_snapshots/6ffe4654-6ca8-4558-b5bb-b03c831be64f returned with HTTP 200
Apr 08 17:43:07.198702 dv-cinder-837165-1-smb devstack@c-api.service[116770]: [pid: 116770|app: 0|req: 138/253] 10.222.0.70 () {60 vars in 1389 bytes} [Fri Apr 8 17:43:07 2022] GET /volume/v3/dca2e272e9574664a57bdbd680c36555/group_snapshots/6ffe4654-6ca8-4558-b5bb-b03c831be64f => generated 331 bytes in 40 msecs (HTTP/1.1 200) 7 headers in 286 bytes (1 switches on core 0)
Apr 08 17:43:07.200521 dv-cinder-837165-1-smb devstack@c-api.service[116770]: DEBUG cinder.api.middleware.request_id [None req-b07ca7af-8a44-4fde-9b55-6a1abc58ff43 None None] RequestId filter calling following filter/app {{(pid=116770) _context_setter /opt/stack/cinder/cinder/api/middleware/request_id.py:62}}
Apr 08 17:43:07.203698 dv-cinder-837165-1-smb devstack@c-api.service[116771]: INFO cinder.api.openstack.wsgi [None req-af527685-4aeb-4149-bad3-92af4bef7645 tempest-VolumesDeleteCascade-1552645697 tempest-VolumesDeleteCascade-1552645697-project] GET http://10.222.0.70/volume/v3/77d94b2f3c8f4a59b5ab6f4ba3fe7ef4/snapshots/799f676c-d98d-4ccf-ae1e-8547e8d4fd5e
Apr 08 17:43:07.204194 dv-cinder-837165-1-smb devstack@c-api.service[116771]: DEBUG cinder.api.openstack.wsgi [None req-af527685-4aeb-4149-bad3-92af4bef7645 tempest-VolumesDeleteCascade-1552645697 tempest-VolumesDeleteCascade-1552645697-project] Empty body provided in request {{(pid=116771) get_body /opt/stack/cinder/cinder/api/openstack/wsgi.py:715}}
Apr 08 17:43:07.204617 dv-cinder-837165-1-smb devstack@c-api.service[116771]: DEBUG cinder.api.openstack.wsgi [None req-af527685-4aeb-4149-bad3-92af4bef7645 tempest-VolumesDeleteCascade-1552645697 tempest-VolumesDeleteCascade-1552645697-project] Calling method 'show' {{(pid=116771) _process_stack /opt/stack/cinder/cinder/api/openstack/wsgi.py:868}}
