Jul 14 15:57:40.668301 dv-cinder-837164-3-smb neutron-server[111111]: DEBUG neutron_lib.callbacks.manager [req-f60f1425-d2fe-4b2c-bfdc-a3d00a619e0d req-247c96a6-03c8-450a-8678-c68aeeb2d247 tempest-ServerRescueNegativeTestJSON-1661155065 tempest-ServerRescueNegativeTestJSON-1661155065-project] Publish callbacks [] for port (f7337e15-47a0-4b93-8e19-94e162a5a8d9), precommit_create {{(pid=111111) _notify_loop /usr/local/lib/python3.8/dist-packages/neutron_lib/callbacks/manager.py:176}}
Jul 14 15:57:40.795908 dv-cinder-837164-3-smb neutron-server[111111]: INFO neutron.wsgi [req-d45ead58-bcff-4c72-bc80-71facd7ee294 req-9962abd3-5a61-4fb1-bb6b-85a564d9f55e tempest-ServerRescueNegativeTestJSON-1661155065 tempest-ServerRescueNegativeTestJSON-1661155065-project] 10.222.0.82 "GET /v2.0/ports?device_id=6aabb0bd-e89e-481d-b7ff-09610bef3507 HTTP/1.1" status: 200 len: 210 time: 0.0528433
Jul 14 15:57:40.850613 dv-cinder-837164-3-smb neutron-server[111111]: DEBUG neutron.pecan_wsgi.hooks.quota_enforcement [req-419b9ab9-cff0-4295-9320-829ad354e6d0 req-b2fae991-ba10-4233-b17e-86a35e91c47c tempest-ServerRescueNegativeTestJSON-1661155065 tempest-ServerRescueNegativeTestJSON-1661155065-project] Made reservation on behalf of 0f49cf988f49476bbcb476d0db9744a5 for: {'port': 1} {{(pid=111111) before /opt/stack/neutron/neutron/pecan_wsgi/hooks/quota_enforcement.py:53}}
Jul 14 15:57:40.853504 dv-cinder-837164-3-smb neutron-server[111111]: DEBUG neutron_lib.callbacks.manager [req-419b9ab9-cff0-4295-9320-829ad354e6d0 req-b2fae991-ba10-4233-b17e-86a35e91c47c tempest-ServerRescueNegativeTestJSON-1661155065 tempest-ServerRescueNegativeTestJSON-1661155065-project] Publish callbacks ['neutron.plugins.ml2.plugin.SecurityGroupDbMixin._ensure_default_security_group_handler-66457727'] for port (None), before_create {{(pid=111111) _notify_loop /usr/local/lib/python3.8/dist-packages/neutron_lib/callbacks/manager.py:176}}
Jul 14 15:57:40.869628 dv-cinder-837164-3-smb neutron-server[111110]: INFO neutron.wsgi [req-e649f523-124a-454c-9a69-2a7cbab7fee3 req-d33a2b5d-fc46-45e2-aaf3-57f9726d34a6 tempest-DeleteServersTestJSON-1158417734 tempest-DeleteServersTestJSON-1158417734-project] 10.222.0.82 "GET /v2.0/ports?device_id=dafe3c67-842c-4317-af4e-5da7f919df7d HTTP/1.1" status: 200 len: 210 time: 0.0496914
Jul 14 15:57:40.966986 dv-cinder-837164-3-smb neutron-server[111111]: DEBUG neutron_lib.callbacks.manager [req-f60f1425-d2fe-4b2c-bfdc-a3d00a619e0d req-247c96a6-03c8-450a-8678-c68aeeb2d247 tempest-ServerRescueNegativeTestJSON-1661155065 tempest-ServerRescueNegativeTestJSON-1661155065-project] Publish callbacks ['neutron.plugins.ml2.plugin.SecurityGroupServerNotifierRpcMixin._notify_sg_on_port_change-66459324', 'neutron.plugins.ml2.ovo_rpc._ObjectChangeHandler.handle_event-922415', 'neutron.api.rpc.agentnotifiers.dhcp_rpc_agent_api.DhcpAgentNotifyAPI._native_event_send_dhcp_notification-602620', 'neutron.db.l3_dvrscheduler_db._notify_l3_agent_new_port-8739955468773'] for port (f7337e15-47a0-4b93-8e19-94e162a5a8d9), after_create {{(pid=111111) _notify_loop /usr/local/lib/python3.8/dist-packages/neutron_lib/callbacks/manager.py:176}}
Jul 14 15:57:40.969696 dv-cinder-837164-3-smb neutron-server[111111]: DEBUG neutron_lib.callbacks.manager [None req-f404bde0-48c1-4d32-ad0f-2d0bbf94ee88 admin admin] Publish callbacks ['neutron.plugins.ml2.ovo_rpc._ObjectChangeHandler.handle_event-550379', 'neutron.api.rpc.agentnotifiers.dhcp_rpc_agent_api.DhcpAgentNotifyAPI._native_event_send_dhcp_notification-602620'] for subnet (f5387dec-049f-4935-aee7-d7d0612fc15d), after_create {{(pid=111111) _notify_loop /usr/local/lib/python3.8/dist-packages/neutron_lib/callbacks/manager.py:176}}
Jul 14 15:57:40.977019 dv-cinder-837164-3-smb neutron-server[111110]: DEBUG neutron.wsgi [-] (111110) accepted ('10.222.0.105', 50887) {{(pid=111110) server /usr/local/lib/python3.8/dist-packages/eventlet/wsgi.py:1004}}
Jul 14 15:57:41.062832 dv-cinder-837164-3-smb neutron-server[111111]: DEBUG neutron.api.rpc.handlers.resources_rpc [None req-f404bde0-48c1-4d32-ad0f-2d0bbf94ee88 admin admin] Pushing event updated for resources: {'Subnet': ['ID=f5387dec-049f-4935-aee7-d7d0612fc15d,revision_number=0']} {{(pid=111111) push /opt/stack/neutron/neutron/api/rpc/handlers/resources_rpc.py:237}}
Jul 14 15:57:41.104647 dv-cinder-837164-3-smb neutron-server[111110]: DEBUG neutron.pecan_wsgi.hooks.quota_enforcement [req-df36020d-e9b6-4c2d-a9d3-b7677364ab16 req-1647ac2c-3022-4852-9ec1-0a9da55df5ed tempest-DeleteServersTestJSON-1158417734 tempest-DeleteServersTestJSON-1158417734-project] Made reservation on behalf of a8ee7315cd3d43e78c55b3799655af40 for: {'port': 1} {{(pid=111110) before /opt/stack/neutron/neutron/pecan_wsgi/hooks/quota_enforcement.py:53}}
Jul 14 15:57:41.109586 dv-cinder-837164-3-smb neutron-server[111110]: DEBUG neutron_lib.callbacks.manager [req-df36020d-e9b6-4c2d-a9d3-b7677364ab16 req-1647ac2c-3022-4852-9ec1-0a9da55df5ed tempest-DeleteServersTestJSON-1158417734 tempest-DeleteServersTestJSON-1158417734-project] Publish callbacks ['neutron.plugins.ml2.plugin.SecurityGroupDbMixin._ensure_default_security_group_handler-66457727'] for port (None), before_create {{(pid=111110) _notify_loop /usr/local/lib/python3.8/dist-packages/neutron_lib/callbacks/manager.py:176}}
Jul 14 15:57:41.269858 dv-cinder-837164-3-smb neutron-server[111111]: DEBUG neutron.scheduler.dhcp_agent_scheduler [req-f60f1425-d2fe-4b2c-bfdc-a3d00a619e0d req-247c96a6-03c8-450a-8678-c68aeeb2d247 tempest-ServerRescueNegativeTestJSON-1661155065 tempest-ServerRescueNegativeTestJSON-1661155065-project] Network c397c4e2-d064-40aa-ac0a-741e01372836 is already hosted by enough agents. {{(pid=111111) _get_dhcp_agents_hosting_network /opt/stack/neutron/neutron/scheduler/dhcp_agent_scheduler.py:275}}
Jul 14 15:57:41.307495 dv-cinder-837164-3-smb neutron-server[111111]: DEBUG neutron.api.rpc.handlers.resources_rpc [None req-247c96a6-03c8-450a-8678-c68aeeb2d247 tempest-ServerRescueNegativeTestJSON-1661155065 tempest-ServerRescueNegativeTestJSON-1661155065-project] Pushing event updated for resources: {'Port': ['ID=f7337e15-47a0-4b93-8e19-94e162a5a8d9,revision_number=1']} {{(pid=111111) push /opt/stack/neutron/neutron/api/rpc/handlers/resources_rpc.py:237}}
Jul 14 15:57:41.313450 dv-cinder-837164-3-smb neutron-server[111111]: DEBUG neutron.scheduler.base_scheduler [req-f60f1425-d2fe-4b2c-bfdc-a3d00a619e0d req-247c96a6-03c8-450a-8678-c68aeeb2d247 tempest-ServerRescueNegativeTestJSON-1661155065 tempest-ServerRescueNegativeTestJSON-1661155065-project] Resources bound (agent type, host, resource id): {{(pid=111111) schedule /opt/stack/neutron/neutron/scheduler/base_scheduler.py:57}}
Jul 14 15:57:41.387252 dv-cinder-837164-3-smb neutron-server[111111]: INFO neutron.wsgi [req-b8f0f200-b774-4ab4-901d-49affd2dfdfc req-0d732ac9-3ad4-4eec-9845-53d2e84ae4aa tempest-AttachVolumeShelveTestJSON-2002397526 tempest-AttachVolumeShelveTestJSON-2002397526-project] 10.222.0.82 "GET /v2.0/ports?device_id=5e00cccb-6509-4a46-afd1-4fdf8d7c9f6c HTTP/1.1" status: 200 len: 210 time: 0.3245468
Jul 14 15:57:41.410906 dv-cinder-837164-3-smb neutron-server[111111]: DEBUG neutron.plugins.ml2.drivers.mech_agent [None req-f404bde0-48c1-4d32-ad0f-2d0bbf94ee88 admin admin] Checking segment: {'id': 'f66d7b31-ed99-4250-a9e0-e4118111a8a8', 'network_type': 'vlan', 'physical_network': 'physnet1', 'segmentation_id': 405, 'network_id': 'e80d95fd-0e4a-43e5-a34d-55eb5c60d95d'} for mappings: {'physnet1': 'br-data'} with network types: ['local', 'flat', 'vlan'] {{(pid=111111) check_segment_for_agent /opt/stack/neutron/neutron/plugins/ml2/drivers/mech_agent.py:373}}
Jul 14 15:57:41.412172 dv-cinder-837164-3-smb neutron-server[111111]: DEBUG neutron.scheduler.dhcp_agent_scheduler [None req-f404bde0-48c1-4d32-ad0f-2d0bbf94ee88 admin admin] Network hostable DHCP agents. Network: e80d95fd-0e4a-43e5-a34d-55eb5c60d95d, hostable agents: ['0d30d13b-a7c6-4282-b7ba-3996c1afd456'], hosted agents: [] {{(pid=111111) _get_network_hostable_dhcp_agents /opt/stack/neutron/neutron/scheduler/dhcp_agent_scheduler.py:329}}
Jul 14 15:57:41.443328 dv-cinder-837164-3-smb neutron-server[111112]: DEBUG dbcounter [-] [111112] Writing DB stats neutron:SELECT=99,neutron:UPDATE=1 {{(pid=111112) stat_writer /usr/local/lib/python3.8/dist-packages/dbcounter.py:114}}
Jul 14 15:57:41.516065 dv-cinder-837164-3-smb neutron-server[111111]: DEBUG neutron.db.l3_dvrscheduler_db [req-f60f1425-d2fe-4b2c-bfdc-a3d00a619e0d req-247c96a6-03c8-450a-8678-c68aeeb2d247 tempest-ServerRescueNegativeTestJSON-1661155065 tempest-ServerRescueNegativeTestJSON-1661155065-project] Received port after_create {{(pid=111111) _notify_l3_agent_new_port /opt/stack/neutron/neutron/db/l3_dvrscheduler_db.py:542}}
Jul 14 15:57:41.541755 dv-cinder-837164-3-smb neutron-server[111111]: DEBUG neutron.pecan_wsgi.hooks.policy_enforcement [req-f60f1425-d2fe-4b2c-bfdc-a3d00a619e0d req-247c96a6-03c8-450a-8678-c68aeeb2d247 tempest-ServerRescueNegativeTestJSON-1661155065 tempest-ServerRescueNegativeTestJSON-1661155065-project] Attributes excluded by policy engine: ['standard_attr_id', 'binding:profile', 'binding:host_id', 'binding:vif_type', 'binding:vif_details', 'network'] {{(pid=111111) _exclude_attributes_by_policy /opt/stack/neutron/neutron/pecan_wsgi/hooks/policy_enforcement.py:259}}
Jul 14 15:57:41.550793 dv-cinder-837164-3-smb neutron-server[111111]: DEBUG neutron_lib.callbacks.manager [req-f60f1425-d2fe-4b2c-bfdc-a3d00a619e0d req-247c96a6-03c8-450a-8678-c68aeeb2d247 tempest-ServerRescueNegativeTestJSON-1661155065 tempest-ServerRescueNegativeTestJSON-1661155065-project] Publish callbacks ['neutron.notifiers.nova.Notifier._send_nova_notification-117819', 'neutron.api.rpc.agentnotifiers.dhcp_rpc_agent_api.DhcpAgentNotifyAPI._send_dhcp_notification-602606'] for port (None), before_response {{(pid=111111) _notify_loop /usr/local/lib/python3.8/dist-packages/neutron_lib/callbacks/manager.py:176}}
Jul 14 15:57:41.622076 dv-cinder-837164-3-smb neutron-server[111110]: DEBUG neutron.pecan_wsgi.hooks.policy_enforcement [req-04490006-d122-43e9-b646-5864c0d85d35 req-d605ed9d-c7ac-446c-9448-df6a598b3aff tempest-AttachVolumeShelveTestJSON-2002397526 tempest-AttachVolumeShelveTestJSON-2002397526-project] Attributes excluded by policy engine: ['standard_attr_id', 'vlan_transparent', 'provider:network_type', 'provider:physical_network', 'provider:segmentation_id'] {{(pid=111110) _exclude_attributes_by_policy /opt/stack/neutron/neutron/pecan_wsgi/hooks/policy_enforcement.py:259}}
Jul 14 15:57:41.623861 dv-cinder-837164-3-smb neutron-server[111110]: INFO neutron.wsgi [req-04490006-d122-43e9-b646-5864c0d85d35 req-d605ed9d-c7ac-446c-9448-df6a598b3aff tempest-AttachVolumeShelveTestJSON-2002397526 tempest-AttachVolumeShelveTestJSON-2002397526-project] 10.222.0.105 "GET /v2.0/networks?id=2d6844c2-37b9-4a56-a8c1-151bb843c43a HTTP/1.1" status: 200 len: 816 time: 0.6455505
Jul 14 15:57:41.635002 dv-cinder-837164-3-smb neutron-server[111111]: DEBUG neutron.scheduler.dhcp_agent_scheduler [None req-f404bde0-48c1-4d32-ad0f-2d0bbf94ee88 admin admin] Network e80d95fd-0e4a-43e5-a34d-55eb5c60d95d is scheduled to be hosted by DHCP agent 0d30d13b-a7c6-4282-b7ba-3996c1afd456 with binding_index 1 {{(pid=111111) bind /opt/stack/neutron/neutron/scheduler/dhcp_agent_scheduler.py:227}}
Jul 14 15:57:41.763994 dv-cinder-837164-3-smb neutron-server[111111]: INFO neutron.wsgi [req-f60f1425-d2fe-4b2c-bfdc-a3d00a619e0d req-247c96a6-03c8-450a-8678-c68aeeb2d247 tempest-ServerRescueNegativeTestJSON-1661155065 tempest-ServerRescueNegativeTestJSON-1661155065-project] 10.222.0.105 "POST /v2.0/ports HTTP/1.1" status: 201 len: 934 time: 2.8469121
Jul 14 15:57:41.777459 dv-cinder-837164-3-smb neutron-server[111111]: DEBUG neutron.db.db_base_plugin_common [req-419b9ab9-cff0-4295-9320-829ad354e6d0 req-b2fae991-ba10-4233-b17e-86a35e91c47c tempest-ServerRescueNegativeTestJSON-1661155065 tempest-ServerRescueNegativeTestJSON-1661155065-project] Allocated IP 172.20.0.10 (c397c4e2-d064-40aa-ac0a-741e01372836/eda52027-32d3-4107-b6b4-0e744fcfce4d/3d1df99b-c501-4d08-b9ef-ff1bd5d04305) {{(pid=111111) _store_ip_allocation /opt/stack/neutron/neutron/db/db_base_plugin_common.py:131}}
Jul 14 15:57:41.797206 dv-cinder-837164-3-smb neutron-server[111111]: DEBUG neutron.wsgi [req-f60f1425-d2fe-4b2c-bfdc-a3d00a619e0d req-f078e62d-aa8d-4a38-bec4-979385376efc tempest-ServerRescueNegativeTestJSON-1661155065 tempest-ServerRescueNegativeTestJSON-1661155065-project] http://10.222.0.82:9696/v2.0/extensions returned with HTTP 200 {{(pid=111111) __call__ /opt/stack/neutron/neutron/wsgi.py:730}}
Jul 14 15:57:41.804927 dv-cinder-837164-3-smb neutron-server[111111]: INFO neutron.wsgi [req-f60f1425-d2fe-4b2c-bfdc-a3d00a619e0d req-f078e62d-aa8d-4a38-bec4-979385376efc tempest-ServerRescueNegativeTestJSON-1661155065 tempest-ServerRescueNegativeTestJSON-1661155065-project] 10.222.0.105 "GET /v2.0/extensions HTTP/1.1" status: 200 len: 14320 time: 0.0203316
Jul 14 15:57:41.823654 dv-cinder-837164-3-smb neutron-server[111111]: DEBUG neutron.scheduler.base_scheduler [None req-f404bde0-48c1-4d32-ad0f-2d0bbf94ee88 admin admin] Resources bound (agent type, host, resource id): (DHCP agent, dv-cinder-837164-3-smb, e80d95fd-0e4a-43e5-a34d-55eb5c60d95d) {{(pid=111111) schedule /opt/stack/neutron/neutron/scheduler/base_scheduler.py:57}}
Jul 14 15:57:41.839071 dv-cinder-837164-3-smb neutron-server[111112]: DEBUG neutron.api.rpc.handlers.dhcp_rpc [None req-53f348d8-b356-4415-b445-fbb5b0d45c08 None None] Network e80d95fd-0e4a-43e5-a34d-55eb5c60d95d requested from dv-cinder-837164-3-smb {{(pid=111112) get_network_info /opt/stack/neutron/neutron/api/rpc/handlers/dhcp_rpc.py:191}}
Jul 14 15:57:41.861480 dv-cinder-837164-3-smb neutron-server[111111]: DEBUG neutron.pecan_wsgi.hooks.policy_enforcement [None req-f404bde0-48c1-4d32-ad0f-2d0bbf94ee88 admin admin] Attributes excluded by policy engine: ['standard_attr_id', 'shared', 'network'] {{(pid=111111) _exclude_attributes_by_policy /opt/stack/neutron/neutron/pecan_wsgi/hooks/policy_enforcement.py:259}}
Jul 14 15:57:41.879036 dv-cinder-837164-3-smb neutron-server[111111]: DEBUG neutron_lib.callbacks.manager [None req-f404bde0-48c1-4d32-ad0f-2d0bbf94ee88 admin admin] Publish callbacks ['neutron.api.rpc.agentnotifiers.dhcp_rpc_agent_api.DhcpAgentNotifyAPI._send_dhcp_notification-602606'] for subnet (None), before_response {{(pid=111111) _notify_loop /usr/local/lib/python3.8/dist-packages/neutron_lib/callbacks/manager.py:176}}
Jul 14 15:57:42.053638 dv-cinder-837164-3-smb neutron-server[111110]: DEBUG neutron.db.db_base_plugin_common [req-df36020d-e9b6-4c2d-a9d3-b7677364ab16 req-1647ac2c-3022-4852-9ec1-0a9da55df5ed tempest-DeleteServersTestJSON-1158417734 tempest-DeleteServersTestJSON-1158417734-project] Allocated IP 172.20.0.14 (efcdbbb7-ab94-4343-91d7-3d59048bc864/9e0a86f7-358f-4cf7-9417-792fa08e13c2/aa93cfe5-76ca-4a15-805c-80945485bfa4) {{(pid=111110) _store_ip_allocation /opt/stack/neutron/neutron/db/db_base_plugin_common.py:131}}
Jul 14 15:57:42.101508 dv-cinder-837164-3-smb neutron-server[111112]: DEBUG dbcounter [-] [111112] Writing DB stats neutron:SELECT=98,neutron:UPDATE=2 {{(pid=111112) stat_writer /usr/local/lib/python3.8/dist-packages/dbcounter.py:114}}
Jul 14 15:57:42.103504 dv-cinder-837164-3-smb neutron-server[111112]: DEBUG neutron.api.rpc.handlers.dhcp_rpc [None req-cb7a4d4e-6264-4b63-b0df-32b0879b478a None None] Network e80d95fd-0e4a-43e5-a34d-55eb5c60d95d requested from dv-cinder-837164-3-smb {{(pid=111112) get_network_info /opt/stack/neutron/neutron/api/rpc/handlers/dhcp_rpc.py:191}}
Jul 14 15:57:42.127374 dv-cinder-837164-3-smb neutron-server[111111]: DEBUG dbcounter [-] [111111] Writing DB stats neutron:SELECT=92,neutron:INSERT=1,neutron:UPDATE=1,neutron:DELETE=6 {{(pid=111111) stat_writer /usr/local/lib/python3.8/dist-packages/dbcounter.py:114}}
Jul 14 15:57:42.298072 dv-cinder-837164-3-smb neutron-server[111111]: INFO neutron.wsgi [req-9fb6734a-de2b-46a1-9d8f-da4edf9e56e4 req-8cc8e6c8-d71a-4ab9-9287-b0e464e2577c tempest-DeleteServersTestJSON-1158417734 tempest-DeleteServersTestJSON-1158417734-project] 10.222.0.82 "GET /v2.0/ports?device_id=dafe3c67-842c-4317-af4e-5da7f919df7d HTTP/1.1" status: 200 len: 210 time: 0.2168100
Jul 14 15:57:42.311360 dv-cinder-837164-3-smb neutron-server[111111]: INFO neutron.wsgi [None req-f404bde0-48c1-4d32-ad0f-2d0bbf94ee88 admin admin] 10.222.0.82 "POST /v2.0/subnets HTTP/1.1" status: 201 len: 862 time: 2.5890915
Jul 14 15:57:42.356565 dv-cinder-837164-3-smb neutron-server[111111]: DEBUG neutron.api.v2.base [req-f60f1425-d2fe-4b2c-bfdc-a3d00a619e0d req-dc98858e-62ef-4e05-ab70-accbed742637 service neutron] Request body: {'port': {'device_id': 'da3d73b2-6b12-4483-8439-08f3d359c24c', 'device_owner': 'compute:nova', 'binding:host_id': 'hv-cinder-83716'}} {{(pid=111111) prepare_request_body /opt/stack/neutron/neutron/api/v2/base.py:730}}
Jul 14 15:57:42.491194 dv-cinder-837164-3-smb neutron-server[111110]: INFO neutron.wsgi [req-d9a46a6d-85da-4a80-8651-61b5b70e2324 req-09d4b230-656f-470d-88a1-bc568ac7d516 tempest-ServerRescueNegativeTestJSON-1661155065 tempest-ServerRescueNegativeTestJSON-1661155065-project] 10.222.0.82 "GET /v2.0/ports?device_id=6aabb0bd-e89e-481d-b7ff-09610bef3507 HTTP/1.1" status: 200 len: 210 time: 0.0774641
Jul 14 15:57:42.511608 dv-cinder-837164-3-smb neutron-server[111110]: DEBUG neutron_lib.callbacks.manager [req-df36020d-e9b6-4c2d-a9d3-b7677364ab16 req-1647ac2c-3022-4852-9ec1-0a9da55df5ed tempest-DeleteServersTestJSON-1158417734 tempest-DeleteServersTestJSON-1158417734-project] Publish callbacks [] for port (aa93cfe5-76ca-4a15-805c-80945485bfa4), precommit_create {{(pid=111110) _notify_loop /usr/local/lib/python3.8/dist-packages/neutron_lib/callbacks/manager.py:176}}
Jul 14 15:57:42.523654 dv-cinder-837164-3-smb neutron-server[111110]: DEBUG dbcounter [-] [111110] Writing DB stats neutron:SELECT=86,neutron:DELETE=4,neutron:INSERT=6,neutron:UPDATE=4 {{(pid=111110) stat_writer /usr/local/lib/python3.8/dist-packages/dbcounter.py:114}}
Jul 14 15:57:42.540045 dv-cinder-837164-3-smb neutron-server[111112]: DEBUG neutron.db.provisioning_blocks [None req-53d6bbdf-7724-443f-8bf8-8d1b43c33610 None None] Provisioning complete for port f7337e15-47a0-4b93-8e19-94e162a5a8d9 triggered by entity DHCP. {{(pid=111112) provisioning_complete /opt/stack/neutron/neutron/db/provisioning_blocks.py:145}}
Jul 14 15:57:42.540482 dv-cinder-837164-3-smb neutron-server[111112]: DEBUG neutron_lib.callbacks.manager [None req-53d6bbdf-7724-443f-8bf8-8d1b43c33610 None None] Publish callbacks ['neutron.plugins.ml2.plugin.Ml2Plugin._port_provisioned-66547630'] for port (f7337e15-47a0-4b93-8e19-94e162a5a8d9), provisioning_complete {{(pid=111112) _notify_loop /usr/local/lib/python3.8/dist-packages/neutron_lib/callbacks/manager.py:176}}
Jul 14 15:57:42.573553 dv-cinder-837164-3-smb neutron-server[111110]: INFO neutron.wsgi [req-04490006-d122-43e9-b646-5864c0d85d35 req-303af468-3c5f-44a0-beb1-bc099c33a6bb tempest-AttachVolumeShelveTestJSON-2002397526 tempest-AttachVolumeShelveTestJSON-2002397526-project] 10.222.0.105 "GET /v2.0/security-groups?fields=id&fields=name&tenant_id=fb1f1da8d5914110a44b00a059c2011e HTTP/1.1" status: 200 len: 379 time: 0.9140773
Jul 14 15:57:42.597953 dv-cinder-837164-3-smb neutron-server[111110]: DEBUG neutron.api.v2.base [req-04490006-d122-43e9-b646-5864c0d85d35 req-6e0b3541-8145-4027-beea-a48cb06c7af5 tempest-AttachVolumeShelveTestJSON-2002397526 tempest-AttachVolumeShelveTestJSON-2002397526-project] Request body: {'port': {'device_id': '5e00cccb-6509-4a46-afd1-4fdf8d7c9f6c', 'network_id': '2d6844c2-37b9-4a56-a8c1-151bb843c43a', 'admin_state_up': True, 'tenant_id': 'fb1f1da8d5914110a44b00a059c2011e', 'security_groups': ['d8c5b8e9-9b84-4812-b279-b5c900abd281']}} {{(pid=111110) prepare_request_body /opt/stack/neutron/neutron/api/v2/base.py:730}}
Jul 14 15:57:42.720789 dv-cinder-837164-3-smb neutron-server[111111]: DEBUG dbcounter [-] [111111] Writing DB stats neutron:SELECT=100 {{(pid=111111) stat_writer /usr/local/lib/python3.8/dist-packages/dbcounter.py:114}}
Jul 14 15:57:42.721023 dv-cinder-837164-3-smb neutron-server[111112]: DEBUG neutron.plugins.ml2.plugin [None req-53d6bbdf-7724-443f-8bf8-8d1b43c33610 None None] Port f7337e15-47a0-4b93-8e19-94e162a5a8d9 cannot update to ACTIVE because it is not bound. {{(pid=111112) _port_provisioned /opt/stack/neutron/neutron/plugins/ml2/plugin.py:348}}
Jul 14 15:57:42.799943 dv-cinder-837164-3-smb neutron-server[111111]: DEBUG neutron.wsgi [-] (111111) accepted ('10.222.0.82', 49006) {{(pid=111111) server /usr/local/lib/python3.8/dist-packages/eventlet/wsgi.py:1004}}
Jul 14 15:57:42.804273 dv-cinder-837164-3-smb neutron-server[111112]: DEBUG dbcounter [-] [111112] Writing DB stats neutron:SELECT=97,neutron:UPDATE=2,neutron:INSERT=1 {{(pid=111112) stat_writer /usr/local/lib/python3.8/dist-packages/dbcounter.py:114}}
Jul 14 15:57:42.818524 dv-cinder-837164-3-smb neutron-server[111111]: INFO neutron.wsgi [req-4383d98e-9f47-446d-b3df-13db40dae1b1 req-52e54725-9552-42df-a6be-eeccad71f698 tempest-AttachVolumeShelveTestJSON-2002397526 tempest-AttachVolumeShelveTestJSON-2002397526-project] 10.222.0.82 "GET /v2.0/ports?device_id=5e00cccb-6509-4a46-afd1-4fdf8d7c9f6c HTTP/1.1" status: 200 len: 210 time: 0.1009114
Jul 14 15:57:42.914315 dv-cinder-837164-3-smb neutron-server[111111]: DEBUG neutron_lib.callbacks.manager [req-f60f1425-d2fe-4b2c-bfdc-a3d00a619e0d req-dc98858e-62ef-4e05-ab70-accbed742637 service neutron] Publish callbacks ['neutron.plugins.ml2.plugin.SecurityGroupDbMixin._ensure_default_security_group_handler-66457727'] for port (f7337e15-47a0-4b93-8e19-94e162a5a8d9), before_update {{(pid=111111) _notify_loop /usr/local/lib/python3.8/dist-packages/neutron_lib/callbacks/manager.py:176}}
Jul 14 15:57:42.926234 dv-cinder-837164-3-smb neutron-server[111111]: DEBUG neutron_lib.callbacks.manager [req-419b9ab9-cff0-4295-9320-829ad354e6d0 req-b2fae991-ba10-4233-b17e-86a35e91c47c tempest-ServerRescueNegativeTestJSON-1661155065 tempest-ServerRescueNegativeTestJSON-1661155065-project] Publish callbacks [] for port (3d1df99b-c501-4d08-b9ef-ff1bd5d04305), precommit_create {{(pid=111111) _notify_loop /usr/local/lib/python3.8/dist-packages/neutron_lib/callbacks/manager.py:176}}
Jul 14 15:57:42.942079 dv-cinder-837164-3-smb neutron-server[111111]: DEBUG neutron.db.db_base_plugin_v2 [None req-f14918a9-4088-4cce-ab88-9b408e0bd91e admin admin] Deleting subnet 41a949e1-c6e7-4c7c-8fdb-81ab7c234b2e {{(pid=111111) delete_subnet /opt/stack/neutron/neutron/db/db_base_plugin_v2.py:1067}}
Jul 14 15:57:42.952480 dv-cinder-837164-3-smb neutron-server[111111]: DEBUG neutron_lib.callbacks.manager [None req-f14918a9-4088-4cce-ab88-9b408e0bd91e admin admin] Publish callbacks [] for subnet (41a949e1-c6e7-4c7c-8fdb-81ab7c234b2e), before_delete {{(pid=111111) _notify_loop /usr/local/lib/python3.8/dist-packages/neutron_lib/callbacks/manager.py:176}}
Jul 14 15:57:43.081659 dv-cinder-837164-3-smb neutron-server[111111]: DEBUG neutron_lib.callbacks.manager [None req-f14918a9-4088-4cce-ab88-9b408e0bd91e admin admin] Publish callbacks [] for subnet (41a949e1-c6e7-4c7c-8fdb-81ab7c234b2e), precommit_delete_associations {{(pid=111111) _notify_loop /usr/local/lib/python3.8/dist-packages/neutron_lib/callbacks/manager.py:176}}
Jul 14 15:57:43.112698 dv-cinder-837164-3-smb neutron-server[111111]: DEBUG neutron_lib.callbacks.manager [None req-f14918a9-4088-4cce-ab88-9b408e0bd91e admin admin] Publish callbacks ['neutron.plugins.ml2.plugin.Ml2Plugin._subnet_delete_precommit_handler-66547839'] for subnet (41a949e1-c6e7-4c7c-8fdb-81ab7c234b2e), precommit_delete {{(pid=111111) _notify_loop /usr/local/lib/python3.8/dist-packages/neutron_lib/callbacks/manager.py:176}}
Jul 14 15:57:43.301512 dv-cinder-837164-3-smb neutron-server[111110]: DEBUG neutron.pecan_wsgi.hooks.quota_enforcement [req-04490006-d122-43e9-b646-5864c0d85d35 req-6e0b3541-8145-4027-beea-a48cb06c7af5 tempest-AttachVolumeShelveTestJSON-2002397526 tempest-AttachVolumeShelveTestJSON-2002397526-project] Made reservation on behalf of fb1f1da8d5914110a44b00a059c2011e for: {'port': 1} {{(pid=111110) before /opt/stack/neutron/neutron/pecan_wsgi/hooks/quota_enforcement.py:53}}
Jul 14 15:57:43.306057 dv-cinder-837164-3-smb neutron-server[111110]: DEBUG neutron_lib.callbacks.manager [req-04490006-d122-43e9-b646-5864c0d85d35 req-6e0b3541-8145-4027-beea-a48cb06c7af5 tempest-AttachVolumeShelveTestJSON-2002397526 tempest-AttachVolumeShelveTestJSON-2002397526-project] Publish callbacks ['neutron.plugins.ml2.plugin.SecurityGroupDbMixin._ensure_default_security_group_handler-66457727'] for port (None), before_create {{(pid=111110) _notify_loop /usr/local/lib/python3.8/dist-packages/neutron_lib/callbacks/manager.py:176}}
Jul 14 15:57:43.328594 dv-cinder-837164-3-smb neutron-server[111110]: DEBUG neutron_lib.callbacks.manager [req-df36020d-e9b6-4c2d-a9d3-b7677364ab16 req-1647ac2c-3022-4852-9ec1-0a9da55df5ed tempest-DeleteServersTestJSON-1158417734 tempest-DeleteServersTestJSON-1158417734-project] Publish callbacks ['neutron.plugins.ml2.plugin.SecurityGroupServerNotifierRpcMixin._notify_sg_on_port_change-66459324', 'neutron.plugins.ml2.ovo_rpc._ObjectChangeHandler.handle_event-922415', 'neutron.api.rpc.agentnotifiers.dhcp_rpc_agent_api.DhcpAgentNotifyAPI._native_event_send_dhcp_notification-602620', 'neutron.db.l3_dvrscheduler_db._notify_l3_agent_new_port-8739955468773'] for port (aa93cfe5-76ca-4a15-805c-80945485bfa4), after_create {{(pid=111110) _notify_loop /usr/local/lib/python3.8/dist-packages/neutron_lib/callbacks/manager.py:176}}
Jul 14 15:57:43.440387 dv-cinder-837164-3-smb neutron-server[111111]: DEBUG neutron_lib.callbacks.manager [req-419b9ab9-cff0-4295-9320-829ad354e6d0 req-b2fae991-ba10-4233-b17e-86a35e91c47c tempest-ServerRescueNegativeTestJSON-1661155065 tempest-ServerRescueNegativeTestJSON-1661155065-project] Publish callbacks ['neutron.plugins.ml2.plugin.SecurityGroupServerNotifierRpcMixin._notify_sg_on_port_change-66459324', 'neutron.plugins.ml2.ovo_rpc._ObjectChangeHandler.handle_event-922415', 'neutron.api.rpc.agentnotifiers.dhcp_rpc_agent_api.DhcpAgentNotifyAPI._native_event_send_dhcp_notification-602620', 'neutron.db.l3_dvrscheduler_db._notify_l3_agent_new_port-8739955468773'] for port (3d1df99b-c501-4d08-b9ef-ff1bd5d04305), after_create {{(pid=111111) _notify_loop /usr/local/lib/python3.8/dist-packages/neutron_lib/callbacks/manager.py:176}}
Jul 14 15:57:43.541555 dv-cinder-837164-3-smb neutron-server[111111]: DEBUG neutron_lib.callbacks.manager [None req-f14918a9-4088-4cce-ab88-9b408e0bd91e admin admin] Publish callbacks ['neutron.plugins.ml2.plugin.Ml2Plugin._subnet_delete_after_delete_handler-66547817', 'neutron.plugins.ml2.ovo_rpc._ObjectChangeHandler.handle_event-550379', 'neutron.api.rpc.agentnotifiers.dhcp_rpc_agent_api.DhcpAgentNotifyAPI._native_event_send_dhcp_notification-602620'] for subnet (41a949e1-c6e7-4c7c-8fdb-81ab7c234b2e), after_delete {{(pid=111111) _notify_loop /usr/local/lib/python3.8/dist-packages/neutron_lib/callbacks/manager.py:176}}
Jul 14 15:57:43.557903 dv-cinder-837164-3-smb neutron-server[111112]: DEBUG neutron_lib.callbacks.manager [None req-26ab3f17-cc35-4b71-9203-1da232acd5eb None None] Publish callbacks ['neutron.services.segments.db._update_segment_host_mapping_for_agent-8739955938353', 'neutron.plugins.ml2.plugin.Ml2Plugin._retry_binding_revived_agents-66547652'] for agent (c46c2f1e-adb8-42cf-9760-4e263863ad92), after_update {{(pid=111112) _notify_loop /usr/local/lib/python3.8/dist-packages/neutron_lib/callbacks/manager.py:176}}
Jul 14 15:57:43.630091 dv-cinder-837164-3-smb neutron-server[111110]: DEBUG dbcounter [-] [111110] Writing DB stats neutron:SELECT=96,neutron:INSERT=2,neutron:UPDATE=2 {{(pid=111110) stat_writer /usr/local/lib/python3.8/dist-packages/dbcounter.py:114}}
Jul 14 15:57:43.642685 dv-cinder-837164-3-smb neutron-server[111111]: DEBUG neutron.scheduler.dhcp_agent_scheduler [req-419b9ab9-cff0-4295-9320-829ad354e6d0 req-b2fae991-ba10-4233-b17e-86a35e91c47c tempest-ServerRescueNegativeTestJSON-1661155065 tempest-ServerRescueNegativeTestJSON-1661155065-project] Network c397c4e2-d064-40aa-ac0a-741e01372836 is already hosted by enough agents. {{(pid=111111) _get_dhcp_agents_hosting_network /opt/stack/neutron/neutron/scheduler/dhcp_agent_scheduler.py:275}}
Jul 14 15:57:43.660023 dv-cinder-837164-3-smb neutron-server[111110]: DEBUG neutron.api.rpc.handlers.resources_rpc [None req-1647ac2c-3022-4852-9ec1-0a9da55df5ed tempest-DeleteServersTestJSON-1158417734 tempest-DeleteServersTestJSON-1158417734-project] Pushing event updated for resources: {'Port': ['ID=aa93cfe5-76ca-4a15-805c-80945485bfa4,revision_number=1']} {{(pid=111110) push /opt/stack/neutron/neutron/api/rpc/handlers/resources_rpc.py:237}}
Jul 14 15:57:43.667085 dv-cinder-837164-3-smb neutron-server[111110]: DEBUG neutron.scheduler.dhcp_agent_scheduler [req-df36020d-e9b6-4c2d-a9d3-b7677364ab16 req-1647ac2c-3022-4852-9ec1-0a9da55df5ed tempest-DeleteServersTestJSON-1158417734 tempest-DeleteServersTestJSON-1158417734-project] Network efcdbbb7-ab94-4343-91d7-3d59048bc864 is already hosted by enough agents. {{(pid=111110) _get_dhcp_agents_hosting_network /opt/stack/neutron/neutron/scheduler/dhcp_agent_scheduler.py:275}}
Jul 14 15:57:43.674175 dv-cinder-837164-3-smb neutron-server[111110]: DEBUG neutron.pecan_wsgi.hooks.policy_enforcement [req-2c768894-05a3-45d3-bc10-7def3d3543e6 req-8c0e9f4e-c96d-41c5-b4fa-8a7cd2d08dfb tempest-DeleteServersTestJSON-1158417734 tempest-DeleteServersTestJSON-1158417734-project] Attributes excluded by policy engine: ['standard_attr_id', 'binding:profile', 'binding:host_id', 'binding:vif_type', 'binding:vif_details'] {{(pid=111110) _exclude_attributes_by_policy /opt/stack/neutron/neutron/pecan_wsgi/hooks/policy_enforcement.py:259}}
Jul 14 15:57:43.684287 dv-cinder-837164-3-smb neutron-server[111110]: INFO neutron.wsgi [req-2c768894-05a3-45d3-bc10-7def3d3543e6 req-8c0e9f4e-c96d-41c5-b4fa-8a7cd2d08dfb tempest-DeleteServersTestJSON-1158417734 tempest-DeleteServersTestJSON-1158417734-project] 10.222.0.82 "GET /v2.0/ports?device_id=dafe3c67-842c-4317-af4e-5da7f919df7d HTTP/1.1" status: 200 len: 932 time: 0.2175074
Jul 14 15:57:43.696088 dv-cinder-837164-3-smb neutron-server[111110]: DEBUG neutron.scheduler.base_scheduler [req-df36020d-e9b6-4c2d-a9d3-b7677364ab16 req-1647ac2c-3022-4852-9ec1-0a9da55df5ed tempest-DeleteServersTestJSON-1158417734 tempest-DeleteServersTestJSON-1158417734-project] Resources bound (agent type, host, resource id): {{(pid=111110) schedule /opt/stack/neutron/neutron/scheduler/base_scheduler.py:57}}
Jul 14 15:57:43.771777 dv-cinder-837164-3-smb neutron-server[111111]: DEBUG neutron.api.rpc.handlers.resources_rpc [None req-f14918a9-4088-4cce-ab88-9b408e0bd91e admin admin] Pushing event deleted for resources: {'Subnet': ['ID=41a949e1-c6e7-4c7c-8fdb-81ab7c234b2e,revision_number=None']} {{(pid=111111) push /opt/stack/neutron/neutron/api/rpc/handlers/resources_rpc.py:237}}
Jul 14 15:57:43.788302 dv-cinder-837164-3-smb neutron-server[111111]: DEBUG neutron.scheduler.base_scheduler [req-419b9ab9-cff0-4295-9320-829ad354e6d0 req-b2fae991-ba10-4233-b17e-86a35e91c47c tempest-ServerRescueNegativeTestJSON-1661155065 tempest-ServerRescueNegativeTestJSON-1661155065-project] Resources bound (agent type, host, resource id): {{(pid=111111) schedule /opt/stack/neutron/neutron/scheduler/base_scheduler.py:57}}
Jul 14 15:57:43.795160 dv-cinder-837164-3-smb neutron-server[111110]: DEBUG neutron.db.l3_dvrscheduler_db [req-df36020d-e9b6-4c2d-a9d3-b7677364ab16 req-1647ac2c-3022-4852-9ec1-0a9da55df5ed tempest-DeleteServersTestJSON-1158417734 tempest-DeleteServersTestJSON-1158417734-project] Received port after_create {{(pid=111110) _notify_l3_agent_new_port /opt/stack/neutron/neutron/db/l3_dvrscheduler_db.py:542}}
Jul 14 15:57:43.797679 dv-cinder-837164-3-smb neutron-server[111111]: DEBUG neutron.db.l3_dvrscheduler_db [req-419b9ab9-cff0-4295-9320-829ad354e6d0 req-b2fae991-ba10-4233-b17e-86a35e91c47c tempest-ServerRescueNegativeTestJSON-1661155065 tempest-ServerRescueNegativeTestJSON-1661155065-project] Received port after_create {{(pid=111111) _notify_l3_agent_new_port /opt/stack/neutron/neutron/db/l3_dvrscheduler_db.py:542}}
Jul 14 15:57:43.803504 dv-cinder-837164-3-smb neutron-server[111110]: DEBUG neutron.pecan_wsgi.hooks.policy_enforcement [req-df36020d-e9b6-4c2d-a9d3-b7677364ab16 req-1647ac2c-3022-4852-9ec1-0a9da55df5ed tempest-DeleteServersTestJSON-1158417734 tempest-DeleteServersTestJSON-1158417734-project] Attributes excluded by policy engine: ['standard_attr_id', 'binding:profile', 'binding:host_id', 'binding:vif_type', 'binding:vif_details', 'network'] {{(pid=111110) _exclude_attributes_by_policy /opt/stack/neutron/neutron/pecan_wsgi/hooks/policy_enforcement.py:259}}
Jul 14 15:57:43.803504 dv-cinder-837164-3-smb neutron-server[111110]: DEBUG neutron_lib.callbacks.manager [req-df36020d-e9b6-4c2d-a9d3-b7677364ab16 req-1647ac2c-3022-4852-9ec1-0a9da55df5ed tempest-DeleteServersTestJSON-1158417734 tempest-DeleteServersTestJSON-1158417734-project] Publish callbacks ['neutron.notifiers.nova.Notifier._send_nova_notification-117819', 'neutron.api.rpc.agentnotifiers.dhcp_rpc_agent_api.DhcpAgentNotifyAPI._send_dhcp_notification-602606'] for port (None), before_response {{(pid=111110) _notify_loop /usr/local/lib/python3.8/dist-packages/neutron_lib/callbacks/manager.py:176}}
Jul 14 15:57:43.818542 dv-cinder-837164-3-smb neutron-server[111110]: DEBUG neutron.db.db_base_plugin_common [req-04490006-d122-43e9-b646-5864c0d85d35 req-6e0b3541-8145-4027-beea-a48cb06c7af5 tempest-AttachVolumeShelveTestJSON-2002397526 tempest-AttachVolumeShelveTestJSON-2002397526-project] Allocated IP 172.20.0.4 (2d6844c2-37b9-4a56-a8c1-151bb843c43a/84e4d8d6-0029-4260-a4f9-3701436317af/1b9b147b-eb35-4969-a1b0-9ac4a13eb10a) {{(pid=111110) _store_ip_allocation /opt/stack/neutron/neutron/db/db_base_plugin_common.py:131}}
Jul 14 15:57:43.862840 dv-cinder-837164-3-smb neutron-server[111111]: DEBUG neutron.pecan_wsgi.hooks.policy_enforcement [req-419b9ab9-cff0-4295-9320-829ad354e6d0 req-b2fae991-ba10-4233-b17e-86a35e91c47c tempest-ServerRescueNegativeTestJSON-1661155065 tempest-ServerRescueNegativeTestJSON-1661155065-project] Attributes excluded by policy engine: ['standard_attr_id', 'binding:profile', 'binding:host_id', 'binding:vif_type', 'binding:vif_details', 'network'] {{(pid=111111) _exclude_attributes_by_policy /opt/stack/neutron/neutron/pecan_wsgi/hooks/policy_enforcement.py:259}}
Jul 14 15:57:43.870533 dv-cinder-837164-3-smb neutron-server[111111]: DEBUG neutron_lib.callbacks.manager [req-419b9ab9-cff0-4295-9320-829ad354e6d0 req-b2fae991-ba10-4233-b17e-86a35e91c47c tempest-ServerRescueNegativeTestJSON-1661155065 tempest-ServerRescueNegativeTestJSON-1661155065-project] Publish callbacks ['neutron.notifiers.nova.Notifier._send_nova_notification-117819', 'neutron.api.rpc.agentnotifiers.dhcp_rpc_agent_api.DhcpAgentNotifyAPI._send_dhcp_notification-602606'] for port (None), before_response {{(pid=111111) _notify_loop /usr/local/lib/python3.8/dist-packages/neutron_lib/callbacks/manager.py:176}}
Jul 14 15:57:43.968476 dv-cinder-837164-3-smb neutron-server[111110]: DEBUG neutron.wsgi [-] (111110) accepted ('10.222.0.82', 49038) {{(pid=111110) server /usr/local/lib/python3.8/dist-packages/eventlet/wsgi.py:1004}}
Jul 14 15:57:44.004314 dv-cinder-837164-3-smb neutron-server[111110]: INFO neutron.wsgi [req-df36020d-e9b6-4c2d-a9d3-b7677364ab16 req-1647ac2c-3022-4852-9ec1-0a9da55df5ed tempest-DeleteServersTestJSON-1158417734 tempest-DeleteServersTestJSON-1158417734-project] 10.222.0.105 "POST /v2.0/ports HTTP/1.1" status: 201 len: 934 time: 3.5393891
Jul 14 15:57:44.006291 dv-cinder-837164-3-smb neutron-server[111112]: DEBUG dbcounter [-] [111112] Writing DB stats neutron:SELECT=98,neutron:UPDATE=2 {{(pid=111112) stat_writer /usr/local/lib/python3.8/dist-packages/dbcounter.py:114}}
Jul 14 15:57:44.030000 dv-cinder-837164-3-smb neutron-server[111110]: DEBUG neutron.api.v2.base [req-df36020d-e9b6-4c2d-a9d3-b7677364ab16 req-13190de3-822d-4508-9066-1630aa3f4b16 service neutron] Request body: {'port': {'device_id': 'dafe3c67-842c-4317-af4e-5da7f919df7d', 'device_owner': 'compute:nova', 'binding:host_id': 'hv-cinder-83716'}} {{(pid=111110) prepare_request_body /opt/stack/neutron/neutron/api/v2/base.py:730}}
Jul 14 15:57:44.065291 dv-cinder-837164-3-smb neutron-server[111110]: INFO neutron.wsgi [req-2c768894-05a3-45d3-bc10-7def3d3543e6 req-ba53f702-8268-4466-a20b-1f513cfa8998 tempest-DeleteServersTestJSON-1158417734 tempest-DeleteServersTestJSON-1158417734-project] 10.222.0.82 "GET /v2.0/security-groups?id=9fd61c71-5bf3-4b2f-8bd8-0beb24885f47&fields=id&fields=name HTTP/1.1" status: 200 len: 286 time: 0.3745492
Jul 14 15:57:44.196545 dv-cinder-837164-3-smb neutron-server[111112]: DEBUG neutron.db.provisioning_blocks [None req-661b3d2e-29e8-4fb6-a538-8ecaa4d96076 None None] Provisioning complete for port aa93cfe5-76ca-4a15-805c-80945485bfa4 triggered by entity DHCP. {{(pid=111112) provisioning_complete /opt/stack/neutron/neutron/db/provisioning_blocks.py:145}}
Jul 14 15:57:44.198061 dv-cinder-837164-3-smb neutron-server[111112]: DEBUG neutron_lib.callbacks.manager [None req-661b3d2e-29e8-4fb6-a538-8ecaa4d96076 None None] Publish callbacks ['neutron.plugins.ml2.plugin.Ml2Plugin._port_provisioned-66547630'] for port (aa93cfe5-76ca-4a15-805c-80945485bfa4), provisioning_complete {{(pid=111112) _notify_loop /usr/local/lib/python3.8/dist-packages/neutron_lib/callbacks/manager.py:176}}
Jul 14 15:57:44.251647 dv-cinder-837164-3-smb neutron-server[111111]: DEBUG neutron_lib.callbacks.manager [None req-f14918a9-4088-4cce-ab88-9b408e0bd91e admin admin] Publish callbacks ['neutron.api.rpc.agentnotifiers.dhcp_rpc_agent_api.DhcpAgentNotifyAPI._send_dhcp_notification-602606'] for subnet (None), before_response {{(pid=111111) _notify_loop /usr/local/lib/python3.8/dist-packages/neutron_lib/callbacks/manager.py:176}}
Jul 14 15:57:44.255351 dv-cinder-837164-3-smb neutron-server[111111]: INFO neutron.wsgi [None req-f14918a9-4088-4cce-ab88-9b408e0bd91e admin admin] 10.222.0.82 "DELETE /v2.0/subnets/41a949e1-c6e7-4c7c-8fdb-81ab7c234b2e HTTP/1.1" status: 204 len: 168 time: 1.4492874
Jul 14 15:57:44.270656 dv-cinder-837164-3-smb neutron-server[111111]: DEBUG neutron.pecan_wsgi.hooks.policy_enforcement [req-26102577-613f-4545-9eb4-14f3b487d21b req-a538f6d3-a9c1-4122-9181-42e5e3652184 tempest-ServerRescueNegativeTestJSON-1661155065 tempest-ServerRescueNegativeTestJSON-1661155065-project] Attributes excluded by policy engine: ['standard_attr_id', 'binding:profile', 'binding:host_id', 'binding:vif_type', 'binding:vif_details'] {{(pid=111111) _exclude_attributes_by_policy /opt/stack/neutron/neutron/pecan_wsgi/hooks/policy_enforcement.py:259}}
Jul 14 15:57:44.277580 dv-cinder-837164-3-smb neutron-server[111111]: INFO neutron.wsgi [req-26102577-613f-4545-9eb4-14f3b487d21b req-a538f6d3-a9c1-4122-9181-42e5e3652184 tempest-ServerRescueNegativeTestJSON-1661155065 tempest-ServerRescueNegativeTestJSON-1661155065-project] 10.222.0.82 "GET /v2.0/ports?device_id=6aabb0bd-e89e-481d-b7ff-09610bef3507 HTTP/1.1" status: 200 len: 932 time: 0.5430391
Jul 14 15:57:44.281389 dv-cinder-837164-3-smb neutron-server[111111]: DEBUG neutron.wsgi [-] (111111) accepted ('10.222.0.82', 49048) {{(pid=111111) server /usr/local/lib/python3.8/dist-packages/eventlet/wsgi.py:1004}}
Jul 14 15:57:44.306927 dv-cinder-837164-3-smb neutron-server[111112]: DEBUG neutron.plugins.ml2.plugin [None req-661b3d2e-29e8-4fb6-a538-8ecaa4d96076 None None] Port aa93cfe5-76ca-4a15-805c-80945485bfa4 cannot update to ACTIVE because it is not bound. {{(pid=111112) _port_provisioned /opt/stack/neutron/neutron/plugins/ml2/plugin.py:348}}
Jul 14 15:57:44.315877 dv-cinder-837164-3-smb neutron-server[111111]: DEBUG dbcounter [-] [111111] Writing DB stats neutron:SELECT=88,neutron:INSERT=8,neutron:UPDATE=4 {{(pid=111111) stat_writer /usr/local/lib/python3.8/dist-packages/dbcounter.py:114}}
Jul 14 15:57:44.347670 dv-cinder-837164-3-smb neutron-server[111111]: DEBUG neutron.api.rpc.handlers.resources_rpc [None req-b2fae991-ba10-4233-b17e-86a35e91c47c tempest-ServerRescueNegativeTestJSON-1661155065 tempest-ServerRescueNegativeTestJSON-1661155065-project] Pushing event updated for resources: {'Port': ['ID=3d1df99b-c501-4d08-b9ef-ff1bd5d04305,revision_number=1']} {{(pid=111111) push /opt/stack/neutron/neutron/api/rpc/handlers/resources_rpc.py:237}}
Jul 14 15:57:44.375944 dv-cinder-837164-3-smb neutron-server[111110]: DEBUG neutron_lib.callbacks.manager [None req-a7909df7-97fa-4844-bb2e-757374aa01ca admin admin] Publish callbacks [] for security_group (None), before_create {{(pid=111110) _notify_loop /usr/local/lib/python3.8/dist-packages/neutron_lib/callbacks/manager.py:176}}
Jul 14 15:57:44.385597 dv-cinder-837164-3-smb neutron-server[111110]: INFO neutron.wsgi [req-4a55a4a2-7920-4a0d-aa5b-6f2f42d06475 req-b30692c3-aa00-4cb7-a733-1187b497958c tempest-AttachVolumeShelveTestJSON-2002397526 tempest-AttachVolumeShelveTestJSON-2002397526-project] 10.222.0.82 "GET /v2.0/ports?device_id=5e00cccb-6509-4a46-afd1-4fdf8d7c9f6c HTTP/1.1" status: 200 len: 210 time: 0.0770009
Jul 14 15:57:44.394146 dv-cinder-837164-3-smb neutron-server[111110]: DEBUG neutron_lib.callbacks.manager [req-df36020d-e9b6-4c2d-a9d3-b7677364ab16 req-13190de3-822d-4508-9066-1630aa3f4b16 service neutron] Publish callbacks ['neutron.plugins.ml2.plugin.SecurityGroupDbMixin._ensure_default_security_group_handler-66457727'] for port (aa93cfe5-76ca-4a15-805c-80945485bfa4), before_update {{(pid=111110) _notify_loop /usr/local/lib/python3.8/dist-packages/neutron_lib/callbacks/manager.py:176}}
Jul 14 15:57:44.439102 dv-cinder-837164-3-smb neutron-server[111112]: DEBUG neutron.db.provisioning_blocks [None req-42cf5a87-0f7b-4b42-be35-f27f09034e03 None None] Provisioning complete for port 3d1df99b-c501-4d08-b9ef-ff1bd5d04305 triggered by entity DHCP. {{(pid=111112) provisioning_complete /opt/stack/neutron/neutron/db/provisioning_blocks.py:145}}
Jul 14 15:57:44.442403 dv-cinder-837164-3-smb neutron-server[111112]: DEBUG neutron_lib.callbacks.manager [None req-42cf5a87-0f7b-4b42-be35-f27f09034e03 None None] Publish callbacks ['neutron.plugins.ml2.plugin.Ml2Plugin._port_provisioned-66547630'] for port (3d1df99b-c501-4d08-b9ef-ff1bd5d04305), provisioning_complete {{(pid=111112) _notify_loop /usr/local/lib/python3.8/dist-packages/neutron_lib/callbacks/manager.py:176}}
Jul 14 15:57:44.493583 dv-cinder-837164-3-smb neutron-server[111111]: INFO neutron.wsgi [req-419b9ab9-cff0-4295-9320-829ad354e6d0 req-b2fae991-ba10-4233-b17e-86a35e91c47c tempest-ServerRescueNegativeTestJSON-1661155065 tempest-ServerRescueNegativeTestJSON-1661155065-project] 10.222.0.105 "POST /v2.0/ports HTTP/1.1" status: 201 len: 934 time: 4.3717062
Jul 14 15:57:44.497193 dv-cinder-837164-3-smb neutron-server[111110]: DEBUG neutron_lib.callbacks.manager [req-04490006-d122-43e9-b646-5864c0d85d35 req-6e0b3541-8145-4027-beea-a48cb06c7af5 tempest-AttachVolumeShelveTestJSON-2002397526 tempest-AttachVolumeShelveTestJSON-2002397526-project] Publish callbacks [] for port (1b9b147b-eb35-4969-a1b0-9ac4a13eb10a), precommit_create {{(pid=111110) _notify_loop /usr/local/lib/python3.8/dist-packages/neutron_lib/callbacks/manager.py:176}}
Jul 14 15:57:44.521806 dv-cinder-837164-3-smb neutron-server[111112]: DEBUG neutron.plugins.ml2.plugin [None req-42cf5a87-0f7b-4b42-be35-f27f09034e03 None None] Port 3d1df99b-c501-4d08-b9ef-ff1bd5d04305 cannot update to ACTIVE because it is not bound. {{(pid=111112) _port_provisioned /opt/stack/neutron/neutron/plugins/ml2/plugin.py:348}}
Jul 14 15:57:44.568170 dv-cinder-837164-3-smb neutron-server[111111]: DEBUG neutron.api.v2.base [req-419b9ab9-cff0-4295-9320-829ad354e6d0 req-9ea56ef6-7c92-4dd7-b7e7-2f41fd82048e service neutron] Request body: {'port': {'device_id': '6aabb0bd-e89e-481d-b7ff-09610bef3507', 'device_owner': 'compute:nova', 'binding:host_id': 'hv-cinder-83716'}} {{(pid=111111) prepare_request_body /opt/stack/neutron/neutron/api/v2/base.py:730}}
Jul 14 15:57:44.642322 dv-cinder-837164-3-smb neutron-server[111111]: DEBUG neutron.notifiers.nova [req-f60f1425-d2fe-4b2c-bfdc-a3d00a619e0d req-dc98858e-62ef-4e05-ab70-accbed742637 service neutron] Ignoring state change previous_port_status: DOWN current_port_status: DOWN port_id f7337e15-47a0-4b93-8e19-94e162a5a8d9 {{(pid=111111) record_port_status_changed /opt/stack/neutron/neutron/notifiers/nova.py:233}}
Jul 14 15:57:44.656837 dv-cinder-837164-3-smb neutron-server[111111]: INFO neutron.wsgi [req-26102577-613f-4545-9eb4-14f3b487d21b req-446076c3-d7d3-4ffa-b205-f728ec4e11e8 tempest-ServerRescueNegativeTestJSON-1661155065 tempest-ServerRescueNegativeTestJSON-1661155065-project] 10.222.0.82 "GET /v2.0/security-groups?id=a3810f4d-c501-4525-85ba-8c7e0c56f4e8&fields=id&fields=name HTTP/1.1" status: 200 len: 286 time: 0.3391149
Jul 14 15:57:44.691960 dv-cinder-837164-3-smb neutron-server[111111]: DEBUG neutron_lib.callbacks.manager [req-f60f1425-d2fe-4b2c-bfdc-a3d00a619e0d req-dc98858e-62ef-4e05-ab70-accbed742637 service neutron] Publish callbacks [] for port (f7337e15-47a0-4b93-8e19-94e162a5a8d9), precommit_update {{(pid=111111) _notify_loop /usr/local/lib/python3.8/dist-packages/neutron_lib/callbacks/manager.py:176}}
Jul 14 15:57:44.735919 dv-cinder-837164-3-smb neutron-server[111111]: DEBUG neutron_lib.callbacks.manager [None req-559ff8af-b00b-410e-9aa3-d6288825c16d admin admin] Publish callbacks ['neutron.plugins.ml2.plugin.External_net_db_mixin._before_network_delete_handler-66507809'] for network (9c676c52-1603-41cf-993b-f12573abd5e6), before_delete {{(pid=111111) _notify_loop /usr/local/lib/python3.8/dist-packages/neutron_lib/callbacks/manager.py:176}}
Jul 14 15:57:44.784583 dv-cinder-837164-3-smb neutron-server[111111]: DEBUG neutron.db.provisioning_blocks [req-f60f1425-d2fe-4b2c-bfdc-a3d00a619e0d req-dc98858e-62ef-4e05-ab70-accbed742637 service neutron] Transition to ACTIVE for port object f7337e15-47a0-4b93-8e19-94e162a5a8d9 will not be triggered until provisioned by entity L2. {{(pid=111111) add_provisioning_component /opt/stack/neutron/neutron/db/provisioning_blocks.py:75}}
Jul 14 15:57:44.789030 dv-cinder-837164-3-smb neutron-server[111111]: DEBUG neutron_lib.callbacks.manager [req-419b9ab9-cff0-4295-9320-829ad354e6d0 req-9ea56ef6-7c92-4dd7-b7e7-2f41fd82048e service neutron] Publish callbacks ['neutron.plugins.ml2.plugin.SecurityGroupDbMixin._ensure_default_security_group_handler-66457727'] for port (3d1df99b-c501-4d08-b9ef-ff1bd5d04305), before_update {{(pid=111111) _notify_loop /usr/local/lib/python3.8/dist-packages/neutron_lib/callbacks/manager.py:176}}
Jul 14 15:57:44.841560 dv-cinder-837164-3-smb neutron-server[111110]: DEBUG neutron_lib.callbacks.manager [req-04490006-d122-43e9-b646-5864c0d85d35 req-6e0b3541-8145-4027-beea-a48cb06c7af5 tempest-AttachVolumeShelveTestJSON-2002397526 tempest-AttachVolumeShelveTestJSON-2002397526-project] Publish callbacks ['neutron.plugins.ml2.plugin.SecurityGroupServerNotifierRpcMixin._notify_sg_on_port_change-66459324', 'neutron.plugins.ml2.ovo_rpc._ObjectChangeHandler.handle_event-922415', 'neutron.api.rpc.agentnotifiers.dhcp_rpc_agent_api.DhcpAgentNotifyAPI._native_event_send_dhcp_notification-602620', 'neutron.db.l3_dvrscheduler_db._notify_l3_agent_new_port-8739955468773'] for port (1b9b147b-eb35-4969-a1b0-9ac4a13eb10a), after_create {{(pid=111110) _notify_loop /usr/local/lib/python3.8/dist-packages/neutron_lib/callbacks/manager.py:176}}
Jul 14 15:57:44.947415 dv-cinder-837164-3-smb neutron-server[111110]: DEBUG neutron.api.rpc.handlers.resources_rpc [None req-6e0b3541-8145-4027-beea-a48cb06c7af5 tempest-AttachVolumeShelveTestJSON-2002397526 tempest-AttachVolumeShelveTestJSON-2002397526-project] Pushing event updated for resources: {'Port': ['ID=1b9b147b-eb35-4969-a1b0-9ac4a13eb10a,revision_number=1']} {{(pid=111110) push /opt/stack/neutron/neutron/api/rpc/handlers/resources_rpc.py:237}}
Jul 14 15:57:44.982745 dv-cinder-837164-3-smb neutron-server[111110]: DEBUG neutron.scheduler.dhcp_agent_scheduler [req-04490006-d122-43e9-b646-5864c0d85d35 req-6e0b3541-8145-4027-beea-a48cb06c7af5 tempest-AttachVolumeShelveTestJSON-2002397526 tempest-AttachVolumeShelveTestJSON-2002397526-project] Network 2d6844c2-37b9-4a56-a8c1-151bb843c43a is already hosted by enough agents. {{(pid=111110) _get_dhcp_agents_hosting_network /opt/stack/neutron/neutron/scheduler/dhcp_agent_scheduler.py:275}}
Jul 14 15:57:45.004273 dv-cinder-837164-3-smb neutron-server[111110]: DEBUG neutron.scheduler.base_scheduler [req-04490006-d122-43e9-b646-5864c0d85d35 req-6e0b3541-8145-4027-beea-a48cb06c7af5 tempest-AttachVolumeShelveTestJSON-2002397526 tempest-AttachVolumeShelveTestJSON-2002397526-project] Resources bound (agent type, host, resource id): {{(pid=111110) schedule /opt/stack/neutron/neutron/scheduler/base_scheduler.py:57}}
Jul 14 15:57:45.008402 dv-cinder-837164-3-smb neutron-server[111110]: DEBUG neutron.db.l3_dvrscheduler_db [req-04490006-d122-43e9-b646-5864c0d85d35 req-6e0b3541-8145-4027-beea-a48cb06c7af5 tempest-AttachVolumeShelveTestJSON-2002397526 tempest-AttachVolumeShelveTestJSON-2002397526-project] Received port after_create {{(pid=111110) _notify_l3_agent_new_port /opt/stack/neutron/neutron/db/l3_dvrscheduler_db.py:542}}
Jul 14 15:57:45.036096 dv-cinder-837164-3-smb neutron-server[111110]: DEBUG neutron.pecan_wsgi.hooks.policy_enforcement [req-04490006-d122-43e9-b646-5864c0d85d35 req-6e0b3541-8145-4027-beea-a48cb06c7af5 tempest-AttachVolumeShelveTestJSON-2002397526 tempest-AttachVolumeShelveTestJSON-2002397526-project] Attributes excluded by policy engine: ['standard_attr_id', 'binding:profile', 'binding:host_id', 'binding:vif_type', 'binding:vif_details', 'network'] {{(pid=111110) _exclude_attributes_by_policy /opt/stack/neutron/neutron/pecan_wsgi/hooks/policy_enforcement.py:259}}
