Jul 14 15:57:18.917716 dv-cinder-837164-3-smb neutron-server[111112]: DEBUG neutron.plugins.ml2.rpc [None req-21138328-5543-4021-9b42-d75ea150669d None None] Device e93ad7ae-51ce-4963-a289-b306da36d654 up at agent ovs-agent-dv-cinder-837164-3-smb {{(pid=111112) update_device_up /opt/stack/neutron/neutron/plugins/ml2/rpc.py:296}}
Jul 14 15:57:18.973122 dv-cinder-837164-3-smb neutron-server[111110]: DEBUG neutron_lib.callbacks.manager [None req-3aa99997-7272-42c1-9998-3ab2fd2924fa admin admin] Publish callbacks [] for router_gateway (0f206e8c-da18-4490-b5c6-abb80567f256), before_create {{(pid=111110) _notify_loop /usr/local/lib/python3.8/dist-packages/neutron_lib/callbacks/manager.py:176}}
Jul 14 15:57:19.011057 dv-cinder-837164-3-smb neutron-server[111110]: DEBUG neutron_lib.callbacks.manager [None req-3aa99997-7272-42c1-9998-3ab2fd2924fa admin admin] Publish callbacks ['neutron.plugins.ml2.plugin.SecurityGroupDbMixin._ensure_default_security_group_handler-66457727'] for port (None), before_create {{(pid=111110) _notify_loop /usr/local/lib/python3.8/dist-packages/neutron_lib/callbacks/manager.py:176}}
Jul 14 15:57:19.013045 dv-cinder-837164-3-smb neutron-server[111110]: DEBUG neutron.scheduler.l3_agent_scheduler [None req-69d74d43-bb15-49c7-900e-a6a6bb3a0fe9 admin admin] Router 9b337eb3-a665-4104-8c2b-f91e22aae820 is scheduled to L3 agent 4f0ce560-aa15-43e5-826b-0e3d758ac72c with binding_index 1 {{(pid=111110) bind_router /opt/stack/neutron/neutron/scheduler/l3_agent_scheduler.py:209}}
Jul 14 15:57:19.131200 dv-cinder-837164-3-smb neutron-server[111112]: DEBUG neutron.db.db_base_plugin_common [None req-451a9e04-f191-44d8-875d-fe916e0b1f75 None None] Allocated IP 172.20.0.2 (efcdbbb7-ab94-4343-91d7-3d59048bc864/9e0a86f7-358f-4cf7-9417-792fa08e13c2/bd215e01-e9ec-410b-aa8a-51c208a0bb34) {{(pid=111112) _store_ip_allocation /opt/stack/neutron/neutron/db/db_base_plugin_common.py:131}}
Jul 14 15:57:19.167616 dv-cinder-837164-3-smb neutron-server[111110]: DEBUG dbcounter [-] [111110] Writing DB stats neutron:SELECT=94,neutron:INSERT=4,neutron:UPDATE=2 {{(pid=111110) stat_writer /usr/local/lib/python3.8/dist-packages/dbcounter.py:114}}
Jul 14 15:57:19.204349 dv-cinder-837164-3-smb neutron-server[111112]: DEBUG neutron_lib.callbacks.manager [None req-9904d732-0931-4fba-8d54-1697494f1449 None None] Publish callbacks [] for port (47cfd07c-5487-4335-871b-816fbd119f60), precommit_create {{(pid=111112) _notify_loop /usr/local/lib/python3.8/dist-packages/neutron_lib/callbacks/manager.py:176}}
Jul 14 15:57:19.241054 dv-cinder-837164-3-smb neutron-server[111111]: DEBUG neutron_lib.callbacks.manager [None req-2cd8994f-5960-40a4-a43e-c3c01cb6b9e9 admin admin] Publish callbacks [] for router_gateway (797b9e2a-9bf4-4120-95c7-b772793e2a52), before_create {{(pid=111111) _notify_loop /usr/local/lib/python3.8/dist-packages/neutron_lib/callbacks/manager.py:176}}
Jul 14 15:57:19.264374 dv-cinder-837164-3-smb neutron-server[111112]: DEBUG neutron.plugins.ml2.plugin [None req-2cdf813b-68b0-4d8a-ad71-0ddebaf99da0 None None] Current status of the port e93ad7ae-51ce-4963-a289-b306da36d654 is: DOWN; New status is: ACTIVE {{(pid=111112) _update_individual_port_db_status /opt/stack/neutron/neutron/plugins/ml2/plugin.py:2292}}
Jul 14 15:57:19.264972 dv-cinder-837164-3-smb neutron-server[111112]: DEBUG neutron_lib.callbacks.manager [None req-2cdf813b-68b0-4d8a-ad71-0ddebaf99da0 None None] Publish callbacks ['neutron.plugins.ml2.plugin.SecurityGroupDbMixin._ensure_default_security_group_handler-66457727'] for port (e93ad7ae-51ce-4963-a289-b306da36d654), before_update {{(pid=111112) _notify_loop /usr/local/lib/python3.8/dist-packages/neutron_lib/callbacks/manager.py:176}}
Jul 14 15:57:19.274290 dv-cinder-837164-3-smb neutron-server[111111]: DEBUG neutron_lib.callbacks.manager [None req-2cd8994f-5960-40a4-a43e-c3c01cb6b9e9 admin admin] Publish callbacks ['neutron.plugins.ml2.plugin.SecurityGroupDbMixin._ensure_default_security_group_handler-66457727'] for port (None), before_create {{(pid=111111) _notify_loop /usr/local/lib/python3.8/dist-packages/neutron_lib/callbacks/manager.py:176}}
Jul 14 15:57:19.288118 dv-cinder-837164-3-smb neutron-server[111111]: DEBUG dbcounter [-] [111111] Writing DB stats neutron:INSERT=8,neutron:UPDATE=3,neutron:SELECT=87,neutron:DELETE=2 {{(pid=111111) stat_writer /usr/local/lib/python3.8/dist-packages/dbcounter.py:114}}
Jul 14 15:57:19.352610 dv-cinder-837164-3-smb neutron-server[111112]: DEBUG neutron.db.provisioning_blocks [None req-21138328-5543-4021-9b42-d75ea150669d None None] Provisioning complete for port e93ad7ae-51ce-4963-a289-b306da36d654 triggered by entity L2. {{(pid=111112) provisioning_complete /opt/stack/neutron/neutron/db/provisioning_blocks.py:145}}
Jul 14 15:57:19.353017 dv-cinder-837164-3-smb neutron-server[111112]: DEBUG neutron_lib.callbacks.manager [None req-21138328-5543-4021-9b42-d75ea150669d None None] Publish callbacks ['neutron.plugins.ml2.plugin.Ml2Plugin._port_provisioned-66547630'] for port (e93ad7ae-51ce-4963-a289-b306da36d654), provisioning_complete {{(pid=111112) _notify_loop /usr/local/lib/python3.8/dist-packages/neutron_lib/callbacks/manager.py:176}}
Jul 14 15:57:19.354754 dv-cinder-837164-3-smb neutron-server[111112]: DEBUG neutron_lib.callbacks.manager [None req-3d5aa2e8-3360-4855-a7f8-0a232d60f625 None None] Publish callbacks ['neutron.services.segments.db._update_segment_host_mapping_for_agent-8739955938353', 'neutron.plugins.ml2.plugin.Ml2Plugin._retry_binding_revived_agents-66547652'] for agent (0d30d13b-a7c6-4282-b7ba-3996c1afd456), after_update {{(pid=111112) _notify_loop /usr/local/lib/python3.8/dist-packages/neutron_lib/callbacks/manager.py:176}}
Jul 14 15:57:19.367126 dv-cinder-837164-3-smb neutron-server[111112]: DEBUG neutron_lib.callbacks.manager [None req-9904d732-0931-4fba-8d54-1697494f1449 None None] Publish callbacks ['neutron.plugins.ml2.plugin.SecurityGroupServerNotifierRpcMixin._notify_sg_on_port_change-66459324', 'neutron.plugins.ml2.ovo_rpc._ObjectChangeHandler.handle_event-922415', 'neutron.api.rpc.agentnotifiers.dhcp_rpc_agent_api.DhcpAgentNotifyAPI._native_event_send_dhcp_notification-602620', 'neutron.db.l3_dvrscheduler_db._notify_l3_agent_new_port-8739955468773'] for port (47cfd07c-5487-4335-871b-816fbd119f60), after_create {{(pid=111112) _notify_loop /usr/local/lib/python3.8/dist-packages/neutron_lib/callbacks/manager.py:176}}
Jul 14 15:57:19.475121 dv-cinder-837164-3-smb neutron-server[111112]: DEBUG neutron.scheduler.dhcp_agent_scheduler [None req-9904d732-0931-4fba-8d54-1697494f1449 None None] Network 2d6844c2-37b9-4a56-a8c1-151bb843c43a is already hosted by enough agents. {{(pid=111112) _get_dhcp_agents_hosting_network /opt/stack/neutron/neutron/scheduler/dhcp_agent_scheduler.py:275}}
Jul 14 15:57:19.482048 dv-cinder-837164-3-smb neutron-server[111112]: DEBUG neutron.scheduler.base_scheduler [None req-9904d732-0931-4fba-8d54-1697494f1449 None None] Resources bound (agent type, host, resource id): {{(pid=111112) schedule /opt/stack/neutron/neutron/scheduler/base_scheduler.py:57}}
Jul 14 15:57:19.485236 dv-cinder-837164-3-smb neutron-server[111112]: DEBUG neutron.plugins.ml2.db [None req-2cdf813b-68b0-4d8a-ad71-0ddebaf99da0 None None] For port e93ad7ae-51ce-4963-a289-b306da36d654, host dv-cinder-837164-3-smb, got binding levels [PortBindingLevel(driver='openvswitch',host='dv-cinder-837164-3-smb',level=0,port_id=e93ad7ae-51ce-4963-a289-b306da36d654,segment=NetworkSegment(b64c6997-f3da-4bea-b19d-162af529abf4),segment_id=b64c6997-f3da-4bea-b19d-162af529abf4)] {{(pid=111112) get_binding_level_objs /opt/stack/neutron/neutron/plugins/ml2/db.py:74}}
Jul 14 15:57:19.495605 dv-cinder-837164-3-smb neutron-server[111112]: DEBUG neutron.db.l3_dvrscheduler_db [None req-9904d732-0931-4fba-8d54-1697494f1449 None None] Received port after_create {{(pid=111112) _notify_l3_agent_new_port /opt/stack/neutron/neutron/db/l3_dvrscheduler_db.py:542}}
Jul 14 15:57:19.506217 dv-cinder-837164-3-smb neutron-server[111110]: DEBUG neutron.api.rpc.agentnotifiers.l3_rpc_agent_api [None req-69d74d43-bb15-49c7-900e-a6a6bb3a0fe9 admin admin] Notify agent at l3_agent.dv-cinder-837164-3-smb the message routers_updated {{(pid=111110) _agent_notification /opt/stack/neutron/neutron/api/rpc/agentnotifiers/l3_rpc_agent_api.py:65}}
Jul 14 15:57:19.511470 dv-cinder-837164-3-smb neutron-server[111110]: DEBUG neutron.db.db_base_plugin_common [None req-3aa99997-7272-42c1-9998-3ab2fd2924fa admin admin] Allocated IP 172.28.1.61 (29607e2b-d581-4b98-9ebf-39fabd57068f/39dd6387-168c-4777-88a7-632769dffe28/98a65ebc-00c2-46c6-8afc-22883c3e9e16) {{(pid=111110) _store_ip_allocation /opt/stack/neutron/neutron/db/db_base_plugin_common.py:131}}
Jul 14 15:57:19.517331 dv-cinder-837164-3-smb neutron-server[111113]: DEBUG neutron.api.rpc.handlers.l3_rpc [None req-d8caf790-6f7e-4190-888d-b4bf3ed8a03c None None] Sync routers for ids ['9b337eb3-a665-4104-8c2b-f91e22aae820'] in dv-cinder-837164-3-smb {{(pid=111113) sync_routers /opt/stack/neutron/neutron/api/rpc/handlers/l3_rpc.py:125}}
Jul 14 15:57:19.528776 dv-cinder-837164-3-smb neutron-server[111113]: DEBUG neutron.db.l3_dvrscheduler_db [None req-d8caf790-6f7e-4190-888d-b4bf3ed8a03c None None] Routers {'9b337eb3-a665-4104-8c2b-f91e22aae820'} bound to L3 agent in host dv-cinder-837164-3-smb {{(pid=111113) _get_router_ids_for_agent /opt/stack/neutron/neutron/db/l3_dvrscheduler_db.py:426}}
Jul 14 15:57:19.528776 dv-cinder-837164-3-smb neutron-server[111113]: DEBUG neutron.db.l3_hamode_db [None req-d8caf790-6f7e-4190-888d-b4bf3ed8a03c None None] neutron.services.l3_router.l3_router_plugin.L3RouterPlugin method get_ha_sync_data_for_host called with arguments (, 'dv-cinder-837164-3-smb', Agent(admin_state_up=True,agent_type='L3 agent',availability_zone='nova',binary='neutron-l3-agent',configurations={"agent_mode": "legacy", "ex_gw_ports": 1, "extensions": [], "floating_ips": 0, "handle_internal_only_routers": true, "interface_driver": "openvswitch", "interfaces": 1, "log_agent_heartbeats": false, "routers": 1},created_at=2022-07-14T15:48:21Z,description=,heartbeat_timestamp=2022-07-14T15:56:52Z,host='dv-cinder-837164-3-smb',id=4f0ce560-aa15-43e5-826b-0e3d758ac72c,load=0,resource_versions=,resources_synced=,started_at=2022-07-14T15:48:22Z,topic='l3_agent')) {'router_ids': ['9b337eb3-a665-4104-8c2b-f91e22aae820'], 'active': True} {{(pid=111113) wrapper /usr/local/lib/python3.8/dist-packages/oslo_log/helpers.py:65}}
Jul 14 15:57:19.598666 dv-cinder-837164-3-smb neutron-server[111112]: DEBUG neutron_lib.callbacks.manager [None req-451a9e04-f191-44d8-875d-fe916e0b1f75 None None] Publish callbacks [] for port (bd215e01-e9ec-410b-aa8a-51c208a0bb34), precommit_create {{(pid=111112) _notify_loop /usr/local/lib/python3.8/dist-packages/neutron_lib/callbacks/manager.py:176}}
Jul 14 15:57:19.666255 dv-cinder-837164-3-smb neutron-server[111112]: DEBUG neutron.api.rpc.handlers.resources_rpc [None req-9904d732-0931-4fba-8d54-1697494f1449 None None] Pushing event updated for resources: {'Port': ['ID=47cfd07c-5487-4335-871b-816fbd119f60,revision_number=1']} {{(pid=111112) push /opt/stack/neutron/neutron/api/rpc/handlers/resources_rpc.py:237}}
Jul 14 15:57:19.669642 dv-cinder-837164-3-smb neutron-server[111113]: DEBUG neutron.db.l3_dvr_db [None req-d8caf790-6f7e-4190-888d-b4bf3ed8a03c None None] Set router 9b337eb3-a665-4104-8c2b-f91e22aae820 gateway port host: dv-cinder-837164-3-smb {{(pid=111113) _build_routers_list /opt/stack/neutron/neutron/db/l3_dvr_db.py:907}}
Jul 14 15:57:19.680756 dv-cinder-837164-3-smb neutron-server[111110]: DEBUG neutron_lib.callbacks.manager [None req-3aa99997-7272-42c1-9998-3ab2fd2924fa admin admin] Publish callbacks [] for port (98a65ebc-00c2-46c6-8afc-22883c3e9e16), precommit_create {{(pid=111110) _notify_loop /usr/local/lib/python3.8/dist-packages/neutron_lib/callbacks/manager.py:176}}
Jul 14 15:57:19.687295 dv-cinder-837164-3-smb neutron-server[111112]: DEBUG neutron.plugins.ml2.managers [None req-9904d732-0931-4fba-8d54-1697494f1449 None None] Attempting to bind port 47cfd07c-5487-4335-871b-816fbd119f60 on host dv-cinder-837164-3-smb for vnic_type normal with profile {{(pid=111112) bind_port /opt/stack/neutron/neutron/plugins/ml2/managers.py:810}}
Jul 14 15:57:19.687872 dv-cinder-837164-3-smb neutron-server[111112]: DEBUG neutron.plugins.ml2.managers [None req-9904d732-0931-4fba-8d54-1697494f1449 None None] Attempting to bind port 47cfd07c-5487-4335-871b-816fbd119f60 by drivers openvswitch,hyperv on host dv-cinder-837164-3-smb at level 0 using segments [{'id': 'e678c63d-2edd-44f2-8c5b-1800e2b411d3', 'network_type': 'vlan', 'physical_network': 'physnet1', 'segmentation_id': 412, 'network_id': '2d6844c2-37b9-4a56-a8c1-151bb843c43a'}] {{(pid=111112) _bind_port_level /opt/stack/neutron/neutron/plugins/ml2/managers.py:835}}
Jul 14 15:57:19.688324 dv-cinder-837164-3-smb neutron-server[111112]: DEBUG neutron.plugins.ml2.drivers.mech_agent [None req-9904d732-0931-4fba-8d54-1697494f1449 None None] Attempting to bind port 47cfd07c-5487-4335-871b-816fbd119f60 on network 2d6844c2-37b9-4a56-a8c1-151bb843c43a {{(pid=111112) bind_port /opt/stack/neutron/neutron/plugins/ml2/drivers/mech_agent.py:91}}
Jul 14 15:57:19.712447 dv-cinder-837164-3-smb neutron-server[111112]: DEBUG neutron.plugins.ml2.drivers.mech_agent [None req-9904d732-0931-4fba-8d54-1697494f1449 None None] Checking agent: {'id': '59f5582b-58af-40db-b6fb-c260eb2a64c5', 'agent_type': 'Open vSwitch agent', 'binary': 'neutron-openvswitch-agent', 'topic': 'N/A', 'host': 'dv-cinder-837164-3-smb', 'admin_state_up': True, 'created_at': datetime.datetime(2022, 7, 14, 15, 48, 25), 'started_at': datetime.datetime(2022, 7, 14, 15, 48, 55), 'heartbeat_timestamp': datetime.datetime(2022, 7, 14, 15, 56, 55), 'description': None, 'resources_synced': None, 'availability_zone': None, 'alive': True, 'configurations': {'arp_responder_enabled': False, 'baremetal_smartnic': False, 'bridge_mappings': {'physnet1': 'br-data'}, 'datapath_type': 'system', 'devices': 0, 'enable_distributed_routing': False, 'extensions': [], 'in_distributed_mode': False, 'integration_bridge': 'br-int', 'l2_population': False, 'log_agent_heartbeats': False, 'ovs_capabilities': {'datapath_types': ['netdev', 'system'], 'iface_types': ['erspan', 'geneve', 'gre', 'internal', 'ip6erspan', 'ip6gre', 'lisp', 'patch', 'stt', 'system', 'tap', 'vxlan']}, 'ovs_hybrid_plug': False, 'resource_provider_bandwidths': {}, 'resource_provider_hypervisors': {'br-data': 'dv-cinder-837164-3-smb'}, 'resource_provider_inventory_defaults': {'allocation_ratio': 1.0, 'min_unit': 1, 'step_size': 1, 'reserved': 0}, 'resource_provider_packet_processing_inventory_defaults': {'allocation_ratio': 1.0, 'min_unit': 1, 'step_size': 1, 'reserved': 0}, 'resource_provider_packet_processing_with_direction': {}, 'resource_provider_packet_processing_without_direction': {}, 'tunnel_types': [], 'tunneling_ip': None, 'vhostuser_socket_dir': '/var/run/openvswitch'}, 'resource_versions': {'AddressGroup': '1.2', 'Agent': '1.1', 'ConntrackHelper': '1.0', 'LocalIPAssociation': '1.0', 'Log': '1.0', 'NDPProxy': '1.0', 'Network': '1.1', 'Port': '1.7', 'PortForwarding': '1.3', 'QosPolicy': '1.10', 'SecurityGroup': '1.5', 'SecurityGroupRule': '1.2', 'SubPort': '1.0', 'Subnet': '1.1', 'Trunk': '1.1'}} {{(pid=111112) bind_port /opt/stack/neutron/neutron/plugins/ml2/drivers/mech_agent.py:110}}
Jul 14 15:57:19.713195 dv-cinder-837164-3-smb neutron-server[111112]: DEBUG neutron.plugins.ml2.drivers.mech_agent [None req-9904d732-0931-4fba-8d54-1697494f1449 None None] Checking segment: {'id': 'e678c63d-2edd-44f2-8c5b-1800e2b411d3', 'network_type': 'vlan', 'physical_network': 'physnet1', 'segmentation_id': 412, 'network_id': '2d6844c2-37b9-4a56-a8c1-151bb843c43a'} for mappings: {'physnet1': 'br-data'} with network types: ['local', 'flat', 'vlan'] {{(pid=111112) check_segment_for_agent /opt/stack/neutron/neutron/plugins/ml2/drivers/mech_agent.py:373}}
Jul 14 15:57:19.713803 dv-cinder-837164-3-smb neutron-server[111112]: DEBUG neutron_lib.callbacks.manager [None req-9904d732-0931-4fba-8d54-1697494f1449 None None] Publish callbacks [] for ovs_bridge_name (None), before_read {{(pid=111112) _notify_loop /usr/local/lib/python3.8/dist-packages/neutron_lib/callbacks/manager.py:176}}
Jul 14 15:57:19.714344 dv-cinder-837164-3-smb neutron-server[111112]: DEBUG neutron.plugins.ml2.drivers.mech_agent [None req-9904d732-0931-4fba-8d54-1697494f1449 None None] Bound using segment: {'id': 'e678c63d-2edd-44f2-8c5b-1800e2b411d3', 'network_type': 'vlan', 'physical_network': 'physnet1', 'segmentation_id': 412, 'network_id': '2d6844c2-37b9-4a56-a8c1-151bb843c43a'} {{(pid=111112) bind_port /opt/stack/neutron/neutron/plugins/ml2/drivers/mech_agent.py:120}}
Jul 14 15:57:19.714829 dv-cinder-837164-3-smb neutron-server[111112]: DEBUG neutron.plugins.ml2.managers [None req-9904d732-0931-4fba-8d54-1697494f1449 None None] Bound port: 47cfd07c-5487-4335-871b-816fbd119f60, host: dv-cinder-837164-3-smb, vif_type: ovs, vif_details: {"connectivity": "l2", "port_filter": true, "ovs_hybrid_plug": false, "datapath_type": "system", "bridge_name": "br-int"}, binding_levels: [{'bound_driver': 'openvswitch', 'bound_segment': {'id': 'e678c63d-2edd-44f2-8c5b-1800e2b411d3', 'network_type': 'vlan', 'physical_network': 'physnet1', 'segmentation_id': 412, 'network_id': '2d6844c2-37b9-4a56-a8c1-151bb843c43a'}}] {{(pid=111112) _bind_port_level /opt/stack/neutron/neutron/plugins/ml2/managers.py:947}}
Jul 14 15:57:19.715210 dv-cinder-837164-3-smb neutron-server[111112]: DEBUG neutron_lib.callbacks.manager [None req-9904d732-0931-4fba-8d54-1697494f1449 None None] Publish callbacks ['neutron.plugins.ml2.plugin.SecurityGroupDbMixin._ensure_default_security_group_handler-66457727'] for port (47cfd07c-5487-4335-871b-816fbd119f60), before_update {{(pid=111112) _notify_loop /usr/local/lib/python3.8/dist-packages/neutron_lib/callbacks/manager.py:176}}
Jul 14 15:57:19.735687 dv-cinder-837164-3-smb neutron-server[111112]: DEBUG neutron.plugins.ml2.plugin [None req-21138328-5543-4021-9b42-d75ea150669d None None] Current status of the port e93ad7ae-51ce-4963-a289-b306da36d654 is: DOWN; New status is: ACTIVE {{(pid=111112) _update_individual_port_db_status /opt/stack/neutron/neutron/plugins/ml2/plugin.py:2292}}
Jul 14 15:57:19.736321 dv-cinder-837164-3-smb neutron-server[111112]: DEBUG neutron_lib.callbacks.manager [None req-21138328-5543-4021-9b42-d75ea150669d None None] Publish callbacks ['neutron.plugins.ml2.plugin.SecurityGroupDbMixin._ensure_default_security_group_handler-66457727'] for port (e93ad7ae-51ce-4963-a289-b306da36d654), before_update {{(pid=111112) _notify_loop /usr/local/lib/python3.8/dist-packages/neutron_lib/callbacks/manager.py:176}}
Jul 14 15:57:19.799320 dv-cinder-837164-3-smb neutron-server[111112]: DEBUG neutron.plugins.ml2.db [None req-9904d732-0931-4fba-8d54-1697494f1449 None None] For port 47cfd07c-5487-4335-871b-816fbd119f60, host dv-cinder-837164-3-smb, cleared binding levels {{(pid=111112) clear_binding_levels /opt/stack/neutron/neutron/plugins/ml2/db.py:87}}
Jul 14 15:57:19.803101 dv-cinder-837164-3-smb neutron-server[111112]: DEBUG neutron.plugins.ml2.db [None req-9904d732-0931-4fba-8d54-1697494f1449 None None] For port 47cfd07c-5487-4335-871b-816fbd119f60, host dv-cinder-837164-3-smb, set binding levels [PortBindingLevel(driver='openvswitch',host='dv-cinder-837164-3-smb',level=0,port_id=47cfd07c-5487-4335-871b-816fbd119f60,segment=NetworkSegment(e678c63d-2edd-44f2-8c5b-1800e2b411d3),segment_id=e678c63d-2edd-44f2-8c5b-1800e2b411d3)] {{(pid=111112) set_binding_levels /opt/stack/neutron/neutron/plugins/ml2/db.py:59}}
Jul 14 15:57:19.854146 dv-cinder-837164-3-smb neutron-server[111113]: DEBUG neutron.db.l3_hamode_db [None req-d8caf790-6f7e-4190-888d-b4bf3ed8a03c None None] neutron.services.l3_router.l3_router_plugin.L3RouterPlugin method _process_sync_ha_data called with arguments (, [{'id': '9b337eb3-a665-4104-8c2b-f91e22aae820', 'name': 'tempest-ServerRescueNegativeTestJSON-1775046011-router', 'tenant_id': '0f49cf988f49476bbcb476d0db9744a5', 'admin_state_up': True, 'status': 'ACTIVE', 'external_gateway_info': {'network_id': '29607e2b-d581-4b98-9ebf-39fabd57068f', 'external_fixed_ips': [{'subnet_id': '39dd6387-168c-4777-88a7-632769dffe28', 'ip_address': '172.28.1.104'}], 'enable_snat': True}, 'gw_port_id': '6b763292-0313-4d26-a6d3-004f8be61988', 'description': '', 'availability_zones': ['nova'], 'distributed': False, 'ha': False, 'ha_vr_id': 0, 'availability_zone_hints': [], 'routes': [], 'flavor_id': None, 'tags': [], 'created_at': '2022-07-14T15:57:15Z', 'updated_at': '2022-07-14T15:57:17Z', 'revision_number': 3, 'project_id': '0f49cf988f49476bbcb476d0db9744a5', 'gw_port': {'id': '6b763292-0313-4d26-a6d3-004f8be61988', 'name': '', 'network_id': '29607e2b-d581-4b98-9ebf-39fabd57068f', 'tenant_id': '', 'mac_address': 'fa:16:3e:52:74:d2', 'admin_state_up': True, 'status': 'DOWN', 'device_id': '9b337eb3-a665-4104-8c2b-f91e22aae820', 'device_owner': 'network:router_gateway', 'standard_attr_id': 55, 'fixed_ips': [{'subnet_id': '39dd6387-168c-4777-88a7-632769dffe28', 'ip_address': '172.28.1.104', 'prefixlen': 24}], 'allowed_address_pairs': [], 'extra_dhcp_opts': [], 'security_groups': [], 'description': '', 'binding:vnic_type': 'normal', 'binding:profile': {}, 'binding:host_id': '', 'binding:vif_type': 'unbound', 'binding:vif_details': {}, 'port_security_enabled': False, 'tags': [], 'created_at': '2022-07-14T15:57:16Z', 'updated_at': '2022-07-14T15:57:16Z', 'revision_number': 1, 'project_id': '', 'subnets': [{'id': '39dd6387-168c-4777-88a7-632769dffe28', 'cidr': '172.28.1.0/24', 'gateway_ip': '172.28.1.1', 'dns_nameservers': [], 'ipv6_ra_mode': None, 'subnetpool_id': None}], 'extra_subnets': [], 'address_scopes': {4: None, 6: None}, 'mtu': 1500}, 'enable_snat': True, 'gw_port_host': 'dv-cinder-837164-3-smb'}], 'dv-cinder-837164-3-smb', False) {} {{(pid=111113) wrapper /usr/local/lib/python3.8/dist-packages/oslo_log/helpers.py:65}}
Jul 14 15:57:19.881450 dv-cinder-837164-3-smb neutron-server[111113]: DEBUG neutron.api.rpc.handlers.l3_rpc [None req-d8caf790-6f7e-4190-888d-b4bf3ed8a03c None None] Checking router: 9b337eb3-a665-4104-8c2b-f91e22aae820 for host: dv-cinder-837164-3-smb {{(pid=111113) _ensure_host_set_on_ports /opt/stack/neutron/neutron/api/rpc/handlers/l3_rpc.py:155}}
Jul 14 15:57:19.881823 dv-cinder-837164-3-smb neutron-server[111113]: DEBUG neutron.api.rpc.handlers.l3_rpc [None req-d8caf790-6f7e-4190-888d-b4bf3ed8a03c None None] Updating router 9b337eb3-a665-4104-8c2b-f91e22aae820 port 6b763292-0313-4d26-a6d3-004f8be61988 binding host dv-cinder-837164-3-smb {{(pid=111113) _ensure_host_set_on_port /opt/stack/neutron/neutron/api/rpc/handlers/l3_rpc.py:205}}
Jul 14 15:57:19.909874 dv-cinder-837164-3-smb neutron-server[111113]: DEBUG neutron_lib.callbacks.manager [None req-d8caf790-6f7e-4190-888d-b4bf3ed8a03c None None] Publish callbacks ['neutron.plugins.ml2.plugin.SecurityGroupDbMixin._ensure_default_security_group_handler-66457727'] for port (6b763292-0313-4d26-a6d3-004f8be61988), before_update {{(pid=111113) _notify_loop /usr/local/lib/python3.8/dist-packages/neutron_lib/callbacks/manager.py:176}}
Jul 14 15:57:19.958982 dv-cinder-837164-3-smb neutron-server[111110]: DEBUG neutron_lib.callbacks.manager [None req-3aa99997-7272-42c1-9998-3ab2fd2924fa admin admin] Publish callbacks ['neutron.plugins.ml2.plugin.SecurityGroupServerNotifierRpcMixin._notify_sg_on_port_change-66459324', 'neutron.plugins.ml2.ovo_rpc._ObjectChangeHandler.handle_event-922415', 'neutron.api.rpc.agentnotifiers.dhcp_rpc_agent_api.DhcpAgentNotifyAPI._native_event_send_dhcp_notification-602620', 'neutron.db.l3_dvrscheduler_db._notify_l3_agent_new_port-8739955468773'] for port (98a65ebc-00c2-46c6-8afc-22883c3e9e16), after_create {{(pid=111110) _notify_loop /usr/local/lib/python3.8/dist-packages/neutron_lib/callbacks/manager.py:176}}
Jul 14 15:57:19.972170 dv-cinder-837164-3-smb neutron-server[111110]: DEBUG neutron_lib.callbacks.manager [None req-69d74d43-bb15-49c7-900e-a6a6bb3a0fe9 admin admin] Publish callbacks [] for router (None), before_response {{(pid=111110) _notify_loop /usr/local/lib/python3.8/dist-packages/neutron_lib/callbacks/manager.py:176}}
Jul 14 15:57:19.973656 dv-cinder-837164-3-smb neutron-server[111110]: INFO neutron.wsgi [None req-69d74d43-bb15-49c7-900e-a6a6bb3a0fe9 admin admin] 10.222.0.82 "POST /v2.0/routers HTTP/1.1" status: 201 len: 931 time: 4.7251170
Jul 14 15:57:19.983960 dv-cinder-837164-3-smb neutron-server[111110]: DEBUG neutron.wsgi [-] (111110) accepted ('10.222.0.82', 48172) {{(pid=111110) server /usr/local/lib/python3.8/dist-packages/eventlet/wsgi.py:1004}}
Jul 14 15:57:19.990718 dv-cinder-837164-3-smb neutron-server[111112]: DEBUG neutron_lib.callbacks.manager [None req-451a9e04-f191-44d8-875d-fe916e0b1f75 None None] Publish callbacks ['neutron.plugins.ml2.plugin.SecurityGroupServerNotifierRpcMixin._notify_sg_on_port_change-66459324', 'neutron.plugins.ml2.ovo_rpc._ObjectChangeHandler.handle_event-922415', 'neutron.api.rpc.agentnotifiers.dhcp_rpc_agent_api.DhcpAgentNotifyAPI._native_event_send_dhcp_notification-602620', 'neutron.db.l3_dvrscheduler_db._notify_l3_agent_new_port-8739955468773'] for port (bd215e01-e9ec-410b-aa8a-51c208a0bb34), after_create {{(pid=111112) _notify_loop /usr/local/lib/python3.8/dist-packages/neutron_lib/callbacks/manager.py:176}}
Jul 14 15:57:19.993793 dv-cinder-837164-3-smb neutron-server[111112]: DEBUG neutron_lib.callbacks.manager [None req-9904d732-0931-4fba-8d54-1697494f1449 None None] Publish callbacks ['neutron.plugins.ml2.plugin.SecurityGroupServerNotifierRpcMixin._notify_sg_on_port_change-66459324', 'neutron.plugins.ml2.ovo_rpc._ObjectChangeHandler.handle_event-922415', 'neutron.api.rpc.agentnotifiers.dhcp_rpc_agent_api.DhcpAgentNotifyAPI._native_event_send_dhcp_notification-602620', 'neutron.db.l3_db.L3RpcNotifierMixin._notify_gateway_port_ip_changed-8739955836685', 'neutron.db.l3_dvrscheduler_db._notify_l3_agent_port_update-8739955468791', 'neutron.db.l3_hascheduler_db._notify_l3_agent_ha_port_update-8739955471629'] for port (47cfd07c-5487-4335-871b-816fbd119f60), after_update {{(pid=111112) _notify_loop /usr/local/lib/python3.8/dist-packages/neutron_lib/callbacks/manager.py:176}}
Jul 14 15:57:19.996164 dv-cinder-837164-3-smb neutron-server[111112]: DEBUG neutron_lib.callbacks.manager [None req-2cdf813b-68b0-4d8a-ad71-0ddebaf99da0 None None] Publish callbacks ['neutron.plugins.ml2.plugin.SecurityGroupServerNotifierRpcMixin._notify_sg_on_port_change-66459324', 'neutron.plugins.ml2.ovo_rpc._ObjectChangeHandler.handle_event-922415', 'neutron.api.rpc.agentnotifiers.dhcp_rpc_agent_api.DhcpAgentNotifyAPI._native_event_send_dhcp_notification-602620', 'neutron.db.l3_db.L3RpcNotifierMixin._notify_gateway_port_ip_changed-8739955836685', 'neutron.db.l3_dvrscheduler_db._notify_l3_agent_port_update-8739955468791', 'neutron.db.l3_hascheduler_db._notify_l3_agent_ha_port_update-8739955471629'] for port (e93ad7ae-51ce-4963-a289-b306da36d654), after_update {{(pid=111112) _notify_loop /usr/local/lib/python3.8/dist-packages/neutron_lib/callbacks/manager.py:176}}
Jul 14 15:57:20.028672 dv-cinder-837164-3-smb neutron-server[111111]: DEBUG neutron.db.db_base_plugin_common [None req-2cd8994f-5960-40a4-a43e-c3c01cb6b9e9 admin admin] Allocated IP 172.28.1.219 (29607e2b-d581-4b98-9ebf-39fabd57068f/39dd6387-168c-4777-88a7-632769dffe28/76483db6-1956-4e84-bf63-553cd90967e1) {{(pid=111111) _store_ip_allocation /opt/stack/neutron/neutron/db/db_base_plugin_common.py:131}}
Jul 14 15:57:20.060083 dv-cinder-837164-3-smb neutron-server[111112]: DEBUG neutron_lib.db.api [None req-21138328-5543-4021-9b42-d75ea150669d None None] Retry wrapper got retriable exception: UPDATE statement on table 'standardattributes' expected to update 1 row(s); 0 were matched. {{(pid=111112) wrapped /usr/local/lib/python3.8/dist-packages/neutron_lib/db/api.py:188}}
Jul 14 15:57:20.062486 dv-cinder-837164-3-smb neutron-server[111112]: DEBUG oslo_db.api [None req-21138328-5543-4021-9b42-d75ea150669d None None] Performing DB retry for function neutron.plugins.ml2.plugin.Ml2Plugin.update_port_statuses {{(pid=111112) wrapper /usr/local/lib/python3.8/dist-packages/oslo_db/api.py:155}}
Jul 14 15:57:20.083547 dv-cinder-837164-3-smb neutron-server[111112]: DEBUG neutron.scheduler.dhcp_agent_scheduler [None req-451a9e04-f191-44d8-875d-fe916e0b1f75 None None] Network efcdbbb7-ab94-4343-91d7-3d59048bc864 is already hosted by enough agents. {{(pid=111112) _get_dhcp_agents_hosting_network /opt/stack/neutron/neutron/scheduler/dhcp_agent_scheduler.py:275}}
Jul 14 15:57:20.084110 dv-cinder-837164-3-smb neutron-server[111112]: DEBUG neutron.scheduler.base_scheduler [None req-451a9e04-f191-44d8-875d-fe916e0b1f75 None None] Resources bound (agent type, host, resource id): {{(pid=111112) schedule /opt/stack/neutron/neutron/scheduler/base_scheduler.py:57}}
Jul 14 15:57:20.092686 dv-cinder-837164-3-smb neutron-server[111112]: DEBUG neutron.db.l3_dvrscheduler_db [None req-451a9e04-f191-44d8-875d-fe916e0b1f75 None None] Received port after_create {{(pid=111112) _notify_l3_agent_new_port /opt/stack/neutron/neutron/db/l3_dvrscheduler_db.py:542}}
Jul 14 15:57:20.140835 dv-cinder-837164-3-smb neutron-server[111110]: DEBUG neutron.api.rpc.handlers.resources_rpc [None req-3aa99997-7272-42c1-9998-3ab2fd2924fa admin admin] Pushing event updated for resources: {'Port': ['ID=98a65ebc-00c2-46c6-8afc-22883c3e9e16,revision_number=1']} {{(pid=111110) push /opt/stack/neutron/neutron/api/rpc/handlers/resources_rpc.py:237}}
Jul 14 15:57:20.153642 dv-cinder-837164-3-smb neutron-server[111110]: DEBUG neutron.scheduler.dhcp_agent_scheduler [None req-3aa99997-7272-42c1-9998-3ab2fd2924fa admin admin] Network 29607e2b-d581-4b98-9ebf-39fabd57068f is already hosted by enough agents. {{(pid=111110) _get_dhcp_agents_hosting_network /opt/stack/neutron/neutron/scheduler/dhcp_agent_scheduler.py:275}}
Jul 14 15:57:20.157137 dv-cinder-837164-3-smb neutron-server[111110]: DEBUG neutron.scheduler.base_scheduler [None req-3aa99997-7272-42c1-9998-3ab2fd2924fa admin admin] Resources bound (agent type, host, resource id): {{(pid=111110) schedule /opt/stack/neutron/neutron/scheduler/base_scheduler.py:57}}
Jul 14 15:57:20.160430 dv-cinder-837164-3-smb neutron-server[111112]: DEBUG neutron.api.rpc.handlers.resources_rpc [None req-451a9e04-f191-44d8-875d-fe916e0b1f75 None None] Pushing event updated for resources: {'Port': ['ID=bd215e01-e9ec-410b-aa8a-51c208a0bb34,revision_number=1']} {{(pid=111112) push /opt/stack/neutron/neutron/api/rpc/handlers/resources_rpc.py:237}}
Jul 14 15:57:20.164502 dv-cinder-837164-3-smb neutron-server[111110]: DEBUG neutron.db.l3_dvrscheduler_db [None req-3aa99997-7272-42c1-9998-3ab2fd2924fa admin admin] Received port after_create {{(pid=111110) _notify_l3_agent_new_port /opt/stack/neutron/neutron/db/l3_dvrscheduler_db.py:542}}
Jul 14 15:57:20.239461 dv-cinder-837164-3-smb neutron-server[111112]: DEBUG neutron.api.rpc.handlers.resources_rpc [None req-9904d732-0931-4fba-8d54-1697494f1449 None None] Pushing event updated for resources: {'Port': ['ID=47cfd07c-5487-4335-871b-816fbd119f60,revision_number=2']} {{(pid=111112) push /opt/stack/neutron/neutron/api/rpc/handlers/resources_rpc.py:237}}
Jul 14 15:57:20.314204 dv-cinder-837164-3-smb neutron-server[111111]: DEBUG neutron_lib.callbacks.manager [None req-2cd8994f-5960-40a4-a43e-c3c01cb6b9e9 admin admin] Publish callbacks [] for port (76483db6-1956-4e84-bf63-553cd90967e1), precommit_create {{(pid=111111) _notify_loop /usr/local/lib/python3.8/dist-packages/neutron_lib/callbacks/manager.py:176}}
Jul 14 15:57:20.331154 dv-cinder-837164-3-smb neutron-server[111111]: DEBUG dbcounter [-] [111111] Writing DB stats neutron:SELECT=87,neutron:INSERT=8,neutron:UPDATE=5 {{(pid=111111) stat_writer /usr/local/lib/python3.8/dist-packages/dbcounter.py:114}}
Jul 14 15:57:20.365627 dv-cinder-837164-3-smb neutron-server[111112]: DEBUG neutron.db.provisioning_blocks [None req-c89582a9-1085-4b19-93e6-3cf30ef96108 None None] Provisioning complete for port e93ad7ae-51ce-4963-a289-b306da36d654 triggered by entity DHCP. {{(pid=111112) provisioning_complete /opt/stack/neutron/neutron/db/provisioning_blocks.py:145}}
Jul 14 15:57:20.366009 dv-cinder-837164-3-smb neutron-server[111112]: DEBUG neutron_lib.callbacks.manager [None req-c89582a9-1085-4b19-93e6-3cf30ef96108 None None] Publish callbacks ['neutron.plugins.ml2.plugin.Ml2Plugin._port_provisioned-66547630'] for port (e93ad7ae-51ce-4963-a289-b306da36d654), provisioning_complete {{(pid=111112) _notify_loop /usr/local/lib/python3.8/dist-packages/neutron_lib/callbacks/manager.py:176}}
Jul 14 15:57:20.453244 dv-cinder-837164-3-smb neutron-server[111112]: DEBUG dbcounter [-] [111112] Writing DB stats neutron:SELECT=94,neutron:INSERT=4,neutron:UPDATE=2 {{(pid=111112) stat_writer /usr/local/lib/python3.8/dist-packages/dbcounter.py:114}}
Jul 14 15:57:20.453244 dv-cinder-837164-3-smb neutron-server[111112]: DEBUG dbcounter [-] [111112] Writing DB stats neutron:SELECT=86,neutron:INSERT=6,neutron:UPDATE=8 {{(pid=111112) stat_writer /usr/local/lib/python3.8/dist-packages/dbcounter.py:114}}
Jul 14 15:57:20.453244 dv-cinder-837164-3-smb neutron-server[111112]: DEBUG neutron.plugins.ml2.managers [None req-451a9e04-f191-44d8-875d-fe916e0b1f75 None None] Attempting to bind port bd215e01-e9ec-410b-aa8a-51c208a0bb34 on host dv-cinder-837164-3-smb for vnic_type normal with profile {{(pid=111112) bind_port /opt/stack/neutron/neutron/plugins/ml2/managers.py:810}}
Jul 14 15:57:20.453598 dv-cinder-837164-3-smb neutron-server[111112]: DEBUG neutron.plugins.ml2.managers [None req-451a9e04-f191-44d8-875d-fe916e0b1f75 None None] Attempting to bind port bd215e01-e9ec-410b-aa8a-51c208a0bb34 by drivers openvswitch,hyperv on host dv-cinder-837164-3-smb at level 0 using segments [{'id': '4de5e478-b302-4d79-b657-de6755d76ee3', 'network_type': 'vlan', 'physical_network': 'physnet1', 'segmentation_id': 443, 'network_id': 'efcdbbb7-ab94-4343-91d7-3d59048bc864'}] {{(pid=111112) _bind_port_level /opt/stack/neutron/neutron/plugins/ml2/managers.py:835}}
Jul 14 15:57:20.453964 dv-cinder-837164-3-smb neutron-server[111112]: DEBUG neutron.plugins.ml2.drivers.mech_agent [None req-451a9e04-f191-44d8-875d-fe916e0b1f75 None None] Attempting to bind port bd215e01-e9ec-410b-aa8a-51c208a0bb34 on network efcdbbb7-ab94-4343-91d7-3d59048bc864 {{(pid=111112) bind_port /opt/stack/neutron/neutron/plugins/ml2/drivers/mech_agent.py:91}}
Jul 14 15:57:20.476597 dv-cinder-837164-3-smb neutron-server[111112]: DEBUG neutron.plugins.ml2.drivers.mech_agent [None req-451a9e04-f191-44d8-875d-fe916e0b1f75 None None] Checking agent: {'id': '59f5582b-58af-40db-b6fb-c260eb2a64c5', 'agent_type': 'Open vSwitch agent', 'binary': 'neutron-openvswitch-agent', 'topic': 'N/A', 'host': 'dv-cinder-837164-3-smb', 'admin_state_up': True, 'created_at': datetime.datetime(2022, 7, 14, 15, 48, 25), 'started_at': datetime.datetime(2022, 7, 14, 15, 48, 55), 'heartbeat_timestamp': datetime.datetime(2022, 7, 14, 15, 56, 55), 'description': None, 'resources_synced': None, 'availability_zone': None, 'alive': True, 'configurations': {'arp_responder_enabled': False, 'baremetal_smartnic': False, 'bridge_mappings': {'physnet1': 'br-data'}, 'datapath_type': 'system', 'devices': 0, 'enable_distributed_routing': False, 'extensions': [], 'in_distributed_mode': False, 'integration_bridge': 'br-int', 'l2_population': False, 'log_agent_heartbeats': False, 'ovs_capabilities': {'datapath_types': ['netdev', 'system'], 'iface_types': ['erspan', 'geneve', 'gre', 'internal', 'ip6erspan', 'ip6gre', 'lisp', 'patch', 'stt', 'system', 'tap', 'vxlan']}, 'ovs_hybrid_plug': False, 'resource_provider_bandwidths': {}, 'resource_provider_hypervisors': {'br-data': 'dv-cinder-837164-3-smb'}, 'resource_provider_inventory_defaults': {'allocation_ratio': 1.0, 'min_unit': 1, 'step_size': 1, 'reserved': 0}, 'resource_provider_packet_processing_inventory_defaults': {'allocation_ratio': 1.0, 'min_unit': 1, 'step_size': 1, 'reserved': 0}, 'resource_provider_packet_processing_with_direction': {}, 'resource_provider_packet_processing_without_direction': {}, 'tunnel_types': [], 'tunneling_ip': None, 'vhostuser_socket_dir': '/var/run/openvswitch'}, 'resource_versions': {'AddressGroup': '1.2', 'Agent': '1.1', 'ConntrackHelper': '1.0', 'LocalIPAssociation': '1.0', 'Log': '1.0', 'NDPProxy': '1.0', 'Network': '1.1', 'Port': '1.7', 'PortForwarding': '1.3', 'QosPolicy': '1.10', 'SecurityGroup': '1.5', 'SecurityGroupRule': '1.2', 'SubPort': '1.0', 'Subnet': '1.1', 'Trunk': '1.1'}} {{(pid=111112) bind_port /opt/stack/neutron/neutron/plugins/ml2/drivers/mech_agent.py:110}}
Jul 14 15:57:20.483946 dv-cinder-837164-3-smb neutron-server[111112]: DEBUG neutron.plugins.ml2.drivers.mech_agent [None req-451a9e04-f191-44d8-875d-fe916e0b1f75 None None] Checking segment: {'id': '4de5e478-b302-4d79-b657-de6755d76ee3', 'network_type': 'vlan', 'physical_network': 'physnet1', 'segmentation_id': 443, 'network_id': 'efcdbbb7-ab94-4343-91d7-3d59048bc864'} for mappings: {'physnet1': 'br-data'} with network types: ['local', 'flat', 'vlan'] {{(pid=111112) check_segment_for_agent /opt/stack/neutron/neutron/plugins/ml2/drivers/mech_agent.py:373}}
Jul 14 15:57:20.483946 dv-cinder-837164-3-smb neutron-server[111112]: DEBUG neutron_lib.callbacks.manager [None req-451a9e04-f191-44d8-875d-fe916e0b1f75 None None] Publish callbacks [] for ovs_bridge_name (None), before_read {{(pid=111112) _notify_loop /usr/local/lib/python3.8/dist-packages/neutron_lib/callbacks/manager.py:176}}
Jul 14 15:57:20.483946 dv-cinder-837164-3-smb neutron-server[111112]: DEBUG neutron.plugins.ml2.drivers.mech_agent [None req-451a9e04-f191-44d8-875d-fe916e0b1f75 None None] Bound using segment: {'id': '4de5e478-b302-4d79-b657-de6755d76ee3', 'network_type': 'vlan', 'physical_network': 'physnet1', 'segmentation_id': 443, 'network_id': 'efcdbbb7-ab94-4343-91d7-3d59048bc864'} {{(pid=111112) bind_port /opt/stack/neutron/neutron/plugins/ml2/drivers/mech_agent.py:120}}
Jul 14 15:57:20.483946 dv-cinder-837164-3-smb neutron-server[111112]: DEBUG neutron.plugins.ml2.managers [None req-451a9e04-f191-44d8-875d-fe916e0b1f75 None None] Bound port: bd215e01-e9ec-410b-aa8a-51c208a0bb34, host: dv-cinder-837164-3-smb, vif_type: ovs, vif_details: {"connectivity": "l2", "port_filter": true, "ovs_hybrid_plug": false, "datapath_type": "system", "bridge_name": "br-int"}, binding_levels: [{'bound_driver': 'openvswitch', 'bound_segment': {'id': '4de5e478-b302-4d79-b657-de6755d76ee3', 'network_type': 'vlan', 'physical_network': 'physnet1', 'segmentation_id': 443, 'network_id': 'efcdbbb7-ab94-4343-91d7-3d59048bc864'}}] {{(pid=111112) _bind_port_level /opt/stack/neutron/neutron/plugins/ml2/managers.py:947}}
Jul 14 15:57:20.483946 dv-cinder-837164-3-smb neutron-server[111112]: DEBUG neutron_lib.callbacks.manager [None req-451a9e04-f191-44d8-875d-fe916e0b1f75 None None] Publish callbacks ['neutron.plugins.ml2.plugin.SecurityGroupDbMixin._ensure_default_security_group_handler-66457727'] for port (bd215e01-e9ec-410b-aa8a-51c208a0bb34), before_update {{(pid=111112) _notify_loop /usr/local/lib/python3.8/dist-packages/neutron_lib/callbacks/manager.py:176}}
Jul 14 15:57:20.484564 dv-cinder-837164-3-smb neutron-server[111112]: DEBUG neutron.api.rpc.handlers.resources_rpc [None req-2cdf813b-68b0-4d8a-ad71-0ddebaf99da0 None None] Pushing event updated for resources: {'Port': ['ID=e93ad7ae-51ce-4963-a289-b306da36d654,revision_number=3']} {{(pid=111112) push /opt/stack/neutron/neutron/api/rpc/handlers/resources_rpc.py:237}}
Jul 14 15:57:20.551257 dv-cinder-837164-3-smb neutron-server[111112]: DEBUG neutron.plugins.ml2.plugin [None req-c89582a9-1085-4b19-93e6-3cf30ef96108 None None] Current status of the port e93ad7ae-51ce-4963-a289-b306da36d654 is: ACTIVE; New status is: ACTIVE {{(pid=111112) _update_individual_port_db_status /opt/stack/neutron/neutron/plugins/ml2/plugin.py:2292}}
Jul 14 15:57:20.580038 dv-cinder-837164-3-smb neutron-server[111111]: DEBUG neutron_lib.callbacks.manager [None req-2cd8994f-5960-40a4-a43e-c3c01cb6b9e9 admin admin] Publish callbacks ['neutron.plugins.ml2.plugin.SecurityGroupServerNotifierRpcMixin._notify_sg_on_port_change-66459324', 'neutron.plugins.ml2.ovo_rpc._ObjectChangeHandler.handle_event-922415', 'neutron.api.rpc.agentnotifiers.dhcp_rpc_agent_api.DhcpAgentNotifyAPI._native_event_send_dhcp_notification-602620', 'neutron.db.l3_dvrscheduler_db._notify_l3_agent_new_port-8739955468773'] for port (76483db6-1956-4e84-bf63-553cd90967e1), after_create {{(pid=111111) _notify_loop /usr/local/lib/python3.8/dist-packages/neutron_lib/callbacks/manager.py:176}}
Jul 14 15:57:20.685835 dv-cinder-837164-3-smb neutron-server[111112]: DEBUG neutron.plugins.ml2.plugin [None req-21138328-5543-4021-9b42-d75ea150669d None None] Current status of the port e93ad7ae-51ce-4963-a289-b306da36d654 is: ACTIVE; New status is: ACTIVE {{(pid=111112) _update_individual_port_db_status /opt/stack/neutron/neutron/plugins/ml2/plugin.py:2292}}
Jul 14 15:57:20.707974 dv-cinder-837164-3-smb neutron-server[111112]: DEBUG neutron.plugins.ml2.db [None req-451a9e04-f191-44d8-875d-fe916e0b1f75 None None] For port bd215e01-e9ec-410b-aa8a-51c208a0bb34, host dv-cinder-837164-3-smb, cleared binding levels {{(pid=111112) clear_binding_levels /opt/stack/neutron/neutron/plugins/ml2/db.py:87}}
Jul 14 15:57:20.716413 dv-cinder-837164-3-smb neutron-server[111112]: DEBUG neutron.plugins.ml2.db [None req-451a9e04-f191-44d8-875d-fe916e0b1f75 None None] For port bd215e01-e9ec-410b-aa8a-51c208a0bb34, host dv-cinder-837164-3-smb, set binding levels [PortBindingLevel(driver='openvswitch',host='dv-cinder-837164-3-smb',level=0,port_id=bd215e01-e9ec-410b-aa8a-51c208a0bb34,segment=NetworkSegment(4de5e478-b302-4d79-b657-de6755d76ee3),segment_id=4de5e478-b302-4d79-b657-de6755d76ee3)] {{(pid=111112) set_binding_levels /opt/stack/neutron/neutron/plugins/ml2/db.py:59}}
Jul 14 15:57:20.771099 dv-cinder-837164-3-smb neutron-server[111111]: DEBUG neutron.scheduler.dhcp_agent_scheduler [None req-2cd8994f-5960-40a4-a43e-c3c01cb6b9e9 admin admin] Network 29607e2b-d581-4b98-9ebf-39fabd57068f is already hosted by enough agents. {{(pid=111111) _get_dhcp_agents_hosting_network /opt/stack/neutron/neutron/scheduler/dhcp_agent_scheduler.py:275}}
Jul 14 15:57:20.790548 dv-cinder-837164-3-smb neutron-server[111112]: DEBUG neutron_lib.callbacks.manager [None req-451a9e04-f191-44d8-875d-fe916e0b1f75 None None] Publish callbacks ['neutron.plugins.ml2.plugin.SecurityGroupServerNotifierRpcMixin._notify_sg_on_port_change-66459324', 'neutron.plugins.ml2.ovo_rpc._ObjectChangeHandler.handle_event-922415', 'neutron.api.rpc.agentnotifiers.dhcp_rpc_agent_api.DhcpAgentNotifyAPI._native_event_send_dhcp_notification-602620', 'neutron.db.l3_db.L3RpcNotifierMixin._notify_gateway_port_ip_changed-8739955836685', 'neutron.db.l3_dvrscheduler_db._notify_l3_agent_port_update-8739955468791', 'neutron.db.l3_hascheduler_db._notify_l3_agent_ha_port_update-8739955471629'] for port (bd215e01-e9ec-410b-aa8a-51c208a0bb34), after_update {{(pid=111112) _notify_loop /usr/local/lib/python3.8/dist-packages/neutron_lib/callbacks/manager.py:176}}
Jul 14 15:57:20.792175 dv-cinder-837164-3-smb neutron-server[111111]: DEBUG neutron.scheduler.base_scheduler [None req-2cd8994f-5960-40a4-a43e-c3c01cb6b9e9 admin admin] Resources bound (agent type, host, resource id): {{(pid=111111) schedule /opt/stack/neutron/neutron/scheduler/base_scheduler.py:57}}
Jul 14 15:57:20.795499 dv-cinder-837164-3-smb neutron-server[111111]: DEBUG neutron.db.l3_dvrscheduler_db [None req-2cd8994f-5960-40a4-a43e-c3c01cb6b9e9 admin admin] Received port after_create {{(pid=111111) _notify_l3_agent_new_port /opt/stack/neutron/neutron/db/l3_dvrscheduler_db.py:542}}
Jul 14 15:57:20.932198 dv-cinder-837164-3-smb neutron-server[111112]: DEBUG neutron.api.rpc.handlers.resources_rpc [None req-451a9e04-f191-44d8-875d-fe916e0b1f75 None None] Pushing event updated for resources: {'Port': ['ID=bd215e01-e9ec-410b-aa8a-51c208a0bb34,revision_number=2']} {{(pid=111112) push /opt/stack/neutron/neutron/api/rpc/handlers/resources_rpc.py:237}}
Jul 14 15:57:20.967429 dv-cinder-837164-3-smb neutron-server[111113]: DEBUG neutron_lib.callbacks.manager [None req-d8caf790-6f7e-4190-888d-b4bf3ed8a03c None None] Publish callbacks [] for port (6b763292-0313-4d26-a6d3-004f8be61988), precommit_update {{(pid=111113) _notify_loop /usr/local/lib/python3.8/dist-packages/neutron_lib/callbacks/manager.py:176}}
Jul 14 15:57:20.972304 dv-cinder-837164-3-smb neutron-server[111110]: DEBUG neutron_lib.callbacks.manager [None req-3aa99997-7272-42c1-9998-3ab2fd2924fa admin admin] Publish callbacks [] for router_gateway (0f206e8c-da18-4490-b5c6-abb80567f256), after_create {{(pid=111110) _notify_loop /usr/local/lib/python3.8/dist-packages/neutron_lib/callbacks/manager.py:176}}
Jul 14 15:57:20.991716 dv-cinder-837164-3-smb neutron-server[111111]: DEBUG neutron.api.rpc.handlers.resources_rpc [None req-2cd8994f-5960-40a4-a43e-c3c01cb6b9e9 admin admin] Pushing event updated for resources: {'Port': ['ID=76483db6-1956-4e84-bf63-553cd90967e1,revision_number=1']} {{(pid=111111) push /opt/stack/neutron/neutron/api/rpc/handlers/resources_rpc.py:237}}
Jul 14 15:57:21.030804 dv-cinder-837164-3-smb neutron-server[111112]: DEBUG neutron.plugins.ml2.rpc [None req-21138328-5543-4021-9b42-d75ea150669d None None] Device e93ad7ae-51ce-4963-a289-b306da36d654 up at agent ovs-agent-dv-cinder-837164-3-smb {{(pid=111112) update_device_up /opt/stack/neutron/neutron/plugins/ml2/rpc.py:296}}
Jul 14 15:57:21.098221 dv-cinder-837164-3-smb neutron-server[111113]: DEBUG neutron_lib.callbacks.manager [None req-d8caf790-6f7e-4190-888d-b4bf3ed8a03c None None] Publish callbacks ['neutron.plugins.ml2.plugin.SecurityGroupServerNotifierRpcMixin._notify_sg_on_port_change-66459324', 'neutron.plugins.ml2.ovo_rpc._ObjectChangeHandler.handle_event-922415', 'neutron.api.rpc.agentnotifiers.dhcp_rpc_agent_api.DhcpAgentNotifyAPI._native_event_send_dhcp_notification-602620', 'neutron.db.l3_db.L3RpcNotifierMixin._notify_gateway_port_ip_changed-8739955836685', 'neutron.db.l3_dvrscheduler_db._notify_l3_agent_port_update-8739955468791', 'neutron.db.l3_hascheduler_db._notify_l3_agent_ha_port_update-8739955471629'] for port (6b763292-0313-4d26-a6d3-004f8be61988), after_update {{(pid=111113) _notify_loop /usr/local/lib/python3.8/dist-packages/neutron_lib/callbacks/manager.py:176}}
Jul 14 15:57:21.173130 dv-cinder-837164-3-smb neutron-server[111112]: DEBUG neutron.db.provisioning_blocks [None req-21138328-5543-4021-9b42-d75ea150669d None None] Provisioning complete for port e93ad7ae-51ce-4963-a289-b306da36d654 triggered by entity L2. {{(pid=111112) provisioning_complete /opt/stack/neutron/neutron/db/provisioning_blocks.py:145}}
Jul 14 15:57:21.173755 dv-cinder-837164-3-smb neutron-server[111112]: DEBUG neutron_lib.callbacks.manager [None req-21138328-5543-4021-9b42-d75ea150669d None None] Publish callbacks ['neutron.plugins.ml2.plugin.Ml2Plugin._port_provisioned-66547630'] for port (e93ad7ae-51ce-4963-a289-b306da36d654), provisioning_complete {{(pid=111112) _notify_loop /usr/local/lib/python3.8/dist-packages/neutron_lib/callbacks/manager.py:176}}
Jul 14 15:57:21.300100 dv-cinder-837164-3-smb neutron-server[111113]: DEBUG neutron.plugins.ml2.managers [None req-d8caf790-6f7e-4190-888d-b4bf3ed8a03c None None] Attempting to bind port 6b763292-0313-4d26-a6d3-004f8be61988 on host dv-cinder-837164-3-smb for vnic_type normal with profile {{(pid=111113) bind_port /opt/stack/neutron/neutron/plugins/ml2/managers.py:810}}
Jul 14 15:57:21.302555 dv-cinder-837164-3-smb neutron-server[111113]: DEBUG neutron.plugins.ml2.managers [None req-d8caf790-6f7e-4190-888d-b4bf3ed8a03c None None] Attempting to bind port 6b763292-0313-4d26-a6d3-004f8be61988 by drivers openvswitch,hyperv on host dv-cinder-837164-3-smb at level 0 using segments [{'id': 'a3ee873c-4f2a-49cd-a794-f74183fbeccf', 'network_type': 'flat', 'physical_network': 'physnet1', 'segmentation_id': None, 'network_id': '29607e2b-d581-4b98-9ebf-39fabd57068f'}] {{(pid=111113) _bind_port_level /opt/stack/neutron/neutron/plugins/ml2/managers.py:835}}
Jul 14 15:57:21.302555 dv-cinder-837164-3-smb neutron-server[111113]: DEBUG neutron.plugins.ml2.drivers.mech_agent [None req-d8caf790-6f7e-4190-888d-b4bf3ed8a03c None None] Attempting to bind port 6b763292-0313-4d26-a6d3-004f8be61988 on network 29607e2b-d581-4b98-9ebf-39fabd57068f {{(pid=111113) bind_port /opt/stack/neutron/neutron/plugins/ml2/drivers/mech_agent.py:91}}
