Apr 08 17:39:16.347772 dv-cinder-837164-1-iscsi devstack@c-api.service[116750]: INFO cinder.api.openstack.wsgi [None req-06812aea-1029-4c6e-9729-79aa7a65b156 tempest-GroupSnapshotsTest-1045517022 tempest-GroupSnapshotsTest-1045517022-project] GET http://10.222.0.24/volume/v3/1060b7e8ea0c46028923ac95715e1afa/volumes/8dfb3e8a-d8e1-425a-8ba7-cd6756d3862c
Apr 08 17:39:16.348402 dv-cinder-837164-1-iscsi devstack@c-api.service[116750]: DEBUG cinder.api.openstack.wsgi [None req-06812aea-1029-4c6e-9729-79aa7a65b156 tempest-GroupSnapshotsTest-1045517022 tempest-GroupSnapshotsTest-1045517022-project] Empty body provided in request {{(pid=116750) get_body /opt/stack/cinder/cinder/api/openstack/wsgi.py:715}}
Apr 08 17:39:16.348952 dv-cinder-837164-1-iscsi devstack@c-api.service[116750]: DEBUG cinder.api.openstack.wsgi [None req-06812aea-1029-4c6e-9729-79aa7a65b156 tempest-GroupSnapshotsTest-1045517022 tempest-GroupSnapshotsTest-1045517022-project] Calling method 'show' {{(pid=116750) _process_stack /opt/stack/cinder/cinder/api/openstack/wsgi.py:868}}
Apr 08 17:39:16.386949 dv-cinder-837164-1-iscsi devstack@c-api.service[116750]: /usr/local/lib/python3.8/dist-packages/oslo_context/context.py:100: DeprecationWarning: Policy enforcement is depending on the value of is_admin. This key is deprecated. Please update your policy file to use the standard policy values.
Apr 08 17:39:16.386949 dv-cinder-837164-1-iscsi devstack@c-api.service[116750]: warnings.warn('Policy enforcement is depending on the value of '
Apr 08 17:39:16.403651 dv-cinder-837164-1-iscsi devstack@c-api.service[116750]: INFO cinder.volume.api [None req-06812aea-1029-4c6e-9729-79aa7a65b156 tempest-GroupSnapshotsTest-1045517022 tempest-GroupSnapshotsTest-1045517022-project] Volume info retrieved successfully.
Apr 08 17:39:16.406584 dv-cinder-837164-1-iscsi devstack@c-api.service[116750]: WARNING stevedore.named [None req-06812aea-1029-4c6e-9729-79aa7a65b156 tempest-GroupSnapshotsTest-1045517022 tempest-GroupSnapshotsTest-1045517022-project] Could not load cinder.keymgr.conf_key_mgr.ConfKeyManager
Apr 08 17:39:16.407425 dv-cinder-837164-1-iscsi devstack@c-api.service[116750]: WARNING castellan.key_manager [None req-06812aea-1029-4c6e-9729-79aa7a65b156 tempest-GroupSnapshotsTest-1045517022 tempest-GroupSnapshotsTest-1045517022-project] Deprecation Warning : cinder.keymgr.conf_key_mgr.ConfKeyManager is not a stevedore based driver, trying to load it as a class: stevedore.exception.NoMatches: No 'castellan.drivers' driver found, looking for 'cinder.keymgr.conf_key_mgr.ConfKeyManager'
Apr 08 17:39:16.417585 dv-cinder-837164-1-iscsi devstack@c-api.service[116750]: DEBUG oslo_db.sqlalchemy.engines [None req-06812aea-1029-4c6e-9729-79aa7a65b156 tempest-GroupSnapshotsTest-1045517022 tempest-GroupSnapshotsTest-1045517022-project] MySQL server mode set to STRICT_TRANS_TABLES,STRICT_ALL_TABLES,NO_ZERO_IN_DATE,NO_ZERO_DATE,ERROR_FOR_DIVISION_BY_ZERO,TRADITIONAL,NO_ENGINE_SUBSTITUTION {{(pid=116750) _check_effective_sql_mode /usr/local/lib/python3.8/dist-packages/oslo_db/sqlalchemy/engines.py:314}}
Apr 08 17:39:16.429656 dv-cinder-837164-1-iscsi devstack@c-api.service[116749]: INFO cinder.api.openstack.wsgi [None req-2ca9fca4-b29b-48eb-b9b4-9193e73dab0c tempest-VolumeTypesAccessTest-621996418 tempest-VolumeTypesAccessTest-621996418-project] POST http://10.222.0.24/volume/v3/e4113f218e87445fb185c145dcef5de4/volumes
Apr 08 17:39:16.430596 dv-cinder-837164-1-iscsi devstack@c-api.service[116749]: DEBUG cinder.api.openstack.wsgi [None req-2ca9fca4-b29b-48eb-b9b4-9193e73dab0c tempest-VolumeTypesAccessTest-621996418 tempest-VolumeTypesAccessTest-621996418-project] Action: 'create', calling method: create, body: {"volume": {"volume_type": "4483c061-7949-45e7-afd4-e8b22b63f57a", "size": 1}} {{(pid=116749) _process_stack /opt/stack/cinder/cinder/api/openstack/wsgi.py:866}}
Apr 08 17:39:16.431564 dv-cinder-837164-1-iscsi devstack@c-api.service[116749]: DEBUG cinder.api.v3.volumes [None req-2ca9fca4-b29b-48eb-b9b4-9193e73dab0c tempest-VolumeTypesAccessTest-621996418 tempest-VolumeTypesAccessTest-621996418-project] Create volume request body: {'volume': {'volume_type': '4483c061-7949-45e7-afd4-e8b22b63f57a', 'size': 1}} {{(pid=116749) create /opt/stack/cinder/cinder/api/v3/volumes.py:298}}
Apr 08 17:39:16.440063 dv-cinder-837164-1-iscsi devstack@c-api.service[116750]: /usr/local/lib/python3.8/dist-packages/oslo_context/context.py:100: DeprecationWarning: Policy enforcement is depending on the value of is_admin. This key is deprecated. Please update your policy file to use the standard policy values.
Apr 08 17:39:16.440063 dv-cinder-837164-1-iscsi devstack@c-api.service[116750]: warnings.warn('Policy enforcement is depending on the value of '
Apr 08 17:39:16.447202 dv-cinder-837164-1-iscsi devstack@c-api.service[116749]: INFO cinder.api.openstack.wsgi [None req-2ca9fca4-b29b-48eb-b9b4-9193e73dab0c tempest-VolumeTypesAccessTest-621996418 tempest-VolumeTypesAccessTest-621996418-project] http://10.222.0.24/volume/v3/e4113f218e87445fb185c145dcef5de4/volumes returned with HTTP 404
Apr 08 17:39:16.452375 dv-cinder-837164-1-iscsi devstack@c-api.service[116749]: [pid: 116749|app: 0|req: 142/252] 10.222.0.24 () {60 vars in 1234 bytes} [Fri Apr 8 17:39:16 2022] POST /volume/v3/e4113f218e87445fb185c145dcef5de4/volumes => generated 114 bytes in 257 msecs (HTTP/1.1 404) 7 headers in 292 bytes (1 switches on core 0)
Apr 08 17:39:16.455533 dv-cinder-837164-1-iscsi devstack@c-api.service[116749]: DEBUG cinder.api.middleware.request_id [None req-55b91501-1516-4e17-b29f-cd3909335b9d None None] RequestId filter calling following filter/app {{(pid=116749) _context_setter /opt/stack/cinder/cinder/api/middleware/request_id.py:62}}
Apr 08 17:39:16.472130 dv-cinder-837164-1-iscsi devstack@c-api.service[116749]: INFO cinder.api.openstack.wsgi [None req-55b91501-1516-4e17-b29f-cd3909335b9d tempest-VolumeTypesAccessTest-1077142056 tempest-VolumeTypesAccessTest-1077142056-project-admin] POST http://10.222.0.24/volume/v3/83d56d07094940b9915b54efcbae4f1b/types/4483c061-7949-45e7-afd4-e8b22b63f57a/action
Apr 08 17:39:16.474661 dv-cinder-837164-1-iscsi devstack@c-api.service[116749]: DEBUG cinder.api.openstack.wsgi [None req-55b91501-1516-4e17-b29f-cd3909335b9d tempest-VolumeTypesAccessTest-1077142056 tempest-VolumeTypesAccessTest-1077142056-project-admin] Action body: b'{"addProjectAccess": {"project": "e4113f218e87445fb185c145dcef5de4"}}' {{(pid=116749) get_method /opt/stack/cinder/cinder/api/openstack/wsgi.py:983}}
Apr 08 17:39:16.474661 dv-cinder-837164-1-iscsi devstack@c-api.service[116749]: DEBUG cinder.api.openstack.wsgi [None req-55b91501-1516-4e17-b29f-cd3909335b9d tempest-VolumeTypesAccessTest-1077142056 tempest-VolumeTypesAccessTest-1077142056-project-admin] Action: 'action', calling method: _addProjectAccess, body: {"addProjectAccess": {"project": "e4113f218e87445fb185c145dcef5de4"}} {{(pid=116749) _process_stack /opt/stack/cinder/cinder/api/openstack/wsgi.py:866}}
Apr 08 17:39:16.476945 dv-cinder-837164-1-iscsi devstack@c-api.service[116750]: INFO cinder.api.openstack.wsgi [None req-06812aea-1029-4c6e-9729-79aa7a65b156 tempest-GroupSnapshotsTest-1045517022 tempest-GroupSnapshotsTest-1045517022-project] http://10.222.0.24/volume/v3/1060b7e8ea0c46028923ac95715e1afa/volumes/8dfb3e8a-d8e1-425a-8ba7-cd6756d3862c returned with HTTP 200
Apr 08 17:39:16.488741 dv-cinder-837164-1-iscsi devstack@c-api.service[116750]: [pid: 116750|app: 0|req: 111/253] 10.222.0.24 () {60 vars in 1365 bytes} [Fri Apr 8 17:39:16 2022] GET /volume/v3/1060b7e8ea0c46028923ac95715e1afa/volumes/8dfb3e8a-d8e1-425a-8ba7-cd6756d3862c => generated 999 bytes in 138 msecs (HTTP/1.1 200) 7 headers in 286 bytes (1 switches on core 0)
Apr 08 17:39:16.491403 dv-cinder-837164-1-iscsi devstack@c-api.service[116750]: DEBUG cinder.api.middleware.request_id [None req-d89f170b-999e-41be-997b-120d744ac942 None None] RequestId filter calling following filter/app {{(pid=116750) _context_setter /opt/stack/cinder/cinder/api/middleware/request_id.py:62}}
Apr 08 17:39:16.496992 dv-cinder-837164-1-iscsi devstack@c-api.service[116750]: INFO cinder.api.openstack.wsgi [None req-d89f170b-999e-41be-997b-120d744ac942 tempest-GroupSnapshotsTest-1045517022 tempest-GroupSnapshotsTest-1045517022-project] PUT http://10.222.0.24/volume/v3/1060b7e8ea0c46028923ac95715e1afa/groups/a7c5149f-76e1-41ce-9912-b4750a8c0770
Apr 08 17:39:16.498158 dv-cinder-837164-1-iscsi devstack@c-api.service[116750]: DEBUG cinder.api.openstack.wsgi [None req-d89f170b-999e-41be-997b-120d744ac942 tempest-GroupSnapshotsTest-1045517022 tempest-GroupSnapshotsTest-1045517022-project] Action: 'update', calling method: version_select, body: {"group": {"remove_volumes": "ee6c077a-a92d-4ae3-a27e-3f86bd621051"}} {{(pid=116750) _process_stack /opt/stack/cinder/cinder/api/openstack/wsgi.py:866}}
Apr 08 17:39:16.510207 dv-cinder-837164-1-iscsi devstack@c-api.service[116750]: DEBUG cinder.api.v3.groups [None req-d89f170b-999e-41be-997b-120d744ac942 tempest-GroupSnapshotsTest-1045517022 tempest-GroupSnapshotsTest-1045517022-project] Update called for group a7c5149f-76e1-41ce-9912-b4750a8c0770. {{(pid=116750) update /opt/stack/cinder/cinder/api/v3/groups.py:302}}
Apr 08 17:39:16.511276 dv-cinder-837164-1-iscsi devstack@c-api.service[116749]: INFO cinder.api.openstack.wsgi [None req-55b91501-1516-4e17-b29f-cd3909335b9d tempest-VolumeTypesAccessTest-1077142056 tempest-VolumeTypesAccessTest-1077142056-project-admin] http://10.222.0.24/volume/v3/83d56d07094940b9915b54efcbae4f1b/types/4483c061-7949-45e7-afd4-e8b22b63f57a/action returned with HTTP 202
Apr 08 17:39:16.511600 dv-cinder-837164-1-iscsi devstack@c-api.service[116750]: INFO cinder.api.v3.groups [None req-d89f170b-999e-41be-997b-120d744ac942 tempest-GroupSnapshotsTest-1045517022 tempest-GroupSnapshotsTest-1045517022-project] Updating group a7c5149f-76e1-41ce-9912-b4750a8c0770 with name None description: None add_volumes: None remove_volumes: ee6c077a-a92d-4ae3-a27e-3f86bd621051.
Apr 08 17:39:16.512985 dv-cinder-837164-1-iscsi devstack@c-api.service[116749]: [pid: 116749|app: 0|req: 143/254] 10.222.0.24 () {60 vars in 1360 bytes} [Fri Apr 8 17:39:16 2022] POST /volume/v3/83d56d07094940b9915b54efcbae4f1b/types/4483c061-7949-45e7-afd4-e8b22b63f57a/action => generated 0 bytes in 58 msecs (HTTP/1.1 202) 6 headers in 233 bytes (2 switches on core 0)
Apr 08 17:39:16.516041 dv-cinder-837164-1-iscsi devstack@c-api.service[116749]: DEBUG cinder.api.middleware.request_id [None req-65c21bec-8333-47af-9ea9-a9fdfc973904 None None] RequestId filter calling following filter/app {{(pid=116749) _context_setter /opt/stack/cinder/cinder/api/middleware/request_id.py:62}}
Apr 08 17:39:16.518518 dv-cinder-837164-1-iscsi devstack@c-api.service[116750]: /usr/local/lib/python3.8/dist-packages/oslo_context/context.py:100: DeprecationWarning: Policy enforcement is depending on the value of is_admin. This key is deprecated. Please update your policy file to use the standard policy values.
Apr 08 17:39:16.518518 dv-cinder-837164-1-iscsi devstack@c-api.service[116750]: warnings.warn('Policy enforcement is depending on the value of '
Apr 08 17:39:16.524100 dv-cinder-837164-1-iscsi devstack@c-api.service[116749]: INFO cinder.api.openstack.wsgi [None req-65c21bec-8333-47af-9ea9-a9fdfc973904 tempest-VolumeQuotasAdminTestJSON-2018343153 tempest-VolumeQuotasAdminTestJSON-2018343153-project] GET http://10.222.0.24/volume/v3/d1d768dcdce7485397952d4de4b2e714/volumes/d9374884-2bfc-47c7-815a-cc74513b7da3
Apr 08 17:39:16.524935 dv-cinder-837164-1-iscsi devstack@c-api.service[116749]: DEBUG cinder.api.openstack.wsgi [None req-65c21bec-8333-47af-9ea9-a9fdfc973904 tempest-VolumeQuotasAdminTestJSON-2018343153 tempest-VolumeQuotasAdminTestJSON-2018343153-project] Empty body provided in request {{(pid=116749) get_body /opt/stack/cinder/cinder/api/openstack/wsgi.py:715}}
Apr 08 17:39:16.525537 dv-cinder-837164-1-iscsi devstack@c-api.service[116749]: DEBUG cinder.api.openstack.wsgi [None req-65c21bec-8333-47af-9ea9-a9fdfc973904 tempest-VolumeQuotasAdminTestJSON-2018343153 tempest-VolumeQuotasAdminTestJSON-2018343153-project] Calling method 'show' {{(pid=116749) _process_stack /opt/stack/cinder/cinder/api/openstack/wsgi.py:868}}
Apr 08 17:39:16.546646 dv-cinder-837164-1-iscsi devstack@c-api.service[116749]: INFO cinder.api.openstack.wsgi [None req-65c21bec-8333-47af-9ea9-a9fdfc973904 tempest-VolumeQuotasAdminTestJSON-2018343153 tempest-VolumeQuotasAdminTestJSON-2018343153-project] http://10.222.0.24/volume/v3/d1d768dcdce7485397952d4de4b2e714/volumes/d9374884-2bfc-47c7-815a-cc74513b7da3 returned with HTTP 404
Apr 08 17:39:16.548857 dv-cinder-837164-1-iscsi devstack@c-api.service[116749]: [pid: 116749|app: 0|req: 144/255] 10.222.0.24 () {58 vars in 1324 bytes} [Fri Apr 8 17:39:16 2022] GET /volume/v3/d1d768dcdce7485397952d4de4b2e714/volumes/d9374884-2bfc-47c7-815a-cc74513b7da3 => generated 109 bytes in 34 msecs (HTTP/1.1 404) 7 headers in 292 bytes (1 switches on core 0)
Apr 08 17:39:16.551480 dv-cinder-837164-1-iscsi devstack@c-api.service[116749]: DEBUG cinder.api.middleware.request_id [None req-31b57c72-ef03-4480-9df1-8506e94f0693 None None] RequestId filter calling following filter/app {{(pid=116749) _context_setter /opt/stack/cinder/cinder/api/middleware/request_id.py:62}}
Apr 08 17:39:16.558500 dv-cinder-837164-1-iscsi devstack@c-api.service[116749]: INFO cinder.api.openstack.wsgi [None req-31b57c72-ef03-4480-9df1-8506e94f0693 tempest-VolumeTypesAccessTest-621996418 tempest-VolumeTypesAccessTest-621996418-project] POST http://10.222.0.24/volume/v3/e4113f218e87445fb185c145dcef5de4/volumes
Apr 08 17:39:16.559599 dv-cinder-837164-1-iscsi devstack@c-api.service[116749]: DEBUG cinder.api.openstack.wsgi [None req-31b57c72-ef03-4480-9df1-8506e94f0693 tempest-VolumeTypesAccessTest-621996418 tempest-VolumeTypesAccessTest-621996418-project] Action: 'create', calling method: create, body: {"volume": {"volume_type": "4483c061-7949-45e7-afd4-e8b22b63f57a", "size": 1, "name": "tempest-VolumeTypesAccessTest-Volume-602396450"}} {{(pid=116749) _process_stack /opt/stack/cinder/cinder/api/openstack/wsgi.py:866}}
Apr 08 17:39:16.561370 dv-cinder-837164-1-iscsi devstack@c-api.service[116749]: DEBUG cinder.api.v3.volumes [None req-31b57c72-ef03-4480-9df1-8506e94f0693 tempest-VolumeTypesAccessTest-621996418 tempest-VolumeTypesAccessTest-621996418-project] Create volume request body: {'volume': {'volume_type': '4483c061-7949-45e7-afd4-e8b22b63f57a', 'size': 1, 'name': 'tempest-VolumeTypesAccessTest-Volume-602396450'}} {{(pid=116749) create /opt/stack/cinder/cinder/api/v3/volumes.py:298}}
Apr 08 17:39:16.562727 dv-cinder-837164-1-iscsi devstack@c-api.service[116750]: INFO cinder.api.openstack.wsgi [None req-d89f170b-999e-41be-997b-120d744ac942 tempest-GroupSnapshotsTest-1045517022 tempest-GroupSnapshotsTest-1045517022-project] http://10.222.0.24/volume/v3/1060b7e8ea0c46028923ac95715e1afa/groups/a7c5149f-76e1-41ce-9912-b4750a8c0770 returned with HTTP 202
Apr 08 17:39:16.563834 dv-cinder-837164-1-iscsi devstack@c-api.service[116750]: [pid: 116750|app: 0|req: 112/256] 10.222.0.24 () {62 vars in 1382 bytes} [Fri Apr 8 17:39:16 2022] PUT /volume/v3/1060b7e8ea0c46028923ac95715e1afa/groups/a7c5149f-76e1-41ce-9912-b4750a8c0770 => generated 0 bytes in 73 msecs (HTTP/1.1 202) 6 headers in 234 bytes (2 switches on core 0)
Apr 08 17:39:16.565208 dv-cinder-837164-1-iscsi devstack@c-api.service[116750]: DEBUG cinder.api.middleware.request_id [None req-9b036cc1-7928-4838-a7b4-6afcf001e5b5 None None] RequestId filter calling following filter/app {{(pid=116750) _context_setter /opt/stack/cinder/cinder/api/middleware/request_id.py:62}}
Apr 08 17:39:16.569382 dv-cinder-837164-1-iscsi devstack@c-api.service[116750]: INFO cinder.api.openstack.wsgi [None req-9b036cc1-7928-4838-a7b4-6afcf001e5b5 tempest-VolumeQuotasAdminTestJSON-2018343153 tempest-VolumeQuotasAdminTestJSON-2018343153-project] POST http://10.222.0.24/volume/v3/d1d768dcdce7485397952d4de4b2e714/volumes
Apr 08 17:39:16.572751 dv-cinder-837164-1-iscsi devstack@c-api.service[116750]: DEBUG cinder.api.openstack.wsgi [None req-9b036cc1-7928-4838-a7b4-6afcf001e5b5 tempest-VolumeQuotasAdminTestJSON-2018343153 tempest-VolumeQuotasAdminTestJSON-2018343153-project] Action: 'create', calling method: create, body: {"volume": {"size": 1, "name": "tempest-VolumeQuotasAdminTestJSON-Volume-674497185"}} {{(pid=116750) _process_stack /opt/stack/cinder/cinder/api/openstack/wsgi.py:866}}
Apr 08 17:39:16.576461 dv-cinder-837164-1-iscsi devstack@c-api.service[116750]: DEBUG cinder.api.v3.volumes [None req-9b036cc1-7928-4838-a7b4-6afcf001e5b5 tempest-VolumeQuotasAdminTestJSON-2018343153 tempest-VolumeQuotasAdminTestJSON-2018343153-project] Create volume request body: {'volume': {'size': 1, 'name': 'tempest-VolumeQuotasAdminTestJSON-Volume-674497185'}} {{(pid=116750) create /opt/stack/cinder/cinder/api/v3/volumes.py:298}}
Apr 08 17:39:16.578908 dv-cinder-837164-1-iscsi devstack@c-api.service[116750]: INFO cinder.api.v3.volumes [None req-9b036cc1-7928-4838-a7b4-6afcf001e5b5 tempest-VolumeQuotasAdminTestJSON-2018343153 tempest-VolumeQuotasAdminTestJSON-2018343153-project] Create volume of 1 GB
Apr 08 17:39:16.580316 dv-cinder-837164-1-iscsi devstack@c-api.service[116749]: INFO cinder.api.v3.volumes [None req-31b57c72-ef03-4480-9df1-8506e94f0693 tempest-VolumeTypesAccessTest-621996418 tempest-VolumeTypesAccessTest-621996418-project] Create volume of 1 GB
Apr 08 17:39:16.581636 dv-cinder-837164-1-iscsi devstack@c-api.service[116749]: /usr/local/lib/python3.8/dist-packages/oslo_context/context.py:100: DeprecationWarning: Policy enforcement is depending on the value of is_admin. This key is deprecated. Please update your policy file to use the standard policy values.
Apr 08 17:39:16.581636 dv-cinder-837164-1-iscsi devstack@c-api.service[116749]: warnings.warn('Policy enforcement is depending on the value of '
Apr 08 17:39:16.583224 dv-cinder-837164-1-iscsi devstack@c-api.service[116749]: INFO cinder.volume.api [None req-31b57c72-ef03-4480-9df1-8506e94f0693 tempest-VolumeTypesAccessTest-621996418 tempest-VolumeTypesAccessTest-621996418-project] Availability Zones retrieved successfully.
Apr 08 17:39:16.588289 dv-cinder-837164-1-iscsi devstack@c-api.service[116750]: INFO cinder.volume.api [None req-9b036cc1-7928-4838-a7b4-6afcf001e5b5 tempest-VolumeQuotasAdminTestJSON-2018343153 tempest-VolumeQuotasAdminTestJSON-2018343153-project] Availability Zones retrieved successfully.
Apr 08 17:39:16.607100 dv-cinder-837164-1-iscsi devstack@c-api.service[116750]: DEBUG cinder.volume.api [None req-9b036cc1-7928-4838-a7b4-6afcf001e5b5 tempest-VolumeQuotasAdminTestJSON-2018343153 tempest-VolumeQuotasAdminTestJSON-2018343153-project] Flow 'volume_create_api' (553e83dc-58d2-4c1d-82b7-b254b17e32c4) transitioned into state 'RUNNING' from state 'PENDING' {{(pid=116750) _flow_receiver /usr/local/lib/python3.8/dist-packages/taskflow/listeners/logging.py:141}}
Apr 08 17:39:16.610084 dv-cinder-837164-1-iscsi devstack@c-api.service[116750]: DEBUG cinder.volume.api [None req-9b036cc1-7928-4838-a7b4-6afcf001e5b5 tempest-VolumeQuotasAdminTestJSON-2018343153 tempest-VolumeQuotasAdminTestJSON-2018343153-project] Task 'cinder.volume.flows.api.create_volume.ExtractVolumeRequestTask;volume:create' (8373f922-35cc-4b04-b1f4-945436ba11d5) transitioned into state 'RUNNING' from state 'PENDING' {{(pid=116750) _task_receiver /usr/local/lib/python3.8/dist-packages/taskflow/listeners/logging.py:190}}
Apr 08 17:39:16.612904 dv-cinder-837164-1-iscsi devstack@c-api.service[116750]: DEBUG cinder.volume.flows.api.create_volume [None req-9b036cc1-7928-4838-a7b4-6afcf001e5b5 tempest-VolumeQuotasAdminTestJSON-2018343153 tempest-VolumeQuotasAdminTestJSON-2018343153-project] Validating volume size '1' using validate_int {{(pid=116750) _extract_size /opt/stack/cinder/cinder/volume/flows/api/create_volume.py:225}}
Apr 08 17:39:16.623923 dv-cinder-837164-1-iscsi devstack@c-api.service[116749]: DEBUG cinder.volume.api [None req-31b57c72-ef03-4480-9df1-8506e94f0693 tempest-VolumeTypesAccessTest-621996418 tempest-VolumeTypesAccessTest-621996418-project] Flow 'volume_create_api' (b0809748-6f81-47ac-8b57-62500f7140a1) transitioned into state 'RUNNING' from state 'PENDING' {{(pid=116749) _flow_receiver /usr/local/lib/python3.8/dist-packages/taskflow/listeners/logging.py:141}}
Apr 08 17:39:16.626540 dv-cinder-837164-1-iscsi devstack@c-api.service[116749]: DEBUG cinder.volume.api [None req-31b57c72-ef03-4480-9df1-8506e94f0693 tempest-VolumeTypesAccessTest-621996418 tempest-VolumeTypesAccessTest-621996418-project] Task 'cinder.volume.flows.api.create_volume.ExtractVolumeRequestTask;volume:create' (c888033b-3346-4992-aed5-254de6c13bdd) transitioned into state 'RUNNING' from state 'PENDING' {{(pid=116749) _task_receiver /usr/local/lib/python3.8/dist-packages/taskflow/listeners/logging.py:190}}
Apr 08 17:39:16.628958 dv-cinder-837164-1-iscsi devstack@c-api.service[116749]: DEBUG cinder.volume.flows.api.create_volume [None req-31b57c72-ef03-4480-9df1-8506e94f0693 tempest-VolumeTypesAccessTest-621996418 tempest-VolumeTypesAccessTest-621996418-project] Validating volume size '1' using validate_int {{(pid=116749) _extract_size /opt/stack/cinder/cinder/volume/flows/api/create_volume.py:225}}
Apr 08 17:39:16.655213 dv-cinder-837164-1-iscsi devstack@c-api.service[116750]: DEBUG cinder.volume.api [None req-9b036cc1-7928-4838-a7b4-6afcf001e5b5 tempest-VolumeQuotasAdminTestJSON-2018343153 tempest-VolumeQuotasAdminTestJSON-2018343153-project] Task 'cinder.volume.flows.api.create_volume.ExtractVolumeRequestTask;volume:create' (8373f922-35cc-4b04-b1f4-945436ba11d5) transitioned into state 'SUCCESS' from state 'RUNNING' with result '{'size': 1, 'snapshot_id': None, 'source_volid': None, 'volume_type': VolumeType(created_at=2022-04-08T17:28:02Z,deleted=False,deleted_at=None,description='Default Volume Type',extra_specs={},id=4a9cc98d-6cd5-48d8-91ac-88e536fd5a68,is_public=True,name='__DEFAULT__',projects=[],qos_specs=,qos_specs_id=None,updated_at=2022-04-08T17:28:02Z), 'volume_type_id': '4a9cc98d-6cd5-48d8-91ac-88e536fd5a68', 'encryption_key_id': None, 'qos_specs': None, 'consistencygroup_id': None, 'cgsnapshot_id': None, 'group_id': None, 'replication_status': 'disabled', 'refresh_az': False, 'backup_id': None, 'multiattach': False, 'availability_zones': ['nova']}' {{(pid=116750) _task_receiver /usr/local/lib/python3.8/dist-packages/taskflow/listeners/logging.py:178}}
Apr 08 17:39:16.658484 dv-cinder-837164-1-iscsi devstack@c-api.service[116750]: DEBUG cinder.volume.api [None req-9b036cc1-7928-4838-a7b4-6afcf001e5b5 tempest-VolumeQuotasAdminTestJSON-2018343153 tempest-VolumeQuotasAdminTestJSON-2018343153-project] Task 'cinder.volume.flows.api.create_volume.QuotaReserveTask;volume:create' (4866fe3a-0581-4a62-8b14-80dd4cdc6bc8) transitioned into state 'RUNNING' from state 'PENDING' {{(pid=116750) _task_receiver /usr/local/lib/python3.8/dist-packages/taskflow/listeners/logging.py:190}}
Apr 08 17:39:16.659703 dv-cinder-837164-1-iscsi devstack@c-api.service[116749]: DEBUG cinder.volume.api [None req-31b57c72-ef03-4480-9df1-8506e94f0693 tempest-VolumeTypesAccessTest-621996418 tempest-VolumeTypesAccessTest-621996418-project] Task 'cinder.volume.flows.api.create_volume.ExtractVolumeRequestTask;volume:create' (c888033b-3346-4992-aed5-254de6c13bdd) transitioned into state 'SUCCESS' from state 'RUNNING' with result '{'size': 1, 'snapshot_id': None, 'source_volid': None, 'volume_type': VolumeType(created_at=2022-04-08T17:39:16Z,deleted=False,deleted_at=None,description=None,extra_specs={},id=4483c061-7949-45e7-afd4-e8b22b63f57a,is_public=False,name='tempest-VolumeTypesAccessTest-volume-type-1670092645',projects=[],qos_specs=,qos_specs_id=None,updated_at=None), 'volume_type_id': '4483c061-7949-45e7-afd4-e8b22b63f57a', 'encryption_key_id': None, 'qos_specs': None, 'consistencygroup_id': None, 'cgsnapshot_id': None, 'group_id': None, 'replication_status': 'disabled', 'refresh_az': False, 'backup_id': None, 'multiattach': False, 'availability_zones': ['nova']}' {{(pid=116749) _task_receiver /usr/local/lib/python3.8/dist-packages/taskflow/listeners/logging.py:178}}
Apr 08 17:39:16.664408 dv-cinder-837164-1-iscsi devstack@c-api.service[116749]: DEBUG cinder.volume.api [None req-31b57c72-ef03-4480-9df1-8506e94f0693 tempest-VolumeTypesAccessTest-621996418 tempest-VolumeTypesAccessTest-621996418-project] Task 'cinder.volume.flows.api.create_volume.QuotaReserveTask;volume:create' (c0242b63-d819-412d-b656-e65b55c86b38) transitioned into state 'RUNNING' from state 'PENDING' {{(pid=116749) _task_receiver /usr/local/lib/python3.8/dist-packages/taskflow/listeners/logging.py:190}}
Apr 08 17:39:16.715932 dv-cinder-837164-1-iscsi devstack@c-api.service[116749]: WARNING cinder.quota [None req-31b57c72-ef03-4480-9df1-8506e94f0693 tempest-VolumeTypesAccessTest-621996418 tempest-VolumeTypesAccessTest-621996418-project] Deprecated: Default quota for resource: volumes_tempest-VolumeTypesAccessTest-volume-type-1670092645 is set by the default quota flag: quota_volumes_tempest-VolumeTypesAccessTest-volume-type-1670092645, it is now deprecated. Please use the default quota class for default quota.
Apr 08 17:39:16.718461 dv-cinder-837164-1-iscsi devstack@c-api.service[116749]: WARNING cinder.quota [None req-31b57c72-ef03-4480-9df1-8506e94f0693 tempest-VolumeTypesAccessTest-621996418 tempest-VolumeTypesAccessTest-621996418-project] Deprecated: Default quota for resource: gigabytes_tempest-VolumeTypesAccessTest-volume-type-1670092645 is set by the default quota flag: quota_gigabytes_tempest-VolumeTypesAccessTest-volume-type-1670092645, it is now deprecated. Please use the default quota class for default quota.
Apr 08 17:39:16.727915 dv-cinder-837164-1-iscsi devstack@c-api.service[116750]: DEBUG cinder.quota [None req-9b036cc1-7928-4838-a7b4-6afcf001e5b5 tempest-VolumeQuotasAdminTestJSON-2018343153 tempest-VolumeQuotasAdminTestJSON-2018343153-project] Created reservations ['068175e1-14ad-4f73-8d47-bdff16181c57', 'f240a374-5956-4e8b-ae51-bffe844e9195', '1d5ea69e-41c1-48ce-ab46-e983b8aa9ef5', '17507989-00de-4498-8b40-16212b2f1da7'] {{(pid=116750) reserve /opt/stack/cinder/cinder/quota.py:755}}
Apr 08 17:39:16.730832 dv-cinder-837164-1-iscsi devstack@c-api.service[116750]: DEBUG cinder.volume.api [None req-9b036cc1-7928-4838-a7b4-6afcf001e5b5 tempest-VolumeQuotasAdminTestJSON-2018343153 tempest-VolumeQuotasAdminTestJSON-2018343153-project] Task 'cinder.volume.flows.api.create_volume.QuotaReserveTask;volume:create' (4866fe3a-0581-4a62-8b14-80dd4cdc6bc8) transitioned into state 'SUCCESS' from state 'RUNNING' with result '{'reservations': ['068175e1-14ad-4f73-8d47-bdff16181c57', 'f240a374-5956-4e8b-ae51-bffe844e9195', '1d5ea69e-41c1-48ce-ab46-e983b8aa9ef5', '17507989-00de-4498-8b40-16212b2f1da7']}' {{(pid=116750) _task_receiver /usr/local/lib/python3.8/dist-packages/taskflow/listeners/logging.py:178}}
Apr 08 17:39:16.733367 dv-cinder-837164-1-iscsi devstack@c-api.service[116750]: DEBUG cinder.volume.api [None req-9b036cc1-7928-4838-a7b4-6afcf001e5b5 tempest-VolumeQuotasAdminTestJSON-2018343153 tempest-VolumeQuotasAdminTestJSON-2018343153-project] Task 'cinder.volume.flows.api.create_volume.EntryCreateTask;volume:create' (53447c7b-12e0-4a27-8488-96d8987f9c30) transitioned into state 'RUNNING' from state 'PENDING' {{(pid=116750) _task_receiver /usr/local/lib/python3.8/dist-packages/taskflow/listeners/logging.py:190}}
Apr 08 17:39:16.765432 dv-cinder-837164-1-iscsi devstack@c-api.service[116750]: DEBUG cinder.volume.api [None req-9b036cc1-7928-4838-a7b4-6afcf001e5b5 tempest-VolumeQuotasAdminTestJSON-2018343153 tempest-VolumeQuotasAdminTestJSON-2018343153-project] Task 'cinder.volume.flows.api.create_volume.EntryCreateTask;volume:create' (53447c7b-12e0-4a27-8488-96d8987f9c30) transitioned into state 'SUCCESS' from state 'RUNNING' with result '{'volume_id': '92333260-0bf9-44f1-aa48-1ad24772736d', 'volume_properties': VolumeProperties(attach_status='detached',availability_zone='nova',cgsnapshot_id=None,consistencygroup_id=None,display_description=None,display_name='tempest-VolumeQuotasAdminTestJSON-Volume-674497185',encryption_key_id=None,group_id=None,group_type_id=,metadata={},multiattach=False,project_id='d1d768dcdce7485397952d4de4b2e714',qos_specs=None,replication_status=,reservations=['068175e1-14ad-4f73-8d47-bdff16181c57','f240a374-5956-4e8b-ae51-bffe844e9195','1d5ea69e-41c1-48ce-ab46-e983b8aa9ef5','17507989-00de-4498-8b40-16212b2f1da7'],size=1,snapshot_id=None,source_replicaid=,source_volid=None,status='creating',user_id='29751f1a0037471c856d9a6566fd452e',volume_type_id=4a9cc98d-6cd5-48d8-91ac-88e536fd5a68), 'volume': Volume(_name_id=None,admin_metadata=,attach_status='detached',availability_zone='nova',bootable=False,cluster=,cluster_name=None,consistencygroup=,consistencygroup_id=None,created_at=2022-04-08T17:39:16Z,deleted=False,deleted_at=None,display_description=None,display_name='tempest-VolumeQuotasAdminTestJSON-Volume-674497185',ec2_id=None,encryption_key_id=None,glance_metadata=,group=,group_id=None,host=None,id=92333260-0bf9-44f1-aa48-1ad24772736d,launched_at=None,metadata={},migration_status=None,multiattach=False,previous_status=None,project_id='d1d768dcdce7485397952d4de4b2e714',provider_auth=None,provider_geometry=None,provider_id=None,provider_location=None,replication_driver_data=None,replication_extended_status=None,replication_status=None,scheduled_at=None,service_uuid=None,shared_targets=True,size=1,snapshot_id=None,snapshots=,source_volid=None,status='creating',terminated_at=None,updated_at=None,use_quota=True,user_id='29751f1a0037471c856d9a6566fd452e',volume_attachment=VolumeAttachmentList,volume_type=VolumeType(4a9cc98d-6cd5-48d8-91ac-88e536fd5a68),volume_type_id=4a9cc98d-6cd5-48d8-91ac-88e536fd5a68)}' {{(pid=116750) _task_receiver /usr/local/lib/python3.8/dist-packages/taskflow/listeners/logging.py:178}}
Apr 08 17:39:16.767492 dv-cinder-837164-1-iscsi devstack@c-api.service[116750]: DEBUG cinder.volume.api [None req-9b036cc1-7928-4838-a7b4-6afcf001e5b5 tempest-VolumeQuotasAdminTestJSON-2018343153 tempest-VolumeQuotasAdminTestJSON-2018343153-project] Task 'cinder.volume.flows.api.create_volume.QuotaCommitTask;volume:create' (10f75a04-61ab-4833-ad27-4ee6dd8705a6) transitioned into state 'RUNNING' from state 'PENDING' {{(pid=116750) _task_receiver /usr/local/lib/python3.8/dist-packages/taskflow/listeners/logging.py:190}}
Apr 08 17:39:16.790447 dv-cinder-837164-1-iscsi devstack@c-api.service[116749]: DEBUG cinder.quota [None req-31b57c72-ef03-4480-9df1-8506e94f0693 tempest-VolumeTypesAccessTest-621996418 tempest-VolumeTypesAccessTest-621996418-project] Created reservations ['18ce9622-cd90-4768-abee-858c8af4d0ae', '60139372-1842-40a9-8af9-6e2eb7b563f7', '1af7a6f2-01ed-4c3b-a548-afa1ad2261c1', 'cb5d4fcf-8e12-4039-aaab-faa7ab12b797'] {{(pid=116749) reserve /opt/stack/cinder/cinder/quota.py:755}}
Apr 08 17:39:16.792976 dv-cinder-837164-1-iscsi devstack@c-api.service[116749]: DEBUG cinder.volume.api [None req-31b57c72-ef03-4480-9df1-8506e94f0693 tempest-VolumeTypesAccessTest-621996418 tempest-VolumeTypesAccessTest-621996418-project] Task 'cinder.volume.flows.api.create_volume.QuotaReserveTask;volume:create' (c0242b63-d819-412d-b656-e65b55c86b38) transitioned into state 'SUCCESS' from state 'RUNNING' with result '{'reservations': ['18ce9622-cd90-4768-abee-858c8af4d0ae', '60139372-1842-40a9-8af9-6e2eb7b563f7', '1af7a6f2-01ed-4c3b-a548-afa1ad2261c1', 'cb5d4fcf-8e12-4039-aaab-faa7ab12b797']}' {{(pid=116749) _task_receiver /usr/local/lib/python3.8/dist-packages/taskflow/listeners/logging.py:178}}
Apr 08 17:39:16.797095 dv-cinder-837164-1-iscsi devstack@c-api.service[116749]: DEBUG cinder.volume.api [None req-31b57c72-ef03-4480-9df1-8506e94f0693 tempest-VolumeTypesAccessTest-621996418 tempest-VolumeTypesAccessTest-621996418-project] Task 'cinder.volume.flows.api.create_volume.EntryCreateTask;volume:create' (fb2f3f03-bc23-4bbc-a4c7-1eb8766fbeed) transitioned into state 'RUNNING' from state 'PENDING' {{(pid=116749) _task_receiver /usr/local/lib/python3.8/dist-packages/taskflow/listeners/logging.py:190}}
Apr 08 17:39:16.810022 dv-cinder-837164-1-iscsi devstack@c-api.service[116750]: DEBUG cinder.volume.api [None req-9b036cc1-7928-4838-a7b4-6afcf001e5b5 tempest-VolumeQuotasAdminTestJSON-2018343153 tempest-VolumeQuotasAdminTestJSON-2018343153-project] Task 'cinder.volume.flows.api.create_volume.QuotaCommitTask;volume:create' (10f75a04-61ab-4833-ad27-4ee6dd8705a6) transitioned into state 'SUCCESS' from state 'RUNNING' with result '{'volume_properties': VolumeProperties(attach_status='detached',availability_zone='nova',cgsnapshot_id=None,consistencygroup_id=None,display_description=None,display_name='tempest-VolumeQuotasAdminTestJSON-Volume-674497185',encryption_key_id=None,group_id=None,group_type_id=,metadata={},multiattach=False,project_id='d1d768dcdce7485397952d4de4b2e714',qos_specs=None,replication_status=,reservations=['068175e1-14ad-4f73-8d47-bdff16181c57','f240a374-5956-4e8b-ae51-bffe844e9195','1d5ea69e-41c1-48ce-ab46-e983b8aa9ef5','17507989-00de-4498-8b40-16212b2f1da7'],size=1,snapshot_id=None,source_replicaid=,source_volid=None,status='creating',user_id='29751f1a0037471c856d9a6566fd452e',volume_type_id=4a9cc98d-6cd5-48d8-91ac-88e536fd5a68)}' {{(pid=116750) _task_receiver /usr/local/lib/python3.8/dist-packages/taskflow/listeners/logging.py:178}}
Apr 08 17:39:16.813490 dv-cinder-837164-1-iscsi devstack@c-api.service[116750]: DEBUG cinder.volume.api [None req-9b036cc1-7928-4838-a7b4-6afcf001e5b5 tempest-VolumeQuotasAdminTestJSON-2018343153 tempest-VolumeQuotasAdminTestJSON-2018343153-project] Task 'cinder.volume.flows.api.create_volume.VolumeCastTask;volume:create' (d5a0a029-0e9b-4928-b6ba-4e195bcc677c) transitioned into state 'RUNNING' from state 'PENDING' {{(pid=116750) _task_receiver /usr/local/lib/python3.8/dist-packages/taskflow/listeners/logging.py:190}}
Apr 08 17:39:16.833835 dv-cinder-837164-1-iscsi devstack@c-api.service[116750]: DEBUG cinder.volume.api [None req-9b036cc1-7928-4838-a7b4-6afcf001e5b5 tempest-VolumeQuotasAdminTestJSON-2018343153 tempest-VolumeQuotasAdminTestJSON-2018343153-project] Task 'cinder.volume.flows.api.create_volume.VolumeCastTask;volume:create' (d5a0a029-0e9b-4928-b6ba-4e195bcc677c) transitioned into state 'SUCCESS' from state 'RUNNING' with result 'None' {{(pid=116750) _task_receiver /usr/local/lib/python3.8/dist-packages/taskflow/listeners/logging.py:178}}
Apr 08 17:39:16.838565 dv-cinder-837164-1-iscsi devstack@c-api.service[116750]: DEBUG cinder.volume.api [None req-9b036cc1-7928-4838-a7b4-6afcf001e5b5 tempest-VolumeQuotasAdminTestJSON-2018343153 tempest-VolumeQuotasAdminTestJSON-2018343153-project] Flow 'volume_create_api' (553e83dc-58d2-4c1d-82b7-b254b17e32c4) transitioned into state 'SUCCESS' from state 'RUNNING' {{(pid=116750) _flow_receiver /usr/local/lib/python3.8/dist-packages/taskflow/listeners/logging.py:141}}
Apr 08 17:39:16.839300 dv-cinder-837164-1-iscsi devstack@c-api.service[116750]: INFO cinder.volume.api [None req-9b036cc1-7928-4838-a7b4-6afcf001e5b5 tempest-VolumeQuotasAdminTestJSON-2018343153 tempest-VolumeQuotasAdminTestJSON-2018343153-project] Create volume request issued successfully.
Apr 08 17:39:16.841536 dv-cinder-837164-1-iscsi devstack@c-api.service[116750]: INFO cinder.api.openstack.wsgi [None req-9b036cc1-7928-4838-a7b4-6afcf001e5b5 tempest-VolumeQuotasAdminTestJSON-2018343153 tempest-VolumeQuotasAdminTestJSON-2018343153-project] http://10.222.0.24/volume/v3/d1d768dcdce7485397952d4de4b2e714/volumes returned with HTTP 202
Apr 08 17:39:16.845627 dv-cinder-837164-1-iscsi devstack@c-api.service[116749]: DEBUG cinder.volume.api [None req-31b57c72-ef03-4480-9df1-8506e94f0693 tempest-VolumeTypesAccessTest-621996418 tempest-VolumeTypesAccessTest-621996418-project] Task 'cinder.volume.flows.api.create_volume.EntryCreateTask;volume:create' (fb2f3f03-bc23-4bbc-a4c7-1eb8766fbeed) transitioned into state 'SUCCESS' from state 'RUNNING' with result '{'volume_id': '44c20539-acf9-40f3-8d34-9728f651ecdf', 'volume_properties': VolumeProperties(attach_status='detached',availability_zone='nova',cgsnapshot_id=None,consistencygroup_id=None,display_description=None,display_name='tempest-VolumeTypesAccessTest-Volume-602396450',encryption_key_id=None,group_id=None,group_type_id=,metadata={},multiattach=False,project_id='e4113f218e87445fb185c145dcef5de4',qos_specs=None,replication_status=,reservations=['18ce9622-cd90-4768-abee-858c8af4d0ae','60139372-1842-40a9-8af9-6e2eb7b563f7','1af7a6f2-01ed-4c3b-a548-afa1ad2261c1','cb5d4fcf-8e12-4039-aaab-faa7ab12b797'],size=1,snapshot_id=None,source_replicaid=,source_volid=None,status='creating',user_id='44056042531f4dc9b33752454d9da88a',volume_type_id=4483c061-7949-45e7-afd4-e8b22b63f57a), 'volume': Volume(_name_id=None,admin_metadata=,attach_status='detached',availability_zone='nova',bootable=False,cluster=,cluster_name=None,consistencygroup=,consistencygroup_id=None,created_at=2022-04-08T17:39:16Z,deleted=False,deleted_at=None,display_description=None,display_name='tempest-VolumeTypesAccessTest-Volume-602396450',ec2_id=None,encryption_key_id=None,glance_metadata=,group=,group_id=None,host=None,id=44c20539-acf9-40f3-8d34-9728f651ecdf,launched_at=None,metadata={},migration_status=None,multiattach=False,previous_status=None,project_id='e4113f218e87445fb185c145dcef5de4',provider_auth=None,provider_geometry=None,provider_id=None,provider_location=None,replication_driver_data=None,replication_extended_status=None,replication_status=None,scheduled_at=None,service_uuid=None,shared_targets=True,size=1,snapshot_id=None,snapshots=,source_volid=None,status='creating',terminated_at=None,updated_at=None,use_quota=True,user_id='44056042531f4dc9b33752454d9da88a',volume_attachment=VolumeAttachmentList,volume_type=VolumeType(4483c061-7949-45e7-afd4-e8b22b63f57a),volume_type_id=4483c061-7949-45e7-afd4-e8b22b63f57a)}' {{(pid=116749) _task_receiver /usr/local/lib/python3.8/dist-packages/taskflow/listeners/logging.py:178}}
Apr 08 17:39:16.848045 dv-cinder-837164-1-iscsi devstack@c-api.service[116749]: DEBUG cinder.volume.api [None req-31b57c72-ef03-4480-9df1-8506e94f0693 tempest-VolumeTypesAccessTest-621996418 tempest-VolumeTypesAccessTest-621996418-project] Task 'cinder.volume.flows.api.create_volume.QuotaCommitTask;volume:create' (f2353834-a0b3-4c90-b42d-47d332440a7c) transitioned into state 'RUNNING' from state 'PENDING' {{(pid=116749) _task_receiver /usr/local/lib/python3.8/dist-packages/taskflow/listeners/logging.py:190}}
Apr 08 17:39:16.856491 dv-cinder-837164-1-iscsi devstack@c-api.service[116750]: [pid: 116750|app: 0|req: 113/257] 10.222.0.24 () {60 vars in 1234 bytes} [Fri Apr 8 17:39:16 2022] POST /volume/v3/d1d768dcdce7485397952d4de4b2e714/volumes => generated 824 bytes in 292 msecs (HTTP/1.1 202) 7 headers in 291 bytes (1 switches on core 0)
Apr 08 17:39:16.861336 dv-cinder-837164-1-iscsi devstack@c-api.service[116750]: DEBUG cinder.api.middleware.request_id [None req-ebbdfd53-73a4-415f-965e-dbbfccfaac81 None None] RequestId filter calling following filter/app {{(pid=116750) _context_setter /opt/stack/cinder/cinder/api/middleware/request_id.py:62}}
Apr 08 17:39:16.869091 dv-cinder-837164-1-iscsi devstack@c-api.service[116750]: INFO cinder.api.openstack.wsgi [None req-ebbdfd53-73a4-415f-965e-dbbfccfaac81 tempest-GroupSnapshotsTest-1045517022 tempest-GroupSnapshotsTest-1045517022-project] GET http://10.222.0.24/volume/v3/1060b7e8ea0c46028923ac95715e1afa/groups/a7c5149f-76e1-41ce-9912-b4750a8c0770
Apr 08 17:39:16.869592 dv-cinder-837164-1-iscsi devstack@c-api.service[116750]: DEBUG cinder.api.openstack.wsgi [None req-ebbdfd53-73a4-415f-965e-dbbfccfaac81 tempest-GroupSnapshotsTest-1045517022 tempest-GroupSnapshotsTest-1045517022-project] Empty body provided in request {{(pid=116750) get_body /opt/stack/cinder/cinder/api/openstack/wsgi.py:715}}
Apr 08 17:39:16.871065 dv-cinder-837164-1-iscsi devstack@c-api.service[116750]: DEBUG cinder.api.openstack.wsgi [None req-ebbdfd53-73a4-415f-965e-dbbfccfaac81 tempest-GroupSnapshotsTest-1045517022 tempest-GroupSnapshotsTest-1045517022-project] Calling method 'version_select' {{(pid=116750) _process_stack /opt/stack/cinder/cinder/api/openstack/wsgi.py:868}}
Apr 08 17:39:16.871065 dv-cinder-837164-1-iscsi devstack@c-api.service[116750]: DEBUG cinder.api.v3.groups [None req-ebbdfd53-73a4-415f-965e-dbbfccfaac81 tempest-GroupSnapshotsTest-1045517022 tempest-GroupSnapshotsTest-1045517022-project] show called for member a7c5149f-76e1-41ce-9912-b4750a8c0770 {{(pid=116750) show /opt/stack/cinder/cinder/api/v3/groups.py:58}}
Apr 08 17:39:16.878028 dv-cinder-837164-1-iscsi devstack@c-api.service[116750]: /usr/local/lib/python3.8/dist-packages/oslo_context/context.py:100: DeprecationWarning: Policy enforcement is depending on the value of is_admin. This key is deprecated. Please update your policy file to use the standard policy values.
Apr 08 17:39:16.878028 dv-cinder-837164-1-iscsi devstack@c-api.service[116750]: warnings.warn('Policy enforcement is depending on the value of '
Apr 08 17:39:16.892840 dv-cinder-837164-1-iscsi devstack@c-api.service[116749]: DEBUG cinder.volume.api [None req-31b57c72-ef03-4480-9df1-8506e94f0693 tempest-VolumeTypesAccessTest-621996418 tempest-VolumeTypesAccessTest-621996418-project] Task 'cinder.volume.flows.api.create_volume.QuotaCommitTask;volume:create' (f2353834-a0b3-4c90-b42d-47d332440a7c) transitioned into state 'SUCCESS' from state 'RUNNING' with result '{'volume_properties': VolumeProperties(attach_status='detached',availability_zone='nova',cgsnapshot_id=None,consistencygroup_id=None,display_description=None,display_name='tempest-VolumeTypesAccessTest-Volume-602396450',encryption_key_id=None,group_id=None,group_type_id=,metadata={},multiattach=False,project_id='e4113f218e87445fb185c145dcef5de4',qos_specs=None,replication_status=,reservations=['18ce9622-cd90-4768-abee-858c8af4d0ae','60139372-1842-40a9-8af9-6e2eb7b563f7','1af7a6f2-01ed-4c3b-a548-afa1ad2261c1','cb5d4fcf-8e12-4039-aaab-faa7ab12b797'],size=1,snapshot_id=None,source_replicaid=,source_volid=None,status='creating',user_id='44056042531f4dc9b33752454d9da88a',volume_type_id=4483c061-7949-45e7-afd4-e8b22b63f57a)}' {{(pid=116749) _task_receiver /usr/local/lib/python3.8/dist-packages/taskflow/listeners/logging.py:178}}
Apr 08 17:39:16.897553 dv-cinder-837164-1-iscsi devstack@c-api.service[116749]: DEBUG cinder.volume.api [None req-31b57c72-ef03-4480-9df1-8506e94f0693 tempest-VolumeTypesAccessTest-621996418 tempest-VolumeTypesAccessTest-621996418-project] Task 'cinder.volume.flows.api.create_volume.VolumeCastTask;volume:create' (83dea621-4438-4ea8-a1dd-2fcc78d212b5) transitioned into state 'RUNNING' from state 'PENDING' {{(pid=116749) _task_receiver /usr/local/lib/python3.8/dist-packages/taskflow/listeners/logging.py:190}}
Apr 08 17:39:16.918136 dv-cinder-837164-1-iscsi devstack@c-api.service[116750]: INFO cinder.api.openstack.wsgi [None req-ebbdfd53-73a4-415f-965e-dbbfccfaac81 tempest-GroupSnapshotsTest-1045517022 tempest-GroupSnapshotsTest-1045517022-project] http://10.222.0.24/volume/v3/1060b7e8ea0c46028923ac95715e1afa/groups/a7c5149f-76e1-41ce-9912-b4750a8c0770 returned with HTTP 200
Apr 08 17:39:16.919109 dv-cinder-837164-1-iscsi devstack@c-api.service[116750]: [pid: 116750|app: 0|req: 114/258] 10.222.0.24 () {60 vars in 1362 bytes} [Fri Apr 8 17:39:16 2022] GET /volume/v3/1060b7e8ea0c46028923ac95715e1afa/groups/a7c5149f-76e1-41ce-9912-b4750a8c0770 => generated 393 bytes in 59 msecs (HTTP/1.1 200) 7 headers in 286 bytes (1 switches on core 0)
Apr 08 17:39:16.920378 dv-cinder-837164-1-iscsi devstack@c-api.service[116749]: DEBUG cinder.volume.api [None req-31b57c72-ef03-4480-9df1-8506e94f0693 tempest-VolumeTypesAccessTest-621996418 tempest-VolumeTypesAccessTest-621996418-project] Task 'cinder.volume.flows.api.create_volume.VolumeCastTask;volume:create' (83dea621-4438-4ea8-a1dd-2fcc78d212b5) transitioned into state 'SUCCESS' from state 'RUNNING' with result 'None' {{(pid=116749) _task_receiver /usr/local/lib/python3.8/dist-packages/taskflow/listeners/logging.py:178}}
Apr 08 17:39:16.920897 dv-cinder-837164-1-iscsi devstack@c-api.service[116750]: DEBUG cinder.api.middleware.request_id [None req-17f5c5be-94e0-44ad-b0f1-0f5ffd413efe None None] RequestId filter calling following filter/app {{(pid=116750) _context_setter /opt/stack/cinder/cinder/api/middleware/request_id.py:62}}
Apr 08 17:39:16.923822 dv-cinder-837164-1-iscsi devstack@c-api.service[116749]: DEBUG cinder.volume.api [None req-31b57c72-ef03-4480-9df1-8506e94f0693 tempest-VolumeTypesAccessTest-621996418 tempest-VolumeTypesAccessTest-621996418-project] Flow 'volume_create_api' (b0809748-6f81-47ac-8b57-62500f7140a1) transitioned into state 'SUCCESS' from state 'RUNNING' {{(pid=116749) _flow_receiver /usr/local/lib/python3.8/dist-packages/taskflow/listeners/logging.py:141}}
Apr 08 17:39:16.924548 dv-cinder-837164-1-iscsi devstack@c-api.service[116749]: INFO cinder.volume.api [None req-31b57c72-ef03-4480-9df1-8506e94f0693 tempest-VolumeTypesAccessTest-621996418 tempest-VolumeTypesAccessTest-621996418-project] Create volume request issued successfully.
Apr 08 17:39:16.925066 dv-cinder-837164-1-iscsi devstack@c-api.service[116750]: INFO cinder.api.openstack.wsgi [None req-17f5c5be-94e0-44ad-b0f1-0f5ffd413efe tempest-VolumeRetypeWithoutMigrationTest-1549901567 tempest-VolumeRetypeWithoutMigrationTest-1549901567-project] GET http://10.222.0.24/volume/v3/234cc0c94df7457b8462a8e3f9eaafea/volumes/a84cb89f-49de-40d8-a0f8-585b4380a981
Apr 08 17:39:16.925534 dv-cinder-837164-1-iscsi devstack@c-api.service[116750]: DEBUG cinder.api.openstack.wsgi [None req-17f5c5be-94e0-44ad-b0f1-0f5ffd413efe tempest-VolumeRetypeWithoutMigrationTest-1549901567 tempest-VolumeRetypeWithoutMigrationTest-1549901567-project] Empty body provided in request {{(pid=116750) get_body /opt/stack/cinder/cinder/api/openstack/wsgi.py:715}}
Apr 08 17:39:16.925781 dv-cinder-837164-1-iscsi devstack@c-api.service[116749]: INFO cinder.api.openstack.wsgi [None req-31b57c72-ef03-4480-9df1-8506e94f0693 tempest-VolumeTypesAccessTest-621996418 tempest-VolumeTypesAccessTest-621996418-project] http://10.222.0.24/volume/v3/e4113f218e87445fb185c145dcef5de4/volumes returned with HTTP 202
Apr 08 17:39:16.926183 dv-cinder-837164-1-iscsi devstack@c-api.service[116750]: DEBUG cinder.api.openstack.wsgi [None req-17f5c5be-94e0-44ad-b0f1-0f5ffd413efe tempest-VolumeRetypeWithoutMigrationTest-1549901567 tempest-VolumeRetypeWithoutMigrationTest-1549901567-project] Calling method 'show' {{(pid=116750) _process_stack /opt/stack/cinder/cinder/api/openstack/wsgi.py:868}}
Apr 08 17:39:16.926577 dv-cinder-837164-1-iscsi devstack@c-api.service[116749]: [pid: 116749|app: 0|req: 145/259] 10.222.0.24 () {60 vars in 1235 bytes} [Fri Apr 8 17:39:16 2022] POST /volume/v3/e4113f218e87445fb185c145dcef5de4/volumes => generated 861 bytes in 377 msecs (HTTP/1.1 202) 7 headers in 291 bytes (1 switches on core 0)
Apr 08 17:39:16.938758 dv-cinder-837164-1-iscsi devstack@c-api.service[116749]: DEBUG cinder.api.middleware.request_id [None req-e9573ddb-8402-4332-87b5-40787b2621ae None None] RequestId filter calling following filter/app {{(pid=116749) _context_setter /opt/stack/cinder/cinder/api/middleware/request_id.py:62}}
Apr 08 17:39:16.941925 dv-cinder-837164-1-iscsi devstack@c-api.service[116750]: INFO cinder.api.openstack.wsgi [None req-17f5c5be-94e0-44ad-b0f1-0f5ffd413efe tempest-VolumeRetypeWithoutMigrationTest-1549901567 tempest-VolumeRetypeWithoutMigrationTest-1549901567-project] http://10.222.0.24/volume/v3/234cc0c94df7457b8462a8e3f9eaafea/volumes/a84cb89f-49de-40d8-a0f8-585b4380a981 returned with HTTP 404
Apr 08 17:39:16.942611 dv-cinder-837164-1-iscsi devstack@c-api.service[116749]: INFO cinder.api.openstack.wsgi [None req-e9573ddb-8402-4332-87b5-40787b2621ae tempest-GroupSnapshotsV319Test-964859548 tempest-GroupSnapshotsV319Test-964859548-project] GET http://10.222.0.24/volume/v3/b1fdbed258f2479b9f493a11fb85143e/volumes/50a0ad31-b358-4b7a-b75c-001959dbc6ea
Apr 08 17:39:16.943083 dv-cinder-837164-1-iscsi devstack@c-api.service[116749]: DEBUG cinder.api.openstack.wsgi [None req-e9573ddb-8402-4332-87b5-40787b2621ae tempest-GroupSnapshotsV319Test-964859548 tempest-GroupSnapshotsV319Test-964859548-project] Empty body provided in request {{(pid=116749) get_body /opt/stack/cinder/cinder/api/openstack/wsgi.py:715}}
Apr 08 17:39:16.943547 dv-cinder-837164-1-iscsi devstack@c-api.service[116750]: [pid: 116750|app: 0|req: 115/260] 10.222.0.24 () {58 vars in 1324 bytes} [Fri Apr 8 17:39:16 2022] GET /volume/v3/234cc0c94df7457b8462a8e3f9eaafea/volumes/a84cb89f-49de-40d8-a0f8-585b4380a981 => generated 109 bytes in 24 msecs (HTTP/1.1 404) 7 headers in 292 bytes (1 switches on core 0)
Apr 08 17:39:16.945606 dv-cinder-837164-1-iscsi devstack@c-api.service[116750]: DEBUG cinder.api.middleware.request_id [None req-4defb3c1-2327-480d-a86f-207f1dae9fac None None] RequestId filter calling following filter/app {{(pid=116750) _context_setter /opt/stack/cinder/cinder/api/middleware/request_id.py:62}}
Apr 08 17:39:16.946766 dv-cinder-837164-1-iscsi devstack@c-api.service[116749]: DEBUG cinder.api.openstack.wsgi [None req-e9573ddb-8402-4332-87b5-40787b2621ae tempest-GroupSnapshotsV319Test-964859548 tempest-GroupSnapshotsV319Test-964859548-project] Calling method 'show' {{(pid=116749) _process_stack /opt/stack/cinder/cinder/api/openstack/wsgi.py:868}}
Apr 08 17:39:16.952089 dv-cinder-837164-1-iscsi devstack@c-api.service[116750]: INFO cinder.api.openstack.wsgi [None req-4defb3c1-2327-480d-a86f-207f1dae9fac tempest-VolumeQuotasAdminTestJSON-2018343153 tempest-VolumeQuotasAdminTestJSON-2018343153-project] GET http://10.222.0.24/volume/v3/d1d768dcdce7485397952d4de4b2e714/volumes/92333260-0bf9-44f1-aa48-1ad24772736d
