Jun 16 15:03:21.222067 dv-cinder-837163-3-smb neutron-server[104231]: DEBUG neutron_lib.callbacks.manager [None req-bc39dbca-5679-410b-86a9-e62ac38da35a admin admin] Publish callbacks ['neutron.plugins.ml2.ovo_rpc._ObjectChangeHandler.handle_event-3788740', 'neutron.api.rpc.agentnotifiers.dhcp_rpc_agent_api.DhcpAgentNotifyAPI._native_event_send_dhcp_notification-3714687'] for subnet (65158d78-5430-4ec0-a509-42a1a76f994c), after_create {{(pid=104231) _notify_loop /usr/local/lib/python3.8/dist-packages/neutron_lib/callbacks/manager.py:176}}
Jun 16 15:03:21.301423 dv-cinder-837163-3-smb neutron-server[104231]: DEBUG neutron.api.rpc.handlers.resources_rpc [None req-b404aaa4-8e60-44ec-bf58-9d4a76d86434 admin admin] Pushing event updated for resources: {'Subnet': ['ID=d94e63aa-5eae-4137-975f-1baa13448d32,revision_number=0']} {{(pid=104231) push /opt/stack/neutron/neutron/api/rpc/handlers/resources_rpc.py:237}}
Jun 16 15:03:21.343786 dv-cinder-837163-3-smb neutron-server[104231]: DEBUG neutron_lib.callbacks.manager [None req-981e0754-de9e-44af-b5c6-7acc2611bc71 admin admin] Publish callbacks ['neutron.plugins.ml2.ovo_rpc._ObjectChangeHandler.handle_event-3788740', 'neutron.api.rpc.agentnotifiers.dhcp_rpc_agent_api.DhcpAgentNotifyAPI._native_event_send_dhcp_notification-3714687'] for subnet (60e04d8b-1ae3-401a-a978-a8ba01b6d88f), after_create {{(pid=104231) _notify_loop /usr/local/lib/python3.8/dist-packages/neutron_lib/callbacks/manager.py:176}}
Jun 16 15:03:21.345718 dv-cinder-837163-3-smb neutron-server[104231]: DEBUG neutron.plugins.ml2.drivers.mech_agent [None req-b404aaa4-8e60-44ec-bf58-9d4a76d86434 admin admin] Checking segment: {'id': 'ee59d270-2eb7-45ed-a8d3-725f5ddde282', 'network_type': 'vlan', 'physical_network': 'physnet1', 'segmentation_id': 901, 'network_id': '9687a101-9e8e-4e8b-ab64-923309dbbac1'} for mappings: {'physnet1': 'br-data'} with network types: ['local', 'flat', 'vlan'] {{(pid=104231) check_segment_for_agent /opt/stack/neutron/neutron/plugins/ml2/drivers/mech_agent.py:373}}
Jun 16 15:03:21.346059 dv-cinder-837163-3-smb neutron-server[104231]: DEBUG neutron.scheduler.dhcp_agent_scheduler [None req-b404aaa4-8e60-44ec-bf58-9d4a76d86434 admin admin] Network hostable DHCP agents. Network: 9687a101-9e8e-4e8b-ab64-923309dbbac1, hostable agents: ['42283a4d-be0b-4a69-8391-568d3286f236'], hosted agents: [] {{(pid=104231) _get_network_hostable_dhcp_agents /opt/stack/neutron/neutron/scheduler/dhcp_agent_scheduler.py:329}}
Jun 16 15:03:21.360498 dv-cinder-837163-3-smb neutron-server[104231]: DEBUG neutron.plugins.ml2.drivers.mech_agent [None req-bc39dbca-5679-410b-86a9-e62ac38da35a admin admin] Checking segment: {'id': '760100bf-b5d1-43d1-ae90-d3507e0412f4', 'network_type': 'vlan', 'physical_network': 'physnet1', 'segmentation_id': 949, 'network_id': '6e2b9a23-290c-4afe-ad62-2dcc4f43b1bc'} for mappings: {'physnet1': 'br-data'} with network types: ['local', 'flat', 'vlan'] {{(pid=104231) check_segment_for_agent /opt/stack/neutron/neutron/plugins/ml2/drivers/mech_agent.py:373}}
Jun 16 15:03:21.360844 dv-cinder-837163-3-smb neutron-server[104231]: DEBUG neutron.scheduler.dhcp_agent_scheduler [None req-bc39dbca-5679-410b-86a9-e62ac38da35a admin admin] Network hostable DHCP agents. Network: 6e2b9a23-290c-4afe-ad62-2dcc4f43b1bc, hostable agents: ['42283a4d-be0b-4a69-8391-568d3286f236'], hosted agents: [] {{(pid=104231) _get_network_hostable_dhcp_agents /opt/stack/neutron/neutron/scheduler/dhcp_agent_scheduler.py:329}}
Jun 16 15:03:21.385483 dv-cinder-837163-3-smb neutron-server[104231]: DEBUG neutron.api.rpc.handlers.resources_rpc [None req-bc39dbca-5679-410b-86a9-e62ac38da35a admin admin] Pushing event updated for resources: {'Subnet': ['ID=65158d78-5430-4ec0-a509-42a1a76f994c,revision_number=0']} {{(pid=104231) push /opt/stack/neutron/neutron/api/rpc/handlers/resources_rpc.py:237}}
Jun 16 15:03:21.423403 dv-cinder-837163-3-smb neutron-server[104232]: DEBUG neutron.scheduler.base_scheduler [None req-051bccc2-f4ef-4b09-bc47-259464c6e677 admin admin] Resources bound (agent type, host, resource id): (DHCP agent, dv-cinder-837163-3-smb, 37fc06cb-c89e-46d1-8f5a-dacbb29a37b8) {{(pid=104232) schedule /opt/stack/neutron/neutron/scheduler/base_scheduler.py:57}}
Jun 16 15:03:21.437877 dv-cinder-837163-3-smb neutron-server[104233]: DEBUG neutron.api.rpc.handlers.dhcp_rpc [None req-fc49d711-7edf-4d95-9a39-920603032456 None None] Network 37fc06cb-c89e-46d1-8f5a-dacbb29a37b8 requested from dv-cinder-837163-3-smb {{(pid=104233) get_network_info /opt/stack/neutron/neutron/api/rpc/handlers/dhcp_rpc.py:191}}
Jun 16 15:03:21.453555 dv-cinder-837163-3-smb neutron-server[104232]: DEBUG neutron.pecan_wsgi.hooks.policy_enforcement [None req-051bccc2-f4ef-4b09-bc47-259464c6e677 admin admin] Attributes excluded by policy engine: ['standard_attr_id', 'shared', 'network'] {{(pid=104232) _exclude_attributes_by_policy /opt/stack/neutron/neutron/pecan_wsgi/hooks/policy_enforcement.py:259}}
Jun 16 15:03:21.454866 dv-cinder-837163-3-smb neutron-server[104232]: DEBUG neutron_lib.callbacks.manager [None req-051bccc2-f4ef-4b09-bc47-259464c6e677 admin admin] Publish callbacks ['neutron.api.rpc.agentnotifiers.dhcp_rpc_agent_api.DhcpAgentNotifyAPI._send_dhcp_notification-3714665'] for subnet (None), before_response {{(pid=104232) _notify_loop /usr/local/lib/python3.8/dist-packages/neutron_lib/callbacks/manager.py:176}}
Jun 16 15:03:21.454996 dv-cinder-837163-3-smb neutron-server[104231]: DEBUG neutron.api.rpc.handlers.resources_rpc [None req-981e0754-de9e-44af-b5c6-7acc2611bc71 admin admin] Pushing event updated for resources: {'Subnet': ['ID=60e04d8b-1ae3-401a-a978-a8ba01b6d88f,revision_number=0']} {{(pid=104231) push /opt/stack/neutron/neutron/api/rpc/handlers/resources_rpc.py:237}}
Jun 16 15:03:21.457398 dv-cinder-837163-3-smb neutron-server[104231]: DEBUG neutron.plugins.ml2.drivers.mech_agent [None req-981e0754-de9e-44af-b5c6-7acc2611bc71 admin admin] Checking segment: {'id': '3a915cad-5f50-4a0a-987c-1961d65976ec', 'network_type': 'vlan', 'physical_network': 'physnet1', 'segmentation_id': 921, 'network_id': 'a2cb1cf0-2488-4a8d-b2a1-d2cc963a2812'} for mappings: {'physnet1': 'br-data'} with network types: ['local', 'flat', 'vlan'] {{(pid=104231) check_segment_for_agent /opt/stack/neutron/neutron/plugins/ml2/drivers/mech_agent.py:373}}
Jun 16 15:03:21.457746 dv-cinder-837163-3-smb neutron-server[104231]: DEBUG neutron.scheduler.dhcp_agent_scheduler [None req-981e0754-de9e-44af-b5c6-7acc2611bc71 admin admin] Network hostable DHCP agents. Network: a2cb1cf0-2488-4a8d-b2a1-d2cc963a2812, hostable agents: ['42283a4d-be0b-4a69-8391-568d3286f236'], hosted agents: [] {{(pid=104231) _get_network_hostable_dhcp_agents /opt/stack/neutron/neutron/scheduler/dhcp_agent_scheduler.py:329}}
Jun 16 15:03:21.565947 dv-cinder-837163-3-smb neutron-server[104233]: DEBUG neutron.api.rpc.handlers.dhcp_rpc [None req-0eb4e95e-530f-458b-8f92-ef8bd6e39d06 None None] Create dhcp port {'port': {'name': '', 'admin_state_up': True, 'device_id': 'dhcp970cdbdd-3c8e-5fa9-af61-a6bd6b92a598-37fc06cb-c89e-46d1-8f5a-dacbb29a37b8', 'network_id': '37fc06cb-c89e-46d1-8f5a-dacbb29a37b8', 'project_id': 'dcb5e5133cbb44c197ed2c06a578029f', 'fixed_ips': [{'subnet_id': '6304588c-255b-4b4e-824a-f3b1eb890573'}]}} from dv-cinder-837163-3-smb. {{(pid=104233) create_dhcp_port /opt/stack/neutron/neutron/api/rpc/handlers/dhcp_rpc.py:268}}
Jun 16 15:03:21.566892 dv-cinder-837163-3-smb neutron-server[104233]: DEBUG neutron_lib.callbacks.manager [None req-0eb4e95e-530f-458b-8f92-ef8bd6e39d06 None None] Publish callbacks ['neutron.plugins.ml2.plugin.SecurityGroupDbMixin._ensure_default_security_group_handler-3290804'] for port (None), before_create {{(pid=104233) _notify_loop /usr/local/lib/python3.8/dist-packages/neutron_lib/callbacks/manager.py:176}}
Jun 16 15:03:21.636176 dv-cinder-837163-3-smb neutron-server[104231]: DEBUG neutron.scheduler.dhcp_agent_scheduler [None req-b404aaa4-8e60-44ec-bf58-9d4a76d86434 admin admin] Network 9687a101-9e8e-4e8b-ab64-923309dbbac1 is scheduled to be hosted by DHCP agent 42283a4d-be0b-4a69-8391-568d3286f236 with binding_index 1 {{(pid=104231) bind /opt/stack/neutron/neutron/scheduler/dhcp_agent_scheduler.py:227}}
Jun 16 15:03:21.643954 dv-cinder-837163-3-smb neutron-server[104232]: INFO neutron.wsgi [None req-051bccc2-f4ef-4b09-bc47-259464c6e677 admin admin] 10.222.0.23 "POST /v2.0/subnets HTTP/1.1" status: 201 len: 855 time: 1.2727191
Jun 16 15:03:21.648843 dv-cinder-837163-3-smb neutron-server[104231]: DEBUG neutron.scheduler.dhcp_agent_scheduler [None req-bc39dbca-5679-410b-86a9-e62ac38da35a admin admin] Network 6e2b9a23-290c-4afe-ad62-2dcc4f43b1bc is scheduled to be hosted by DHCP agent 42283a4d-be0b-4a69-8391-568d3286f236 with binding_index 1 {{(pid=104231) bind /opt/stack/neutron/neutron/scheduler/dhcp_agent_scheduler.py:227}}
Jun 16 15:03:21.649047 dv-cinder-837163-3-smb neutron-server[104232]: DEBUG neutron.wsgi [-] (104232) accepted ('10.222.0.23', 60948) {{(pid=104232) server /usr/local/lib/python3.8/dist-packages/eventlet/wsgi.py:1004}}
Jun 16 15:03:21.652147 dv-cinder-837163-3-smb neutron-server[104231]: DEBUG neutron.scheduler.dhcp_agent_scheduler [None req-981e0754-de9e-44af-b5c6-7acc2611bc71 admin admin] Network a2cb1cf0-2488-4a8d-b2a1-d2cc963a2812 is scheduled to be hosted by DHCP agent 42283a4d-be0b-4a69-8391-568d3286f236 with binding_index 1 {{(pid=104231) bind /opt/stack/neutron/neutron/scheduler/dhcp_agent_scheduler.py:227}}
Jun 16 15:03:21.653838 dv-cinder-837163-3-smb neutron-server[104232]: DEBUG neutron.api.v2.base [None req-4647533b-366b-40df-9213-0b8ba551f665 admin admin] Request body: {'router': {'name': 'tempest-ServerRescueNegativeTestJSON-1894992163-router', 'tenant_id': 'dcb5e5133cbb44c197ed2c06a578029f', 'external_gateway_info': {'network_id': '37885a51-185c-4b03-a4a7-41443cc6ec64'}}} {{(pid=104232) prepare_request_body /opt/stack/neutron/neutron/api/v2/base.py:730}}
Jun 16 15:03:21.659214 dv-cinder-837163-3-smb neutron-server[104231]: DEBUG neutron.scheduler.base_scheduler [None req-b404aaa4-8e60-44ec-bf58-9d4a76d86434 admin admin] Resources bound (agent type, host, resource id): (DHCP agent, dv-cinder-837163-3-smb, 9687a101-9e8e-4e8b-ab64-923309dbbac1) {{(pid=104231) schedule /opt/stack/neutron/neutron/scheduler/base_scheduler.py:57}}
Jun 16 15:03:21.664860 dv-cinder-837163-3-smb neutron-server[104231]: DEBUG neutron.pecan_wsgi.hooks.policy_enforcement [None req-b404aaa4-8e60-44ec-bf58-9d4a76d86434 admin admin] Attributes excluded by policy engine: ['standard_attr_id', 'shared', 'network'] {{(pid=104231) _exclude_attributes_by_policy /opt/stack/neutron/neutron/pecan_wsgi/hooks/policy_enforcement.py:259}}
Jun 16 15:03:21.665474 dv-cinder-837163-3-smb neutron-server[104231]: DEBUG neutron_lib.callbacks.manager [None req-b404aaa4-8e60-44ec-bf58-9d4a76d86434 admin admin] Publish callbacks ['neutron.api.rpc.agentnotifiers.dhcp_rpc_agent_api.DhcpAgentNotifyAPI._send_dhcp_notification-3714665'] for subnet (None), before_response {{(pid=104231) _notify_loop /usr/local/lib/python3.8/dist-packages/neutron_lib/callbacks/manager.py:176}}
Jun 16 15:03:21.671979 dv-cinder-837163-3-smb neutron-server[104233]: DEBUG neutron.api.rpc.handlers.dhcp_rpc [None req-0a5fcf7c-0314-4ede-bfe1-849538093920 None None] Network 9687a101-9e8e-4e8b-ab64-923309dbbac1 requested from dv-cinder-837163-3-smb {{(pid=104233) get_network_info /opt/stack/neutron/neutron/api/rpc/handlers/dhcp_rpc.py:191}}
Jun 16 15:03:21.677336 dv-cinder-837163-3-smb neutron-server[104231]: DEBUG neutron.scheduler.base_scheduler [None req-bc39dbca-5679-410b-86a9-e62ac38da35a admin admin] Resources bound (agent type, host, resource id): (DHCP agent, dv-cinder-837163-3-smb, 6e2b9a23-290c-4afe-ad62-2dcc4f43b1bc) {{(pid=104231) schedule /opt/stack/neutron/neutron/scheduler/base_scheduler.py:57}}
Jun 16 15:03:21.681527 dv-cinder-837163-3-smb neutron-server[104231]: DEBUG neutron.pecan_wsgi.hooks.policy_enforcement [None req-bc39dbca-5679-410b-86a9-e62ac38da35a admin admin] Attributes excluded by policy engine: ['standard_attr_id', 'shared', 'network'] {{(pid=104231) _exclude_attributes_by_policy /opt/stack/neutron/neutron/pecan_wsgi/hooks/policy_enforcement.py:259}}
Jun 16 15:03:21.682450 dv-cinder-837163-3-smb neutron-server[104231]: DEBUG neutron_lib.callbacks.manager [None req-bc39dbca-5679-410b-86a9-e62ac38da35a admin admin] Publish callbacks ['neutron.api.rpc.agentnotifiers.dhcp_rpc_agent_api.DhcpAgentNotifyAPI._send_dhcp_notification-3714665'] for subnet (None), before_response {{(pid=104231) _notify_loop /usr/local/lib/python3.8/dist-packages/neutron_lib/callbacks/manager.py:176}}
Jun 16 15:03:21.691714 dv-cinder-837163-3-smb neutron-server[104233]: DEBUG neutron.api.rpc.handlers.dhcp_rpc [None req-3c258f14-8b87-4b25-ab9c-379e74c0157a None None] Network 6e2b9a23-290c-4afe-ad62-2dcc4f43b1bc requested from dv-cinder-837163-3-smb {{(pid=104233) get_network_info /opt/stack/neutron/neutron/api/rpc/handlers/dhcp_rpc.py:191}}
Jun 16 15:03:21.692034 dv-cinder-837163-3-smb neutron-server[104231]: DEBUG neutron.scheduler.base_scheduler [None req-981e0754-de9e-44af-b5c6-7acc2611bc71 admin admin] Resources bound (agent type, host, resource id): (DHCP agent, dv-cinder-837163-3-smb, a2cb1cf0-2488-4a8d-b2a1-d2cc963a2812) {{(pid=104231) schedule /opt/stack/neutron/neutron/scheduler/base_scheduler.py:57}}
Jun 16 15:03:21.697297 dv-cinder-837163-3-smb neutron-server[104231]: DEBUG neutron.pecan_wsgi.hooks.policy_enforcement [None req-981e0754-de9e-44af-b5c6-7acc2611bc71 admin admin] Attributes excluded by policy engine: ['standard_attr_id', 'shared', 'network'] {{(pid=104231) _exclude_attributes_by_policy /opt/stack/neutron/neutron/pecan_wsgi/hooks/policy_enforcement.py:259}}
Jun 16 15:03:21.697890 dv-cinder-837163-3-smb neutron-server[104231]: DEBUG neutron_lib.callbacks.manager [None req-981e0754-de9e-44af-b5c6-7acc2611bc71 admin admin] Publish callbacks ['neutron.api.rpc.agentnotifiers.dhcp_rpc_agent_api.DhcpAgentNotifyAPI._send_dhcp_notification-3714665'] for subnet (None), before_response {{(pid=104231) _notify_loop /usr/local/lib/python3.8/dist-packages/neutron_lib/callbacks/manager.py:176}}
Jun 16 15:03:21.728354 dv-cinder-837163-3-smb neutron-server[104233]: DEBUG neutron.api.rpc.handlers.dhcp_rpc [None req-d118b8d7-1860-4e03-94e3-13f47c22cee2 None None] Network a2cb1cf0-2488-4a8d-b2a1-d2cc963a2812 requested from dv-cinder-837163-3-smb {{(pid=104233) get_network_info /opt/stack/neutron/neutron/api/rpc/handlers/dhcp_rpc.py:191}}
Jun 16 15:03:21.820604 dv-cinder-837163-3-smb neutron-server[104232]: DEBUG neutron_lib.callbacks.manager [None req-4647533b-366b-40df-9213-0b8ba551f665 admin admin] Publish callbacks ['neutron.services.l3_router.l3_router_plugin.L3_HA_NAT_db_mixin._before_router_create_handler-474084', 'neutron.services.l3_router.service_providers.driver_controller.DriverController._check_router_request-27921'] for router (330c97d5-1ce0-4972-84fe-e30125b70063), before_create {{(pid=104232) _notify_loop /usr/local/lib/python3.8/dist-packages/neutron_lib/callbacks/manager.py:176}}
Jun 16 15:03:21.822501 dv-cinder-837163-3-smb neutron-server[104232]: DEBUG neutron_lib.callbacks.manager [None req-4647533b-366b-40df-9213-0b8ba551f665 admin admin] Publish callbacks ['neutron.services.l3_router.l3_router_plugin.L3_HA_NAT_db_mixin._precommit_router_create-473879', 'neutron.services.l3_router.l3_router_plugin.DVRResourceOperationHandler._set_distributed_flag-470955', 'neutron.services.l3_router.l3_router_plugin.RouterAvailabilityZoneMixin._process_az_request-3796697', 'neutron.services.l3_router.service_providers.driver_controller.DriverController._set_router_provider-27934'] for router (330c97d5-1ce0-4972-84fe-e30125b70063), precommit_create {{(pid=104232) _notify_loop /usr/local/lib/python3.8/dist-packages/neutron_lib/callbacks/manager.py:176}}
Jun 16 15:03:21.864820 dv-cinder-837163-3-smb neutron-server[104231]: INFO neutron.wsgi [None req-bc39dbca-5679-410b-86a9-e62ac38da35a admin admin] 10.222.0.23 "POST /v2.0/subnets HTTP/1.1" status: 201 len: 847 time: 1.8043604
Jun 16 15:03:21.872423 dv-cinder-837163-3-smb neutron-server[104231]: INFO neutron.wsgi [None req-b404aaa4-8e60-44ec-bf58-9d4a76d86434 admin admin] 10.222.0.23 "POST /v2.0/subnets HTTP/1.1" status: 201 len: 851 time: 1.5541346
Jun 16 15:03:21.877187 dv-cinder-837163-3-smb neutron-server[104232]: DEBUG neutron.wsgi [-] (104232) accepted ('10.222.0.23', 60958) {{(pid=104232) server /usr/local/lib/python3.8/dist-packages/eventlet/wsgi.py:1004}}
Jun 16 15:03:21.880167 dv-cinder-837163-3-smb neutron-server[104232]: DEBUG neutron.wsgi [-] (104232) accepted ('10.222.0.23', 60960) {{(pid=104232) server /usr/local/lib/python3.8/dist-packages/eventlet/wsgi.py:1004}}
Jun 16 15:03:21.880456 dv-cinder-837163-3-smb neutron-server[104231]: INFO neutron.wsgi [None req-981e0754-de9e-44af-b5c6-7acc2611bc71 admin admin] 10.222.0.23 "POST /v2.0/subnets HTTP/1.1" status: 201 len: 846 time: 1.2477012
Jun 16 15:03:21.883359 dv-cinder-837163-3-smb neutron-server[104231]: DEBUG neutron.wsgi [-] (104231) accepted ('10.222.0.23', 60962) {{(pid=104231) server /usr/local/lib/python3.8/dist-packages/eventlet/wsgi.py:1004}}
Jun 16 15:03:21.888396 dv-cinder-837163-3-smb neutron-server[104231]: DEBUG neutron.api.v2.base [None req-ad5c8a7d-0773-438d-afbb-f1491c372a69 admin admin] Request body: {'router': {'name': 'tempest-AttachVolumeTestJSON-724712494-router', 'tenant_id': '1a388229f5bf43b5a8b64963bd847567', 'external_gateway_info': {'network_id': '37885a51-185c-4b03-a4a7-41443cc6ec64'}}} {{(pid=104231) prepare_request_body /opt/stack/neutron/neutron/api/v2/base.py:730}}
Jun 16 15:03:21.896524 dv-cinder-837163-3-smb neutron-server[104233]: DEBUG neutron.db.db_base_plugin_common [None req-0eb4e95e-530f-458b-8f92-ef8bd6e39d06 None None] Allocated IP 172.20.0.2 (37fc06cb-c89e-46d1-8f5a-dacbb29a37b8/6304588c-255b-4b4e-824a-f3b1eb890573/a22d4f65-bbde-4d76-9e7e-3a4707fafa05) {{(pid=104233) _store_ip_allocation /opt/stack/neutron/neutron/db/db_base_plugin_common.py:131}}
Jun 16 15:03:21.900180 dv-cinder-837163-3-smb neutron-server[104232]: DEBUG neutron.api.v2.base [None req-74b2ff4c-731b-48a8-9063-d4fa2e32ba9a admin admin] Request body: {'router': {'name': 'tempest-DeleteServersTestJSON-986835620-router', 'tenant_id': 'ca26c89d8c6e43b6a5a8aaaf66e291d7', 'external_gateway_info': {'network_id': '37885a51-185c-4b03-a4a7-41443cc6ec64'}}} {{(pid=104232) prepare_request_body /opt/stack/neutron/neutron/api/v2/base.py:730}}
Jun 16 15:03:21.913389 dv-cinder-837163-3-smb neutron-server[104232]: DEBUG neutron.api.v2.base [None req-74940845-43fb-43f0-9880-4e68be3cb9cc admin admin] Request body: {'router': {'name': 'tempest-AttachVolumeNegativeTest-1603999358-router', 'tenant_id': '6f72325fb32840f1bcf296f6b2ea6e38', 'external_gateway_info': {'network_id': '37885a51-185c-4b03-a4a7-41443cc6ec64'}}} {{(pid=104232) prepare_request_body /opt/stack/neutron/neutron/api/v2/base.py:730}}
Jun 16 15:03:22.007288 dv-cinder-837163-3-smb neutron-server[104232]: DEBUG neutron_lib.callbacks.manager [None req-4647533b-366b-40df-9213-0b8ba551f665 admin admin] Publish callbacks [] for router_controller (330c97d5-1ce0-4972-84fe-e30125b70063), precommit_add_association {{(pid=104232) _notify_loop /usr/local/lib/python3.8/dist-packages/neutron_lib/callbacks/manager.py:176}}
Jun 16 15:03:22.060976 dv-cinder-837163-3-smb neutron-server[104233]: DEBUG neutron.api.rpc.handlers.dhcp_rpc [None req-53f6f97f-e54f-4401-81c1-db2c6dd70e26 None None] Create dhcp port {'port': {'name': '', 'admin_state_up': True, 'device_id': 'dhcp970cdbdd-3c8e-5fa9-af61-a6bd6b92a598-a2cb1cf0-2488-4a8d-b2a1-d2cc963a2812', 'network_id': 'a2cb1cf0-2488-4a8d-b2a1-d2cc963a2812', 'project_id': '1a388229f5bf43b5a8b64963bd847567', 'fixed_ips': [{'subnet_id': '60e04d8b-1ae3-401a-a978-a8ba01b6d88f'}]}} from dv-cinder-837163-3-smb. {{(pid=104233) create_dhcp_port /opt/stack/neutron/neutron/api/rpc/handlers/dhcp_rpc.py:268}}
Jun 16 15:03:22.061946 dv-cinder-837163-3-smb neutron-server[104233]: DEBUG neutron_lib.callbacks.manager [None req-53f6f97f-e54f-4401-81c1-db2c6dd70e26 None None] Publish callbacks ['neutron.plugins.ml2.plugin.SecurityGroupDbMixin._ensure_default_security_group_handler-3290804'] for port (None), before_create {{(pid=104233) _notify_loop /usr/local/lib/python3.8/dist-packages/neutron_lib/callbacks/manager.py:176}}
Jun 16 15:03:22.064601 dv-cinder-837163-3-smb neutron-server[104231]: DEBUG neutron_lib.callbacks.manager [None req-ad5c8a7d-0773-438d-afbb-f1491c372a69 admin admin] Publish callbacks ['neutron.services.l3_router.l3_router_plugin.L3_HA_NAT_db_mixin._before_router_create_handler-474084', 'neutron.services.l3_router.service_providers.driver_controller.DriverController._check_router_request-27921'] for router (a31937e1-f5de-4df2-927d-f9d914349193), before_create {{(pid=104231) _notify_loop /usr/local/lib/python3.8/dist-packages/neutron_lib/callbacks/manager.py:176}}
Jun 16 15:03:22.065875 dv-cinder-837163-3-smb neutron-server[104231]: DEBUG neutron_lib.callbacks.manager [None req-ad5c8a7d-0773-438d-afbb-f1491c372a69 admin admin] Publish callbacks ['neutron.services.l3_router.l3_router_plugin.L3_HA_NAT_db_mixin._precommit_router_create-473879', 'neutron.services.l3_router.l3_router_plugin.DVRResourceOperationHandler._set_distributed_flag-470955', 'neutron.services.l3_router.l3_router_plugin.RouterAvailabilityZoneMixin._process_az_request-3796697', 'neutron.services.l3_router.service_providers.driver_controller.DriverController._set_router_provider-27934'] for router (a31937e1-f5de-4df2-927d-f9d914349193), precommit_create {{(pid=104231) _notify_loop /usr/local/lib/python3.8/dist-packages/neutron_lib/callbacks/manager.py:176}}
Jun 16 15:03:22.090622 dv-cinder-837163-3-smb neutron-server[104233]: DEBUG neutron.api.rpc.handlers.dhcp_rpc [None req-41e9ba4f-9b63-47ef-b3f2-a09405ed03de None None] Create dhcp port {'port': {'name': '', 'admin_state_up': True, 'device_id': 'dhcp970cdbdd-3c8e-5fa9-af61-a6bd6b92a598-9687a101-9e8e-4e8b-ab64-923309dbbac1', 'network_id': '9687a101-9e8e-4e8b-ab64-923309dbbac1', 'project_id': '6f72325fb32840f1bcf296f6b2ea6e38', 'fixed_ips': [{'subnet_id': 'd94e63aa-5eae-4137-975f-1baa13448d32'}]}} from dv-cinder-837163-3-smb. {{(pid=104233) create_dhcp_port /opt/stack/neutron/neutron/api/rpc/handlers/dhcp_rpc.py:268}}
Jun 16 15:03:22.091808 dv-cinder-837163-3-smb neutron-server[104233]: DEBUG neutron_lib.callbacks.manager [None req-41e9ba4f-9b63-47ef-b3f2-a09405ed03de None None] Publish callbacks ['neutron.plugins.ml2.plugin.SecurityGroupDbMixin._ensure_default_security_group_handler-3290804'] for port (None), before_create {{(pid=104233) _notify_loop /usr/local/lib/python3.8/dist-packages/neutron_lib/callbacks/manager.py:176}}
Jun 16 15:03:22.095058 dv-cinder-837163-3-smb neutron-server[104232]: DEBUG neutron_lib.callbacks.manager [None req-74b2ff4c-731b-48a8-9063-d4fa2e32ba9a admin admin] Publish callbacks ['neutron.services.l3_router.l3_router_plugin.L3_HA_NAT_db_mixin._before_router_create_handler-474084', 'neutron.services.l3_router.service_providers.driver_controller.DriverController._check_router_request-27921'] for router (f3c052a5-1e51-4819-b799-a0c196ace4c2), before_create {{(pid=104232) _notify_loop /usr/local/lib/python3.8/dist-packages/neutron_lib/callbacks/manager.py:176}}
Jun 16 15:03:22.095860 dv-cinder-837163-3-smb neutron-server[104232]: DEBUG neutron_lib.callbacks.manager [None req-74b2ff4c-731b-48a8-9063-d4fa2e32ba9a admin admin] Publish callbacks ['neutron.services.l3_router.l3_router_plugin.L3_HA_NAT_db_mixin._precommit_router_create-473879', 'neutron.services.l3_router.l3_router_plugin.DVRResourceOperationHandler._set_distributed_flag-470955', 'neutron.services.l3_router.l3_router_plugin.RouterAvailabilityZoneMixin._process_az_request-3796697', 'neutron.services.l3_router.service_providers.driver_controller.DriverController._set_router_provider-27934'] for router (f3c052a5-1e51-4819-b799-a0c196ace4c2), precommit_create {{(pid=104232) _notify_loop /usr/local/lib/python3.8/dist-packages/neutron_lib/callbacks/manager.py:176}}
Jun 16 15:03:22.099607 dv-cinder-837163-3-smb neutron-server[104232]: DEBUG neutron_lib.callbacks.manager [None req-74940845-43fb-43f0-9880-4e68be3cb9cc admin admin] Publish callbacks ['neutron.services.l3_router.l3_router_plugin.L3_HA_NAT_db_mixin._before_router_create_handler-474084', 'neutron.services.l3_router.service_providers.driver_controller.DriverController._check_router_request-27921'] for router (26c0f8e0-a27c-4350-b218-824edd579620), before_create {{(pid=104232) _notify_loop /usr/local/lib/python3.8/dist-packages/neutron_lib/callbacks/manager.py:176}}
Jun 16 15:03:22.100680 dv-cinder-837163-3-smb neutron-server[104232]: DEBUG neutron_lib.callbacks.manager [None req-74940845-43fb-43f0-9880-4e68be3cb9cc admin admin] Publish callbacks ['neutron.services.l3_router.l3_router_plugin.L3_HA_NAT_db_mixin._precommit_router_create-473879', 'neutron.services.l3_router.l3_router_plugin.DVRResourceOperationHandler._set_distributed_flag-470955', 'neutron.services.l3_router.l3_router_plugin.RouterAvailabilityZoneMixin._process_az_request-3796697', 'neutron.services.l3_router.service_providers.driver_controller.DriverController._set_router_provider-27934'] for router (26c0f8e0-a27c-4350-b218-824edd579620), precommit_create {{(pid=104232) _notify_loop /usr/local/lib/python3.8/dist-packages/neutron_lib/callbacks/manager.py:176}}
Jun 16 15:03:22.236640 dv-cinder-837163-3-smb neutron-server[104233]: DEBUG dbcounter [-] [104233] Writing DB stats neutron:SELECT=94,neutron:UPDATE=2,neutron:INSERT=4 {{(pid=104233) stat_writer /usr/local/lib/python3.8/dist-packages/dbcounter.py:114}}
Jun 16 15:03:22.261425 dv-cinder-837163-3-smb neutron-server[104231]: DEBUG neutron_lib.callbacks.manager [None req-ad5c8a7d-0773-438d-afbb-f1491c372a69 admin admin] Publish callbacks [] for router_controller (a31937e1-f5de-4df2-927d-f9d914349193), precommit_add_association {{(pid=104231) _notify_loop /usr/local/lib/python3.8/dist-packages/neutron_lib/callbacks/manager.py:176}}
Jun 16 15:03:22.821056 dv-cinder-837163-3-smb neutron-server[104232]: DEBUG neutron_lib.callbacks.manager [None req-4647533b-366b-40df-9213-0b8ba551f665 admin admin] Publish callbacks [] for router_gateway (330c97d5-1ce0-4972-84fe-e30125b70063), precommit_update {{(pid=104232) _notify_loop /usr/local/lib/python3.8/dist-packages/neutron_lib/callbacks/manager.py:176}}
Jun 16 15:03:22.823621 dv-cinder-837163-3-smb neutron-server[104233]: DEBUG dbcounter [-] [104233] Writing DB stats neutron:SELECT=92,neutron:INSERT=5,neutron:UPDATE=3 {{(pid=104233) stat_writer /usr/local/lib/python3.8/dist-packages/dbcounter.py:114}}
Jun 16 15:03:22.823621 dv-cinder-837163-3-smb neutron-server[104233]: DEBUG neutron.api.rpc.handlers.dhcp_rpc [None req-3f386afb-84cd-4008-9f15-9ac14432406d None None] Create dhcp port {'port': {'name': '', 'admin_state_up': True, 'device_id': 'dhcp970cdbdd-3c8e-5fa9-af61-a6bd6b92a598-6e2b9a23-290c-4afe-ad62-2dcc4f43b1bc', 'network_id': '6e2b9a23-290c-4afe-ad62-2dcc4f43b1bc', 'project_id': 'ca26c89d8c6e43b6a5a8aaaf66e291d7', 'fixed_ips': [{'subnet_id': '65158d78-5430-4ec0-a509-42a1a76f994c'}]}} from dv-cinder-837163-3-smb. {{(pid=104233) create_dhcp_port /opt/stack/neutron/neutron/api/rpc/handlers/dhcp_rpc.py:268}}
Jun 16 15:03:22.823621 dv-cinder-837163-3-smb neutron-server[104233]: DEBUG neutron_lib.callbacks.manager [None req-3f386afb-84cd-4008-9f15-9ac14432406d None None] Publish callbacks ['neutron.plugins.ml2.plugin.SecurityGroupDbMixin._ensure_default_security_group_handler-3290804'] for port (None), before_create {{(pid=104233) _notify_loop /usr/local/lib/python3.8/dist-packages/neutron_lib/callbacks/manager.py:176}}
Jun 16 15:03:22.825436 dv-cinder-837163-3-smb neutron-server[104232]: DEBUG neutron_lib.callbacks.manager [None req-74b2ff4c-731b-48a8-9063-d4fa2e32ba9a admin admin] Publish callbacks [] for router_controller (f3c052a5-1e51-4819-b799-a0c196ace4c2), precommit_add_association {{(pid=104232) _notify_loop /usr/local/lib/python3.8/dist-packages/neutron_lib/callbacks/manager.py:176}}
Jun 16 15:03:22.825436 dv-cinder-837163-3-smb neutron-server[104232]: DEBUG neutron_lib.callbacks.manager [None req-74940845-43fb-43f0-9880-4e68be3cb9cc admin admin] Publish callbacks [] for router_controller (26c0f8e0-a27c-4350-b218-824edd579620), precommit_add_association {{(pid=104232) _notify_loop /usr/local/lib/python3.8/dist-packages/neutron_lib/callbacks/manager.py:176}}
Jun 16 15:03:22.826528 dv-cinder-837163-3-smb neutron-server[104231]: DEBUG neutron_lib.callbacks.manager [None req-ad5c8a7d-0773-438d-afbb-f1491c372a69 admin admin] Publish callbacks [] for router_gateway (a31937e1-f5de-4df2-927d-f9d914349193), precommit_update {{(pid=104231) _notify_loop /usr/local/lib/python3.8/dist-packages/neutron_lib/callbacks/manager.py:176}}
Jun 16 15:03:22.892782 dv-cinder-837163-3-smb neutron-server[104233]: DEBUG neutron.db.db_base_plugin_common [None req-41e9ba4f-9b63-47ef-b3f2-a09405ed03de None None] Allocated IP 172.20.0.2 (9687a101-9e8e-4e8b-ab64-923309dbbac1/d94e63aa-5eae-4137-975f-1baa13448d32/3b1e5002-abe9-413f-abb0-1af22ceebfc9) {{(pid=104233) _store_ip_allocation /opt/stack/neutron/neutron/db/db_base_plugin_common.py:131}}
Jun 16 15:03:22.894977 dv-cinder-837163-3-smb neutron-server[104232]: DEBUG neutron_lib.callbacks.manager [None req-74b2ff4c-731b-48a8-9063-d4fa2e32ba9a admin admin] Publish callbacks [] for router_gateway (f3c052a5-1e51-4819-b799-a0c196ace4c2), precommit_update {{(pid=104232) _notify_loop /usr/local/lib/python3.8/dist-packages/neutron_lib/callbacks/manager.py:176}}
Jun 16 15:03:23.026063 dv-cinder-837163-3-smb neutron-server[104233]: DEBUG neutron_lib.callbacks.manager [None req-f6bd6233-88b8-4b7d-b431-88c60c599575 None None] Publish callbacks ['neutron.services.segments.db._update_segment_host_mapping_for_agent-8767968121573', 'neutron.plugins.ml2.plugin.Ml2Plugin._retry_binding_revived_agents-3313240'] for agent (42283a4d-be0b-4a69-8391-568d3286f236), after_update {{(pid=104233) _notify_loop /usr/local/lib/python3.8/dist-packages/neutron_lib/callbacks/manager.py:176}}
Jun 16 15:03:23.044427 dv-cinder-837163-3-smb neutron-server[104231]: DEBUG neutron_lib.callbacks.manager [None req-ad5c8a7d-0773-438d-afbb-f1491c372a69 admin admin] Publish callbacks [] for router_gateway (a31937e1-f5de-4df2-927d-f9d914349193), before_create {{(pid=104231) _notify_loop /usr/local/lib/python3.8/dist-packages/neutron_lib/callbacks/manager.py:176}}
Jun 16 15:03:23.056166 dv-cinder-837163-3-smb neutron-server[104234]: DEBUG dbcounter [-] [104234] Writing DB stats neutron:SELECT=18 {{(pid=104234) stat_writer /usr/local/lib/python3.8/dist-packages/dbcounter.py:114}}
Jun 16 15:03:23.056166 dv-cinder-837163-3-smb neutron-server[104234]: DEBUG dbcounter [-] [104234] Writing DB stats neutron:SELECT=16 {{(pid=104234) stat_writer /usr/local/lib/python3.8/dist-packages/dbcounter.py:114}}
Jun 16 15:03:23.079277 dv-cinder-837163-3-smb neutron-server[104231]: DEBUG neutron_lib.callbacks.manager [None req-ad5c8a7d-0773-438d-afbb-f1491c372a69 admin admin] Publish callbacks ['neutron.plugins.ml2.plugin.SecurityGroupDbMixin._ensure_default_security_group_handler-3290804'] for port (None), before_create {{(pid=104231) _notify_loop /usr/local/lib/python3.8/dist-packages/neutron_lib/callbacks/manager.py:176}}
Jun 16 15:03:23.094399 dv-cinder-837163-3-smb neutron-server[104232]: DEBUG neutron_lib.callbacks.manager [None req-74940845-43fb-43f0-9880-4e68be3cb9cc admin admin] Publish callbacks [] for router_gateway (26c0f8e0-a27c-4350-b218-824edd579620), precommit_update {{(pid=104232) _notify_loop /usr/local/lib/python3.8/dist-packages/neutron_lib/callbacks/manager.py:176}}
Jun 16 15:03:23.129966 dv-cinder-837163-3-smb neutron-server[104233]: DEBUG neutron_lib.callbacks.manager [None req-0eb4e95e-530f-458b-8f92-ef8bd6e39d06 None None] Publish callbacks [] for port (a22d4f65-bbde-4d76-9e7e-3a4707fafa05), precommit_create {{(pid=104233) _notify_loop /usr/local/lib/python3.8/dist-packages/neutron_lib/callbacks/manager.py:176}}
Jun 16 15:03:23.151813 dv-cinder-837163-3-smb neutron-server[104233]: DEBUG neutron.db.db_base_plugin_common [None req-53f6f97f-e54f-4401-81c1-db2c6dd70e26 None None] Allocated IP 172.20.0.2 (a2cb1cf0-2488-4a8d-b2a1-d2cc963a2812/60e04d8b-1ae3-401a-a978-a8ba01b6d88f/9c2bee9d-fc54-48df-983f-53ee6cea392e) {{(pid=104233) _store_ip_allocation /opt/stack/neutron/neutron/db/db_base_plugin_common.py:131}}
Jun 16 15:03:23.210083 dv-cinder-837163-3-smb neutron-server[104231]: DEBUG dbcounter [-] [104231] Writing DB stats neutron:SELECT=84,neutron:INSERT=14,neutron:UPDATE=2 {{(pid=104231) stat_writer /usr/local/lib/python3.8/dist-packages/dbcounter.py:114}}
Jun 16 15:03:23.248327 dv-cinder-837163-3-smb neutron-server[104233]: DEBUG neutron.db.db_base_plugin_common [None req-3f386afb-84cd-4008-9f15-9ac14432406d None None] Allocated IP 172.20.0.2 (6e2b9a23-290c-4afe-ad62-2dcc4f43b1bc/65158d78-5430-4ec0-a509-42a1a76f994c/fcfe6653-e426-4013-97db-878df30efb4b) {{(pid=104233) _store_ip_allocation /opt/stack/neutron/neutron/db/db_base_plugin_common.py:131}}
Jun 16 15:03:23.257525 dv-cinder-837163-3-smb neutron-server[104231]: DEBUG neutron.db.db_base_plugin_common [None req-ad5c8a7d-0773-438d-afbb-f1491c372a69 admin admin] Allocated IP 172.28.3.83 (37885a51-185c-4b03-a4a7-41443cc6ec64/9b0f4644-73ed-4fc2-8e40-706f2c38975b/f276e1f1-4361-4f3c-ab1f-47bf9aad432b) {{(pid=104231) _store_ip_allocation /opt/stack/neutron/neutron/db/db_base_plugin_common.py:131}}
Jun 16 15:03:23.283633 dv-cinder-837163-3-smb neutron-server[104232]: DEBUG dbcounter [-] [104232] Writing DB stats neutron:SELECT=82,neutron:INSERT=13,neutron:UPDATE=3,neutron:DELETE=2 {{(pid=104232) stat_writer /usr/local/lib/python3.8/dist-packages/dbcounter.py:114}}
Jun 16 15:03:23.310946 dv-cinder-837163-3-smb neutron-server[104233]: DEBUG neutron_lib.callbacks.manager [None req-0eb4e95e-530f-458b-8f92-ef8bd6e39d06 None None] Publish callbacks ['neutron.plugins.ml2.plugin.SecurityGroupServerNotifierRpcMixin._notify_sg_on_port_change-3290741', 'neutron.plugins.ml2.ovo_rpc._ObjectChangeHandler.handle_event-4173116', 'neutron.api.rpc.agentnotifiers.dhcp_rpc_agent_api.DhcpAgentNotifyAPI._native_event_send_dhcp_notification-3714687', 'neutron.db.l3_dvrscheduler_db._notify_l3_agent_new_port-8767967677718'] for port (a22d4f65-bbde-4d76-9e7e-3a4707fafa05), after_create {{(pid=104233) _notify_loop /usr/local/lib/python3.8/dist-packages/neutron_lib/callbacks/manager.py:176}}
Jun 16 15:03:23.367953 dv-cinder-837163-3-smb neutron-server[104233]: DEBUG neutron.scheduler.dhcp_agent_scheduler [None req-0eb4e95e-530f-458b-8f92-ef8bd6e39d06 None None] Network 37fc06cb-c89e-46d1-8f5a-dacbb29a37b8 is already hosted by enough agents. {{(pid=104233) _get_dhcp_agents_hosting_network /opt/stack/neutron/neutron/scheduler/dhcp_agent_scheduler.py:275}}
Jun 16 15:03:23.386062 dv-cinder-837163-3-smb neutron-server[104233]: DEBUG neutron_lib.callbacks.manager [None req-41e9ba4f-9b63-47ef-b3f2-a09405ed03de None None] Publish callbacks [] for port (3b1e5002-abe9-413f-abb0-1af22ceebfc9), precommit_create {{(pid=104233) _notify_loop /usr/local/lib/python3.8/dist-packages/neutron_lib/callbacks/manager.py:176}}
Jun 16 15:03:23.390883 dv-cinder-837163-3-smb neutron-server[104233]: DEBUG neutron.scheduler.base_scheduler [None req-0eb4e95e-530f-458b-8f92-ef8bd6e39d06 None None] Resources bound (agent type, host, resource id): {{(pid=104233) schedule /opt/stack/neutron/neutron/scheduler/base_scheduler.py:57}}
Jun 16 15:03:23.394423 dv-cinder-837163-3-smb neutron-server[104233]: DEBUG neutron.db.l3_dvrscheduler_db [None req-0eb4e95e-530f-458b-8f92-ef8bd6e39d06 None None] Received port after_create {{(pid=104233) _notify_l3_agent_new_port /opt/stack/neutron/neutron/db/l3_dvrscheduler_db.py:542}}
Jun 16 15:03:23.422753 dv-cinder-837163-3-smb neutron-server[104232]: DEBUG neutron_lib.callbacks.manager [None req-4647533b-366b-40df-9213-0b8ba551f665 admin admin] Publish callbacks [] for router_gateway (330c97d5-1ce0-4972-84fe-e30125b70063), before_create {{(pid=104232) _notify_loop /usr/local/lib/python3.8/dist-packages/neutron_lib/callbacks/manager.py:176}}
Jun 16 15:03:23.453191 dv-cinder-837163-3-smb neutron-server[104231]: DEBUG neutron_lib.callbacks.manager [None req-ad5c8a7d-0773-438d-afbb-f1491c372a69 admin admin] Publish callbacks [] for port (f276e1f1-4361-4f3c-ab1f-47bf9aad432b), precommit_create {{(pid=104231) _notify_loop /usr/local/lib/python3.8/dist-packages/neutron_lib/callbacks/manager.py:176}}
Jun 16 15:03:23.455533 dv-cinder-837163-3-smb neutron-server[104232]: DEBUG neutron_lib.callbacks.manager [None req-4647533b-366b-40df-9213-0b8ba551f665 admin admin] Publish callbacks ['neutron.plugins.ml2.plugin.SecurityGroupDbMixin._ensure_default_security_group_handler-3290804'] for port (None), before_create {{(pid=104232) _notify_loop /usr/local/lib/python3.8/dist-packages/neutron_lib/callbacks/manager.py:176}}
Jun 16 15:03:23.502334 dv-cinder-837163-3-smb neutron-server[104233]: DEBUG neutron.api.rpc.handlers.resources_rpc [None req-0eb4e95e-530f-458b-8f92-ef8bd6e39d06 None None] Pushing event updated for resources: {'Port': ['ID=a22d4f65-bbde-4d76-9e7e-3a4707fafa05,revision_number=1']} {{(pid=104233) push /opt/stack/neutron/neutron/api/rpc/handlers/resources_rpc.py:237}}
Jun 16 15:03:23.557109 dv-cinder-837163-3-smb neutron-server[104233]: DEBUG neutron.api.rpc.callbacks.version_manager [None req-0eb4e95e-530f-458b-8f92-ef8bd6e39d06 None None] Version for resource type AddressGroup changed None to 1.2 on consumer Open vSwitch agent@dv-cinder-837163-3-smb {{(pid=104233) _set_version /opt/stack/neutron/neutron/api/rpc/callbacks/version_manager.py:113}}
Jun 16 15:03:23.557581 dv-cinder-837163-3-smb neutron-server[104233]: DEBUG neutron.api.rpc.callbacks.version_manager [None req-0eb4e95e-530f-458b-8f92-ef8bd6e39d06 None None] Version for resource type Agent changed None to 1.1 on consumer Open vSwitch agent@dv-cinder-837163-3-smb {{(pid=104233) _set_version /opt/stack/neutron/neutron/api/rpc/callbacks/version_manager.py:113}}
Jun 16 15:03:23.557981 dv-cinder-837163-3-smb neutron-server[104233]: DEBUG neutron.api.rpc.callbacks.version_manager [None req-0eb4e95e-530f-458b-8f92-ef8bd6e39d06 None None] Version for resource type ConntrackHelper changed None to 1.0 on consumer Open vSwitch agent@dv-cinder-837163-3-smb {{(pid=104233) _set_version /opt/stack/neutron/neutron/api/rpc/callbacks/version_manager.py:113}}
Jun 16 15:03:23.558395 dv-cinder-837163-3-smb neutron-server[104233]: DEBUG neutron.api.rpc.callbacks.version_manager [None req-0eb4e95e-530f-458b-8f92-ef8bd6e39d06 None None] Version for resource type LocalIPAssociation changed None to 1.0 on consumer Open vSwitch agent@dv-cinder-837163-3-smb {{(pid=104233) _set_version /opt/stack/neutron/neutron/api/rpc/callbacks/version_manager.py:113}}
Jun 16 15:03:23.558743 dv-cinder-837163-3-smb neutron-server[104233]: DEBUG neutron.api.rpc.callbacks.version_manager [None req-0eb4e95e-530f-458b-8f92-ef8bd6e39d06 None None] Version for resource type Log changed None to 1.0 on consumer Open vSwitch agent@dv-cinder-837163-3-smb {{(pid=104233) _set_version /opt/stack/neutron/neutron/api/rpc/callbacks/version_manager.py:113}}
Jun 16 15:03:23.559052 dv-cinder-837163-3-smb neutron-server[104233]: DEBUG neutron.api.rpc.callbacks.version_manager [None req-0eb4e95e-530f-458b-8f92-ef8bd6e39d06 None None] Version for resource type NDPProxy changed None to 1.0 on consumer Open vSwitch agent@dv-cinder-837163-3-smb {{(pid=104233) _set_version /opt/stack/neutron/neutron/api/rpc/callbacks/version_manager.py:113}}
Jun 16 15:03:23.559371 dv-cinder-837163-3-smb neutron-server[104233]: DEBUG neutron.api.rpc.callbacks.version_manager [None req-0eb4e95e-530f-458b-8f92-ef8bd6e39d06 None None] Version for resource type Network changed None to 1.1 on consumer Open vSwitch agent@dv-cinder-837163-3-smb {{(pid=104233) _set_version /opt/stack/neutron/neutron/api/rpc/callbacks/version_manager.py:113}}
Jun 16 15:03:23.559690 dv-cinder-837163-3-smb neutron-server[104233]: DEBUG neutron.api.rpc.callbacks.version_manager [None req-0eb4e95e-530f-458b-8f92-ef8bd6e39d06 None None] Version for resource type Port changed None to 1.7 on consumer Open vSwitch agent@dv-cinder-837163-3-smb {{(pid=104233) _set_version /opt/stack/neutron/neutron/api/rpc/callbacks/version_manager.py:113}}
Jun 16 15:03:23.560004 dv-cinder-837163-3-smb neutron-server[104233]: DEBUG neutron.api.rpc.callbacks.version_manager [None req-0eb4e95e-530f-458b-8f92-ef8bd6e39d06 None None] Version for resource type PortForwarding changed None to 1.3 on consumer Open vSwitch agent@dv-cinder-837163-3-smb {{(pid=104233) _set_version /opt/stack/neutron/neutron/api/rpc/callbacks/version_manager.py:113}}
Jun 16 15:03:23.560341 dv-cinder-837163-3-smb neutron-server[104233]: DEBUG neutron.api.rpc.callbacks.version_manager [None req-0eb4e95e-530f-458b-8f92-ef8bd6e39d06 None None] Version for resource type QosPolicy changed None to 1.10 on consumer Open vSwitch agent@dv-cinder-837163-3-smb {{(pid=104233) _set_version /opt/stack/neutron/neutron/api/rpc/callbacks/version_manager.py:113}}
Jun 16 15:03:23.560639 dv-cinder-837163-3-smb neutron-server[104233]: DEBUG neutron.api.rpc.callbacks.version_manager [None req-0eb4e95e-530f-458b-8f92-ef8bd6e39d06 None None] Version for resource type SecurityGroup changed None to 1.5 on consumer Open vSwitch agent@dv-cinder-837163-3-smb {{(pid=104233) _set_version /opt/stack/neutron/neutron/api/rpc/callbacks/version_manager.py:113}}
Jun 16 15:03:23.561572 dv-cinder-837163-3-smb neutron-server[104233]: DEBUG neutron.api.rpc.callbacks.version_manager [None req-0eb4e95e-530f-458b-8f92-ef8bd6e39d06 None None] Version for resource type SecurityGroupRule changed None to 1.2 on consumer Open vSwitch agent@dv-cinder-837163-3-smb {{(pid=104233) _set_version /opt/stack/neutron/neutron/api/rpc/callbacks/version_manager.py:113}}
Jun 16 15:03:23.561844 dv-cinder-837163-3-smb neutron-server[104233]: DEBUG neutron.api.rpc.callbacks.version_manager [None req-0eb4e95e-530f-458b-8f92-ef8bd6e39d06 None None] Version for resource type SubPort changed None to 1.0 on consumer Open vSwitch agent@dv-cinder-837163-3-smb {{(pid=104233) _set_version /opt/stack/neutron/neutron/api/rpc/callbacks/version_manager.py:113}}
Jun 16 15:03:23.562186 dv-cinder-837163-3-smb neutron-server[104233]: DEBUG neutron.api.rpc.callbacks.version_manager [None req-0eb4e95e-530f-458b-8f92-ef8bd6e39d06 None None] Version for resource type Subnet changed None to 1.1 on consumer Open vSwitch agent@dv-cinder-837163-3-smb {{(pid=104233) _set_version /opt/stack/neutron/neutron/api/rpc/callbacks/version_manager.py:113}}
Jun 16 15:03:23.562572 dv-cinder-837163-3-smb neutron-server[104233]: DEBUG neutron.api.rpc.callbacks.version_manager [None req-0eb4e95e-530f-458b-8f92-ef8bd6e39d06 None None] Version for resource type Trunk changed None to 1.1 on consumer Open vSwitch agent@dv-cinder-837163-3-smb {{(pid=104233) _set_version /opt/stack/neutron/neutron/api/rpc/callbacks/version_manager.py:113}}
Jun 16 15:03:23.563685 dv-cinder-837163-3-smb neutron-server[104233]: DEBUG neutron.api.rpc.callbacks.version_manager [None req-0eb4e95e-530f-458b-8f92-ef8bd6e39d06 None None] Tracked resource versions report:
Jun 16 15:03:23.563685 dv-cinder-837163-3-smb neutron-server[104233]: pushed versions:
Jun 16 15:03:23.563685 dv-cinder-837163-3-smb neutron-server[104233]: { 'AddressGroup': {'1.2'},
Jun 16 15:03:23.563685 dv-cinder-837163-3-smb neutron-server[104233]: 'Agent': {'1.1'},
Jun 16 15:03:23.563685 dv-cinder-837163-3-smb neutron-server[104233]: 'ConntrackHelper': {'1.0'},
Jun 16 15:03:23.563685 dv-cinder-837163-3-smb neutron-server[104233]: 'LocalIPAssociation': {'1.0'},
Jun 16 15:03:23.563685 dv-cinder-837163-3-smb neutron-server[104233]: 'Log': {'1.0'},
Jun 16 15:03:23.563685 dv-cinder-837163-3-smb neutron-server[104233]: 'NDPProxy': {'1.0'},
Jun 16 15:03:23.563685 dv-cinder-837163-3-smb neutron-server[104233]: 'Network': {'1.1'},
Jun 16 15:03:23.563685 dv-cinder-837163-3-smb neutron-server[104233]: 'Port': {'1.7'},
Jun 16 15:03:23.563685 dv-cinder-837163-3-smb neutron-server[104233]: 'PortForwarding': {'1.3'},
Jun 16 15:03:23.563685 dv-cinder-837163-3-smb neutron-server[104233]: 'QosPolicy': {'1.10'},
Jun 16 15:03:23.563685 dv-cinder-837163-3-smb neutron-server[104233]: 'SecurityGroup': {'1.5'},
Jun 16 15:03:23.563685 dv-cinder-837163-3-smb neutron-server[104233]: 'SecurityGroupRule': {'1.2'},
Jun 16 15:03:23.563685 dv-cinder-837163-3-smb neutron-server[104233]: 'SubPort': {'1.0'},
Jun 16 15:03:23.563685 dv-cinder-837163-3-smb neutron-server[104233]: 'Subnet': {'1.1'},
Jun 16 15:03:23.563685 dv-cinder-837163-3-smb neutron-server[104233]: 'Trunk': {'1.1'}}
Jun 16 15:03:23.563685 dv-cinder-837163-3-smb neutron-server[104233]: consumer versions:
Jun 16 15:03:23.563685 dv-cinder-837163-3-smb neutron-server[104233]: { DHCP agent@dv-cinder-837163-3-smb: {},
Jun 16 15:03:23.563685 dv-cinder-837163-3-smb neutron-server[104233]: HyperV agent@hv-cinder-83716: {},
Jun 16 15:03:23.563685 dv-cinder-837163-3-smb neutron-server[104233]: L3 agent@dv-cinder-837163-3-smb: {},
Jun 16 15:03:23.563685 dv-cinder-837163-3-smb neutron-server[104233]: Metadata agent@dv-cinder-837163-3-smb: {},
Jun 16 15:03:23.563685 dv-cinder-837163-3-smb neutron-server[104233]: Metering agent@dv-cinder-837163-3-smb: {},
Jun 16 15:03:23.563685 dv-cinder-837163-3-smb neutron-server[104233]: Open vSwitch agent@dv-cinder-837163-3-smb: { 'AddressGroup': '1.2',
Jun 16 15:03:23.563685 dv-cinder-837163-3-smb neutron-server[104233]: 'Agent': '1.1',
Jun 16 15:03:23.563685 dv-cinder-837163-3-smb neutron-server[104233]: 'ConntrackHelper': '1.0',
Jun 16 15:03:23.563685 dv-cinder-837163-3-smb neutron-server[104233]: 'LocalIPAssociation': '1.0',
Jun 16 15:03:23.563685 dv-cinder-837163-3-smb neutron-server[104233]: 'Log': '1.0',
Jun 16 15:03:23.563685 dv-cinder-837163-3-smb neutron-server[104233]: 'NDPProxy': '1.0',
Jun 16 15:03:23.563685 dv-cinder-837163-3-smb neutron-server[104233]: 'Network': '1.1',
Jun 16 15:03:23.563685 dv-cinder-837163-3-smb neutron-server[104233]: 'Port': '1.7',
Jun 16 15:03:23.563685 dv-cinder-837163-3-smb neutron-server[104233]: 'PortForwarding': '1.3',
Jun 16 15:03:23.563685 dv-cinder-837163-3-smb neutron-server[104233]: 'QosPolicy': '1.10',
Jun 16 15:03:23.563685 dv-cinder-837163-3-smb neutron-server[104233]: 'SecurityGroup': '1.5',
Jun 16 15:03:23.563685 dv-cinder-837163-3-smb neutron-server[104233]: 'SecurityGroupRule': '1.2',
Jun 16 15:03:23.563685 dv-cinder-837163-3-smb neutron-server[104233]: 'SubPort': '1.0',
Jun 16 15:03:23.563685 dv-cinder-837163-3-smb neutron-server[104233]: 'Subnet': '1.1',
Jun 16 15:03:23.563685 dv-cinder-837163-3-smb neutron-server[104233]: 'Trunk': '1.1'}}
Jun 16 15:03:23.563685 dv-cinder-837163-3-smb neutron-server[104233]: {{(pid=104233) report /opt/stack/neutron/neutron/api/rpc/callbacks/version_manager.py:175}}
Jun 16 15:03:23.587493 dv-cinder-837163-3-smb neutron-server[104233]: DEBUG neutron.plugins.ml2.managers [None req-0eb4e95e-530f-458b-8f92-ef8bd6e39d06 None None] Attempting to bind port a22d4f65-bbde-4d76-9e7e-3a4707fafa05 on host dv-cinder-837163-3-smb for vnic_type normal with profile {{(pid=104233) bind_port /opt/stack/neutron/neutron/plugins/ml2/managers.py:811}}
Jun 16 15:03:23.587854 dv-cinder-837163-3-smb neutron-server[104233]: DEBUG neutron.plugins.ml2.managers [None req-0eb4e95e-530f-458b-8f92-ef8bd6e39d06 None None] Attempting to bind port a22d4f65-bbde-4d76-9e7e-3a4707fafa05 by drivers openvswitch,hyperv on host dv-cinder-837163-3-smb at level 0 using segments [{'id': 'd23746d1-c40e-4704-9648-892114e4231f', 'network_type': 'vlan', 'physical_network': 'physnet1', 'segmentation_id': 919, 'network_id': '37fc06cb-c89e-46d1-8f5a-dacbb29a37b8'}] {{(pid=104233) _bind_port_level /opt/stack/neutron/neutron/plugins/ml2/managers.py:836}}
Jun 16 15:03:23.588238 dv-cinder-837163-3-smb neutron-server[104233]: DEBUG neutron.plugins.ml2.drivers.mech_agent [None req-0eb4e95e-530f-458b-8f92-ef8bd6e39d06 None None] Attempting to bind port a22d4f65-bbde-4d76-9e7e-3a4707fafa05 on network 37fc06cb-c89e-46d1-8f5a-dacbb29a37b8 {{(pid=104233) bind_port /opt/stack/neutron/neutron/plugins/ml2/drivers/mech_agent.py:91}}
Jun 16 15:03:23.608757 dv-cinder-837163-3-smb neutron-server[104233]: DEBUG neutron_lib.callbacks.manager [None req-41e9ba4f-9b63-47ef-b3f2-a09405ed03de None None] Publish callbacks ['neutron.plugins.ml2.plugin.SecurityGroupServerNotifierRpcMixin._notify_sg_on_port_change-3290741', 'neutron.plugins.ml2.ovo_rpc._ObjectChangeHandler.handle_event-4173116', 'neutron.api.rpc.agentnotifiers.dhcp_rpc_agent_api.DhcpAgentNotifyAPI._native_event_send_dhcp_notification-3714687', 'neutron.db.l3_dvrscheduler_db._notify_l3_agent_new_port-8767967677718'] for port (3b1e5002-abe9-413f-abb0-1af22ceebfc9), after_create {{(pid=104233) _notify_loop /usr/local/lib/python3.8/dist-packages/neutron_lib/callbacks/manager.py:176}}
