Apr 08 02:57:22.434873 dv-cinder-837051-1-smb devstack@c-api.service[94704]: INFO cinder.api.openstack.wsgi [None req-912d8089-d589-4e6c-a6fe-4c4aba46c0bf tempest-VolumeSnapshotQuotasNegativeTestJSON-578551775 tempest-VolumeSnapshotQuotasNegativeTestJSON-578551775-project] GET http://10.222.0.15/volume/v3/f1201c1c259f4ffe84c228e413d8abf3/volumes/6dfe395c-0470-43e7-a3e2-bcf4053e5e71
Apr 08 02:57:22.435360 dv-cinder-837051-1-smb devstack@c-api.service[94704]: DEBUG cinder.api.openstack.wsgi [None req-912d8089-d589-4e6c-a6fe-4c4aba46c0bf tempest-VolumeSnapshotQuotasNegativeTestJSON-578551775 tempest-VolumeSnapshotQuotasNegativeTestJSON-578551775-project] Empty body provided in request {{(pid=94704) get_body /opt/stack/cinder/cinder/api/openstack/wsgi.py:713}}
Apr 08 02:57:22.437075 dv-cinder-837051-1-smb devstack@c-api.service[94704]: /usr/local/lib/python3.8/dist-packages/webob/acceptparse.py:1047: DeprecationWarning: The behavior of AcceptValidHeader.best_match is currently being maintained for backward compatibility, but it will be deprecated in the future, as it does not conform to the RFC.
Apr 08 02:57:22.437075 dv-cinder-837051-1-smb devstack@c-api.service[94704]: warnings.warn(
Apr 08 02:57:22.437075 dv-cinder-837051-1-smb devstack@c-api.service[94704]: DEBUG cinder.api.openstack.wsgi [None req-912d8089-d589-4e6c-a6fe-4c4aba46c0bf tempest-VolumeSnapshotQuotasNegativeTestJSON-578551775 tempest-VolumeSnapshotQuotasNegativeTestJSON-578551775-project] Calling method 'show' {{(pid=94704) _process_stack /opt/stack/cinder/cinder/api/openstack/wsgi.py:866}}
Apr 08 02:57:22.468385 dv-cinder-837051-1-smb devstack@c-api.service[94703]: INFO cinder.api.openstack.wsgi [None req-f15345ec-a4ca-4366-ac41-b6879be1fe31 tempest-GroupSnapshotsTest-1002020084 tempest-GroupSnapshotsTest-1002020084-project-admin] http://10.222.0.15/volume/v3/7448c96987bf49af9df2e084056c1ec9/group_types/26c95083-814d-467b-8cdf-69f01d0fecca returned with HTTP 202
Apr 08 02:57:22.469157 dv-cinder-837051-1-smb devstack@c-api.service[94703]: [pid: 94703|app: 0|req: 145/295] 10.222.0.15 () {60 vars in 1380 bytes} [Fri Apr 8 02:57:22 2022] DELETE /volume/v3/7448c96987bf49af9df2e084056c1ec9/group_types/26c95083-814d-467b-8cdf-69f01d0fecca => generated 0 bytes in 147 msecs (HTTP/1.1 202) 6 headers in 234 bytes (1 switches on core 0)
Apr 08 02:57:22.487393 dv-cinder-837051-1-smb devstack@c-api.service[94703]: INFO cinder.api.openstack.wsgi [None req-74916503-b658-4e2c-a205-5827d71e8c39 tempest-GroupSnapshotsTest-1002020084 tempest-GroupSnapshotsTest-1002020084-project-admin] POST http://10.222.0.15/volume/v3/7448c96987bf49af9df2e084056c1ec9/types
Apr 08 02:57:22.488396 dv-cinder-837051-1-smb devstack@c-api.service[94703]: DEBUG cinder.api.openstack.wsgi [None req-74916503-b658-4e2c-a205-5827d71e8c39 tempest-GroupSnapshotsTest-1002020084 tempest-GroupSnapshotsTest-1002020084-project-admin] Action: 'create', calling method: _create, body: {"volume_type": {"name": "tempest-GroupSnapshotsTest-volume-type-1869096052"}} {{(pid=94703) _process_stack /opt/stack/cinder/cinder/api/openstack/wsgi.py:864}}
Apr 08 02:57:22.502927 dv-cinder-837051-1-smb devstack@c-api.service[94704]: /usr/local/lib/python3.8/dist-packages/oslo_context/context.py:105: DeprecationWarning: Policy enforcement is depending on the value of is_admin. This key is deprecated. Please update your policy file to use the standard policy values.
Apr 08 02:57:22.502927 dv-cinder-837051-1-smb devstack@c-api.service[94704]: warnings.warn('Policy enforcement is depending on the value of '
Apr 08 02:57:22.519231 dv-cinder-837051-1-smb devstack@c-api.service[94704]: INFO cinder.volume.api [None req-912d8089-d589-4e6c-a6fe-4c4aba46c0bf tempest-VolumeSnapshotQuotasNegativeTestJSON-578551775 tempest-VolumeSnapshotQuotasNegativeTestJSON-578551775-project] Volume info retrieved successfully.
Apr 08 02:57:22.533222 dv-cinder-837051-1-smb devstack@c-api.service[94704]: INFO cinder.api.openstack.wsgi [None req-912d8089-d589-4e6c-a6fe-4c4aba46c0bf tempest-VolumeSnapshotQuotasNegativeTestJSON-578551775 tempest-VolumeSnapshotQuotasNegativeTestJSON-578551775-project] http://10.222.0.15/volume/v3/f1201c1c259f4ffe84c228e413d8abf3/volumes/6dfe395c-0470-43e7-a3e2-bcf4053e5e71 returned with HTTP 200
Apr 08 02:57:22.542909 dv-cinder-837051-1-smb devstack@c-api.service[94704]: [pid: 94704|app: 0|req: 151/296] 10.222.0.15 () {58 vars in 1324 bytes} [Fri Apr 8 02:57:22 2022] GET /volume/v3/f1201c1c259f4ffe84c228e413d8abf3/volumes/6dfe395c-0470-43e7-a3e2-bcf4053e5e71 => generated 928 bytes in 103 msecs (HTTP/1.1 200) 7 headers in 285 bytes (1 switches on core 0)
Apr 08 02:57:22.611858 dv-cinder-837051-1-smb devstack@c-api.service[94703]: INFO cinder.api.openstack.wsgi [None req-74916503-b658-4e2c-a205-5827d71e8c39 tempest-GroupSnapshotsTest-1002020084 tempest-GroupSnapshotsTest-1002020084-project-admin] http://10.222.0.15/volume/v3/7448c96987bf49af9df2e084056c1ec9/types returned with HTTP 200
Apr 08 02:57:22.613863 dv-cinder-837051-1-smb devstack@c-api.service[94703]: [pid: 94703|app: 0|req: 146/297] 10.222.0.15 () {60 vars in 1228 bytes} [Fri Apr 8 02:57:22 2022] POST /volume/v3/7448c96987bf49af9df2e084056c1ec9/types => generated 224 bytes in 130 msecs (HTTP/1.1 200) 7 headers in 285 bytes (2 switches on core 0)
Apr 08 02:57:22.626409 dv-cinder-837051-1-smb devstack@c-api.service[94704]: INFO cinder.api.openstack.wsgi [None req-596e06ac-4025-4070-8f18-20ecf4ee4781 tempest-GroupSnapshotsTest-1002020084 tempest-GroupSnapshotsTest-1002020084-project-admin] POST http://10.222.0.15/volume/v3/7448c96987bf49af9df2e084056c1ec9/group_types
Apr 08 02:57:22.626409 dv-cinder-837051-1-smb devstack@c-api.service[94704]: /usr/local/lib/python3.8/dist-packages/webob/acceptparse.py:1047: DeprecationWarning: The behavior of AcceptValidHeader.best_match is currently being maintained for backward compatibility, but it will be deprecated in the future, as it does not conform to the RFC.
Apr 08 02:57:22.626409 dv-cinder-837051-1-smb devstack@c-api.service[94704]: warnings.warn(
Apr 08 02:57:22.626409 dv-cinder-837051-1-smb devstack@c-api.service[94704]: DEBUG cinder.api.openstack.wsgi [None req-596e06ac-4025-4070-8f18-20ecf4ee4781 tempest-GroupSnapshotsTest-1002020084 tempest-GroupSnapshotsTest-1002020084-project-admin] Action: 'create', calling method: version_select, body: {"group_type": {"name": "tempest-GroupSnapshotsTest-group-type-1407292680"}} {{(pid=94704) _process_stack /opt/stack/cinder/cinder/api/openstack/wsgi.py:864}}
Apr 08 02:57:22.743838 dv-cinder-837051-1-smb devstack@c-api.service[94704]: INFO cinder.api.openstack.wsgi [None req-596e06ac-4025-4070-8f18-20ecf4ee4781 tempest-GroupSnapshotsTest-1002020084 tempest-GroupSnapshotsTest-1002020084-project-admin] http://10.222.0.15/volume/v3/7448c96987bf49af9df2e084056c1ec9/group_types returned with HTTP 202
Apr 08 02:57:22.747212 dv-cinder-837051-1-smb devstack@c-api.service[94704]: [pid: 94704|app: 0|req: 152/298] 10.222.0.15 () {62 vars in 1287 bytes} [Fri Apr 8 02:57:22 2022] POST /volume/v3/7448c96987bf49af9df2e084056c1ec9/group_types => generated 181 bytes in 125 msecs (HTTP/1.1 202) 7 headers in 292 bytes (1 switches on core 0)
Apr 08 02:57:22.755084 dv-cinder-837051-1-smb devstack@c-api.service[94703]: INFO cinder.api.openstack.wsgi [None req-806cf1b5-d7e6-411a-a5fe-d7cc848e89fa tempest-GroupSnapshotsTest-1416475560 tempest-GroupSnapshotsTest-1416475560-project] POST http://10.222.0.15/volume/v3/d0700ba2e05c4e96860f14f9429196f3/groups
Apr 08 02:57:22.755839 dv-cinder-837051-1-smb devstack@c-api.service[94703]: DEBUG cinder.api.openstack.wsgi [None req-806cf1b5-d7e6-411a-a5fe-d7cc848e89fa tempest-GroupSnapshotsTest-1416475560 tempest-GroupSnapshotsTest-1416475560-project] Action: 'create', calling method: version_select, body: {"group": {"group_type": "a8311433-e376-4097-9ee6-d5b81d390bb0", "volume_types": ["d08e92b3-72d1-49a0-8f66-eca54ffac324"], "name": "tempest-GroupSnapshotsTest-Group-1390113483"}} {{(pid=94703) _process_stack /opt/stack/cinder/cinder/api/openstack/wsgi.py:864}}
Apr 08 02:57:22.756983 dv-cinder-837051-1-smb devstack@c-api.service[94703]: DEBUG cinder.api.v3.groups [None req-806cf1b5-d7e6-411a-a5fe-d7cc848e89fa tempest-GroupSnapshotsTest-1416475560 tempest-GroupSnapshotsTest-1416475560-project] Creating new group {'group': {'group_type': 'a8311433-e376-4097-9ee6-d5b81d390bb0', 'volume_types': ['d08e92b3-72d1-49a0-8f66-eca54ffac324'], 'name': 'tempest-GroupSnapshotsTest-Group-1390113483'}} {{(pid=94703) create /opt/stack/cinder/cinder/api/v3/groups.py:190}}
Apr 08 02:57:22.774087 dv-cinder-837051-1-smb devstack@c-api.service[94703]: INFO cinder.api.v3.groups [None req-806cf1b5-d7e6-411a-a5fe-d7cc848e89fa tempest-GroupSnapshotsTest-1416475560 tempest-GroupSnapshotsTest-1416475560-project] Creating group tempest-GroupSnapshotsTest-Group-1390113483.
Apr 08 02:57:22.805085 dv-cinder-837051-1-smb devstack@c-api.service[94703]: DEBUG cinder.volume.api [None req-806cf1b5-d7e6-411a-a5fe-d7cc848e89fa tempest-GroupSnapshotsTest-1416475560 tempest-GroupSnapshotsTest-1416475560-project] Availability zone cache updated, next update will occur around 2022-04-08 03:57:22.803929. {{(pid=94703) list_availability_zones /opt/stack/cinder/cinder/volume/api.py:147}}
Apr 08 02:57:22.805853 dv-cinder-837051-1-smb devstack@c-api.service[94703]: INFO cinder.volume.api [None req-806cf1b5-d7e6-411a-a5fe-d7cc848e89fa tempest-GroupSnapshotsTest-1416475560 tempest-GroupSnapshotsTest-1416475560-project] Availability Zones retrieved successfully.
Apr 08 02:57:22.926146 dv-cinder-837051-1-smb devstack@c-api.service[94703]: DEBUG cinder.quota [None req-806cf1b5-d7e6-411a-a5fe-d7cc848e89fa tempest-GroupSnapshotsTest-1416475560 tempest-GroupSnapshotsTest-1416475560-project] Created reservations ['dd2be3c3-84cb-4354-9fc8-411bc291a04d'] {{(pid=94703) reserve /opt/stack/cinder/cinder/quota.py:756}}
Apr 08 02:57:23.253404 dv-cinder-837051-1-smb devstack@c-api.service[94703]: INFO cinder.api.openstack.wsgi [None req-806cf1b5-d7e6-411a-a5fe-d7cc848e89fa tempest-GroupSnapshotsTest-1416475560 tempest-GroupSnapshotsTest-1416475560-project] http://10.222.0.15/volume/v3/d0700ba2e05c4e96860f14f9429196f3/groups returned with HTTP 202
Apr 08 02:57:23.259248 dv-cinder-837051-1-smb devstack@c-api.service[94703]: [pid: 94703|app: 0|req: 147/299] 10.222.0.15 () {62 vars in 1273 bytes} [Fri Apr 8 02:57:22 2022] POST /volume/v3/d0700ba2e05c4e96860f14f9429196f3/groups => generated 112 bytes in 504 msecs (HTTP/1.1 202) 7 headers in 292 bytes (1 switches on core 0)
Apr 08 02:57:23.264701 dv-cinder-837051-1-smb devstack@c-api.service[94704]: INFO cinder.api.openstack.wsgi [None req-f1320fe9-5867-46b0-bf73-f23a9e4ad373 tempest-GroupSnapshotsTest-1416475560 tempest-GroupSnapshotsTest-1416475560-project] GET http://10.222.0.15/volume/v3/d0700ba2e05c4e96860f14f9429196f3/groups/bcc29b0c-0295-43f3-b598-db91c43018e0
Apr 08 02:57:23.265204 dv-cinder-837051-1-smb devstack@c-api.service[94704]: DEBUG cinder.api.openstack.wsgi [None req-f1320fe9-5867-46b0-bf73-f23a9e4ad373 tempest-GroupSnapshotsTest-1416475560 tempest-GroupSnapshotsTest-1416475560-project] Empty body provided in request {{(pid=94704) get_body /opt/stack/cinder/cinder/api/openstack/wsgi.py:713}}
Apr 08 02:57:23.270580 dv-cinder-837051-1-smb devstack@c-api.service[94704]: DEBUG cinder.api.openstack.wsgi [None req-f1320fe9-5867-46b0-bf73-f23a9e4ad373 tempest-GroupSnapshotsTest-1416475560 tempest-GroupSnapshotsTest-1416475560-project] Calling method 'version_select' {{(pid=94704) _process_stack /opt/stack/cinder/cinder/api/openstack/wsgi.py:866}}
Apr 08 02:57:23.270580 dv-cinder-837051-1-smb devstack@c-api.service[94704]: DEBUG cinder.api.v3.groups [None req-f1320fe9-5867-46b0-bf73-f23a9e4ad373 tempest-GroupSnapshotsTest-1416475560 tempest-GroupSnapshotsTest-1416475560-project] show called for member bcc29b0c-0295-43f3-b598-db91c43018e0 {{(pid=94704) show /opt/stack/cinder/cinder/api/v3/groups.py:58}}
Apr 08 02:57:23.274304 dv-cinder-837051-1-smb devstack@c-api.service[94704]: /usr/local/lib/python3.8/dist-packages/oslo_context/context.py:105: DeprecationWarning: Policy enforcement is depending on the value of is_admin. This key is deprecated. Please update your policy file to use the standard policy values.
Apr 08 02:57:23.274304 dv-cinder-837051-1-smb devstack@c-api.service[94704]: warnings.warn('Policy enforcement is depending on the value of '
Apr 08 02:57:23.364070 dv-cinder-837051-1-smb devstack@c-api.service[94704]: INFO cinder.api.openstack.wsgi [None req-f1320fe9-5867-46b0-bf73-f23a9e4ad373 tempest-GroupSnapshotsTest-1416475560 tempest-GroupSnapshotsTest-1416475560-project] http://10.222.0.15/volume/v3/d0700ba2e05c4e96860f14f9429196f3/groups/bcc29b0c-0295-43f3-b598-db91c43018e0 returned with HTTP 200
Apr 08 02:57:23.364853 dv-cinder-837051-1-smb devstack@c-api.service[94704]: [pid: 94704|app: 0|req: 153/300] 10.222.0.15 () {60 vars in 1362 bytes} [Fri Apr 8 02:57:23 2022] GET /volume/v3/d0700ba2e05c4e96860f14f9429196f3/groups/bcc29b0c-0295-43f3-b598-db91c43018e0 => generated 392 bytes in 105 msecs (HTTP/1.1 200) 7 headers in 286 bytes (2 switches on core 0)
Apr 08 02:57:23.550402 dv-cinder-837051-1-smb devstack@c-api.service[94703]: INFO cinder.api.openstack.wsgi [None req-2b62af93-04b4-47da-88aa-9fa709c3da34 tempest-VolumeSnapshotQuotasNegativeTestJSON-578551775 tempest-VolumeSnapshotQuotasNegativeTestJSON-578551775-project] GET http://10.222.0.15/volume/v3/f1201c1c259f4ffe84c228e413d8abf3/volumes/6dfe395c-0470-43e7-a3e2-bcf4053e5e71
Apr 08 02:57:23.550862 dv-cinder-837051-1-smb devstack@c-api.service[94703]: DEBUG cinder.api.openstack.wsgi [None req-2b62af93-04b4-47da-88aa-9fa709c3da34 tempest-VolumeSnapshotQuotasNegativeTestJSON-578551775 tempest-VolumeSnapshotQuotasNegativeTestJSON-578551775-project] Empty body provided in request {{(pid=94703) get_body /opt/stack/cinder/cinder/api/openstack/wsgi.py:713}}
Apr 08 02:57:23.551040 dv-cinder-837051-1-smb devstack@c-api.service[94703]: /usr/local/lib/python3.8/dist-packages/webob/acceptparse.py:1047: DeprecationWarning: The behavior of AcceptValidHeader.best_match is currently being maintained for backward compatibility, but it will be deprecated in the future, as it does not conform to the RFC.
Apr 08 02:57:23.551040 dv-cinder-837051-1-smb devstack@c-api.service[94703]: warnings.warn(
Apr 08 02:57:23.551913 dv-cinder-837051-1-smb devstack@c-api.service[94703]: DEBUG cinder.api.openstack.wsgi [None req-2b62af93-04b4-47da-88aa-9fa709c3da34 tempest-VolumeSnapshotQuotasNegativeTestJSON-578551775 tempest-VolumeSnapshotQuotasNegativeTestJSON-578551775-project] Calling method 'show' {{(pid=94703) _process_stack /opt/stack/cinder/cinder/api/openstack/wsgi.py:866}}
Apr 08 02:57:23.624941 dv-cinder-837051-1-smb devstack@c-api.service[94703]: INFO cinder.api.openstack.wsgi [None req-2b62af93-04b4-47da-88aa-9fa709c3da34 tempest-VolumeSnapshotQuotasNegativeTestJSON-578551775 tempest-VolumeSnapshotQuotasNegativeTestJSON-578551775-project] http://10.222.0.15/volume/v3/f1201c1c259f4ffe84c228e413d8abf3/volumes/6dfe395c-0470-43e7-a3e2-bcf4053e5e71 returned with HTTP 404
Apr 08 02:57:23.629619 dv-cinder-837051-1-smb devstack@c-api.service[94703]: [pid: 94703|app: 0|req: 148/301] 10.222.0.15 () {58 vars in 1324 bytes} [Fri Apr 8 02:57:23 2022] GET /volume/v3/f1201c1c259f4ffe84c228e413d8abf3/volumes/6dfe395c-0470-43e7-a3e2-bcf4053e5e71 => generated 109 bytes in 80 msecs (HTTP/1.1 404) 7 headers in 292 bytes (1 switches on core 0)
Apr 08 02:57:23.637601 dv-cinder-837051-1-smb devstack@c-api.service[94704]: INFO cinder.api.openstack.wsgi [None req-944ce4b9-20ad-4451-b296-452f3f7b4065 tempest-VolumeSnapshotQuotasNegativeTestJSON-825439646 tempest-VolumeSnapshotQuotasNegativeTestJSON-825439646-project-admin] PUT http://10.222.0.15/volume/v3/816b50cb0e4d46bcbee09077efa398b3/os-quota-sets/f1201c1c259f4ffe84c228e413d8abf3
Apr 08 02:57:23.638404 dv-cinder-837051-1-smb devstack@c-api.service[94704]: /usr/local/lib/python3.8/dist-packages/webob/acceptparse.py:1047: DeprecationWarning: The behavior of AcceptValidHeader.best_match is currently being maintained for backward compatibility, but it will be deprecated in the future, as it does not conform to the RFC.
Apr 08 02:57:23.638404 dv-cinder-837051-1-smb devstack@c-api.service[94704]: warnings.warn(
Apr 08 02:57:23.638841 dv-cinder-837051-1-smb devstack@c-api.service[94704]: DEBUG cinder.api.openstack.wsgi [None req-944ce4b9-20ad-4451-b296-452f3f7b4065 tempest-VolumeSnapshotQuotasNegativeTestJSON-825439646 tempest-VolumeSnapshotQuotasNegativeTestJSON-825439646-project-admin] Action: 'update', calling method: update, body: {"quota_set": {"volumes": 10, "per_volume_gigabytes": -1, "snapshots": 10, "gigabytes": 1000, "backups": 10, "backup_gigabytes": 1000}} {{(pid=94704) _process_stack /opt/stack/cinder/cinder/api/openstack/wsgi.py:864}}
Apr 08 02:57:23.701827 dv-cinder-837051-1-smb devstack@c-api.service[94704]: /usr/local/lib/python3.8/dist-packages/oslo_context/context.py:105: DeprecationWarning: Policy enforcement is depending on the value of is_admin. This key is deprecated. Please update your policy file to use the standard policy values.
Apr 08 02:57:23.701827 dv-cinder-837051-1-smb devstack@c-api.service[94704]: warnings.warn('Policy enforcement is depending on the value of '
Apr 08 02:57:24.197780 dv-cinder-837051-1-smb devstack@c-api.service[94704]: WARNING cinder.quota [None req-944ce4b9-20ad-4451-b296-452f3f7b4065 tempest-VolumeSnapshotQuotasNegativeTestJSON-825439646 tempest-VolumeSnapshotQuotasNegativeTestJSON-825439646-project-admin] Deprecated: Default quota for resource: volumes_tempest-GroupSnapshotsTest-volume-type-1869096052 is set by the default quota flag: quota_volumes_tempest-GroupSnapshotsTest-volume-type-1869096052, it is now deprecated. Please use the default quota class for default quota.
Apr 08 02:57:24.199166 dv-cinder-837051-1-smb devstack@c-api.service[94704]: WARNING cinder.quota [None req-944ce4b9-20ad-4451-b296-452f3f7b4065 tempest-VolumeSnapshotQuotasNegativeTestJSON-825439646 tempest-VolumeSnapshotQuotasNegativeTestJSON-825439646-project-admin] Deprecated: Default quota for resource: gigabytes_tempest-GroupSnapshotsTest-volume-type-1869096052 is set by the default quota flag: quota_gigabytes_tempest-GroupSnapshotsTest-volume-type-1869096052, it is now deprecated. Please use the default quota class for default quota.
Apr 08 02:57:24.200647 dv-cinder-837051-1-smb devstack@c-api.service[94704]: WARNING cinder.quota [None req-944ce4b9-20ad-4451-b296-452f3f7b4065 tempest-VolumeSnapshotQuotasNegativeTestJSON-825439646 tempest-VolumeSnapshotQuotasNegativeTestJSON-825439646-project-admin] Deprecated: Default quota for resource: snapshots_tempest-GroupSnapshotsTest-volume-type-1869096052 is set by the default quota flag: quota_snapshots_tempest-GroupSnapshotsTest-volume-type-1869096052, it is now deprecated. Please use the default quota class for default quota.
Apr 08 02:57:24.234880 dv-cinder-837051-1-smb devstack@c-api.service[94704]: INFO cinder.api.openstack.wsgi [None req-944ce4b9-20ad-4451-b296-452f3f7b4065 tempest-VolumeSnapshotQuotasNegativeTestJSON-825439646 tempest-VolumeSnapshotQuotasNegativeTestJSON-825439646-project-admin] http://10.222.0.15/volume/v3/816b50cb0e4d46bcbee09077efa398b3/os-quota-sets/f1201c1c259f4ffe84c228e413d8abf3 returned with HTTP 200
Apr 08 02:57:24.236084 dv-cinder-837051-1-smb devstack@c-api.service[94704]: [pid: 94704|app: 0|req: 154/302] 10.222.0.15 () {60 vars in 1351 bytes} [Fri Apr 8 02:57:23 2022] PUT /volume/v3/816b50cb0e4d46bcbee09077efa398b3/os-quota-sets/f1201c1c259f4ffe84c228e413d8abf3 => generated 913 bytes in 605 msecs (HTTP/1.1 200) 7 headers in 285 bytes (1 switches on core 0)
Apr 08 02:57:24.310375 dv-cinder-837051-1-smb devstack@c-api.service[94703]: INFO cinder.api.openstack.wsgi [None req-8a9ffe37-5c26-41ba-8d39-3e2a68ae31e6 tempest-VolumesTransfersTest-2009375129 tempest-VolumesTransfersTest-2009375129-project] POST http://10.222.0.15/volume/v3/737d7bb72e7a4c3093fe76aed9d042d1/volumes
Apr 08 02:57:24.311235 dv-cinder-837051-1-smb devstack@c-api.service[94703]: DEBUG cinder.api.openstack.wsgi [None req-8a9ffe37-5c26-41ba-8d39-3e2a68ae31e6 tempest-VolumesTransfersTest-2009375129 tempest-VolumesTransfersTest-2009375129-project] Action: 'create', calling method: create, body: {"volume": {"size": 1, "name": "tempest-VolumesTransfersTest-Volume-387565943"}} {{(pid=94703) _process_stack /opt/stack/cinder/cinder/api/openstack/wsgi.py:864}}
Apr 08 02:57:24.314811 dv-cinder-837051-1-smb devstack@c-api.service[94703]: DEBUG cinder.api.v3.volumes [None req-8a9ffe37-5c26-41ba-8d39-3e2a68ae31e6 tempest-VolumesTransfersTest-2009375129 tempest-VolumesTransfersTest-2009375129-project] Create volume request body: {'volume': {'size': 1, 'name': 'tempest-VolumesTransfersTest-Volume-387565943'}} {{(pid=94703) create /opt/stack/cinder/cinder/api/v3/volumes.py:289}}
Apr 08 02:57:24.314811 dv-cinder-837051-1-smb devstack@c-api.service[94703]: INFO cinder.api.v3.volumes [None req-8a9ffe37-5c26-41ba-8d39-3e2a68ae31e6 tempest-VolumesTransfersTest-2009375129 tempest-VolumesTransfersTest-2009375129-project] Create volume of 1 GB
Apr 08 02:57:24.314811 dv-cinder-837051-1-smb devstack@c-api.service[94703]: /usr/local/lib/python3.8/dist-packages/oslo_context/context.py:105: DeprecationWarning: Policy enforcement is depending on the value of is_admin. This key is deprecated. Please update your policy file to use the standard policy values.
Apr 08 02:57:24.314811 dv-cinder-837051-1-smb devstack@c-api.service[94703]: warnings.warn('Policy enforcement is depending on the value of '
Apr 08 02:57:24.331760 dv-cinder-837051-1-smb devstack@c-api.service[94703]: INFO cinder.volume.api [None req-8a9ffe37-5c26-41ba-8d39-3e2a68ae31e6 tempest-VolumesTransfersTest-2009375129 tempest-VolumesTransfersTest-2009375129-project] Availability Zones retrieved successfully.
Apr 08 02:57:24.350390 dv-cinder-837051-1-smb devstack@c-api.service[94703]: DEBUG cinder.volume.api [None req-8a9ffe37-5c26-41ba-8d39-3e2a68ae31e6 tempest-VolumesTransfersTest-2009375129 tempest-VolumesTransfersTest-2009375129-project] Flow 'volume_create_api' (fd6a93b5-d214-4817-a657-83079d42cbdd) transitioned into state 'RUNNING' from state 'PENDING' {{(pid=94703) _flow_receiver /usr/local/lib/python3.8/dist-packages/taskflow/listeners/logging.py:141}}
Apr 08 02:57:24.355412 dv-cinder-837051-1-smb devstack@c-api.service[94703]: DEBUG cinder.volume.api [None req-8a9ffe37-5c26-41ba-8d39-3e2a68ae31e6 tempest-VolumesTransfersTest-2009375129 tempest-VolumesTransfersTest-2009375129-project] Task 'cinder.volume.flows.api.create_volume.ExtractVolumeRequestTask;volume:create' (cd78ea1d-fadf-461e-bf5a-379296ae83d7) transitioned into state 'RUNNING' from state 'PENDING' {{(pid=94703) _task_receiver /usr/local/lib/python3.8/dist-packages/taskflow/listeners/logging.py:190}}
Apr 08 02:57:24.357566 dv-cinder-837051-1-smb devstack@c-api.service[94703]: DEBUG cinder.volume.flows.api.create_volume [None req-8a9ffe37-5c26-41ba-8d39-3e2a68ae31e6 tempest-VolumesTransfersTest-2009375129 tempest-VolumesTransfersTest-2009375129-project] Validating volume size '1' using validate_int {{(pid=94703) _extract_size /opt/stack/cinder/cinder/volume/flows/api/create_volume.py:201}}
Apr 08 02:57:24.379485 dv-cinder-837051-1-smb devstack@c-api.service[94704]: INFO cinder.api.openstack.wsgi [None req-ff9bec57-1bc2-4223-9e71-c1b4af2b8941 tempest-GroupSnapshotsTest-1416475560 tempest-GroupSnapshotsTest-1416475560-project] GET http://10.222.0.15/volume/v3/d0700ba2e05c4e96860f14f9429196f3/groups/bcc29b0c-0295-43f3-b598-db91c43018e0
Apr 08 02:57:24.380080 dv-cinder-837051-1-smb devstack@c-api.service[94704]: DEBUG cinder.api.openstack.wsgi [None req-ff9bec57-1bc2-4223-9e71-c1b4af2b8941 tempest-GroupSnapshotsTest-1416475560 tempest-GroupSnapshotsTest-1416475560-project] Empty body provided in request {{(pid=94704) get_body /opt/stack/cinder/cinder/api/openstack/wsgi.py:713}}
Apr 08 02:57:24.380504 dv-cinder-837051-1-smb devstack@c-api.service[94704]: DEBUG cinder.api.openstack.wsgi [None req-ff9bec57-1bc2-4223-9e71-c1b4af2b8941 tempest-GroupSnapshotsTest-1416475560 tempest-GroupSnapshotsTest-1416475560-project] Calling method 'version_select' {{(pid=94704) _process_stack /opt/stack/cinder/cinder/api/openstack/wsgi.py:866}}
Apr 08 02:57:24.380858 dv-cinder-837051-1-smb devstack@c-api.service[94704]: DEBUG cinder.api.v3.groups [None req-ff9bec57-1bc2-4223-9e71-c1b4af2b8941 tempest-GroupSnapshotsTest-1416475560 tempest-GroupSnapshotsTest-1416475560-project] show called for member bcc29b0c-0295-43f3-b598-db91c43018e0 {{(pid=94704) show /opt/stack/cinder/cinder/api/v3/groups.py:58}}
Apr 08 02:57:24.393149 dv-cinder-837051-1-smb devstack@c-api.service[94704]: /usr/local/lib/python3.8/dist-packages/oslo_context/context.py:105: DeprecationWarning: Policy enforcement is depending on the value of is_admin. This key is deprecated. Please update your policy file to use the standard policy values.
Apr 08 02:57:24.393149 dv-cinder-837051-1-smb devstack@c-api.service[94704]: warnings.warn('Policy enforcement is depending on the value of '
Apr 08 02:57:24.421931 dv-cinder-837051-1-smb devstack@c-api.service[94704]: INFO cinder.api.openstack.wsgi [None req-ff9bec57-1bc2-4223-9e71-c1b4af2b8941 tempest-GroupSnapshotsTest-1416475560 tempest-GroupSnapshotsTest-1416475560-project] http://10.222.0.15/volume/v3/d0700ba2e05c4e96860f14f9429196f3/groups/bcc29b0c-0295-43f3-b598-db91c43018e0 returned with HTTP 200
Apr 08 02:57:24.423126 dv-cinder-837051-1-smb devstack@c-api.service[94704]: [pid: 94704|app: 0|req: 155/303] 10.222.0.15 () {60 vars in 1362 bytes} [Fri Apr 8 02:57:24 2022] GET /volume/v3/d0700ba2e05c4e96860f14f9429196f3/groups/bcc29b0c-0295-43f3-b598-db91c43018e0 => generated 393 bytes in 48 msecs (HTTP/1.1 200) 7 headers in 286 bytes (2 switches on core 0)
Apr 08 02:57:24.435003 dv-cinder-837051-1-smb devstack@c-api.service[94704]: INFO cinder.api.openstack.wsgi [None req-f8ef74a9-6847-4e78-99c6-17ec97514031 tempest-GroupSnapshotsTest-1416475560 tempest-GroupSnapshotsTest-1416475560-project] POST http://10.222.0.15/volume/v3/d0700ba2e05c4e96860f14f9429196f3/volumes
Apr 08 02:57:24.435817 dv-cinder-837051-1-smb devstack@c-api.service[94704]: /usr/local/lib/python3.8/dist-packages/webob/acceptparse.py:1047: DeprecationWarning: The behavior of AcceptValidHeader.best_match is currently being maintained for backward compatibility, but it will be deprecated in the future, as it does not conform to the RFC.
Apr 08 02:57:24.435817 dv-cinder-837051-1-smb devstack@c-api.service[94704]: warnings.warn(
Apr 08 02:57:24.436524 dv-cinder-837051-1-smb devstack@c-api.service[94704]: DEBUG cinder.api.openstack.wsgi [None req-f8ef74a9-6847-4e78-99c6-17ec97514031 tempest-GroupSnapshotsTest-1416475560 tempest-GroupSnapshotsTest-1416475560-project] Action: 'create', calling method: create, body: {"volume": {"volume_type": "d08e92b3-72d1-49a0-8f66-eca54ffac324", "group_id": "bcc29b0c-0295-43f3-b598-db91c43018e0", "size": 1, "name": "tempest-GroupSnapshotsTest-Volume-2071447010"}} {{(pid=94704) _process_stack /opt/stack/cinder/cinder/api/openstack/wsgi.py:864}}
Apr 08 02:57:24.438477 dv-cinder-837051-1-smb devstack@c-api.service[94704]: DEBUG cinder.api.v3.volumes [None req-f8ef74a9-6847-4e78-99c6-17ec97514031 tempest-GroupSnapshotsTest-1416475560 tempest-GroupSnapshotsTest-1416475560-project] Create volume request body: {'volume': {'volume_type': 'd08e92b3-72d1-49a0-8f66-eca54ffac324', 'group_id': 'bcc29b0c-0295-43f3-b598-db91c43018e0', 'size': 1, 'name': 'tempest-GroupSnapshotsTest-Volume-2071447010'}} {{(pid=94704) create /opt/stack/cinder/cinder/api/v3/volumes.py:289}}
Apr 08 02:57:24.454403 dv-cinder-837051-1-smb devstack@c-api.service[94703]: DEBUG cinder.volume.api [None req-8a9ffe37-5c26-41ba-8d39-3e2a68ae31e6 tempest-VolumesTransfersTest-2009375129 tempest-VolumesTransfersTest-2009375129-project] Task 'cinder.volume.flows.api.create_volume.ExtractVolumeRequestTask;volume:create' (cd78ea1d-fadf-461e-bf5a-379296ae83d7) transitioned into state 'SUCCESS' from state 'RUNNING' with result '{'size': 1, 'snapshot_id': None, 'source_volid': None, 'volume_type': VolumeType(created_at=2022-04-08T02:41:32Z,deleted=False,deleted_at=None,description='Default Volume Type',extra_specs={},id=f46fc983-5905-4da7-8b83-24d8c0964ed7,is_public=True,name='__DEFAULT__',projects=[],qos_specs=,qos_specs_id=None,updated_at=2022-04-08T02:41:32Z), 'volume_type_id': 'f46fc983-5905-4da7-8b83-24d8c0964ed7', 'encryption_key_id': None, 'qos_specs': None, 'consistencygroup_id': None, 'cgsnapshot_id': None, 'group_id': None, 'replication_status': 'disabled', 'refresh_az': False, 'backup_id': None, 'multiattach': False, 'availability_zones': ['nova']}' {{(pid=94703) _task_receiver /usr/local/lib/python3.8/dist-packages/taskflow/listeners/logging.py:178}}
Apr 08 02:57:24.463762 dv-cinder-837051-1-smb devstack@c-api.service[94704]: /usr/local/lib/python3.8/dist-packages/oslo_context/context.py:105: DeprecationWarning: Policy enforcement is depending on the value of is_admin. This key is deprecated. Please update your policy file to use the standard policy values.
Apr 08 02:57:24.463762 dv-cinder-837051-1-smb devstack@c-api.service[94704]: warnings.warn('Policy enforcement is depending on the value of '
Apr 08 02:57:24.463960 dv-cinder-837051-1-smb devstack@c-api.service[94703]: DEBUG cinder.volume.api [None req-8a9ffe37-5c26-41ba-8d39-3e2a68ae31e6 tempest-VolumesTransfersTest-2009375129 tempest-VolumesTransfersTest-2009375129-project] Task 'cinder.volume.flows.api.create_volume.QuotaReserveTask;volume:create' (dc1e062a-fb21-49b7-b2fa-3c79f40d68d1) transitioned into state 'RUNNING' from state 'PENDING' {{(pid=94703) _task_receiver /usr/local/lib/python3.8/dist-packages/taskflow/listeners/logging.py:190}}
Apr 08 02:57:24.464148 dv-cinder-837051-1-smb devstack@c-api.service[94704]: INFO cinder.api.v3.volumes [None req-f8ef74a9-6847-4e78-99c6-17ec97514031 tempest-GroupSnapshotsTest-1416475560 tempest-GroupSnapshotsTest-1416475560-project] Create volume of 1 GB
Apr 08 02:57:24.486244 dv-cinder-837051-1-smb devstack@c-api.service[94704]: INFO cinder.volume.api [None req-f8ef74a9-6847-4e78-99c6-17ec97514031 tempest-GroupSnapshotsTest-1416475560 tempest-GroupSnapshotsTest-1416475560-project] Availability Zones retrieved successfully.
Apr 08 02:57:24.514840 dv-cinder-837051-1-smb devstack@c-api.service[94704]: DEBUG cinder.volume.api [None req-f8ef74a9-6847-4e78-99c6-17ec97514031 tempest-GroupSnapshotsTest-1416475560 tempest-GroupSnapshotsTest-1416475560-project] Flow 'volume_create_api' (d45b4521-347b-40b6-9ca1-f5d711cb0bb3) transitioned into state 'RUNNING' from state 'PENDING' {{(pid=94704) _flow_receiver /usr/local/lib/python3.8/dist-packages/taskflow/listeners/logging.py:141}}
Apr 08 02:57:24.518379 dv-cinder-837051-1-smb devstack@c-api.service[94704]: DEBUG cinder.volume.api [None req-f8ef74a9-6847-4e78-99c6-17ec97514031 tempest-GroupSnapshotsTest-1416475560 tempest-GroupSnapshotsTest-1416475560-project] Task 'cinder.volume.flows.api.create_volume.ExtractVolumeRequestTask;volume:create' (3115e5f2-384e-4fcb-9180-e9ec7c6a07b8) transitioned into state 'RUNNING' from state 'PENDING' {{(pid=94704) _task_receiver /usr/local/lib/python3.8/dist-packages/taskflow/listeners/logging.py:190}}
Apr 08 02:57:24.524057 dv-cinder-837051-1-smb devstack@c-api.service[94704]: /usr/local/lib/python3.8/dist-packages/oslo_context/context.py:105: DeprecationWarning: Policy enforcement is depending on the value of is_admin. This key is deprecated. Please update your policy file to use the standard policy values.
Apr 08 02:57:24.524057 dv-cinder-837051-1-smb devstack@c-api.service[94704]: warnings.warn('Policy enforcement is depending on the value of '
Apr 08 02:57:24.524972 dv-cinder-837051-1-smb devstack@c-api.service[94704]: DEBUG cinder.volume.flows.api.create_volume [None req-f8ef74a9-6847-4e78-99c6-17ec97514031 tempest-GroupSnapshotsTest-1416475560 tempest-GroupSnapshotsTest-1416475560-project] Validating volume size '1' using validate_int {{(pid=94704) _extract_size /opt/stack/cinder/cinder/volume/flows/api/create_volume.py:201}}
Apr 08 02:57:24.602248 dv-cinder-837051-1-smb devstack@c-api.service[94704]: DEBUG cinder.volume.api [None req-f8ef74a9-6847-4e78-99c6-17ec97514031 tempest-GroupSnapshotsTest-1416475560 tempest-GroupSnapshotsTest-1416475560-project] Task 'cinder.volume.flows.api.create_volume.ExtractVolumeRequestTask;volume:create' (3115e5f2-384e-4fcb-9180-e9ec7c6a07b8) transitioned into state 'SUCCESS' from state 'RUNNING' with result '{'size': 1, 'snapshot_id': None, 'source_volid': None, 'volume_type': VolumeType(created_at=2022-04-08T02:57:23Z,deleted=False,deleted_at=None,description=None,extra_specs={},id=d08e92b3-72d1-49a0-8f66-eca54ffac324,is_public=True,name='tempest-GroupSnapshotsTest-volume-type-1869096052',projects=[],qos_specs=,qos_specs_id=None,updated_at=None), 'volume_type_id': 'd08e92b3-72d1-49a0-8f66-eca54ffac324', 'encryption_key_id': None, 'qos_specs': None, 'consistencygroup_id': None, 'cgsnapshot_id': None, 'group_id': 'bcc29b0c-0295-43f3-b598-db91c43018e0', 'replication_status': 'disabled', 'refresh_az': False, 'backup_id': None, 'multiattach': False, 'availability_zones': ['nova']}' {{(pid=94704) _task_receiver /usr/local/lib/python3.8/dist-packages/taskflow/listeners/logging.py:178}}
Apr 08 02:57:24.604928 dv-cinder-837051-1-smb devstack@c-api.service[94704]: DEBUG cinder.volume.api [None req-f8ef74a9-6847-4e78-99c6-17ec97514031 tempest-GroupSnapshotsTest-1416475560 tempest-GroupSnapshotsTest-1416475560-project] Task 'cinder.volume.flows.api.create_volume.QuotaReserveTask;volume:create' (759239c9-7aa3-4182-89e1-87fb9635cd5d) transitioned into state 'RUNNING' from state 'PENDING' {{(pid=94704) _task_receiver /usr/local/lib/python3.8/dist-packages/taskflow/listeners/logging.py:190}}
Apr 08 02:57:24.784722 dv-cinder-837051-1-smb devstack@c-api.service[94703]: DEBUG cinder.quota [None req-8a9ffe37-5c26-41ba-8d39-3e2a68ae31e6 tempest-VolumesTransfersTest-2009375129 tempest-VolumesTransfersTest-2009375129-project] Created reservations ['9a13d56b-26f1-4e18-baf1-5d0b156bb7f5', '9fc74e81-c457-4de0-a9b7-a66c083d990c', '3b002dd7-fbed-4100-9d62-6ac6ab372e80', '3d2846d5-769a-4a56-a21f-dd137a98456b'] {{(pid=94703) reserve /opt/stack/cinder/cinder/quota.py:756}}
Apr 08 02:57:24.787548 dv-cinder-837051-1-smb devstack@c-api.service[94703]: DEBUG cinder.volume.api [None req-8a9ffe37-5c26-41ba-8d39-3e2a68ae31e6 tempest-VolumesTransfersTest-2009375129 tempest-VolumesTransfersTest-2009375129-project] Task 'cinder.volume.flows.api.create_volume.QuotaReserveTask;volume:create' (dc1e062a-fb21-49b7-b2fa-3c79f40d68d1) transitioned into state 'SUCCESS' from state 'RUNNING' with result '{'reservations': ['9a13d56b-26f1-4e18-baf1-5d0b156bb7f5', '9fc74e81-c457-4de0-a9b7-a66c083d990c', '3b002dd7-fbed-4100-9d62-6ac6ab372e80', '3d2846d5-769a-4a56-a21f-dd137a98456b']}' {{(pid=94703) _task_receiver /usr/local/lib/python3.8/dist-packages/taskflow/listeners/logging.py:178}}
Apr 08 02:57:24.790749 dv-cinder-837051-1-smb devstack@c-api.service[94703]: DEBUG cinder.volume.api [None req-8a9ffe37-5c26-41ba-8d39-3e2a68ae31e6 tempest-VolumesTransfersTest-2009375129 tempest-VolumesTransfersTest-2009375129-project] Task 'cinder.volume.flows.api.create_volume.EntryCreateTask;volume:create' (63e1901e-968e-4a64-9587-c331319267f8) transitioned into state 'RUNNING' from state 'PENDING' {{(pid=94703) _task_receiver /usr/local/lib/python3.8/dist-packages/taskflow/listeners/logging.py:190}}
Apr 08 02:57:24.954358 dv-cinder-837051-1-smb devstack@c-api.service[94704]: DEBUG cinder.quota [None req-f8ef74a9-6847-4e78-99c6-17ec97514031 tempest-GroupSnapshotsTest-1416475560 tempest-GroupSnapshotsTest-1416475560-project] Created reservations ['b03e9606-b64f-4175-b424-6cee85f7ffb6', 'ffeea487-b852-4fac-9988-3c74e95ea81f', 'd6ec52c5-2b1b-4ee7-bab0-0d7005f12988', '3fae91ed-e2d3-4c98-aaf4-d489d2ef7f09'] {{(pid=94704) reserve /opt/stack/cinder/cinder/quota.py:756}}
Apr 08 02:57:24.957436 dv-cinder-837051-1-smb devstack@c-api.service[94704]: DEBUG cinder.volume.api [None req-f8ef74a9-6847-4e78-99c6-17ec97514031 tempest-GroupSnapshotsTest-1416475560 tempest-GroupSnapshotsTest-1416475560-project] Task 'cinder.volume.flows.api.create_volume.QuotaReserveTask;volume:create' (759239c9-7aa3-4182-89e1-87fb9635cd5d) transitioned into state 'SUCCESS' from state 'RUNNING' with result '{'reservations': ['b03e9606-b64f-4175-b424-6cee85f7ffb6', 'ffeea487-b852-4fac-9988-3c74e95ea81f', 'd6ec52c5-2b1b-4ee7-bab0-0d7005f12988', '3fae91ed-e2d3-4c98-aaf4-d489d2ef7f09']}' {{(pid=94704) _task_receiver /usr/local/lib/python3.8/dist-packages/taskflow/listeners/logging.py:178}}
Apr 08 02:57:24.958814 dv-cinder-837051-1-smb devstack@c-api.service[94703]: DEBUG cinder.volume.api [None req-8a9ffe37-5c26-41ba-8d39-3e2a68ae31e6 tempest-VolumesTransfersTest-2009375129 tempest-VolumesTransfersTest-2009375129-project] Task 'cinder.volume.flows.api.create_volume.EntryCreateTask;volume:create' (63e1901e-968e-4a64-9587-c331319267f8) transitioned into state 'SUCCESS' from state 'RUNNING' with result '{'volume_id': '48777bf4-d0b5-41be-baea-ab5de52e6f5e', 'volume_properties': VolumeProperties(attach_status='detached',availability_zone='nova',cgsnapshot_id=None,consistencygroup_id=None,display_description=None,display_name='tempest-VolumesTransfersTest-Volume-387565943',encryption_key_id=None,group_id=None,group_type_id=,metadata={},multiattach=False,project_id='737d7bb72e7a4c3093fe76aed9d042d1',qos_specs=None,replication_status=,reservations=['9a13d56b-26f1-4e18-baf1-5d0b156bb7f5','9fc74e81-c457-4de0-a9b7-a66c083d990c','3b002dd7-fbed-4100-9d62-6ac6ab372e80','3d2846d5-769a-4a56-a21f-dd137a98456b'],size=1,snapshot_id=None,source_replicaid=,source_volid=None,status='creating',user_id='cd709b556ef3493c9e69dbee5acfd301',volume_type_id=f46fc983-5905-4da7-8b83-24d8c0964ed7), 'volume': Volume(_name_id=None,admin_metadata=,attach_status='detached',availability_zone='nova',bootable=False,cluster=,cluster_name=None,consistencygroup=,consistencygroup_id=None,created_at=2022-04-08T02:57:24Z,deleted=False,deleted_at=None,display_description=None,display_name='tempest-VolumesTransfersTest-Volume-387565943',ec2_id=None,encryption_key_id=None,glance_metadata=,group=,group_id=None,host=None,id=48777bf4-d0b5-41be-baea-ab5de52e6f5e,launched_at=None,metadata={},migration_status=None,multiattach=False,previous_status=None,project_id='737d7bb72e7a4c3093fe76aed9d042d1',provider_auth=None,provider_geometry=None,provider_id=None,provider_location=None,replication_driver_data=None,replication_extended_status=None,replication_status=None,scheduled_at=None,service_uuid=None,shared_targets=True,size=1,snapshot_id=None,snapshots=,source_volid=None,status='creating',terminated_at=None,updated_at=None,user_id='cd709b556ef3493c9e69dbee5acfd301',volume_attachment=VolumeAttachmentList,volume_type=VolumeType(f46fc983-5905-4da7-8b83-24d8c0964ed7),volume_type_id=f46fc983-5905-4da7-8b83-24d8c0964ed7)}' {{(pid=94703) _task_receiver /usr/local/lib/python3.8/dist-packages/taskflow/listeners/logging.py:178}}
Apr 08 02:57:24.966629 dv-cinder-837051-1-smb devstack@c-api.service[94704]: DEBUG cinder.volume.api [None req-f8ef74a9-6847-4e78-99c6-17ec97514031 tempest-GroupSnapshotsTest-1416475560 tempest-GroupSnapshotsTest-1416475560-project] Task 'cinder.volume.flows.api.create_volume.EntryCreateTask;volume:create' (579ca353-6aed-491a-9b71-0d822791ca25) transitioned into state 'RUNNING' from state 'PENDING' {{(pid=94704) _task_receiver /usr/local/lib/python3.8/dist-packages/taskflow/listeners/logging.py:190}}
Apr 08 02:57:24.966780 dv-cinder-837051-1-smb devstack@c-api.service[94703]: DEBUG cinder.volume.api [None req-8a9ffe37-5c26-41ba-8d39-3e2a68ae31e6 tempest-VolumesTransfersTest-2009375129 tempest-VolumesTransfersTest-2009375129-project] Task 'cinder.volume.flows.api.create_volume.QuotaCommitTask;volume:create' (578ec911-268a-4840-889c-23ea494d2cf9) transitioned into state 'RUNNING' from state 'PENDING' {{(pid=94703) _task_receiver /usr/local/lib/python3.8/dist-packages/taskflow/listeners/logging.py:190}}
Apr 08 02:57:25.047275 dv-cinder-837051-1-smb devstack@c-api.service[94703]: DEBUG cinder.volume.api [None req-8a9ffe37-5c26-41ba-8d39-3e2a68ae31e6 tempest-VolumesTransfersTest-2009375129 tempest-VolumesTransfersTest-2009375129-project] Task 'cinder.volume.flows.api.create_volume.QuotaCommitTask;volume:create' (578ec911-268a-4840-889c-23ea494d2cf9) transitioned into state 'SUCCESS' from state 'RUNNING' with result '{'volume_properties': VolumeProperties(attach_status='detached',availability_zone='nova',cgsnapshot_id=None,consistencygroup_id=None,display_description=None,display_name='tempest-VolumesTransfersTest-Volume-387565943',encryption_key_id=None,group_id=None,group_type_id=,metadata={},multiattach=False,project_id='737d7bb72e7a4c3093fe76aed9d042d1',qos_specs=None,replication_status=,reservations=['9a13d56b-26f1-4e18-baf1-5d0b156bb7f5','9fc74e81-c457-4de0-a9b7-a66c083d990c','3b002dd7-fbed-4100-9d62-6ac6ab372e80','3d2846d5-769a-4a56-a21f-dd137a98456b'],size=1,snapshot_id=None,source_replicaid=,source_volid=None,status='creating',user_id='cd709b556ef3493c9e69dbee5acfd301',volume_type_id=f46fc983-5905-4da7-8b83-24d8c0964ed7)}' {{(pid=94703) _task_receiver /usr/local/lib/python3.8/dist-packages/taskflow/listeners/logging.py:178}}
Apr 08 02:57:25.049629 dv-cinder-837051-1-smb devstack@c-api.service[94703]: DEBUG cinder.volume.api [None req-8a9ffe37-5c26-41ba-8d39-3e2a68ae31e6 tempest-VolumesTransfersTest-2009375129 tempest-VolumesTransfersTest-2009375129-project] Task 'cinder.volume.flows.api.create_volume.VolumeCastTask;volume:create' (653f6be3-a471-4256-9cbb-9886bdd5cb15) transitioned into state 'RUNNING' from state 'PENDING' {{(pid=94703) _task_receiver /usr/local/lib/python3.8/dist-packages/taskflow/listeners/logging.py:190}}
Apr 08 02:57:25.089237 dv-cinder-837051-1-smb devstack@c-api.service[94704]: DEBUG cinder.volume.api [None req-f8ef74a9-6847-4e78-99c6-17ec97514031 tempest-GroupSnapshotsTest-1416475560 tempest-GroupSnapshotsTest-1416475560-project] Task 'cinder.volume.flows.api.create_volume.EntryCreateTask;volume:create' (579ca353-6aed-491a-9b71-0d822791ca25) transitioned into state 'SUCCESS' from state 'RUNNING' with result '{'volume_id': '634d506c-ee62-47a6-9464-8c5e6e36b7e7', 'volume_properties': VolumeProperties(attach_status='detached',availability_zone='nova',cgsnapshot_id=None,consistencygroup_id=None,display_description=None,display_name='tempest-GroupSnapshotsTest-Volume-2071447010',encryption_key_id=None,group_id=bcc29b0c-0295-43f3-b598-db91c43018e0,group_type_id=,metadata={},multiattach=False,project_id='d0700ba2e05c4e96860f14f9429196f3',qos_specs=None,replication_status=,reservations=['b03e9606-b64f-4175-b424-6cee85f7ffb6','ffeea487-b852-4fac-9988-3c74e95ea81f','d6ec52c5-2b1b-4ee7-bab0-0d7005f12988','3fae91ed-e2d3-4c98-aaf4-d489d2ef7f09'],size=1,snapshot_id=None,source_replicaid=,source_volid=None,status='creating',user_id='95d2f997bcf741c09abc4d86806c578f',volume_type_id=d08e92b3-72d1-49a0-8f66-eca54ffac324), 'volume': Volume(_name_id=None,admin_metadata=,attach_status='detached',availability_zone='nova',bootable=False,cluster=,cluster_name=None,consistencygroup=,consistencygroup_id=None,created_at=2022-04-08T02:57:24Z,deleted=False,deleted_at=None,display_description=None,display_name='tempest-GroupSnapshotsTest-Volume-2071447010',ec2_id=None,encryption_key_id=None,glance_metadata=,group=,group_id=bcc29b0c-0295-43f3-b598-db91c43018e0,host=None,id=634d506c-ee62-47a6-9464-8c5e6e36b7e7,launched_at=None,metadata={},migration_status=None,multiattach=False,previous_status=None,project_id='d0700ba2e05c4e96860f14f9429196f3',provider_auth=None,provider_geometry=None,provider_id=None,provider_location=None,replication_driver_data=None,replication_extended_status=None,replication_status=None,scheduled_at=None,service_uuid=None,shared_targets=True,size=1,snapshot_id=None,snapshots=,source_volid=None,status='creating',terminated_at=None,updated_at=None,user_id='95d2f997bcf741c09abc4d86806c578f',volume_attachment=VolumeAttachmentList,volume_type=VolumeType(d08e92b3-72d1-49a0-8f66-eca54ffac324),volume_type_id=d08e92b3-72d1-49a0-8f66-eca54ffac324)}' {{(pid=94704) _task_receiver /usr/local/lib/python3.8/dist-packages/taskflow/listeners/logging.py:178}}
Apr 08 02:57:25.091221 dv-cinder-837051-1-smb devstack@c-api.service[94704]: DEBUG cinder.volume.api [None req-f8ef74a9-6847-4e78-99c6-17ec97514031 tempest-GroupSnapshotsTest-1416475560 tempest-GroupSnapshotsTest-1416475560-project] Task 'cinder.volume.flows.api.create_volume.QuotaCommitTask;volume:create' (93be7a84-0ac0-45ee-b9fe-357aa9af0825) transitioned into state 'RUNNING' from state 'PENDING' {{(pid=94704) _task_receiver /usr/local/lib/python3.8/dist-packages/taskflow/listeners/logging.py:190}}
Apr 08 02:57:25.129971 dv-cinder-837051-1-smb devstack@c-api.service[94703]: DEBUG cinder.volume.api [None req-8a9ffe37-5c26-41ba-8d39-3e2a68ae31e6 tempest-VolumesTransfersTest-2009375129 tempest-VolumesTransfersTest-2009375129-project] Task 'cinder.volume.flows.api.create_volume.VolumeCastTask;volume:create' (653f6be3-a471-4256-9cbb-9886bdd5cb15) transitioned into state 'SUCCESS' from state 'RUNNING' with result 'None' {{(pid=94703) _task_receiver /usr/local/lib/python3.8/dist-packages/taskflow/listeners/logging.py:178}}
Apr 08 02:57:25.133376 dv-cinder-837051-1-smb devstack@c-api.service[94703]: DEBUG cinder.volume.api [None req-8a9ffe37-5c26-41ba-8d39-3e2a68ae31e6 tempest-VolumesTransfersTest-2009375129 tempest-VolumesTransfersTest-2009375129-project] Flow 'volume_create_api' (fd6a93b5-d214-4817-a657-83079d42cbdd) transitioned into state 'SUCCESS' from state 'RUNNING' {{(pid=94703) _flow_receiver /usr/local/lib/python3.8/dist-packages/taskflow/listeners/logging.py:141}}
Apr 08 02:57:25.134374 dv-cinder-837051-1-smb devstack@c-api.service[94703]: INFO cinder.volume.api [None req-8a9ffe37-5c26-41ba-8d39-3e2a68ae31e6 tempest-VolumesTransfersTest-2009375129 tempest-VolumesTransfersTest-2009375129-project] Create volume request issued successfully.
Apr 08 02:57:25.135594 dv-cinder-837051-1-smb devstack@c-api.service[94703]: INFO cinder.api.openstack.wsgi [None req-8a9ffe37-5c26-41ba-8d39-3e2a68ae31e6 tempest-VolumesTransfersTest-2009375129 tempest-VolumesTransfersTest-2009375129-project] http://10.222.0.15/volume/v3/737d7bb72e7a4c3093fe76aed9d042d1/volumes returned with HTTP 202
Apr 08 02:57:25.137022 dv-cinder-837051-1-smb devstack@c-api.service[94703]: [pid: 94703|app: 0|req: 149/304] 10.222.0.15 () {60 vars in 1234 bytes} [Fri Apr 8 02:57:24 2022] POST /volume/v3/737d7bb72e7a4c3093fe76aed9d042d1/volumes => generated 819 bytes in 1076 msecs (HTTP/1.1 202) 7 headers in 291 bytes (1 switches on core 0)
Apr 08 02:57:25.158875 dv-cinder-837051-1-smb devstack@c-api.service[94703]: INFO cinder.api.openstack.wsgi [None req-8cfd7a3c-08d4-4b7c-90da-574f585b2353 tempest-VolumesTransfersTest-2009375129 tempest-VolumesTransfersTest-2009375129-project] GET http://10.222.0.15/volume/v3/737d7bb72e7a4c3093fe76aed9d042d1/volumes/48777bf4-d0b5-41be-baea-ab5de52e6f5e
Apr 08 02:57:25.159395 dv-cinder-837051-1-smb devstack@c-api.service[94703]: DEBUG cinder.api.openstack.wsgi [None req-8cfd7a3c-08d4-4b7c-90da-574f585b2353 tempest-VolumesTransfersTest-2009375129 tempest-VolumesTransfersTest-2009375129-project] Empty body provided in request {{(pid=94703) get_body /opt/stack/cinder/cinder/api/openstack/wsgi.py:713}}
Apr 08 02:57:25.159577 dv-cinder-837051-1-smb devstack@c-api.service[94703]: /usr/local/lib/python3.8/dist-packages/webob/acceptparse.py:1047: DeprecationWarning: The behavior of AcceptValidHeader.best_match is currently being maintained for backward compatibility, but it will be deprecated in the future, as it does not conform to the RFC.
Apr 08 02:57:25.159577 dv-cinder-837051-1-smb devstack@c-api.service[94703]: warnings.warn(
Apr 08 02:57:25.159902 dv-cinder-837051-1-smb devstack@c-api.service[94703]: DEBUG cinder.api.openstack.wsgi [None req-8cfd7a3c-08d4-4b7c-90da-574f585b2353 tempest-VolumesTransfersTest-2009375129 tempest-VolumesTransfersTest-2009375129-project] Calling method 'show' {{(pid=94703) _process_stack /opt/stack/cinder/cinder/api/openstack/wsgi.py:866}}
Apr 08 02:57:25.211698 dv-cinder-837051-1-smb devstack@c-api.service[94704]: DEBUG cinder.volume.api [None req-f8ef74a9-6847-4e78-99c6-17ec97514031 tempest-GroupSnapshotsTest-1416475560 tempest-GroupSnapshotsTest-1416475560-project] Task 'cinder.volume.flows.api.create_volume.QuotaCommitTask;volume:create' (93be7a84-0ac0-45ee-b9fe-357aa9af0825) transitioned into state 'SUCCESS' from state 'RUNNING' with result '{'volume_properties': VolumeProperties(attach_status='detached',availability_zone='nova',cgsnapshot_id=None,consistencygroup_id=None,display_description=None,display_name='tempest-GroupSnapshotsTest-Volume-2071447010',encryption_key_id=None,group_id=bcc29b0c-0295-43f3-b598-db91c43018e0,group_type_id=,metadata={},multiattach=False,project_id='d0700ba2e05c4e96860f14f9429196f3',qos_specs=None,replication_status=,reservations=['b03e9606-b64f-4175-b424-6cee85f7ffb6','ffeea487-b852-4fac-9988-3c74e95ea81f','d6ec52c5-2b1b-4ee7-bab0-0d7005f12988','3fae91ed-e2d3-4c98-aaf4-d489d2ef7f09'],size=1,snapshot_id=None,source_replicaid=,source_volid=None,status='creating',user_id='95d2f997bcf741c09abc4d86806c578f',volume_type_id=d08e92b3-72d1-49a0-8f66-eca54ffac324)}' {{(pid=94704) _task_receiver /usr/local/lib/python3.8/dist-packages/taskflow/listeners/logging.py:178}}
