Jul 12 14:32:57.184131 dv-cinder-836996-39-iscsi devstack@c-api.service[111123]: DEBUG cinder.api.openstack.wsgi [None req-6638fe1b-8860-45a8-89fc-3e18eb4930c1 tempest-VolumesListAdminTestJSON-122847434 tempest-VolumesListAdminTestJSON-122847434-project] Empty body provided in request {{(pid=111123) get_body /opt/stack/cinder/cinder/api/openstack/wsgi.py:715}}
Jul 12 14:32:57.184550 dv-cinder-836996-39-iscsi devstack@c-api.service[111123]: DEBUG cinder.api.openstack.wsgi [None req-6638fe1b-8860-45a8-89fc-3e18eb4930c1 tempest-VolumesListAdminTestJSON-122847434 tempest-VolumesListAdminTestJSON-122847434-project] Calling method 'show' {{(pid=111123) _process_stack /opt/stack/cinder/cinder/api/openstack/wsgi.py:868}}
Jul 12 14:32:57.209058 dv-cinder-836996-39-iscsi devstack@c-api.service[111123]: INFO cinder.api.openstack.wsgi [None req-6638fe1b-8860-45a8-89fc-3e18eb4930c1 tempest-VolumesListAdminTestJSON-122847434 tempest-VolumesListAdminTestJSON-122847434-project] http://10.222.0.25/volume/v3/edf4b030a96b4180bcd628ebe6aeb966/volumes/7b9cd133-8866-4a08-a630-91fb825b1a23 returned with HTTP 404
Jul 12 14:32:57.213448 dv-cinder-836996-39-iscsi devstack@c-api.service[111123]: [pid: 111123|app: 0|req: 112/207] 10.222.0.25 () {58 vars in 1324 bytes} [Tue Jul 12 14:32:57 2022] GET /volume/v3/edf4b030a96b4180bcd628ebe6aeb966/volumes/7b9cd133-8866-4a08-a630-91fb825b1a23 => generated 109 bytes in 36 msecs (HTTP/1.1 404) 7 headers in 292 bytes (1 switches on core 0)
Jul 12 14:32:57.216495 dv-cinder-836996-39-iscsi devstack@c-api.service[111123]: DEBUG cinder.api.middleware.request_id [None req-7b9f7704-7064-4e26-9435-c63fe8ef3042 None None] RequestId filter calling following filter/app {{(pid=111123) _context_setter /opt/stack/cinder/cinder/api/middleware/request_id.py:62}}
Jul 12 14:32:57.228376 dv-cinder-836996-39-iscsi devstack@c-api.service[111123]: INFO cinder.api.openstack.wsgi [None req-7b9f7704-7064-4e26-9435-c63fe8ef3042 tempest-VolumesListAdminTestJSON-122847434 tempest-VolumesListAdminTestJSON-122847434-project] DELETE http://10.222.0.25/volume/v3/edf4b030a96b4180bcd628ebe6aeb966/volumes/ea08aad2-e8e7-4ee4-9a9e-6ca566a1cf7e
Jul 12 14:32:57.228832 dv-cinder-836996-39-iscsi devstack@c-api.service[111123]: DEBUG cinder.api.openstack.wsgi [None req-7b9f7704-7064-4e26-9435-c63fe8ef3042 tempest-VolumesListAdminTestJSON-122847434 tempest-VolumesListAdminTestJSON-122847434-project] Empty body provided in request {{(pid=111123) get_body /opt/stack/cinder/cinder/api/openstack/wsgi.py:715}}
Jul 12 14:32:57.229284 dv-cinder-836996-39-iscsi devstack@c-api.service[111123]: DEBUG cinder.api.openstack.wsgi [None req-7b9f7704-7064-4e26-9435-c63fe8ef3042 tempest-VolumesListAdminTestJSON-122847434 tempest-VolumesListAdminTestJSON-122847434-project] Calling method 'delete' {{(pid=111123) _process_stack /opt/stack/cinder/cinder/api/openstack/wsgi.py:868}}
Jul 12 14:32:57.229733 dv-cinder-836996-39-iscsi devstack@c-api.service[111123]: INFO cinder.api.v3.volumes [None req-7b9f7704-7064-4e26-9435-c63fe8ef3042 tempest-VolumesListAdminTestJSON-122847434 tempest-VolumesListAdminTestJSON-122847434-project] Delete volume with id: ea08aad2-e8e7-4ee4-9a9e-6ca566a1cf7e
Jul 12 14:32:57.251474 dv-cinder-836996-39-iscsi devstack@c-api.service[111123]: /usr/local/lib/python3.8/dist-packages/oslo_context/context.py:100: DeprecationWarning: Policy enforcement is depending on the value of is_admin. This key is deprecated. Please update your policy file to use the standard policy values.
Jul 12 14:32:57.251474 dv-cinder-836996-39-iscsi devstack@c-api.service[111123]: warnings.warn('Policy enforcement is depending on the value of '
Jul 12 14:32:57.252514 dv-cinder-836996-39-iscsi devstack@c-api.service[111123]: INFO cinder.volume.api [None req-7b9f7704-7064-4e26-9435-c63fe8ef3042 tempest-VolumesListAdminTestJSON-122847434 tempest-VolumesListAdminTestJSON-122847434-project] Volume info retrieved successfully.
Jul 12 14:32:57.284471 dv-cinder-836996-39-iscsi devstack@c-api.service[111124]: INFO cinder.api.openstack.wsgi [None req-37a3dbea-5596-4631-9c86-8dfd844fc818 tempest-VolumesServicesTestJSON-1290128225 tempest-VolumesServicesTestJSON-1290128225-project-admin] GET http://10.222.0.25/volume/v3/2ddcad57c19049178d00e9aee13a97f6/os-services
Jul 12 14:32:57.284657 dv-cinder-836996-39-iscsi devstack@c-api.service[111124]: DEBUG cinder.api.openstack.wsgi [None req-37a3dbea-5596-4631-9c86-8dfd844fc818 tempest-VolumesServicesTestJSON-1290128225 tempest-VolumesServicesTestJSON-1290128225-project-admin] Empty body provided in request {{(pid=111124) get_body /opt/stack/cinder/cinder/api/openstack/wsgi.py:715}}
Jul 12 14:32:57.285003 dv-cinder-836996-39-iscsi devstack@c-api.service[111124]: DEBUG cinder.api.openstack.wsgi [None req-37a3dbea-5596-4631-9c86-8dfd844fc818 tempest-VolumesServicesTestJSON-1290128225 tempest-VolumesServicesTestJSON-1290128225-project-admin] Calling method 'index' {{(pid=111124) _process_stack /opt/stack/cinder/cinder/api/openstack/wsgi.py:868}}
Jul 12 14:32:57.285682 dv-cinder-836996-39-iscsi devstack@c-api.service[111124]: /usr/local/lib/python3.8/dist-packages/oslo_context/context.py:100: DeprecationWarning: Policy enforcement is depending on the value of is_admin. This key is deprecated. Please update your policy file to use the standard policy values.
Jul 12 14:32:57.285682 dv-cinder-836996-39-iscsi devstack@c-api.service[111124]: warnings.warn('Policy enforcement is depending on the value of '
Jul 12 14:32:57.297942 dv-cinder-836996-39-iscsi devstack@c-api.service[111124]: INFO cinder.api.openstack.wsgi [None req-37a3dbea-5596-4631-9c86-8dfd844fc818 tempest-VolumesServicesTestJSON-1290128225 tempest-VolumesServicesTestJSON-1290128225-project-admin] http://10.222.0.25/volume/v3/2ddcad57c19049178d00e9aee13a97f6/os-services returned with HTTP 200
Jul 12 14:32:57.301450 dv-cinder-836996-39-iscsi devstack@c-api.service[111124]: [pid: 111124|app: 0|req: 96/208] 10.222.0.25 () {58 vars in 1225 bytes} [Tue Jul 12 14:32:57 2022] GET /volume/v3/2ddcad57c19049178d00e9aee13a97f6/os-services => generated 643 bytes in 249 msecs (HTTP/1.1 200) 7 headers in 285 bytes (1 switches on core 0)
Jul 12 14:32:57.310930 dv-cinder-836996-39-iscsi devstack@c-api.service[111124]: DEBUG cinder.api.middleware.request_id [None req-0fd4dcd9-f196-4e01-b304-bdfaf663eefb None None] RequestId filter calling following filter/app {{(pid=111124) _context_setter /opt/stack/cinder/cinder/api/middleware/request_id.py:62}}
Jul 12 14:32:57.330714 dv-cinder-836996-39-iscsi devstack@c-api.service[111124]: INFO cinder.api.openstack.wsgi [None req-0fd4dcd9-f196-4e01-b304-bdfaf663eefb tempest-VolumesServicesTestJSON-1290128225 tempest-VolumesServicesTestJSON-1290128225-project-admin] GET http://10.222.0.25/volume/v3/2ddcad57c19049178d00e9aee13a97f6/os-services?host=dv-cinder-836996-39-iscsi
Jul 12 14:32:57.331601 dv-cinder-836996-39-iscsi devstack@c-api.service[111124]: DEBUG cinder.api.openstack.wsgi [None req-0fd4dcd9-f196-4e01-b304-bdfaf663eefb tempest-VolumesServicesTestJSON-1290128225 tempest-VolumesServicesTestJSON-1290128225-project-admin] Empty body provided in request {{(pid=111124) get_body /opt/stack/cinder/cinder/api/openstack/wsgi.py:715}}
Jul 12 14:32:57.334005 dv-cinder-836996-39-iscsi devstack@c-api.service[111124]: DEBUG cinder.api.openstack.wsgi [None req-0fd4dcd9-f196-4e01-b304-bdfaf663eefb tempest-VolumesServicesTestJSON-1290128225 tempest-VolumesServicesTestJSON-1290128225-project-admin] Calling method 'index' {{(pid=111124) _process_stack /opt/stack/cinder/cinder/api/openstack/wsgi.py:868}}
Jul 12 14:32:57.339094 dv-cinder-836996-39-iscsi devstack@c-api.service[111123]: INFO cinder.volume.api [None req-7b9f7704-7064-4e26-9435-c63fe8ef3042 tempest-VolumesListAdminTestJSON-122847434 tempest-VolumesListAdminTestJSON-122847434-project] Delete volume request issued successfully.
Jul 12 14:32:57.339540 dv-cinder-836996-39-iscsi devstack@c-api.service[111123]: INFO cinder.api.openstack.wsgi [None req-7b9f7704-7064-4e26-9435-c63fe8ef3042 tempest-VolumesListAdminTestJSON-122847434 tempest-VolumesListAdminTestJSON-122847434-project] http://10.222.0.25/volume/v3/edf4b030a96b4180bcd628ebe6aeb966/volumes/ea08aad2-e8e7-4ee4-9a9e-6ca566a1cf7e returned with HTTP 202
Jul 12 14:32:57.344898 dv-cinder-836996-39-iscsi devstack@c-api.service[111123]: [pid: 111123|app: 0|req: 113/209] 10.222.0.25 () {58 vars in 1327 bytes} [Tue Jul 12 14:32:57 2022] DELETE /volume/v3/edf4b030a96b4180bcd628ebe6aeb966/volumes/ea08aad2-e8e7-4ee4-9a9e-6ca566a1cf7e => generated 0 bytes in 130 msecs (HTTP/1.1 202) 6 headers in 233 bytes (1 switches on core 0)
Jul 12 14:32:57.358091 dv-cinder-836996-39-iscsi devstack@c-api.service[111123]: DEBUG cinder.api.middleware.request_id [None req-bb41b74c-f97f-43b5-bc9a-f762efadcf6f None None] RequestId filter calling following filter/app {{(pid=111123) _context_setter /opt/stack/cinder/cinder/api/middleware/request_id.py:62}}
Jul 12 14:32:57.366843 dv-cinder-836996-39-iscsi devstack@c-api.service[111123]: INFO cinder.api.openstack.wsgi [None req-bb41b74c-f97f-43b5-bc9a-f762efadcf6f tempest-VolumesListAdminTestJSON-122847434 tempest-VolumesListAdminTestJSON-122847434-project] GET http://10.222.0.25/volume/v3/edf4b030a96b4180bcd628ebe6aeb966/volumes/ea08aad2-e8e7-4ee4-9a9e-6ca566a1cf7e
Jul 12 14:32:57.367389 dv-cinder-836996-39-iscsi devstack@c-api.service[111123]: DEBUG cinder.api.openstack.wsgi [None req-bb41b74c-f97f-43b5-bc9a-f762efadcf6f tempest-VolumesListAdminTestJSON-122847434 tempest-VolumesListAdminTestJSON-122847434-project] Empty body provided in request {{(pid=111123) get_body /opt/stack/cinder/cinder/api/openstack/wsgi.py:715}}
Jul 12 14:32:57.368792 dv-cinder-836996-39-iscsi devstack@c-api.service[111123]: DEBUG cinder.api.openstack.wsgi [None req-bb41b74c-f97f-43b5-bc9a-f762efadcf6f tempest-VolumesListAdminTestJSON-122847434 tempest-VolumesListAdminTestJSON-122847434-project] Calling method 'show' {{(pid=111123) _process_stack /opt/stack/cinder/cinder/api/openstack/wsgi.py:868}}
Jul 12 14:32:57.373353 dv-cinder-836996-39-iscsi devstack@c-api.service[111124]: INFO cinder.api.openstack.wsgi [None req-0fd4dcd9-f196-4e01-b304-bdfaf663eefb tempest-VolumesServicesTestJSON-1290128225 tempest-VolumesServicesTestJSON-1290128225-project-admin] http://10.222.0.25/volume/v3/2ddcad57c19049178d00e9aee13a97f6/os-services?host=dv-cinder-836996-39-iscsi returned with HTTP 200
Jul 12 14:32:57.377513 dv-cinder-836996-39-iscsi devstack@c-api.service[111124]: [pid: 111124|app: 0|req: 97/210] 10.222.0.25 () {58 vars in 1286 bytes} [Tue Jul 12 14:32:57 2022] GET /volume/v3/2ddcad57c19049178d00e9aee13a97f6/os-services?host=dv-cinder-836996-39-iscsi => generated 204 bytes in 68 msecs (HTTP/1.1 200) 7 headers in 285 bytes (1 switches on core 0)
Jul 12 14:32:57.382657 dv-cinder-836996-39-iscsi devstack@c-api.service[111124]: DEBUG cinder.api.middleware.request_id [None req-17d26e06-1652-4f8e-81b6-d157998cd136 None None] RequestId filter calling following filter/app {{(pid=111124) _context_setter /opt/stack/cinder/cinder/api/middleware/request_id.py:62}}
Jul 12 14:32:57.393026 dv-cinder-836996-39-iscsi devstack@c-api.service[111124]: INFO cinder.api.openstack.wsgi [None req-17d26e06-1652-4f8e-81b6-d157998cd136 tempest-VolumesServicesTestJSON-1290128225 tempest-VolumesServicesTestJSON-1290128225-project-admin] GET http://10.222.0.25/volume/v3/2ddcad57c19049178d00e9aee13a97f6/os-services?host=dv-cinder-836996-39-iscsi&binary=cinder-scheduler
Jul 12 14:32:57.393561 dv-cinder-836996-39-iscsi devstack@c-api.service[111124]: DEBUG cinder.api.openstack.wsgi [None req-17d26e06-1652-4f8e-81b6-d157998cd136 tempest-VolumesServicesTestJSON-1290128225 tempest-VolumesServicesTestJSON-1290128225-project-admin] Empty body provided in request {{(pid=111124) get_body /opt/stack/cinder/cinder/api/openstack/wsgi.py:715}}
Jul 12 14:32:57.394200 dv-cinder-836996-39-iscsi devstack@c-api.service[111124]: DEBUG cinder.api.openstack.wsgi [None req-17d26e06-1652-4f8e-81b6-d157998cd136 tempest-VolumesServicesTestJSON-1290128225 tempest-VolumesServicesTestJSON-1290128225-project-admin] Calling method 'index' {{(pid=111124) _process_stack /opt/stack/cinder/cinder/api/openstack/wsgi.py:868}}
Jul 12 14:32:57.409880 dv-cinder-836996-39-iscsi devstack@c-api.service[111123]: /usr/local/lib/python3.8/dist-packages/oslo_context/context.py:100: DeprecationWarning: Policy enforcement is depending on the value of is_admin. This key is deprecated. Please update your policy file to use the standard policy values.
Jul 12 14:32:57.409880 dv-cinder-836996-39-iscsi devstack@c-api.service[111123]: warnings.warn('Policy enforcement is depending on the value of '
Jul 12 14:32:57.419972 dv-cinder-836996-39-iscsi devstack@c-api.service[111124]: INFO cinder.api.openstack.wsgi [None req-17d26e06-1652-4f8e-81b6-d157998cd136 tempest-VolumesServicesTestJSON-1290128225 tempest-VolumesServicesTestJSON-1290128225-project-admin] http://10.222.0.25/volume/v3/2ddcad57c19049178d00e9aee13a97f6/os-services?host=dv-cinder-836996-39-iscsi&binary=cinder-scheduler returned with HTTP 200
Jul 12 14:32:57.420640 dv-cinder-836996-39-iscsi devstack@c-api.service[111123]: INFO cinder.volume.api [None req-bb41b74c-f97f-43b5-bc9a-f762efadcf6f tempest-VolumesListAdminTestJSON-122847434 tempest-VolumesListAdminTestJSON-122847434-project] Volume info retrieved successfully.
Jul 12 14:32:57.422346 dv-cinder-836996-39-iscsi devstack@c-api.service[111124]: [pid: 111124|app: 0|req: 98/211] 10.222.0.25 () {58 vars in 1334 bytes} [Tue Jul 12 14:32:57 2022] GET /volume/v3/2ddcad57c19049178d00e9aee13a97f6/os-services?host=dv-cinder-836996-39-iscsi&binary=cinder-scheduler => generated 204 bytes in 41 msecs (HTTP/1.1 200) 7 headers in 285 bytes (1 switches on core 0)
Jul 12 14:32:57.429887 dv-cinder-836996-39-iscsi devstack@c-api.service[111124]: DEBUG cinder.api.middleware.request_id [None req-67c19c6d-8ead-48cc-90f2-0ac46724f0c4 None None] RequestId filter calling following filter/app {{(pid=111124) _context_setter /opt/stack/cinder/cinder/api/middleware/request_id.py:62}}
Jul 12 14:32:57.435400 dv-cinder-836996-39-iscsi devstack@c-api.service[111124]: INFO cinder.api.openstack.wsgi [None req-67c19c6d-8ead-48cc-90f2-0ac46724f0c4 tempest-VolumesServicesTestJSON-1290128225 tempest-VolumesServicesTestJSON-1290128225-project-admin] GET http://10.222.0.25/volume/v3/2ddcad57c19049178d00e9aee13a97f6/os-services?binary=cinder-scheduler
Jul 12 14:32:57.437158 dv-cinder-836996-39-iscsi devstack@c-api.service[111124]: DEBUG cinder.api.openstack.wsgi [None req-67c19c6d-8ead-48cc-90f2-0ac46724f0c4 tempest-VolumesServicesTestJSON-1290128225 tempest-VolumesServicesTestJSON-1290128225-project-admin] Empty body provided in request {{(pid=111124) get_body /opt/stack/cinder/cinder/api/openstack/wsgi.py:715}}
Jul 12 14:32:57.438047 dv-cinder-836996-39-iscsi devstack@c-api.service[111124]: DEBUG cinder.api.openstack.wsgi [None req-67c19c6d-8ead-48cc-90f2-0ac46724f0c4 tempest-VolumesServicesTestJSON-1290128225 tempest-VolumesServicesTestJSON-1290128225-project-admin] Calling method 'index' {{(pid=111124) _process_stack /opt/stack/cinder/cinder/api/openstack/wsgi.py:868}}
Jul 12 14:32:57.447276 dv-cinder-836996-39-iscsi devstack@c-api.service[111123]: INFO cinder.api.openstack.wsgi [None req-bb41b74c-f97f-43b5-bc9a-f762efadcf6f tempest-VolumesListAdminTestJSON-122847434 tempest-VolumesListAdminTestJSON-122847434-project] http://10.222.0.25/volume/v3/edf4b030a96b4180bcd628ebe6aeb966/volumes/ea08aad2-e8e7-4ee4-9a9e-6ca566a1cf7e returned with HTTP 200
Jul 12 14:32:57.447276 dv-cinder-836996-39-iscsi devstack@c-api.service[111123]: [pid: 111123|app: 0|req: 114/212] 10.222.0.25 () {58 vars in 1324 bytes} [Tue Jul 12 14:32:57 2022] GET /volume/v3/edf4b030a96b4180bcd628ebe6aeb966/volumes/ea08aad2-e8e7-4ee4-9a9e-6ca566a1cf7e => generated 916 bytes in 89 msecs (HTTP/1.1 200) 7 headers in 285 bytes (1 switches on core 0)
Jul 12 14:32:57.453955 dv-cinder-836996-39-iscsi devstack@c-api.service[111123]: DEBUG cinder.api.middleware.request_id [None req-b1563c75-663d-4cb1-ac32-1a587d0aa3b8 None None] RequestId filter calling following filter/app {{(pid=111123) _context_setter /opt/stack/cinder/cinder/api/middleware/request_id.py:62}}
Jul 12 14:32:57.458590 dv-cinder-836996-39-iscsi devstack@c-api.service[111123]: INFO cinder.api.openstack.wsgi [None req-b1563c75-663d-4cb1-ac32-1a587d0aa3b8 tempest-VolumeSnapshotQuotasNegativeTestJSON-753629841 tempest-VolumeSnapshotQuotasNegativeTestJSON-753629841-project] GET http://10.222.0.25/volume/v3/9de2c5b2f9a14f1799c00643bc1bdec2/snapshots/52030560-ac79-4be3-82de-6c9600392c27
Jul 12 14:32:57.459401 dv-cinder-836996-39-iscsi devstack@c-api.service[111123]: DEBUG cinder.api.openstack.wsgi [None req-b1563c75-663d-4cb1-ac32-1a587d0aa3b8 tempest-VolumeSnapshotQuotasNegativeTestJSON-753629841 tempest-VolumeSnapshotQuotasNegativeTestJSON-753629841-project] Empty body provided in request {{(pid=111123) get_body /opt/stack/cinder/cinder/api/openstack/wsgi.py:715}}
Jul 12 14:32:57.460242 dv-cinder-836996-39-iscsi devstack@c-api.service[111123]: DEBUG cinder.api.openstack.wsgi [None req-b1563c75-663d-4cb1-ac32-1a587d0aa3b8 tempest-VolumeSnapshotQuotasNegativeTestJSON-753629841 tempest-VolumeSnapshotQuotasNegativeTestJSON-753629841-project] Calling method 'show' {{(pid=111123) _process_stack /opt/stack/cinder/cinder/api/openstack/wsgi.py:868}}
Jul 12 14:32:57.468145 dv-cinder-836996-39-iscsi devstack@c-api.service[111124]: INFO cinder.api.openstack.wsgi [None req-67c19c6d-8ead-48cc-90f2-0ac46724f0c4 tempest-VolumesServicesTestJSON-1290128225 tempest-VolumesServicesTestJSON-1290128225-project-admin] http://10.222.0.25/volume/v3/2ddcad57c19049178d00e9aee13a97f6/os-services?binary=cinder-scheduler returned with HTTP 200
Jul 12 14:32:57.471909 dv-cinder-836996-39-iscsi devstack@c-api.service[111123]: INFO cinder.api.openstack.wsgi [None req-b1563c75-663d-4cb1-ac32-1a587d0aa3b8 tempest-VolumeSnapshotQuotasNegativeTestJSON-753629841 tempest-VolumeSnapshotQuotasNegativeTestJSON-753629841-project] http://10.222.0.25/volume/v3/9de2c5b2f9a14f1799c00643bc1bdec2/snapshots/52030560-ac79-4be3-82de-6c9600392c27 returned with HTTP 404
Jul 12 14:32:57.472531 dv-cinder-836996-39-iscsi devstack@c-api.service[111124]: [pid: 111124|app: 0|req: 99/213] 10.222.0.25 () {58 vars in 1272 bytes} [Tue Jul 12 14:32:57 2022] GET /volume/v3/2ddcad57c19049178d00e9aee13a97f6/os-services?binary=cinder-scheduler => generated 204 bytes in 43 msecs (HTTP/1.1 200) 7 headers in 285 bytes (1 switches on core 0)
Jul 12 14:32:57.473525 dv-cinder-836996-39-iscsi devstack@c-api.service[111123]: [pid: 111123|app: 0|req: 115/214] 10.222.0.25 () {58 vars in 1330 bytes} [Tue Jul 12 14:32:57 2022] GET /volume/v3/9de2c5b2f9a14f1799c00643bc1bdec2/snapshots/52030560-ac79-4be3-82de-6c9600392c27 => generated 111 bytes in 21 msecs (HTTP/1.1 404) 7 headers in 292 bytes (2 switches on core 0)
Jul 12 14:32:57.484017 dv-cinder-836996-39-iscsi devstack@c-api.service[111123]: DEBUG cinder.api.middleware.request_id [None req-9238cb7f-0f7a-4a1c-85e2-c7bd5468c50c None None] RequestId filter calling following filter/app {{(pid=111123) _context_setter /opt/stack/cinder/cinder/api/middleware/request_id.py:62}}
Jul 12 14:32:57.484829 dv-cinder-836996-39-iscsi devstack@c-api.service[111124]: DEBUG cinder.api.middleware.request_id [None req-143bdc97-fe14-466d-9ca0-777deae715da None None] RequestId filter calling following filter/app {{(pid=111124) _context_setter /opt/stack/cinder/cinder/api/middleware/request_id.py:62}}
Jul 12 14:32:57.488675 dv-cinder-836996-39-iscsi devstack@c-api.service[111123]: INFO cinder.api.openstack.wsgi [None req-9238cb7f-0f7a-4a1c-85e2-c7bd5468c50c tempest-VolumeSnapshotQuotasNegativeTestJSON-753629841 tempest-VolumeSnapshotQuotasNegativeTestJSON-753629841-project] DELETE http://10.222.0.25/volume/v3/9de2c5b2f9a14f1799c00643bc1bdec2/volumes/9e1dad2c-1c22-4b21-aeaf-4a9b92c1aeec
Jul 12 14:32:57.503773 dv-cinder-836996-39-iscsi devstack@c-api.service[111123]: DEBUG cinder.api.openstack.wsgi [None req-9238cb7f-0f7a-4a1c-85e2-c7bd5468c50c tempest-VolumeSnapshotQuotasNegativeTestJSON-753629841 tempest-VolumeSnapshotQuotasNegativeTestJSON-753629841-project] Empty body provided in request {{(pid=111123) get_body /opt/stack/cinder/cinder/api/openstack/wsgi.py:715}}
Jul 12 14:32:57.504276 dv-cinder-836996-39-iscsi devstack@c-api.service[111123]: DEBUG cinder.api.openstack.wsgi [None req-9238cb7f-0f7a-4a1c-85e2-c7bd5468c50c tempest-VolumeSnapshotQuotasNegativeTestJSON-753629841 tempest-VolumeSnapshotQuotasNegativeTestJSON-753629841-project] Calling method 'delete' {{(pid=111123) _process_stack /opt/stack/cinder/cinder/api/openstack/wsgi.py:868}}
Jul 12 14:32:57.504700 dv-cinder-836996-39-iscsi devstack@c-api.service[111123]: INFO cinder.api.v3.volumes [None req-9238cb7f-0f7a-4a1c-85e2-c7bd5468c50c tempest-VolumeSnapshotQuotasNegativeTestJSON-753629841 tempest-VolumeSnapshotQuotasNegativeTestJSON-753629841-project] Delete volume with id: 9e1dad2c-1c22-4b21-aeaf-4a9b92c1aeec
Jul 12 14:32:57.547283 dv-cinder-836996-39-iscsi devstack@c-api.service[111123]: /usr/local/lib/python3.8/dist-packages/oslo_context/context.py:100: DeprecationWarning: Policy enforcement is depending on the value of is_admin. This key is deprecated. Please update your policy file to use the standard policy values.
Jul 12 14:32:57.547283 dv-cinder-836996-39-iscsi devstack@c-api.service[111123]: warnings.warn('Policy enforcement is depending on the value of '
Jul 12 14:32:57.548314 dv-cinder-836996-39-iscsi devstack@c-api.service[111123]: INFO cinder.volume.api [None req-9238cb7f-0f7a-4a1c-85e2-c7bd5468c50c tempest-VolumeSnapshotQuotasNegativeTestJSON-753629841 tempest-VolumeSnapshotQuotasNegativeTestJSON-753629841-project] Volume info retrieved successfully.
Jul 12 14:32:57.596011 dv-cinder-836996-39-iscsi devstack@c-api.service[111123]: INFO cinder.volume.api [None req-9238cb7f-0f7a-4a1c-85e2-c7bd5468c50c tempest-VolumeSnapshotQuotasNegativeTestJSON-753629841 tempest-VolumeSnapshotQuotasNegativeTestJSON-753629841-project] Delete volume request issued successfully.
Jul 12 14:32:57.597051 dv-cinder-836996-39-iscsi devstack@c-api.service[111123]: INFO cinder.api.openstack.wsgi [None req-9238cb7f-0f7a-4a1c-85e2-c7bd5468c50c tempest-VolumeSnapshotQuotasNegativeTestJSON-753629841 tempest-VolumeSnapshotQuotasNegativeTestJSON-753629841-project] http://10.222.0.25/volume/v3/9de2c5b2f9a14f1799c00643bc1bdec2/volumes/9e1dad2c-1c22-4b21-aeaf-4a9b92c1aeec returned with HTTP 202
Jul 12 14:32:57.599928 dv-cinder-836996-39-iscsi devstack@c-api.service[111123]: [pid: 111123|app: 0|req: 116/215] 10.222.0.25 () {58 vars in 1327 bytes} [Tue Jul 12 14:32:57 2022] DELETE /volume/v3/9de2c5b2f9a14f1799c00643bc1bdec2/volumes/9e1dad2c-1c22-4b21-aeaf-4a9b92c1aeec => generated 0 bytes in 117 msecs (HTTP/1.1 202) 6 headers in 233 bytes (1 switches on core 0)
Jul 12 14:32:57.605940 dv-cinder-836996-39-iscsi devstack@c-api.service[111123]: DEBUG cinder.api.middleware.request_id [None req-5f76472b-901d-4b28-a176-6dabbbfe8971 None None] RequestId filter calling following filter/app {{(pid=111123) _context_setter /opt/stack/cinder/cinder/api/middleware/request_id.py:62}}
Jul 12 14:32:57.613828 dv-cinder-836996-39-iscsi devstack@c-api.service[111123]: INFO cinder.api.openstack.wsgi [None req-5f76472b-901d-4b28-a176-6dabbbfe8971 tempest-VolumeSnapshotQuotasNegativeTestJSON-753629841 tempest-VolumeSnapshotQuotasNegativeTestJSON-753629841-project] GET http://10.222.0.25/volume/v3/9de2c5b2f9a14f1799c00643bc1bdec2/volumes/9e1dad2c-1c22-4b21-aeaf-4a9b92c1aeec
Jul 12 14:32:57.615307 dv-cinder-836996-39-iscsi devstack@c-api.service[111123]: DEBUG cinder.api.openstack.wsgi [None req-5f76472b-901d-4b28-a176-6dabbbfe8971 tempest-VolumeSnapshotQuotasNegativeTestJSON-753629841 tempest-VolumeSnapshotQuotasNegativeTestJSON-753629841-project] Empty body provided in request {{(pid=111123) get_body /opt/stack/cinder/cinder/api/openstack/wsgi.py:715}}
Jul 12 14:32:57.615854 dv-cinder-836996-39-iscsi devstack@c-api.service[111123]: DEBUG cinder.api.openstack.wsgi [None req-5f76472b-901d-4b28-a176-6dabbbfe8971 tempest-VolumeSnapshotQuotasNegativeTestJSON-753629841 tempest-VolumeSnapshotQuotasNegativeTestJSON-753629841-project] Calling method 'show' {{(pid=111123) _process_stack /opt/stack/cinder/cinder/api/openstack/wsgi.py:868}}
Jul 12 14:32:57.643570 dv-cinder-836996-39-iscsi devstack@c-api.service[111123]: /usr/local/lib/python3.8/dist-packages/oslo_context/context.py:100: DeprecationWarning: Policy enforcement is depending on the value of is_admin. This key is deprecated. Please update your policy file to use the standard policy values.
Jul 12 14:32:57.643570 dv-cinder-836996-39-iscsi devstack@c-api.service[111123]: warnings.warn('Policy enforcement is depending on the value of '
Jul 12 14:32:57.665817 dv-cinder-836996-39-iscsi devstack@c-api.service[111123]: INFO cinder.volume.api [None req-5f76472b-901d-4b28-a176-6dabbbfe8971 tempest-VolumeSnapshotQuotasNegativeTestJSON-753629841 tempest-VolumeSnapshotQuotasNegativeTestJSON-753629841-project] Volume info retrieved successfully.
Jul 12 14:32:57.691336 dv-cinder-836996-39-iscsi devstack@c-api.service[111123]: INFO cinder.api.openstack.wsgi [None req-5f76472b-901d-4b28-a176-6dabbbfe8971 tempest-VolumeSnapshotQuotasNegativeTestJSON-753629841 tempest-VolumeSnapshotQuotasNegativeTestJSON-753629841-project] http://10.222.0.25/volume/v3/9de2c5b2f9a14f1799c00643bc1bdec2/volumes/9e1dad2c-1c22-4b21-aeaf-4a9b92c1aeec returned with HTTP 200
Jul 12 14:32:57.693553 dv-cinder-836996-39-iscsi devstack@c-api.service[111123]: [pid: 111123|app: 0|req: 117/216] 10.222.0.25 () {58 vars in 1324 bytes} [Tue Jul 12 14:32:57 2022] GET /volume/v3/9de2c5b2f9a14f1799c00643bc1bdec2/volumes/9e1dad2c-1c22-4b21-aeaf-4a9b92c1aeec => generated 927 bytes in 90 msecs (HTTP/1.1 200) 7 headers in 285 bytes (1 switches on core 0)
Jul 12 14:32:57.707108 dv-cinder-836996-39-iscsi devstack@c-api.service[111124]: INFO cinder.api.openstack.wsgi [None req-143bdc97-fe14-466d-9ca0-777deae715da tempest-VolumesServicesTestJSON-1728704243 tempest-VolumesServicesTestJSON-1728704243-project] POST http://10.222.0.25/volume/v3/7c91d4aa019a4b19811da935b7347d83/volumes
Jul 12 14:32:57.707804 dv-cinder-836996-39-iscsi devstack@c-api.service[111124]: DEBUG cinder.api.openstack.wsgi [None req-143bdc97-fe14-466d-9ca0-777deae715da tempest-VolumesServicesTestJSON-1728704243 tempest-VolumesServicesTestJSON-1728704243-project] Action: 'create', calling method: create, body: {"volume": {"size": 1, "name": "tempest-VolumesServicesTestJSON-Volume-1802573116"}} {{(pid=111124) _process_stack /opt/stack/cinder/cinder/api/openstack/wsgi.py:866}}
Jul 12 14:32:57.708738 dv-cinder-836996-39-iscsi devstack@c-api.service[111124]: DEBUG cinder.api.v3.volumes [None req-143bdc97-fe14-466d-9ca0-777deae715da tempest-VolumesServicesTestJSON-1728704243 tempest-VolumesServicesTestJSON-1728704243-project] Create volume request body: {'volume': {'size': 1, 'name': 'tempest-VolumesServicesTestJSON-Volume-1802573116'}} {{(pid=111124) create /opt/stack/cinder/cinder/api/v3/volumes.py:298}}
Jul 12 14:32:57.709041 dv-cinder-836996-39-iscsi devstack@c-api.service[111124]: INFO cinder.api.v3.volumes [None req-143bdc97-fe14-466d-9ca0-777deae715da tempest-VolumesServicesTestJSON-1728704243 tempest-VolumesServicesTestJSON-1728704243-project] Create volume of 1 GB
Jul 12 14:32:57.724638 dv-cinder-836996-39-iscsi devstack@c-api.service[111124]: INFO cinder.volume.api [None req-143bdc97-fe14-466d-9ca0-777deae715da tempest-VolumesServicesTestJSON-1728704243 tempest-VolumesServicesTestJSON-1728704243-project] Availability Zones retrieved successfully.
Jul 12 14:32:57.756207 dv-cinder-836996-39-iscsi devstack@c-api.service[111124]: DEBUG cinder.volume.api [None req-143bdc97-fe14-466d-9ca0-777deae715da tempest-VolumesServicesTestJSON-1728704243 tempest-VolumesServicesTestJSON-1728704243-project] Flow 'volume_create_api' (5a85cb81-96e7-47c2-881f-0bfbfa4f6a8b) transitioned into state 'RUNNING' from state 'PENDING' {{(pid=111124) _flow_receiver /usr/local/lib/python3.8/dist-packages/taskflow/listeners/logging.py:141}}
Jul 12 14:32:57.769555 dv-cinder-836996-39-iscsi devstack@c-api.service[111124]: DEBUG cinder.volume.api [None req-143bdc97-fe14-466d-9ca0-777deae715da tempest-VolumesServicesTestJSON-1728704243 tempest-VolumesServicesTestJSON-1728704243-project] Task 'cinder.volume.flows.api.create_volume.ExtractVolumeRequestTask;volume:create' (81732d34-4308-48c5-a548-553a0ffb1fc5) transitioned into state 'RUNNING' from state 'PENDING' {{(pid=111124) _task_receiver /usr/local/lib/python3.8/dist-packages/taskflow/listeners/logging.py:190}}
Jul 12 14:32:57.772216 dv-cinder-836996-39-iscsi devstack@c-api.service[111124]: DEBUG cinder.volume.flows.api.create_volume [None req-143bdc97-fe14-466d-9ca0-777deae715da tempest-VolumesServicesTestJSON-1728704243 tempest-VolumesServicesTestJSON-1728704243-project] Validating volume size '1' using validate_int {{(pid=111124) _extract_size /opt/stack/cinder/cinder/volume/flows/api/create_volume.py:228}}
Jul 12 14:32:57.867452 dv-cinder-836996-39-iscsi devstack@c-api.service[111124]: DEBUG cinder.volume.api [None req-143bdc97-fe14-466d-9ca0-777deae715da tempest-VolumesServicesTestJSON-1728704243 tempest-VolumesServicesTestJSON-1728704243-project] Task 'cinder.volume.flows.api.create_volume.ExtractVolumeRequestTask;volume:create' (81732d34-4308-48c5-a548-553a0ffb1fc5) transitioned into state 'SUCCESS' from state 'RUNNING' with result '{'size': 1, 'snapshot_id': None, 'source_volid': None, 'volume_type': VolumeType(created_at=2022-07-12T14:22:31Z,deleted=False,deleted_at=None,description='Default Volume Type',extra_specs={},id=5a45a3fd-3dae-4ba0-bce8-452d767889b6,is_public=True,name='__DEFAULT__',projects=[],qos_specs=,qos_specs_id=None,updated_at=2022-07-12T14:22:31Z), 'volume_type_id': '5a45a3fd-3dae-4ba0-bce8-452d767889b6', 'encryption_key_id': None, 'qos_specs': None, 'consistencygroup_id': None, 'cgsnapshot_id': None, 'group_id': None, 'replication_status': 'disabled', 'refresh_az': False, 'backup_id': None, 'multiattach': False, 'availability_zones': ['nova']}' {{(pid=111124) _task_receiver /usr/local/lib/python3.8/dist-packages/taskflow/listeners/logging.py:178}}
Jul 12 14:32:57.870353 dv-cinder-836996-39-iscsi devstack@c-api.service[111124]: DEBUG cinder.volume.api [None req-143bdc97-fe14-466d-9ca0-777deae715da tempest-VolumesServicesTestJSON-1728704243 tempest-VolumesServicesTestJSON-1728704243-project] Task 'cinder.volume.flows.api.create_volume.QuotaReserveTask;volume:create' (2590c16d-d538-4dc9-9937-ffdde6e48c75) transitioned into state 'RUNNING' from state 'PENDING' {{(pid=111124) _task_receiver /usr/local/lib/python3.8/dist-packages/taskflow/listeners/logging.py:190}}
Jul 12 14:32:58.070440 dv-cinder-836996-39-iscsi devstack@c-api.service[111123]: DEBUG cinder.api.middleware.request_id [None req-dd9a4d68-6cf6-42ca-afda-540978769533 None None] RequestId filter calling following filter/app {{(pid=111123) _context_setter /opt/stack/cinder/cinder/api/middleware/request_id.py:62}}
Jul 12 14:32:58.075168 dv-cinder-836996-39-iscsi devstack@c-api.service[111123]: INFO cinder.api.openstack.wsgi [None req-dd9a4d68-6cf6-42ca-afda-540978769533 tempest-SnapshotsActionsTest-673127276 tempest-SnapshotsActionsTest-673127276-project] GET http://10.222.0.25/volume/v3/ee85aa5a77d8468ab6223adea9777afe/snapshots/20b6d54e-6aa4-4d70-bebe-a4219001b90a
Jul 12 14:32:58.075634 dv-cinder-836996-39-iscsi devstack@c-api.service[111123]: DEBUG cinder.api.openstack.wsgi [None req-dd9a4d68-6cf6-42ca-afda-540978769533 tempest-SnapshotsActionsTest-673127276 tempest-SnapshotsActionsTest-673127276-project] Empty body provided in request {{(pid=111123) get_body /opt/stack/cinder/cinder/api/openstack/wsgi.py:715}}
Jul 12 14:32:58.076288 dv-cinder-836996-39-iscsi devstack@c-api.service[111123]: DEBUG cinder.api.openstack.wsgi [None req-dd9a4d68-6cf6-42ca-afda-540978769533 tempest-SnapshotsActionsTest-673127276 tempest-SnapshotsActionsTest-673127276-project] Calling method 'show' {{(pid=111123) _process_stack /opt/stack/cinder/cinder/api/openstack/wsgi.py:868}}
Jul 12 14:32:58.091690 dv-cinder-836996-39-iscsi devstack@c-api.service[111124]: DEBUG cinder.quota [None req-143bdc97-fe14-466d-9ca0-777deae715da tempest-VolumesServicesTestJSON-1728704243 tempest-VolumesServicesTestJSON-1728704243-project] Created reservations ['6a285e91-9b14-4533-ba98-df333dd96da2', 'caeedb5b-386d-423b-9d54-8881896933e2', '624fec7e-188d-4428-a4ee-a653004d5008', '501de1b2-2bc4-4e96-b42c-4b8fac38fb3c'] {{(pid=111124) reserve /opt/stack/cinder/cinder/quota.py:755}}
Jul 12 14:32:58.094587 dv-cinder-836996-39-iscsi devstack@c-api.service[111124]: DEBUG cinder.volume.api [None req-143bdc97-fe14-466d-9ca0-777deae715da tempest-VolumesServicesTestJSON-1728704243 tempest-VolumesServicesTestJSON-1728704243-project] Task 'cinder.volume.flows.api.create_volume.QuotaReserveTask;volume:create' (2590c16d-d538-4dc9-9937-ffdde6e48c75) transitioned into state 'SUCCESS' from state 'RUNNING' with result '{'reservations': ['6a285e91-9b14-4533-ba98-df333dd96da2', 'caeedb5b-386d-423b-9d54-8881896933e2', '624fec7e-188d-4428-a4ee-a653004d5008', '501de1b2-2bc4-4e96-b42c-4b8fac38fb3c']}' {{(pid=111124) _task_receiver /usr/local/lib/python3.8/dist-packages/taskflow/listeners/logging.py:178}}
Jul 12 14:32:58.098159 dv-cinder-836996-39-iscsi devstack@c-api.service[111124]: DEBUG cinder.volume.api [None req-143bdc97-fe14-466d-9ca0-777deae715da tempest-VolumesServicesTestJSON-1728704243 tempest-VolumesServicesTestJSON-1728704243-project] Task 'cinder.volume.flows.api.create_volume.EntryCreateTask;volume:create' (8d91adc6-763d-4b66-8ca4-cbeb3f5a6d15) transitioned into state 'RUNNING' from state 'PENDING' {{(pid=111124) _task_receiver /usr/local/lib/python3.8/dist-packages/taskflow/listeners/logging.py:190}}
Jul 12 14:32:58.106432 dv-cinder-836996-39-iscsi devstack@c-api.service[111123]: /usr/local/lib/python3.8/dist-packages/oslo_context/context.py:100: DeprecationWarning: Policy enforcement is depending on the value of is_admin. This key is deprecated. Please update your policy file to use the standard policy values.
Jul 12 14:32:58.106432 dv-cinder-836996-39-iscsi devstack@c-api.service[111123]: warnings.warn('Policy enforcement is depending on the value of '
Jul 12 14:32:58.109442 dv-cinder-836996-39-iscsi devstack@c-api.service[111123]: INFO cinder.volume.api [None req-dd9a4d68-6cf6-42ca-afda-540978769533 tempest-SnapshotsActionsTest-673127276 tempest-SnapshotsActionsTest-673127276-project] Snapshot retrieved successfully.
Jul 12 14:32:58.115282 dv-cinder-836996-39-iscsi devstack@c-api.service[111123]: INFO cinder.api.openstack.wsgi [None req-dd9a4d68-6cf6-42ca-afda-540978769533 tempest-SnapshotsActionsTest-673127276 tempest-SnapshotsActionsTest-673127276-project] http://10.222.0.25/volume/v3/ee85aa5a77d8468ab6223adea9777afe/snapshots/20b6d54e-6aa4-4d70-bebe-a4219001b90a returned with HTTP 200
Jul 12 14:32:58.117842 dv-cinder-836996-39-iscsi devstack@c-api.service[111123]: [pid: 111123|app: 0|req: 118/217] 10.222.0.25 () {58 vars in 1330 bytes} [Tue Jul 12 14:32:58 2022] GET /volume/v3/ee85aa5a77d8468ab6223adea9777afe/snapshots/20b6d54e-6aa4-4d70-bebe-a4219001b90a => generated 439 bytes in 48 msecs (HTTP/1.1 200) 7 headers in 285 bytes (2 switches on core 0)
Jul 12 14:32:58.139875 dv-cinder-836996-39-iscsi devstack@c-api.service[111124]: DEBUG cinder.volume.api [None req-143bdc97-fe14-466d-9ca0-777deae715da tempest-VolumesServicesTestJSON-1728704243 tempest-VolumesServicesTestJSON-1728704243-project] Task 'cinder.volume.flows.api.create_volume.EntryCreateTask;volume:create' (8d91adc6-763d-4b66-8ca4-cbeb3f5a6d15) transitioned into state 'SUCCESS' from state 'RUNNING' with result '{'volume_id': '3cef753f-1309-4a72-9e6f-e7e19d107a61', 'volume_properties': VolumeProperties(attach_status='detached',availability_zone='nova',cgsnapshot_id=None,consistencygroup_id=None,display_description=None,display_name='tempest-VolumesServicesTestJSON-Volume-1802573116',encryption_key_id=None,group_id=None,group_type_id=,metadata={},multiattach=False,project_id='7c91d4aa019a4b19811da935b7347d83',qos_specs=None,replication_status=,reservations=['6a285e91-9b14-4533-ba98-df333dd96da2','caeedb5b-386d-423b-9d54-8881896933e2','624fec7e-188d-4428-a4ee-a653004d5008','501de1b2-2bc4-4e96-b42c-4b8fac38fb3c'],size=1,snapshot_id=None,source_replicaid=,source_volid=None,status='creating',user_id='a0601704fdd847188095e13e2632edf4',volume_type_id=5a45a3fd-3dae-4ba0-bce8-452d767889b6), 'volume': Volume(_name_id=None,admin_metadata=,attach_status='detached',availability_zone='nova',bootable=False,cluster=,cluster_name=None,consistencygroup=,consistencygroup_id=None,created_at=2022-07-12T14:32:58Z,deleted=False,deleted_at=None,display_description=None,display_name='tempest-VolumesServicesTestJSON-Volume-1802573116',ec2_id=None,encryption_key_id=None,glance_metadata=,group=,group_id=None,host=None,id=3cef753f-1309-4a72-9e6f-e7e19d107a61,launched_at=None,metadata={},migration_status=None,multiattach=False,previous_status=None,project_id='7c91d4aa019a4b19811da935b7347d83',provider_auth=None,provider_geometry=None,provider_id=None,provider_location=None,replication_driver_data=None,replication_extended_status=None,replication_status=None,scheduled_at=None,service_uuid=None,shared_targets=True,size=1,snapshot_id=None,snapshots=,source_volid=None,status='creating',terminated_at=None,updated_at=None,use_quota=True,user_id='a0601704fdd847188095e13e2632edf4',volume_attachment=VolumeAttachmentList,volume_type=VolumeType(5a45a3fd-3dae-4ba0-bce8-452d767889b6),volume_type_id=5a45a3fd-3dae-4ba0-bce8-452d767889b6)}' {{(pid=111124) _task_receiver /usr/local/lib/python3.8/dist-packages/taskflow/listeners/logging.py:178}}
Jul 12 14:32:58.150598 dv-cinder-836996-39-iscsi devstack@c-api.service[111124]: DEBUG cinder.volume.api [None req-143bdc97-fe14-466d-9ca0-777deae715da tempest-VolumesServicesTestJSON-1728704243 tempest-VolumesServicesTestJSON-1728704243-project] Task 'cinder.volume.flows.api.create_volume.QuotaCommitTask;volume:create' (36c06bfb-0116-4c6f-bede-861e4baf972e) transitioned into state 'RUNNING' from state 'PENDING' {{(pid=111124) _task_receiver /usr/local/lib/python3.8/dist-packages/taskflow/listeners/logging.py:190}}
Jul 12 14:32:58.191315 dv-cinder-836996-39-iscsi devstack@c-api.service[111124]: DEBUG cinder.volume.api [None req-143bdc97-fe14-466d-9ca0-777deae715da tempest-VolumesServicesTestJSON-1728704243 tempest-VolumesServicesTestJSON-1728704243-project] Task 'cinder.volume.flows.api.create_volume.QuotaCommitTask;volume:create' (36c06bfb-0116-4c6f-bede-861e4baf972e) transitioned into state 'SUCCESS' from state 'RUNNING' with result '{'volume_properties': VolumeProperties(attach_status='detached',availability_zone='nova',cgsnapshot_id=None,consistencygroup_id=None,display_description=None,display_name='tempest-VolumesServicesTestJSON-Volume-1802573116',encryption_key_id=None,group_id=None,group_type_id=,metadata={},multiattach=False,project_id='7c91d4aa019a4b19811da935b7347d83',qos_specs=None,replication_status=,reservations=['6a285e91-9b14-4533-ba98-df333dd96da2','caeedb5b-386d-423b-9d54-8881896933e2','624fec7e-188d-4428-a4ee-a653004d5008','501de1b2-2bc4-4e96-b42c-4b8fac38fb3c'],size=1,snapshot_id=None,source_replicaid=,source_volid=None,status='creating',user_id='a0601704fdd847188095e13e2632edf4',volume_type_id=5a45a3fd-3dae-4ba0-bce8-452d767889b6)}' {{(pid=111124) _task_receiver /usr/local/lib/python3.8/dist-packages/taskflow/listeners/logging.py:178}}
Jul 12 14:32:58.193454 dv-cinder-836996-39-iscsi devstack@c-api.service[111124]: DEBUG cinder.volume.api [None req-143bdc97-fe14-466d-9ca0-777deae715da tempest-VolumesServicesTestJSON-1728704243 tempest-VolumesServicesTestJSON-1728704243-project] Task 'cinder.volume.flows.api.create_volume.VolumeCastTask;volume:create' (6bbcfddd-d360-4ed0-b43a-389253ec6f22) transitioned into state 'RUNNING' from state 'PENDING' {{(pid=111124) _task_receiver /usr/local/lib/python3.8/dist-packages/taskflow/listeners/logging.py:190}}
Jul 12 14:32:58.240944 dv-cinder-836996-39-iscsi devstack@c-api.service[111124]: DEBUG cinder.volume.api [None req-143bdc97-fe14-466d-9ca0-777deae715da tempest-VolumesServicesTestJSON-1728704243 tempest-VolumesServicesTestJSON-1728704243-project] Task 'cinder.volume.flows.api.create_volume.VolumeCastTask;volume:create' (6bbcfddd-d360-4ed0-b43a-389253ec6f22) transitioned into state 'SUCCESS' from state 'RUNNING' with result 'None' {{(pid=111124) _task_receiver /usr/local/lib/python3.8/dist-packages/taskflow/listeners/logging.py:178}}
Jul 12 14:32:58.262243 dv-cinder-836996-39-iscsi devstack@c-api.service[111124]: DEBUG cinder.volume.api [None req-143bdc97-fe14-466d-9ca0-777deae715da tempest-VolumesServicesTestJSON-1728704243 tempest-VolumesServicesTestJSON-1728704243-project] Flow 'volume_create_api' (5a85cb81-96e7-47c2-881f-0bfbfa4f6a8b) transitioned into state 'SUCCESS' from state 'RUNNING' {{(pid=111124) _flow_receiver /usr/local/lib/python3.8/dist-packages/taskflow/listeners/logging.py:141}}
Jul 12 14:32:58.266789 dv-cinder-836996-39-iscsi devstack@c-api.service[111124]: INFO cinder.volume.api [None req-143bdc97-fe14-466d-9ca0-777deae715da tempest-VolumesServicesTestJSON-1728704243 tempest-VolumesServicesTestJSON-1728704243-project] Create volume request issued successfully.
Jul 12 14:32:58.283075 dv-cinder-836996-39-iscsi devstack@c-api.service[111124]: INFO cinder.api.openstack.wsgi [None req-143bdc97-fe14-466d-9ca0-777deae715da tempest-VolumesServicesTestJSON-1728704243 tempest-VolumesServicesTestJSON-1728704243-project] http://10.222.0.25/volume/v3/7c91d4aa019a4b19811da935b7347d83/volumes returned with HTTP 202
Jul 12 14:32:58.283075 dv-cinder-836996-39-iscsi devstack@c-api.service[111124]: [pid: 111124|app: 0|req: 100/218] 10.222.0.25 () {60 vars in 1234 bytes} [Tue Jul 12 14:32:57 2022] POST /volume/v3/7c91d4aa019a4b19811da935b7347d83/volumes => generated 823 bytes in 794 msecs (HTTP/1.1 202) 7 headers in 291 bytes (1 switches on core 0)
Jul 12 14:32:58.290730 dv-cinder-836996-39-iscsi devstack@c-api.service[111123]: DEBUG cinder.api.middleware.request_id [None req-37912792-26dc-4088-bcf3-54aaa5aee657 None None] RequestId filter calling following filter/app {{(pid=111123) _context_setter /opt/stack/cinder/cinder/api/middleware/request_id.py:62}}
Jul 12 14:32:58.294978 dv-cinder-836996-39-iscsi devstack@c-api.service[111123]: INFO cinder.api.openstack.wsgi [None req-37912792-26dc-4088-bcf3-54aaa5aee657 tempest-VolumesServicesTestJSON-1728704243 tempest-VolumesServicesTestJSON-1728704243-project] GET http://10.222.0.25/volume/v3/7c91d4aa019a4b19811da935b7347d83/volumes/3cef753f-1309-4a72-9e6f-e7e19d107a61
Jul 12 14:32:58.295524 dv-cinder-836996-39-iscsi devstack@c-api.service[111123]: DEBUG cinder.api.openstack.wsgi [None req-37912792-26dc-4088-bcf3-54aaa5aee657 tempest-VolumesServicesTestJSON-1728704243 tempest-VolumesServicesTestJSON-1728704243-project] Empty body provided in request {{(pid=111123) get_body /opt/stack/cinder/cinder/api/openstack/wsgi.py:715}}
Jul 12 14:32:58.296269 dv-cinder-836996-39-iscsi devstack@c-api.service[111123]: DEBUG cinder.api.openstack.wsgi [None req-37912792-26dc-4088-bcf3-54aaa5aee657 tempest-VolumesServicesTestJSON-1728704243 tempest-VolumesServicesTestJSON-1728704243-project] Calling method 'show' {{(pid=111123) _process_stack /opt/stack/cinder/cinder/api/openstack/wsgi.py:868}}
Jul 12 14:32:58.314385 dv-cinder-836996-39-iscsi devstack@c-api.service[111123]: /usr/local/lib/python3.8/dist-packages/oslo_context/context.py:100: DeprecationWarning: Policy enforcement is depending on the value of is_admin. This key is deprecated. Please update your policy file to use the standard policy values.
Jul 12 14:32:58.314385 dv-cinder-836996-39-iscsi devstack@c-api.service[111123]: warnings.warn('Policy enforcement is depending on the value of '
Jul 12 14:32:58.331455 dv-cinder-836996-39-iscsi devstack@c-api.service[111123]: INFO cinder.volume.api [None req-37912792-26dc-4088-bcf3-54aaa5aee657 tempest-VolumesServicesTestJSON-1728704243 tempest-VolumesServicesTestJSON-1728704243-project] Volume info retrieved successfully.
Jul 12 14:32:58.344096 dv-cinder-836996-39-iscsi devstack@c-api.service[111123]: INFO cinder.api.openstack.wsgi [None req-37912792-26dc-4088-bcf3-54aaa5aee657 tempest-VolumesServicesTestJSON-1728704243 tempest-VolumesServicesTestJSON-1728704243-project] http://10.222.0.25/volume/v3/7c91d4aa019a4b19811da935b7347d83/volumes/3cef753f-1309-4a72-9e6f-e7e19d107a61 returned with HTTP 200
Jul 12 14:32:58.353492 dv-cinder-836996-39-iscsi devstack@c-api.service[111123]: [pid: 111123|app: 0|req: 119/219] 10.222.0.25 () {58 vars in 1324 bytes} [Tue Jul 12 14:32:58 2022] GET /volume/v3/7c91d4aa019a4b19811da935b7347d83/volumes/3cef753f-1309-4a72-9e6f-e7e19d107a61 => generated 891 bytes in 55 msecs (HTTP/1.1 200) 7 headers in 285 bytes (1 switches on core 0)
Jul 12 14:32:58.458912 dv-cinder-836996-39-iscsi devstack@c-api.service[111124]: DEBUG cinder.api.middleware.request_id [None req-fac85477-233c-42ce-9d3e-541c2af06466 None None] RequestId filter calling following filter/app {{(pid=111124) _context_setter /opt/stack/cinder/cinder/api/middleware/request_id.py:62}}
Jul 12 14:32:58.462623 dv-cinder-836996-39-iscsi devstack@c-api.service[111124]: INFO cinder.api.openstack.wsgi [None req-fac85477-233c-42ce-9d3e-541c2af06466 tempest-VolumesListAdminTestJSON-122847434 tempest-VolumesListAdminTestJSON-122847434-project] GET http://10.222.0.25/volume/v3/edf4b030a96b4180bcd628ebe6aeb966/volumes/ea08aad2-e8e7-4ee4-9a9e-6ca566a1cf7e
Jul 12 14:32:58.463061 dv-cinder-836996-39-iscsi devstack@c-api.service[111124]: DEBUG cinder.api.openstack.wsgi [None req-fac85477-233c-42ce-9d3e-541c2af06466 tempest-VolumesListAdminTestJSON-122847434 tempest-VolumesListAdminTestJSON-122847434-project] Empty body provided in request {{(pid=111124) get_body /opt/stack/cinder/cinder/api/openstack/wsgi.py:715}}
Jul 12 14:32:58.463508 dv-cinder-836996-39-iscsi devstack@c-api.service[111124]: DEBUG cinder.api.openstack.wsgi [None req-fac85477-233c-42ce-9d3e-541c2af06466 tempest-VolumesListAdminTestJSON-122847434 tempest-VolumesListAdminTestJSON-122847434-project] Calling method 'show' {{(pid=111124) _process_stack /opt/stack/cinder/cinder/api/openstack/wsgi.py:868}}
Jul 12 14:32:58.485561 dv-cinder-836996-39-iscsi devstack@c-api.service[111124]: /usr/local/lib/python3.8/dist-packages/oslo_context/context.py:100: DeprecationWarning: Policy enforcement is depending on the value of is_admin. This key is deprecated. Please update your policy file to use the standard policy values.
Jul 12 14:32:58.485561 dv-cinder-836996-39-iscsi devstack@c-api.service[111124]: warnings.warn('Policy enforcement is depending on the value of '
Jul 12 14:32:58.494279 dv-cinder-836996-39-iscsi devstack@c-api.service[111124]: INFO cinder.volume.api [None req-fac85477-233c-42ce-9d3e-541c2af06466 tempest-VolumesListAdminTestJSON-122847434 tempest-VolumesListAdminTestJSON-122847434-project] Volume info retrieved successfully.
Jul 12 14:32:58.504572 dv-cinder-836996-39-iscsi devstack@c-api.service[111124]: INFO cinder.api.openstack.wsgi [None req-fac85477-233c-42ce-9d3e-541c2af06466 tempest-VolumesListAdminTestJSON-122847434 tempest-VolumesListAdminTestJSON-122847434-project] http://10.222.0.25/volume/v3/edf4b030a96b4180bcd628ebe6aeb966/volumes/ea08aad2-e8e7-4ee4-9a9e-6ca566a1cf7e returned with HTTP 200
Jul 12 14:32:58.505365 dv-cinder-836996-39-iscsi devstack@c-api.service[111124]: [pid: 111124|app: 0|req: 101/220] 10.222.0.25 () {58 vars in 1324 bytes} [Tue Jul 12 14:32:58 2022] GET /volume/v3/edf4b030a96b4180bcd628ebe6aeb966/volumes/ea08aad2-e8e7-4ee4-9a9e-6ca566a1cf7e => generated 916 bytes in 48 msecs (HTTP/1.1 200) 7 headers in 285 bytes (1 switches on core 0)
Jul 12 14:32:58.705594 dv-cinder-836996-39-iscsi devstack@c-api.service[111123]: DEBUG cinder.api.middleware.request_id [None req-1071b1e1-1769-474e-852e-9eab05917259 None None] RequestId filter calling following filter/app {{(pid=111123) _context_setter /opt/stack/cinder/cinder/api/middleware/request_id.py:62}}
Jul 12 14:32:58.709078 dv-cinder-836996-39-iscsi devstack@c-api.service[111123]: INFO cinder.api.openstack.wsgi [None req-1071b1e1-1769-474e-852e-9eab05917259 tempest-VolumeSnapshotQuotasNegativeTestJSON-753629841 tempest-VolumeSnapshotQuotasNegativeTestJSON-753629841-project] GET http://10.222.0.25/volume/v3/9de2c5b2f9a14f1799c00643bc1bdec2/volumes/9e1dad2c-1c22-4b21-aeaf-4a9b92c1aeec
Jul 12 14:32:58.709614 dv-cinder-836996-39-iscsi devstack@c-api.service[111123]: DEBUG cinder.api.openstack.wsgi [None req-1071b1e1-1769-474e-852e-9eab05917259 tempest-VolumeSnapshotQuotasNegativeTestJSON-753629841 tempest-VolumeSnapshotQuotasNegativeTestJSON-753629841-project] Empty body provided in request {{(pid=111123) get_body /opt/stack/cinder/cinder/api/openstack/wsgi.py:715}}
Jul 12 14:32:58.710127 dv-cinder-836996-39-iscsi devstack@c-api.service[111123]: DEBUG cinder.api.openstack.wsgi [None req-1071b1e1-1769-474e-852e-9eab05917259 tempest-VolumeSnapshotQuotasNegativeTestJSON-753629841 tempest-VolumeSnapshotQuotasNegativeTestJSON-753629841-project] Calling method 'show' {{(pid=111123) _process_stack /opt/stack/cinder/cinder/api/openstack/wsgi.py:868}}
Jul 12 14:32:58.723741 dv-cinder-836996-39-iscsi devstack@c-api.service[111123]: /usr/local/lib/python3.8/dist-packages/oslo_context/context.py:100: DeprecationWarning: Policy enforcement is depending on the value of is_admin. This key is deprecated. Please update your policy file to use the standard policy values.
Jul 12 14:32:58.723741 dv-cinder-836996-39-iscsi devstack@c-api.service[111123]: warnings.warn('Policy enforcement is depending on the value of '
