Jul 12 14:33:12.837326 dv-cinder-836996-39-iscsi devstack@c-api.service[111123]: INFO cinder.api.openstack.wsgi [None req-36960aaa-ed72-40d4-9dd3-9f6723a17626 tempest-VolumeTypesExtraSpecsTest-1370682723 tempest-VolumeTypesExtraSpecsTest-1370682723-project-admin] http://10.222.0.25/volume/v3/e5c2a8b2995b409faac1f77655348c03/types/6083b808-d8ee-426a-af6c-b24dbfcb285d/extra_specs/spec2 returned with HTTP 200
Jul 12 14:33:12.838409 dv-cinder-836996-39-iscsi devstack@c-api.service[111123]: [pid: 111123|app: 0|req: 171/318] 10.222.0.25 () {58 vars in 1372 bytes} [Tue Jul 12 14:33:12 2022] GET /volume/v3/e5c2a8b2995b409faac1f77655348c03/types/6083b808-d8ee-426a-af6c-b24dbfcb285d/extra_specs/spec2 => generated 17 bytes in 29 msecs (HTTP/1.1 200) 7 headers in 284 bytes (1 switches on core 0)
Jul 12 14:33:12.844116 dv-cinder-836996-39-iscsi devstack@c-api.service[111124]: DEBUG cinder.api.middleware.request_id [None req-c23b0be3-efff-4a15-822a-54fe781077fa None None] RequestId filter calling following filter/app {{(pid=111124) _context_setter /opt/stack/cinder/cinder/api/middleware/request_id.py:62}}
Jul 12 14:33:12.851290 dv-cinder-836996-39-iscsi devstack@c-api.service[111124]: INFO cinder.api.openstack.wsgi [None req-c23b0be3-efff-4a15-822a-54fe781077fa tempest-VolumeTypesExtraSpecsTest-1370682723 tempest-VolumeTypesExtraSpecsTest-1370682723-project-admin] POST http://10.222.0.25/volume/v3/e5c2a8b2995b409faac1f77655348c03/types/6083b808-d8ee-426a-af6c-b24dbfcb285d/extra_specs
Jul 12 14:33:12.852702 dv-cinder-836996-39-iscsi devstack@c-api.service[111124]: DEBUG cinder.api.openstack.wsgi [None req-c23b0be3-efff-4a15-822a-54fe781077fa tempest-VolumeTypesExtraSpecsTest-1370682723 tempest-VolumeTypesExtraSpecsTest-1370682723-project-admin] Action: 'create', calling method: create, body: {"extra_specs": {"spec2": "val3", "spec4": "val4"}} {{(pid=111124) _process_stack /opt/stack/cinder/cinder/api/openstack/wsgi.py:866}}
Jul 12 14:33:12.946430 dv-cinder-836996-39-iscsi devstack@c-api.service[111124]: INFO cinder.api.openstack.wsgi [None req-c23b0be3-efff-4a15-822a-54fe781077fa tempest-VolumeTypesExtraSpecsTest-1370682723 tempest-VolumeTypesExtraSpecsTest-1370682723-project-admin] http://10.222.0.25/volume/v3/e5c2a8b2995b409faac1f77655348c03/types/6083b808-d8ee-426a-af6c-b24dbfcb285d/extra_specs returned with HTTP 200
Jul 12 14:33:12.951467 dv-cinder-836996-39-iscsi devstack@c-api.service[111124]: [pid: 111124|app: 0|req: 148/319] 10.222.0.25 () {60 vars in 1375 bytes} [Tue Jul 12 14:33:12 2022] POST /volume/v3/e5c2a8b2995b409faac1f77655348c03/types/6083b808-d8ee-426a-af6c-b24dbfcb285d/extra_specs => generated 51 bytes in 105 msecs (HTTP/1.1 200) 7 headers in 284 bytes (1 switches on core 0)
Jul 12 14:33:12.954016 dv-cinder-836996-39-iscsi devstack@c-api.service[111123]: DEBUG cinder.api.middleware.request_id [None req-37b76c73-e996-46e9-ab01-8c1cf97ddccb None None] RequestId filter calling following filter/app {{(pid=111123) _context_setter /opt/stack/cinder/cinder/api/middleware/request_id.py:62}}
Jul 12 14:33:12.959203 dv-cinder-836996-39-iscsi devstack@c-api.service[111123]: INFO cinder.api.openstack.wsgi [None req-37b76c73-e996-46e9-ab01-8c1cf97ddccb tempest-VolumeTypesExtraSpecsTest-1370682723 tempest-VolumeTypesExtraSpecsTest-1370682723-project-admin] GET http://10.222.0.25/volume/v3/e5c2a8b2995b409faac1f77655348c03/types/6083b808-d8ee-426a-af6c-b24dbfcb285d/extra_specs
Jul 12 14:33:12.959861 dv-cinder-836996-39-iscsi devstack@c-api.service[111123]: DEBUG cinder.api.openstack.wsgi [None req-37b76c73-e996-46e9-ab01-8c1cf97ddccb tempest-VolumeTypesExtraSpecsTest-1370682723 tempest-VolumeTypesExtraSpecsTest-1370682723-project-admin] Empty body provided in request {{(pid=111123) get_body /opt/stack/cinder/cinder/api/openstack/wsgi.py:715}}
Jul 12 14:33:12.960312 dv-cinder-836996-39-iscsi devstack@c-api.service[111123]: DEBUG cinder.api.openstack.wsgi [None req-37b76c73-e996-46e9-ab01-8c1cf97ddccb tempest-VolumeTypesExtraSpecsTest-1370682723 tempest-VolumeTypesExtraSpecsTest-1370682723-project-admin] Calling method 'index' {{(pid=111123) _process_stack /opt/stack/cinder/cinder/api/openstack/wsgi.py:868}}
Jul 12 14:33:12.974484 dv-cinder-836996-39-iscsi devstack@c-api.service[111123]: INFO cinder.api.openstack.wsgi [None req-37b76c73-e996-46e9-ab01-8c1cf97ddccb tempest-VolumeTypesExtraSpecsTest-1370682723 tempest-VolumeTypesExtraSpecsTest-1370682723-project-admin] http://10.222.0.25/volume/v3/e5c2a8b2995b409faac1f77655348c03/types/6083b808-d8ee-426a-af6c-b24dbfcb285d/extra_specs returned with HTTP 200
Jul 12 14:33:12.975200 dv-cinder-836996-39-iscsi devstack@c-api.service[111123]: [pid: 111123|app: 0|req: 172/320] 10.222.0.25 () {58 vars in 1354 bytes} [Tue Jul 12 14:33:12 2022] GET /volume/v3/e5c2a8b2995b409faac1f77655348c03/types/6083b808-d8ee-426a-af6c-b24dbfcb285d/extra_specs => generated 68 bytes in 23 msecs (HTTP/1.1 200) 7 headers in 284 bytes (1 switches on core 0)
Jul 12 14:33:12.982732 dv-cinder-836996-39-iscsi devstack@c-api.service[111124]: DEBUG cinder.api.middleware.request_id [None req-9650c52f-ddbb-48b5-83a2-13646a498bce None None] RequestId filter calling following filter/app {{(pid=111124) _context_setter /opt/stack/cinder/cinder/api/middleware/request_id.py:62}}
Jul 12 14:33:12.986483 dv-cinder-836996-39-iscsi devstack@c-api.service[111124]: INFO cinder.api.openstack.wsgi [None req-9650c52f-ddbb-48b5-83a2-13646a498bce tempest-VolumeTypesExtraSpecsTest-1370682723 tempest-VolumeTypesExtraSpecsTest-1370682723-project-admin] DELETE http://10.222.0.25/volume/v3/e5c2a8b2995b409faac1f77655348c03/types/6083b808-d8ee-426a-af6c-b24dbfcb285d
Jul 12 14:33:12.986921 dv-cinder-836996-39-iscsi devstack@c-api.service[111124]: DEBUG cinder.api.openstack.wsgi [None req-9650c52f-ddbb-48b5-83a2-13646a498bce tempest-VolumeTypesExtraSpecsTest-1370682723 tempest-VolumeTypesExtraSpecsTest-1370682723-project-admin] Empty body provided in request {{(pid=111124) get_body /opt/stack/cinder/cinder/api/openstack/wsgi.py:715}}
Jul 12 14:33:12.987394 dv-cinder-836996-39-iscsi devstack@c-api.service[111124]: DEBUG cinder.api.openstack.wsgi [None req-9650c52f-ddbb-48b5-83a2-13646a498bce tempest-VolumeTypesExtraSpecsTest-1370682723 tempest-VolumeTypesExtraSpecsTest-1370682723-project-admin] Calling method '_delete' {{(pid=111124) _process_stack /opt/stack/cinder/cinder/api/openstack/wsgi.py:868}}
Jul 12 14:33:12.997807 dv-cinder-836996-39-iscsi devstack@c-api.service[111124]: DEBUG dbcounter [-] [111124] Writing DB stats cinder:SELECT=95,cinder:INSERT=2,cinder:UPDATE=3 {{(pid=111124) stat_writer /usr/local/lib/python3.8/dist-packages/dbcounter.py:114}}
Jul 12 14:33:13.029452 dv-cinder-836996-39-iscsi devstack@c-api.service[111123]: DEBUG cinder.api.middleware.request_id [None req-c74038fe-56d2-4996-96df-225cd001664b None None] RequestId filter calling following filter/app {{(pid=111123) _context_setter /opt/stack/cinder/cinder/api/middleware/request_id.py:62}}
Jul 12 14:33:13.039545 dv-cinder-836996-39-iscsi devstack@c-api.service[111123]: INFO cinder.api.openstack.wsgi [None req-c74038fe-56d2-4996-96df-225cd001664b tempest-GroupsV314Test-763592178 tempest-GroupsV314Test-763592178-project] GET http://10.222.0.25/volume/v3/7015e42bd7d24ffbb30641471823a988/volumes/bb37aa85-db0b-4192-8794-62c963585249
Jul 12 14:33:13.041889 dv-cinder-836996-39-iscsi devstack@c-api.service[111123]: DEBUG cinder.api.openstack.wsgi [None req-c74038fe-56d2-4996-96df-225cd001664b tempest-GroupsV314Test-763592178 tempest-GroupsV314Test-763592178-project] Empty body provided in request {{(pid=111123) get_body /opt/stack/cinder/cinder/api/openstack/wsgi.py:715}}
Jul 12 14:33:13.042626 dv-cinder-836996-39-iscsi devstack@c-api.service[111123]: DEBUG cinder.api.openstack.wsgi [None req-c74038fe-56d2-4996-96df-225cd001664b tempest-GroupsV314Test-763592178 tempest-GroupsV314Test-763592178-project] Calling method 'show' {{(pid=111123) _process_stack /opt/stack/cinder/cinder/api/openstack/wsgi.py:868}}
Jul 12 14:33:13.043490 dv-cinder-836996-39-iscsi devstack@c-api.service[111124]: INFO cinder.api.openstack.wsgi [None req-9650c52f-ddbb-48b5-83a2-13646a498bce tempest-VolumeTypesExtraSpecsTest-1370682723 tempest-VolumeTypesExtraSpecsTest-1370682723-project-admin] http://10.222.0.25/volume/v3/e5c2a8b2995b409faac1f77655348c03/types/6083b808-d8ee-426a-af6c-b24dbfcb285d returned with HTTP 202
Jul 12 14:33:13.048886 dv-cinder-836996-39-iscsi devstack@c-api.service[111124]: [pid: 111124|app: 0|req: 149/321] 10.222.0.25 () {58 vars in 1321 bytes} [Tue Jul 12 14:33:12 2022] DELETE /volume/v3/e5c2a8b2995b409faac1f77655348c03/types/6083b808-d8ee-426a-af6c-b24dbfcb285d => generated 0 bytes in 67 msecs (HTTP/1.1 202) 6 headers in 233 bytes (2 switches on core 0)
Jul 12 14:33:13.051049 dv-cinder-836996-39-iscsi devstack@c-api.service[111124]: DEBUG cinder.api.middleware.request_id [None req-fffe8d24-5685-4114-8377-a58e629382f9 None None] RequestId filter calling following filter/app {{(pid=111124) _context_setter /opt/stack/cinder/cinder/api/middleware/request_id.py:62}}
Jul 12 14:33:13.055125 dv-cinder-836996-39-iscsi devstack@c-api.service[111124]: INFO cinder.api.openstack.wsgi [None req-fffe8d24-5685-4114-8377-a58e629382f9 tempest-VolumeTypesExtraSpecsTest-1370682723 tempest-VolumeTypesExtraSpecsTest-1370682723-project-admin] GET http://10.222.0.25/volume/v3/e5c2a8b2995b409faac1f77655348c03/types/6083b808-d8ee-426a-af6c-b24dbfcb285d
Jul 12 14:33:13.055790 dv-cinder-836996-39-iscsi devstack@c-api.service[111124]: DEBUG cinder.api.openstack.wsgi [None req-fffe8d24-5685-4114-8377-a58e629382f9 tempest-VolumeTypesExtraSpecsTest-1370682723 tempest-VolumeTypesExtraSpecsTest-1370682723-project-admin] Empty body provided in request {{(pid=111124) get_body /opt/stack/cinder/cinder/api/openstack/wsgi.py:715}}
Jul 12 14:33:13.056381 dv-cinder-836996-39-iscsi devstack@c-api.service[111124]: DEBUG cinder.api.openstack.wsgi [None req-fffe8d24-5685-4114-8377-a58e629382f9 tempest-VolumeTypesExtraSpecsTest-1370682723 tempest-VolumeTypesExtraSpecsTest-1370682723-project-admin] Calling method 'show' {{(pid=111124) _process_stack /opt/stack/cinder/cinder/api/openstack/wsgi.py:868}}
Jul 12 14:33:13.065807 dv-cinder-836996-39-iscsi devstack@c-api.service[111124]: INFO cinder.api.openstack.wsgi [None req-fffe8d24-5685-4114-8377-a58e629382f9 tempest-VolumeTypesExtraSpecsTest-1370682723 tempest-VolumeTypesExtraSpecsTest-1370682723-project-admin] http://10.222.0.25/volume/v3/e5c2a8b2995b409faac1f77655348c03/types/6083b808-d8ee-426a-af6c-b24dbfcb285d returned with HTTP 404
Jul 12 14:33:13.066626 dv-cinder-836996-39-iscsi devstack@c-api.service[111123]: /usr/local/lib/python3.8/dist-packages/oslo_context/context.py:100: DeprecationWarning: Policy enforcement is depending on the value of is_admin. This key is deprecated. Please update your policy file to use the standard policy values.
Jul 12 14:33:13.066626 dv-cinder-836996-39-iscsi devstack@c-api.service[111123]: warnings.warn('Policy enforcement is depending on the value of '
Jul 12 14:33:13.068076 dv-cinder-836996-39-iscsi devstack@c-api.service[111124]: [pid: 111124|app: 0|req: 150/322] 10.222.0.25 () {58 vars in 1318 bytes} [Tue Jul 12 14:33:13 2022] GET /volume/v3/e5c2a8b2995b409faac1f77655348c03/types/6083b808-d8ee-426a-af6c-b24dbfcb285d => generated 114 bytes in 18 msecs (HTTP/1.1 404) 7 headers in 292 bytes (1 switches on core 0)
Jul 12 14:33:13.075091 dv-cinder-836996-39-iscsi devstack@c-api.service[111123]: INFO cinder.volume.api [None req-c74038fe-56d2-4996-96df-225cd001664b tempest-GroupsV314Test-763592178 tempest-GroupsV314Test-763592178-project] Volume info retrieved successfully.
Jul 12 14:33:13.076871 dv-cinder-836996-39-iscsi devstack@c-api.service[111123]: WARNING stevedore.named [None req-c74038fe-56d2-4996-96df-225cd001664b tempest-GroupsV314Test-763592178 tempest-GroupsV314Test-763592178-project] Could not load cinder.keymgr.conf_key_mgr.ConfKeyManager
Jul 12 14:33:13.078154 dv-cinder-836996-39-iscsi devstack@c-api.service[111123]: WARNING castellan.key_manager [None req-c74038fe-56d2-4996-96df-225cd001664b tempest-GroupsV314Test-763592178 tempest-GroupsV314Test-763592178-project] Deprecation Warning : cinder.keymgr.conf_key_mgr.ConfKeyManager is not a stevedore based driver, trying to load it as a class: stevedore.exception.NoMatches: No 'castellan.drivers' driver found, looking for 'cinder.keymgr.conf_key_mgr.ConfKeyManager'
Jul 12 14:33:13.085939 dv-cinder-836996-39-iscsi devstack@c-api.service[111123]: DEBUG oslo_db.sqlalchemy.engines [None req-c74038fe-56d2-4996-96df-225cd001664b tempest-GroupsV314Test-763592178 tempest-GroupsV314Test-763592178-project] MySQL server mode set to STRICT_TRANS_TABLES,STRICT_ALL_TABLES,NO_ZERO_IN_DATE,NO_ZERO_DATE,ERROR_FOR_DIVISION_BY_ZERO,TRADITIONAL,NO_ENGINE_SUBSTITUTION {{(pid=111123) _check_effective_sql_mode /usr/local/lib/python3.8/dist-packages/oslo_db/sqlalchemy/engines.py:314}}
Jul 12 14:33:13.100943 dv-cinder-836996-39-iscsi devstack@c-api.service[111123]: /usr/local/lib/python3.8/dist-packages/oslo_context/context.py:100: DeprecationWarning: Policy enforcement is depending on the value of is_admin. This key is deprecated. Please update your policy file to use the standard policy values.
Jul 12 14:33:13.100943 dv-cinder-836996-39-iscsi devstack@c-api.service[111123]: warnings.warn('Policy enforcement is depending on the value of '
Jul 12 14:33:13.127807 dv-cinder-836996-39-iscsi devstack@c-api.service[111123]: INFO cinder.api.openstack.wsgi [None req-c74038fe-56d2-4996-96df-225cd001664b tempest-GroupsV314Test-763592178 tempest-GroupsV314Test-763592178-project] http://10.222.0.25/volume/v3/7015e42bd7d24ffbb30641471823a988/volumes/bb37aa85-db0b-4192-8794-62c963585249 returned with HTTP 200
Jul 12 14:33:13.129588 dv-cinder-836996-39-iscsi devstack@c-api.service[111123]: [pid: 111123|app: 0|req: 173/323] 10.222.0.25 () {60 vars in 1365 bytes} [Tue Jul 12 14:33:13 2022] GET /volume/v3/7015e42bd7d24ffbb30641471823a988/volumes/bb37aa85-db0b-4192-8794-62c963585249 => generated 987 bytes in 102 msecs (HTTP/1.1 200) 7 headers in 286 bytes (1 switches on core 0)
Jul 12 14:33:13.225712 dv-cinder-836996-39-iscsi devstack@c-api.service[111124]: DEBUG cinder.api.middleware.request_id [None req-973dc79b-b842-4afc-a571-e31a85da64e4 None None] RequestId filter calling following filter/app {{(pid=111124) _context_setter /opt/stack/cinder/cinder/api/middleware/request_id.py:62}}
Jul 12 14:33:13.230217 dv-cinder-836996-39-iscsi devstack@c-api.service[111124]: INFO cinder.api.openstack.wsgi [None req-973dc79b-b842-4afc-a571-e31a85da64e4 tempest-VolumesActionsTest-593528504 tempest-VolumesActionsTest-593528504-project] GET http://10.222.0.25/volume/v3/cefc90d2f25d42ec9f9d5567dda60b58/volumes/5349ed10-24f2-4857-8c72-89ab4810c750
Jul 12 14:33:13.230667 dv-cinder-836996-39-iscsi devstack@c-api.service[111124]: DEBUG cinder.api.openstack.wsgi [None req-973dc79b-b842-4afc-a571-e31a85da64e4 tempest-VolumesActionsTest-593528504 tempest-VolumesActionsTest-593528504-project] Empty body provided in request {{(pid=111124) get_body /opt/stack/cinder/cinder/api/openstack/wsgi.py:715}}
Jul 12 14:33:13.231147 dv-cinder-836996-39-iscsi devstack@c-api.service[111124]: DEBUG cinder.api.openstack.wsgi [None req-973dc79b-b842-4afc-a571-e31a85da64e4 tempest-VolumesActionsTest-593528504 tempest-VolumesActionsTest-593528504-project] Calling method 'show' {{(pid=111124) _process_stack /opt/stack/cinder/cinder/api/openstack/wsgi.py:868}}
Jul 12 14:33:13.245104 dv-cinder-836996-39-iscsi devstack@c-api.service[111124]: INFO cinder.api.openstack.wsgi [None req-973dc79b-b842-4afc-a571-e31a85da64e4 tempest-VolumesActionsTest-593528504 tempest-VolumesActionsTest-593528504-project] http://10.222.0.25/volume/v3/cefc90d2f25d42ec9f9d5567dda60b58/volumes/5349ed10-24f2-4857-8c72-89ab4810c750 returned with HTTP 404
Jul 12 14:33:13.246108 dv-cinder-836996-39-iscsi devstack@c-api.service[111124]: [pid: 111124|app: 0|req: 151/324] 10.222.0.25 () {58 vars in 1324 bytes} [Tue Jul 12 14:33:13 2022] GET /volume/v3/cefc90d2f25d42ec9f9d5567dda60b58/volumes/5349ed10-24f2-4857-8c72-89ab4810c750 => generated 109 bytes in 22 msecs (HTTP/1.1 404) 7 headers in 292 bytes (1 switches on core 0)
Jul 12 14:33:13.253684 dv-cinder-836996-39-iscsi devstack@c-api.service[111123]: DEBUG cinder.api.middleware.request_id [None req-8e414885-e0db-4275-b113-edec382f5b1d None None] RequestId filter calling following filter/app {{(pid=111123) _context_setter /opt/stack/cinder/cinder/api/middleware/request_id.py:62}}
Jul 12 14:33:13.258033 dv-cinder-836996-39-iscsi devstack@c-api.service[111123]: INFO cinder.api.openstack.wsgi [None req-8e414885-e0db-4275-b113-edec382f5b1d tempest-VolumesActionsTest-593528504 tempest-VolumesActionsTest-593528504-project] POST http://10.222.0.25/volume/v3/cefc90d2f25d42ec9f9d5567dda60b58/volumes
Jul 12 14:33:13.258869 dv-cinder-836996-39-iscsi devstack@c-api.service[111123]: DEBUG cinder.api.openstack.wsgi [None req-8e414885-e0db-4275-b113-edec382f5b1d tempest-VolumesActionsTest-593528504 tempest-VolumesActionsTest-593528504-project] Action: 'create', calling method: create, body: {"volume": {"size": 1, "name": "tempest-VolumesActionsTest-Volume-1905791289"}} {{(pid=111123) _process_stack /opt/stack/cinder/cinder/api/openstack/wsgi.py:866}}
Jul 12 14:33:13.259920 dv-cinder-836996-39-iscsi devstack@c-api.service[111123]: DEBUG cinder.api.v3.volumes [None req-8e414885-e0db-4275-b113-edec382f5b1d tempest-VolumesActionsTest-593528504 tempest-VolumesActionsTest-593528504-project] Create volume request body: {'volume': {'size': 1, 'name': 'tempest-VolumesActionsTest-Volume-1905791289'}} {{(pid=111123) create /opt/stack/cinder/cinder/api/v3/volumes.py:298}}
Jul 12 14:33:13.260331 dv-cinder-836996-39-iscsi devstack@c-api.service[111123]: INFO cinder.api.v3.volumes [None req-8e414885-e0db-4275-b113-edec382f5b1d tempest-VolumesActionsTest-593528504 tempest-VolumesActionsTest-593528504-project] Create volume of 1 GB
Jul 12 14:33:13.271947 dv-cinder-836996-39-iscsi devstack@c-api.service[111123]: INFO cinder.volume.api [None req-8e414885-e0db-4275-b113-edec382f5b1d tempest-VolumesActionsTest-593528504 tempest-VolumesActionsTest-593528504-project] Availability Zones retrieved successfully.
Jul 12 14:33:13.287959 dv-cinder-836996-39-iscsi devstack@c-api.service[111123]: DEBUG cinder.volume.api [None req-8e414885-e0db-4275-b113-edec382f5b1d tempest-VolumesActionsTest-593528504 tempest-VolumesActionsTest-593528504-project] Flow 'volume_create_api' (cbd8c8b6-b707-42df-b6af-841866cb28ae) transitioned into state 'RUNNING' from state 'PENDING' {{(pid=111123) _flow_receiver /usr/local/lib/python3.8/dist-packages/taskflow/listeners/logging.py:141}}
Jul 12 14:33:13.290573 dv-cinder-836996-39-iscsi devstack@c-api.service[111123]: DEBUG cinder.volume.api [None req-8e414885-e0db-4275-b113-edec382f5b1d tempest-VolumesActionsTest-593528504 tempest-VolumesActionsTest-593528504-project] Task 'cinder.volume.flows.api.create_volume.ExtractVolumeRequestTask;volume:create' (0d071a28-12b3-42f4-9d09-3de48f61bc5a) transitioned into state 'RUNNING' from state 'PENDING' {{(pid=111123) _task_receiver /usr/local/lib/python3.8/dist-packages/taskflow/listeners/logging.py:190}}
Jul 12 14:33:13.293773 dv-cinder-836996-39-iscsi devstack@c-api.service[111123]: DEBUG cinder.volume.flows.api.create_volume [None req-8e414885-e0db-4275-b113-edec382f5b1d tempest-VolumesActionsTest-593528504 tempest-VolumesActionsTest-593528504-project] Validating volume size '1' using validate_int {{(pid=111123) _extract_size /opt/stack/cinder/cinder/volume/flows/api/create_volume.py:228}}
Jul 12 14:33:13.346796 dv-cinder-836996-39-iscsi devstack@c-api.service[111123]: DEBUG cinder.volume.api [None req-8e414885-e0db-4275-b113-edec382f5b1d tempest-VolumesActionsTest-593528504 tempest-VolumesActionsTest-593528504-project] Task 'cinder.volume.flows.api.create_volume.ExtractVolumeRequestTask;volume:create' (0d071a28-12b3-42f4-9d09-3de48f61bc5a) transitioned into state 'SUCCESS' from state 'RUNNING' with result '{'size': 1, 'snapshot_id': None, 'source_volid': None, 'volume_type': VolumeType(created_at=2022-07-12T14:22:31Z,deleted=False,deleted_at=None,description='Default Volume Type',extra_specs={},id=5a45a3fd-3dae-4ba0-bce8-452d767889b6,is_public=True,name='__DEFAULT__',projects=[],qos_specs=,qos_specs_id=None,updated_at=2022-07-12T14:22:31Z), 'volume_type_id': '5a45a3fd-3dae-4ba0-bce8-452d767889b6', 'encryption_key_id': None, 'qos_specs': None, 'consistencygroup_id': None, 'cgsnapshot_id': None, 'group_id': None, 'replication_status': 'disabled', 'refresh_az': False, 'backup_id': None, 'multiattach': False, 'availability_zones': ['nova']}' {{(pid=111123) _task_receiver /usr/local/lib/python3.8/dist-packages/taskflow/listeners/logging.py:178}}
Jul 12 14:33:13.350603 dv-cinder-836996-39-iscsi devstack@c-api.service[111123]: DEBUG cinder.volume.api [None req-8e414885-e0db-4275-b113-edec382f5b1d tempest-VolumesActionsTest-593528504 tempest-VolumesActionsTest-593528504-project] Task 'cinder.volume.flows.api.create_volume.QuotaReserveTask;volume:create' (f69d01a5-bd80-423a-a678-49f85d20fc92) transitioned into state 'RUNNING' from state 'PENDING' {{(pid=111123) _task_receiver /usr/local/lib/python3.8/dist-packages/taskflow/listeners/logging.py:190}}
Jul 12 14:33:13.419058 dv-cinder-836996-39-iscsi devstack@c-api.service[111123]: DEBUG cinder.quota [None req-8e414885-e0db-4275-b113-edec382f5b1d tempest-VolumesActionsTest-593528504 tempest-VolumesActionsTest-593528504-project] Created reservations ['51e358ae-948a-4da0-a919-b0e75a3feed1', '89af9f3d-aa27-4a64-b467-dfc920920f1a', '8fd73f1c-1743-41d9-bdbe-863fe41ec27d', '301fe83e-9ade-483f-9bfd-e8dda9754d5c'] {{(pid=111123) reserve /opt/stack/cinder/cinder/quota.py:755}}
Jul 12 14:33:13.421720 dv-cinder-836996-39-iscsi devstack@c-api.service[111123]: DEBUG cinder.volume.api [None req-8e414885-e0db-4275-b113-edec382f5b1d tempest-VolumesActionsTest-593528504 tempest-VolumesActionsTest-593528504-project] Task 'cinder.volume.flows.api.create_volume.QuotaReserveTask;volume:create' (f69d01a5-bd80-423a-a678-49f85d20fc92) transitioned into state 'SUCCESS' from state 'RUNNING' with result '{'reservations': ['51e358ae-948a-4da0-a919-b0e75a3feed1', '89af9f3d-aa27-4a64-b467-dfc920920f1a', '8fd73f1c-1743-41d9-bdbe-863fe41ec27d', '301fe83e-9ade-483f-9bfd-e8dda9754d5c']}' {{(pid=111123) _task_receiver /usr/local/lib/python3.8/dist-packages/taskflow/listeners/logging.py:178}}
Jul 12 14:33:13.423667 dv-cinder-836996-39-iscsi devstack@c-api.service[111123]: DEBUG cinder.volume.api [None req-8e414885-e0db-4275-b113-edec382f5b1d tempest-VolumesActionsTest-593528504 tempest-VolumesActionsTest-593528504-project] Task 'cinder.volume.flows.api.create_volume.EntryCreateTask;volume:create' (9684817b-929b-47aa-b26f-bca745ee7d34) transitioned into state 'RUNNING' from state 'PENDING' {{(pid=111123) _task_receiver /usr/local/lib/python3.8/dist-packages/taskflow/listeners/logging.py:190}}
Jul 12 14:33:13.461608 dv-cinder-836996-39-iscsi devstack@c-api.service[111123]: DEBUG cinder.volume.api [None req-8e414885-e0db-4275-b113-edec382f5b1d tempest-VolumesActionsTest-593528504 tempest-VolumesActionsTest-593528504-project] Task 'cinder.volume.flows.api.create_volume.EntryCreateTask;volume:create' (9684817b-929b-47aa-b26f-bca745ee7d34) transitioned into state 'SUCCESS' from state 'RUNNING' with result '{'volume_id': 'fe19cb98-b8f3-4dbe-a794-1204ba91fd49', 'volume_properties': VolumeProperties(attach_status='detached',availability_zone='nova',cgsnapshot_id=None,consistencygroup_id=None,display_description=None,display_name='tempest-VolumesActionsTest-Volume-1905791289',encryption_key_id=None,group_id=None,group_type_id=,metadata={},multiattach=False,project_id='cefc90d2f25d42ec9f9d5567dda60b58',qos_specs=None,replication_status=,reservations=['51e358ae-948a-4da0-a919-b0e75a3feed1','89af9f3d-aa27-4a64-b467-dfc920920f1a','8fd73f1c-1743-41d9-bdbe-863fe41ec27d','301fe83e-9ade-483f-9bfd-e8dda9754d5c'],size=1,snapshot_id=None,source_replicaid=,source_volid=None,status='creating',user_id='db6294c41e6844faa4279f5fc5c5360d',volume_type_id=5a45a3fd-3dae-4ba0-bce8-452d767889b6), 'volume': Volume(_name_id=None,admin_metadata=,attach_status='detached',availability_zone='nova',bootable=False,cluster=,cluster_name=None,consistencygroup=,consistencygroup_id=None,created_at=2022-07-12T14:33:13Z,deleted=False,deleted_at=None,display_description=None,display_name='tempest-VolumesActionsTest-Volume-1905791289',ec2_id=None,encryption_key_id=None,glance_metadata=,group=,group_id=None,host=None,id=fe19cb98-b8f3-4dbe-a794-1204ba91fd49,launched_at=None,metadata={},migration_status=None,multiattach=False,previous_status=None,project_id='cefc90d2f25d42ec9f9d5567dda60b58',provider_auth=None,provider_geometry=None,provider_id=None,provider_location=None,replication_driver_data=None,replication_extended_status=None,replication_status=None,scheduled_at=None,service_uuid=None,shared_targets=True,size=1,snapshot_id=None,snapshots=,source_volid=None,status='creating',terminated_at=None,updated_at=None,use_quota=True,user_id='db6294c41e6844faa4279f5fc5c5360d',volume_attachment=VolumeAttachmentList,volume_type=VolumeType(5a45a3fd-3dae-4ba0-bce8-452d767889b6),volume_type_id=5a45a3fd-3dae-4ba0-bce8-452d767889b6)}' {{(pid=111123) _task_receiver /usr/local/lib/python3.8/dist-packages/taskflow/listeners/logging.py:178}}
Jul 12 14:33:13.464679 dv-cinder-836996-39-iscsi devstack@c-api.service[111123]: DEBUG cinder.volume.api [None req-8e414885-e0db-4275-b113-edec382f5b1d tempest-VolumesActionsTest-593528504 tempest-VolumesActionsTest-593528504-project] Task 'cinder.volume.flows.api.create_volume.QuotaCommitTask;volume:create' (386b7e28-63ba-465c-ac73-c932606fa79b) transitioned into state 'RUNNING' from state 'PENDING' {{(pid=111123) _task_receiver /usr/local/lib/python3.8/dist-packages/taskflow/listeners/logging.py:190}}
Jul 12 14:33:13.517619 dv-cinder-836996-39-iscsi devstack@c-api.service[111124]: DEBUG cinder.api.middleware.request_id [None req-f3aeb73c-a16d-436c-a63d-4a00754169dc None None] RequestId filter calling following filter/app {{(pid=111124) _context_setter /opt/stack/cinder/cinder/api/middleware/request_id.py:62}}
Jul 12 14:33:13.532168 dv-cinder-836996-39-iscsi devstack@c-api.service[111124]: INFO cinder.api.openstack.wsgi [None req-f3aeb73c-a16d-436c-a63d-4a00754169dc tempest-SnapshotsActionsTest-673127276 tempest-SnapshotsActionsTest-673127276-project] GET http://10.222.0.25/volume/v3/ee85aa5a77d8468ab6223adea9777afe/snapshots/7b919bdd-28e5-4a7f-be81-5bab4dda4a8b
Jul 12 14:33:13.533778 dv-cinder-836996-39-iscsi devstack@c-api.service[111124]: DEBUG cinder.api.openstack.wsgi [None req-f3aeb73c-a16d-436c-a63d-4a00754169dc tempest-SnapshotsActionsTest-673127276 tempest-SnapshotsActionsTest-673127276-project] Empty body provided in request {{(pid=111124) get_body /opt/stack/cinder/cinder/api/openstack/wsgi.py:715}}
Jul 12 14:33:13.534282 dv-cinder-836996-39-iscsi devstack@c-api.service[111123]: DEBUG cinder.volume.api [None req-8e414885-e0db-4275-b113-edec382f5b1d tempest-VolumesActionsTest-593528504 tempest-VolumesActionsTest-593528504-project] Task 'cinder.volume.flows.api.create_volume.QuotaCommitTask;volume:create' (386b7e28-63ba-465c-ac73-c932606fa79b) transitioned into state 'SUCCESS' from state 'RUNNING' with result '{'volume_properties': VolumeProperties(attach_status='detached',availability_zone='nova',cgsnapshot_id=None,consistencygroup_id=None,display_description=None,display_name='tempest-VolumesActionsTest-Volume-1905791289',encryption_key_id=None,group_id=None,group_type_id=,metadata={},multiattach=False,project_id='cefc90d2f25d42ec9f9d5567dda60b58',qos_specs=None,replication_status=,reservations=['51e358ae-948a-4da0-a919-b0e75a3feed1','89af9f3d-aa27-4a64-b467-dfc920920f1a','8fd73f1c-1743-41d9-bdbe-863fe41ec27d','301fe83e-9ade-483f-9bfd-e8dda9754d5c'],size=1,snapshot_id=None,source_replicaid=,source_volid=None,status='creating',user_id='db6294c41e6844faa4279f5fc5c5360d',volume_type_id=5a45a3fd-3dae-4ba0-bce8-452d767889b6)}' {{(pid=111123) _task_receiver /usr/local/lib/python3.8/dist-packages/taskflow/listeners/logging.py:178}}
Jul 12 14:33:13.536255 dv-cinder-836996-39-iscsi devstack@c-api.service[111124]: DEBUG cinder.api.openstack.wsgi [None req-f3aeb73c-a16d-436c-a63d-4a00754169dc tempest-SnapshotsActionsTest-673127276 tempest-SnapshotsActionsTest-673127276-project] Calling method 'show' {{(pid=111124) _process_stack /opt/stack/cinder/cinder/api/openstack/wsgi.py:868}}
Jul 12 14:33:13.542954 dv-cinder-836996-39-iscsi devstack@c-api.service[111123]: DEBUG cinder.volume.api [None req-8e414885-e0db-4275-b113-edec382f5b1d tempest-VolumesActionsTest-593528504 tempest-VolumesActionsTest-593528504-project] Task 'cinder.volume.flows.api.create_volume.VolumeCastTask;volume:create' (37a0e572-ff44-46ce-b0f8-59de846c025b) transitioned into state 'RUNNING' from state 'PENDING' {{(pid=111123) _task_receiver /usr/local/lib/python3.8/dist-packages/taskflow/listeners/logging.py:190}}
Jul 12 14:33:13.574045 dv-cinder-836996-39-iscsi devstack@c-api.service[111124]: /usr/local/lib/python3.8/dist-packages/oslo_context/context.py:100: DeprecationWarning: Policy enforcement is depending on the value of is_admin. This key is deprecated. Please update your policy file to use the standard policy values.
Jul 12 14:33:13.574045 dv-cinder-836996-39-iscsi devstack@c-api.service[111124]: warnings.warn('Policy enforcement is depending on the value of '
Jul 12 14:33:13.575096 dv-cinder-836996-39-iscsi devstack@c-api.service[111124]: INFO cinder.volume.api [None req-f3aeb73c-a16d-436c-a63d-4a00754169dc tempest-SnapshotsActionsTest-673127276 tempest-SnapshotsActionsTest-673127276-project] Snapshot retrieved successfully.
Jul 12 14:33:13.576904 dv-cinder-836996-39-iscsi devstack@c-api.service[111124]: INFO cinder.api.openstack.wsgi [None req-f3aeb73c-a16d-436c-a63d-4a00754169dc tempest-SnapshotsActionsTest-673127276 tempest-SnapshotsActionsTest-673127276-project] http://10.222.0.25/volume/v3/ee85aa5a77d8468ab6223adea9777afe/snapshots/7b919bdd-28e5-4a7f-be81-5bab4dda4a8b returned with HTTP 200
Jul 12 14:33:13.583714 dv-cinder-836996-39-iscsi devstack@c-api.service[111124]: [pid: 111124|app: 0|req: 152/325] 10.222.0.25 () {58 vars in 1330 bytes} [Tue Jul 12 14:33:13 2022] GET /volume/v3/ee85aa5a77d8468ab6223adea9777afe/snapshots/7b919bdd-28e5-4a7f-be81-5bab4dda4a8b => generated 464 bytes in 64 msecs (HTTP/1.1 200) 7 headers in 285 bytes (1 switches on core 0)
Jul 12 14:33:13.583889 dv-cinder-836996-39-iscsi devstack@c-api.service[111123]: DEBUG cinder.volume.api [None req-8e414885-e0db-4275-b113-edec382f5b1d tempest-VolumesActionsTest-593528504 tempest-VolumesActionsTest-593528504-project] Task 'cinder.volume.flows.api.create_volume.VolumeCastTask;volume:create' (37a0e572-ff44-46ce-b0f8-59de846c025b) transitioned into state 'SUCCESS' from state 'RUNNING' with result 'None' {{(pid=111123) _task_receiver /usr/local/lib/python3.8/dist-packages/taskflow/listeners/logging.py:178}}
Jul 12 14:33:13.586504 dv-cinder-836996-39-iscsi devstack@c-api.service[111123]: DEBUG cinder.volume.api [None req-8e414885-e0db-4275-b113-edec382f5b1d tempest-VolumesActionsTest-593528504 tempest-VolumesActionsTest-593528504-project] Flow 'volume_create_api' (cbd8c8b6-b707-42df-b6af-841866cb28ae) transitioned into state 'SUCCESS' from state 'RUNNING' {{(pid=111123) _flow_receiver /usr/local/lib/python3.8/dist-packages/taskflow/listeners/logging.py:141}}
Jul 12 14:33:13.587191 dv-cinder-836996-39-iscsi devstack@c-api.service[111123]: INFO cinder.volume.api [None req-8e414885-e0db-4275-b113-edec382f5b1d tempest-VolumesActionsTest-593528504 tempest-VolumesActionsTest-593528504-project] Create volume request issued successfully.
Jul 12 14:33:13.588741 dv-cinder-836996-39-iscsi devstack@c-api.service[111123]: INFO cinder.api.openstack.wsgi [None req-8e414885-e0db-4275-b113-edec382f5b1d tempest-VolumesActionsTest-593528504 tempest-VolumesActionsTest-593528504-project] http://10.222.0.25/volume/v3/cefc90d2f25d42ec9f9d5567dda60b58/volumes returned with HTTP 202
Jul 12 14:33:13.589956 dv-cinder-836996-39-iscsi devstack@c-api.service[111123]: [pid: 111123|app: 0|req: 174/326] 10.222.0.25 () {60 vars in 1234 bytes} [Tue Jul 12 14:33:13 2022] POST /volume/v3/cefc90d2f25d42ec9f9d5567dda60b58/volumes => generated 818 bytes in 337 msecs (HTTP/1.1 202) 7 headers in 291 bytes (1 switches on core 0)
Jul 12 14:33:13.600543 dv-cinder-836996-39-iscsi devstack@c-api.service[111124]: DEBUG cinder.api.middleware.request_id [None req-8c5a0c2a-e56a-477a-85d1-8a574b938f44 None None] RequestId filter calling following filter/app {{(pid=111124) _context_setter /opt/stack/cinder/cinder/api/middleware/request_id.py:62}}
Jul 12 14:33:13.604479 dv-cinder-836996-39-iscsi devstack@c-api.service[111123]: DEBUG cinder.api.middleware.request_id [None req-fbc1ef05-d1c8-496e-bcf0-b4553272040f None None] RequestId filter calling following filter/app {{(pid=111123) _context_setter /opt/stack/cinder/cinder/api/middleware/request_id.py:62}}
Jul 12 14:33:13.604622 dv-cinder-836996-39-iscsi devstack@c-api.service[111124]: INFO cinder.api.openstack.wsgi [None req-8c5a0c2a-e56a-477a-85d1-8a574b938f44 tempest-SnapshotsActionsTest-356795392 tempest-SnapshotsActionsTest-356795392-project-admin] POST http://10.222.0.25/volume/v3/31710c3ca48746c1b73142795b5f15d0/snapshots/7b919bdd-28e5-4a7f-be81-5bab4dda4a8b/action
Jul 12 14:33:13.605207 dv-cinder-836996-39-iscsi devstack@c-api.service[111124]: DEBUG cinder.api.openstack.wsgi [None req-8c5a0c2a-e56a-477a-85d1-8a574b938f44 tempest-SnapshotsActionsTest-356795392 tempest-SnapshotsActionsTest-356795392-project-admin] Action body: b'{"os-reset_status": {"status": "deleting"}}' {{(pid=111124) get_method /opt/stack/cinder/cinder/api/openstack/wsgi.py:983}}
Jul 12 14:33:13.605554 dv-cinder-836996-39-iscsi devstack@c-api.service[111124]: DEBUG cinder.api.openstack.wsgi [None req-8c5a0c2a-e56a-477a-85d1-8a574b938f44 tempest-SnapshotsActionsTest-356795392 tempest-SnapshotsActionsTest-356795392-project-admin] Action: 'action', calling method: _reset_status, body: {"os-reset_status": {"status": "deleting"}} {{(pid=111124) _process_stack /opt/stack/cinder/cinder/api/openstack/wsgi.py:866}}
Jul 12 14:33:13.606363 dv-cinder-836996-39-iscsi devstack@c-api.service[111124]: DEBUG cinder.api.contrib.admin_actions [None req-8c5a0c2a-e56a-477a-85d1-8a574b938f44 tempest-SnapshotsActionsTest-356795392 tempest-SnapshotsActionsTest-356795392-project-admin] Updating snapshot '7b919bdd-28e5-4a7f-be81-5bab4dda4a8b' with '{'status': 'deleting'}' {{(pid=111124) _reset_status /opt/stack/cinder/cinder/api/contrib/admin_actions.py:100}}
Jul 12 14:33:13.614020 dv-cinder-836996-39-iscsi devstack@c-api.service[111123]: INFO cinder.api.openstack.wsgi [None req-fbc1ef05-d1c8-496e-bcf0-b4553272040f tempest-VolumesActionsTest-593528504 tempest-VolumesActionsTest-593528504-project] GET http://10.222.0.25/volume/v3/cefc90d2f25d42ec9f9d5567dda60b58/volumes/fe19cb98-b8f3-4dbe-a794-1204ba91fd49
Jul 12 14:33:13.614561 dv-cinder-836996-39-iscsi devstack@c-api.service[111123]: DEBUG cinder.api.openstack.wsgi [None req-fbc1ef05-d1c8-496e-bcf0-b4553272040f tempest-VolumesActionsTest-593528504 tempest-VolumesActionsTest-593528504-project] Empty body provided in request {{(pid=111123) get_body /opt/stack/cinder/cinder/api/openstack/wsgi.py:715}}
Jul 12 14:33:13.616117 dv-cinder-836996-39-iscsi devstack@c-api.service[111123]: DEBUG cinder.api.openstack.wsgi [None req-fbc1ef05-d1c8-496e-bcf0-b4553272040f tempest-VolumesActionsTest-593528504 tempest-VolumesActionsTest-593528504-project] Calling method 'show' {{(pid=111123) _process_stack /opt/stack/cinder/cinder/api/openstack/wsgi.py:868}}
Jul 12 14:33:13.633059 dv-cinder-836996-39-iscsi devstack@c-api.service[111124]: /usr/local/lib/python3.8/dist-packages/oslo_context/context.py:100: DeprecationWarning: Policy enforcement is depending on the value of is_admin. This key is deprecated. Please update your policy file to use the standard policy values.
Jul 12 14:33:13.633059 dv-cinder-836996-39-iscsi devstack@c-api.service[111124]: warnings.warn('Policy enforcement is depending on the value of '
Jul 12 14:33:13.653680 dv-cinder-836996-39-iscsi devstack@c-api.service[111123]: /usr/local/lib/python3.8/dist-packages/oslo_context/context.py:100: DeprecationWarning: Policy enforcement is depending on the value of is_admin. This key is deprecated. Please update your policy file to use the standard policy values.
Jul 12 14:33:13.653680 dv-cinder-836996-39-iscsi devstack@c-api.service[111123]: warnings.warn('Policy enforcement is depending on the value of '
Jul 12 14:33:13.661593 dv-cinder-836996-39-iscsi devstack@c-api.service[111124]: INFO cinder.api.openstack.wsgi [None req-8c5a0c2a-e56a-477a-85d1-8a574b938f44 tempest-SnapshotsActionsTest-356795392 tempest-SnapshotsActionsTest-356795392-project-admin] http://10.222.0.25/volume/v3/31710c3ca48746c1b73142795b5f15d0/snapshots/7b919bdd-28e5-4a7f-be81-5bab4dda4a8b/action returned with HTTP 202
Jul 12 14:33:13.665193 dv-cinder-836996-39-iscsi devstack@c-api.service[111124]: [pid: 111124|app: 0|req: 153/327] 10.222.0.25 () {60 vars in 1372 bytes} [Tue Jul 12 14:33:13 2022] POST /volume/v3/31710c3ca48746c1b73142795b5f15d0/snapshots/7b919bdd-28e5-4a7f-be81-5bab4dda4a8b/action => generated 0 bytes in 63 msecs (HTTP/1.1 202) 7 headers in 289 bytes (1 switches on core 0)
Jul 12 14:33:13.667030 dv-cinder-836996-39-iscsi devstack@c-api.service[111124]: DEBUG cinder.api.middleware.request_id [None req-6aa1a535-b768-4673-ba8e-2fec4552a55e None None] RequestId filter calling following filter/app {{(pid=111124) _context_setter /opt/stack/cinder/cinder/api/middleware/request_id.py:62}}
Jul 12 14:33:13.668747 dv-cinder-836996-39-iscsi devstack@c-api.service[111123]: INFO cinder.volume.api [None req-fbc1ef05-d1c8-496e-bcf0-b4553272040f tempest-VolumesActionsTest-593528504 tempest-VolumesActionsTest-593528504-project] Volume info retrieved successfully.
Jul 12 14:33:13.672533 dv-cinder-836996-39-iscsi devstack@c-api.service[111124]: INFO cinder.api.openstack.wsgi [None req-6aa1a535-b768-4673-ba8e-2fec4552a55e tempest-SnapshotsActionsTest-673127276 tempest-SnapshotsActionsTest-673127276-project] GET http://10.222.0.25/volume/v3/ee85aa5a77d8468ab6223adea9777afe/snapshots/7b919bdd-28e5-4a7f-be81-5bab4dda4a8b
Jul 12 14:33:13.672996 dv-cinder-836996-39-iscsi devstack@c-api.service[111124]: DEBUG cinder.api.openstack.wsgi [None req-6aa1a535-b768-4673-ba8e-2fec4552a55e tempest-SnapshotsActionsTest-673127276 tempest-SnapshotsActionsTest-673127276-project] Empty body provided in request {{(pid=111124) get_body /opt/stack/cinder/cinder/api/openstack/wsgi.py:715}}
Jul 12 14:33:13.673471 dv-cinder-836996-39-iscsi devstack@c-api.service[111124]: DEBUG cinder.api.openstack.wsgi [None req-6aa1a535-b768-4673-ba8e-2fec4552a55e tempest-SnapshotsActionsTest-673127276 tempest-SnapshotsActionsTest-673127276-project] Calling method 'show' {{(pid=111124) _process_stack /opt/stack/cinder/cinder/api/openstack/wsgi.py:868}}
Jul 12 14:33:13.681323 dv-cinder-836996-39-iscsi devstack@c-api.service[111123]: DEBUG dbcounter [-] [111123] Writing DB stats cinder:SELECT=80,cinder:INSERT=8,cinder:UPDATE=12 {{(pid=111123) stat_writer /usr/local/lib/python3.8/dist-packages/dbcounter.py:114}}
Jul 12 14:33:13.687450 dv-cinder-836996-39-iscsi devstack@c-api.service[111123]: INFO cinder.api.openstack.wsgi [None req-fbc1ef05-d1c8-496e-bcf0-b4553272040f tempest-VolumesActionsTest-593528504 tempest-VolumesActionsTest-593528504-project] http://10.222.0.25/volume/v3/cefc90d2f25d42ec9f9d5567dda60b58/volumes/fe19cb98-b8f3-4dbe-a794-1204ba91fd49 returned with HTTP 200
Jul 12 14:33:13.698122 dv-cinder-836996-39-iscsi devstack@c-api.service[111123]: [pid: 111123|app: 0|req: 175/328] 10.222.0.25 () {58 vars in 1324 bytes} [Tue Jul 12 14:33:13 2022] GET /volume/v3/cefc90d2f25d42ec9f9d5567dda60b58/volumes/fe19cb98-b8f3-4dbe-a794-1204ba91fd49 => generated 886 bytes in 87 msecs (HTTP/1.1 200) 7 headers in 285 bytes (1 switches on core 0)
Jul 12 14:33:13.698435 dv-cinder-836996-39-iscsi devstack@c-api.service[111124]: /usr/local/lib/python3.8/dist-packages/oslo_context/context.py:100: DeprecationWarning: Policy enforcement is depending on the value of is_admin. This key is deprecated. Please update your policy file to use the standard policy values.
Jul 12 14:33:13.698435 dv-cinder-836996-39-iscsi devstack@c-api.service[111124]: warnings.warn('Policy enforcement is depending on the value of '
Jul 12 14:33:13.698435 dv-cinder-836996-39-iscsi devstack@c-api.service[111124]: INFO cinder.volume.api [None req-6aa1a535-b768-4673-ba8e-2fec4552a55e tempest-SnapshotsActionsTest-673127276 tempest-SnapshotsActionsTest-673127276-project] Snapshot retrieved successfully.
Jul 12 14:33:13.698435 dv-cinder-836996-39-iscsi devstack@c-api.service[111124]: INFO cinder.api.openstack.wsgi [None req-6aa1a535-b768-4673-ba8e-2fec4552a55e tempest-SnapshotsActionsTest-673127276 tempest-SnapshotsActionsTest-673127276-project] http://10.222.0.25/volume/v3/ee85aa5a77d8468ab6223adea9777afe/snapshots/7b919bdd-28e5-4a7f-be81-5bab4dda4a8b returned with HTTP 200
Jul 12 14:33:13.698711 dv-cinder-836996-39-iscsi devstack@c-api.service[111124]: [pid: 111124|app: 0|req: 154/329] 10.222.0.25 () {58 vars in 1330 bytes} [Tue Jul 12 14:33:13 2022] GET /volume/v3/ee85aa5a77d8468ab6223adea9777afe/snapshots/7b919bdd-28e5-4a7f-be81-5bab4dda4a8b => generated 463 bytes in 32 msecs (HTTP/1.1 200) 7 headers in 285 bytes (2 switches on core 0)
Jul 12 14:33:13.707617 dv-cinder-836996-39-iscsi devstack@c-api.service[111123]: DEBUG cinder.api.middleware.request_id [None req-f18ca6db-8a6c-4450-9fa7-97298b72adec None None] RequestId filter calling following filter/app {{(pid=111123) _context_setter /opt/stack/cinder/cinder/api/middleware/request_id.py:62}}
Jul 12 14:33:13.712056 dv-cinder-836996-39-iscsi devstack@c-api.service[111123]: INFO cinder.api.openstack.wsgi [None req-f18ca6db-8a6c-4450-9fa7-97298b72adec tempest-SnapshotsActionsTest-356795392 tempest-SnapshotsActionsTest-356795392-project-admin] POST http://10.222.0.25/volume/v3/31710c3ca48746c1b73142795b5f15d0/snapshots/7b919bdd-28e5-4a7f-be81-5bab4dda4a8b/action
Jul 12 14:33:13.713324 dv-cinder-836996-39-iscsi devstack@c-api.service[111123]: DEBUG cinder.api.openstack.wsgi [None req-f18ca6db-8a6c-4450-9fa7-97298b72adec tempest-SnapshotsActionsTest-356795392 tempest-SnapshotsActionsTest-356795392-project-admin] Action body: b'{"os-force_delete": {}}' {{(pid=111123) get_method /opt/stack/cinder/cinder/api/openstack/wsgi.py:983}}
Jul 12 14:33:13.713324 dv-cinder-836996-39-iscsi devstack@c-api.service[111123]: DEBUG cinder.api.openstack.wsgi [None req-f18ca6db-8a6c-4450-9fa7-97298b72adec tempest-SnapshotsActionsTest-356795392 tempest-SnapshotsActionsTest-356795392-project-admin] Action: 'action', calling method: _force_delete, body: {"os-force_delete": {}} {{(pid=111123) _process_stack /opt/stack/cinder/cinder/api/openstack/wsgi.py:866}}
Jul 12 14:33:13.774302 dv-cinder-836996-39-iscsi devstack@c-api.service[111123]: /usr/local/lib/python3.8/dist-packages/oslo_context/context.py:100: DeprecationWarning: Policy enforcement is depending on the value of is_admin. This key is deprecated. Please update your policy file to use the standard policy values.
Jul 12 14:33:13.774302 dv-cinder-836996-39-iscsi devstack@c-api.service[111123]: warnings.warn('Policy enforcement is depending on the value of '
Jul 12 14:33:13.775061 dv-cinder-836996-39-iscsi devstack@c-api.service[111123]: INFO cinder.volume.api [None req-f18ca6db-8a6c-4450-9fa7-97298b72adec tempest-SnapshotsActionsTest-356795392 tempest-SnapshotsActionsTest-356795392-project-admin] Snapshot retrieved successfully.
Jul 12 14:33:13.818130 dv-cinder-836996-39-iscsi devstack@c-api.service[111123]: INFO cinder.volume.api [None req-f18ca6db-8a6c-4450-9fa7-97298b72adec tempest-SnapshotsActionsTest-356795392 tempest-SnapshotsActionsTest-356795392-project-admin] Snapshot delete request issued successfully.
Jul 12 14:33:13.818597 dv-cinder-836996-39-iscsi devstack@c-api.service[111123]: INFO cinder.api.openstack.wsgi [None req-f18ca6db-8a6c-4450-9fa7-97298b72adec tempest-SnapshotsActionsTest-356795392 tempest-SnapshotsActionsTest-356795392-project-admin] http://10.222.0.25/volume/v3/31710c3ca48746c1b73142795b5f15d0/snapshots/7b919bdd-28e5-4a7f-be81-5bab4dda4a8b/action returned with HTTP 202
Jul 12 14:33:13.819463 dv-cinder-836996-39-iscsi devstack@c-api.service[111123]: [pid: 111123|app: 0|req: 176/330] 10.222.0.25 () {60 vars in 1372 bytes} [Tue Jul 12 14:33:13 2022] POST /volume/v3/31710c3ca48746c1b73142795b5f15d0/snapshots/7b919bdd-28e5-4a7f-be81-5bab4dda4a8b/action => generated 0 bytes in 113 msecs (HTTP/1.1 202) 7 headers in 289 bytes (1 switches on core 0)
Jul 12 14:33:13.824002 dv-cinder-836996-39-iscsi devstack@c-api.service[111124]: DEBUG cinder.api.middleware.request_id [None req-77a8ad13-5350-42ab-a973-b9b96a6081d1 None None] RequestId filter calling following filter/app {{(pid=111124) _context_setter /opt/stack/cinder/cinder/api/middleware/request_id.py:62}}
Jul 12 14:33:13.828887 dv-cinder-836996-39-iscsi devstack@c-api.service[111124]: INFO cinder.api.openstack.wsgi [None req-77a8ad13-5350-42ab-a973-b9b96a6081d1 tempest-SnapshotsActionsTest-673127276 tempest-SnapshotsActionsTest-673127276-project] GET http://10.222.0.25/volume/v3/ee85aa5a77d8468ab6223adea9777afe/snapshots/7b919bdd-28e5-4a7f-be81-5bab4dda4a8b
Jul 12 14:33:13.829186 dv-cinder-836996-39-iscsi devstack@c-api.service[111124]: DEBUG cinder.api.openstack.wsgi [None req-77a8ad13-5350-42ab-a973-b9b96a6081d1 tempest-SnapshotsActionsTest-673127276 tempest-SnapshotsActionsTest-673127276-project] Empty body provided in request {{(pid=111124) get_body /opt/stack/cinder/cinder/api/openstack/wsgi.py:715}}
Jul 12 14:33:13.829812 dv-cinder-836996-39-iscsi devstack@c-api.service[111124]: DEBUG cinder.api.openstack.wsgi [None req-77a8ad13-5350-42ab-a973-b9b96a6081d1 tempest-SnapshotsActionsTest-673127276 tempest-SnapshotsActionsTest-673127276-project] Calling method 'show' {{(pid=111124) _process_stack /opt/stack/cinder/cinder/api/openstack/wsgi.py:868}}
Jul 12 14:33:13.842226 dv-cinder-836996-39-iscsi devstack@c-api.service[111124]: /usr/local/lib/python3.8/dist-packages/oslo_context/context.py:100: DeprecationWarning: Policy enforcement is depending on the value of is_admin. This key is deprecated. Please update your policy file to use the standard policy values.
Jul 12 14:33:13.842226 dv-cinder-836996-39-iscsi devstack@c-api.service[111124]: warnings.warn('Policy enforcement is depending on the value of '
Jul 12 14:33:13.845794 dv-cinder-836996-39-iscsi devstack@c-api.service[111124]: INFO cinder.volume.api [None req-77a8ad13-5350-42ab-a973-b9b96a6081d1 tempest-SnapshotsActionsTest-673127276 tempest-SnapshotsActionsTest-673127276-project] Snapshot retrieved successfully.
Jul 12 14:33:13.845794 dv-cinder-836996-39-iscsi devstack@c-api.service[111124]: INFO cinder.api.openstack.wsgi [None req-77a8ad13-5350-42ab-a973-b9b96a6081d1 tempest-SnapshotsActionsTest-673127276 tempest-SnapshotsActionsTest-673127276-project] http://10.222.0.25/volume/v3/ee85aa5a77d8468ab6223adea9777afe/snapshots/7b919bdd-28e5-4a7f-be81-5bab4dda4a8b returned with HTTP 200
Jul 12 14:33:13.850699 dv-cinder-836996-39-iscsi devstack@c-api.service[111124]: [pid: 111124|app: 0|req: 155/331] 10.222.0.25 () {58 vars in 1330 bytes} [Tue Jul 12 14:33:13 2022] GET /volume/v3/ee85aa5a77d8468ab6223adea9777afe/snapshots/7b919bdd-28e5-4a7f-be81-5bab4dda4a8b => generated 463 bytes in 28 msecs (HTTP/1.1 200) 7 headers in 285 bytes (1 switches on core 0)
Jul 12 14:33:14.141124 dv-cinder-836996-39-iscsi devstack@c-api.service[111123]: DEBUG cinder.api.middleware.request_id [None req-24b164f7-d8eb-423d-aa09-2751b99596e9 None None] RequestId filter calling following filter/app {{(pid=111123) _context_setter /opt/stack/cinder/cinder/api/middleware/request_id.py:62}}
Jul 12 14:33:14.145052 dv-cinder-836996-39-iscsi devstack@c-api.service[111123]: INFO cinder.api.openstack.wsgi [None req-24b164f7-d8eb-423d-aa09-2751b99596e9 tempest-GroupsV314Test-763592178 tempest-GroupsV314Test-763592178-project] GET http://10.222.0.25/volume/v3/7015e42bd7d24ffbb30641471823a988/volumes/bb37aa85-db0b-4192-8794-62c963585249
Jul 12 14:33:14.145581 dv-cinder-836996-39-iscsi devstack@c-api.service[111123]: DEBUG cinder.api.openstack.wsgi [None req-24b164f7-d8eb-423d-aa09-2751b99596e9 tempest-GroupsV314Test-763592178 tempest-GroupsV314Test-763592178-project] Empty body provided in request {{(pid=111123) get_body /opt/stack/cinder/cinder/api/openstack/wsgi.py:715}}
Jul 12 14:33:14.146035 dv-cinder-836996-39-iscsi devstack@c-api.service[111123]: DEBUG cinder.api.openstack.wsgi [None req-24b164f7-d8eb-423d-aa09-2751b99596e9 tempest-GroupsV314Test-763592178 tempest-GroupsV314Test-763592178-project] Calling method 'show' {{(pid=111123) _process_stack /opt/stack/cinder/cinder/api/openstack/wsgi.py:868}}
Jul 12 14:33:14.159242 dv-cinder-836996-39-iscsi devstack@c-api.service[111123]: INFO cinder.api.openstack.wsgi [None req-24b164f7-d8eb-423d-aa09-2751b99596e9 tempest-GroupsV314Test-763592178 tempest-GroupsV314Test-763592178-project] http://10.222.0.25/volume/v3/7015e42bd7d24ffbb30641471823a988/volumes/bb37aa85-db0b-4192-8794-62c963585249 returned with HTTP 404
Jul 12 14:33:14.160848 dv-cinder-836996-39-iscsi devstack@c-api.service[111123]: [pid: 111123|app: 0|req: 177/332] 10.222.0.25 () {60 vars in 1365 bytes} [Tue Jul 12 14:33:14 2022] GET /volume/v3/7015e42bd7d24ffbb30641471823a988/volumes/bb37aa85-db0b-4192-8794-62c963585249 => generated 109 bytes in 21 msecs (HTTP/1.1 404) 7 headers in 293 bytes (1 switches on core 0)
