Jun 18 05:12:27.074449 dv-cinder-836996-35-smb neutron-server[104372]: DEBUG neutron_lib.callbacks.manager [None req-36d6dc8f-ba14-475f-8a05-5a063e641a94 admin admin] Publish callbacks ['neutron.plugins.ml2.plugin.Ml2Plugin._network_delete_after_delete_handler-1456114', 'neutron.plugins.ml2.ovo_rpc._ObjectChangeHandler.handle_event-490919', 'neutron.api.rpc.agentnotifiers.dhcp_rpc_agent_api.DhcpAgentNotifyAPI._native_event_send_dhcp_notification-579361', 'neutron.services.l3_router.l3_router_plugin.DVRResourceOperationHandler.delete_fip_namespaces_for_ext_net-460848'] for network (277578bf-56c5-42ab-a8f6-82ed97cf7354), after_delete {{(pid=104372) _notify_loop /usr/local/lib/python3.8/dist-packages/neutron_lib/callbacks/manager.py:176}}
Jun 18 05:12:27.075202 dv-cinder-836996-35-smb neutron-server[104374]: DEBUG novaclient.v2.client [-] RESP: [200] Connection: close Content-Length: 183 Content-Type: application/json Date: Sat, 18 Jun 2022 05:12:27 GMT OpenStack-API-Version: compute 2.1 Server: Apache/2.4.41 (Ubuntu) Vary: OpenStack-API-Version,X-OpenStack-Nova-API-Version X-OpenStack-Nova-API-Version: 2.1 x-compute-request-id: req-87925323-bf43-42de-b7fb-4a7137646211 x-openstack-request-id: req-87925323-bf43-42de-b7fb-4a7137646211 {{(pid=104374) _http_log_response /usr/local/lib/python3.8/dist-packages/keystoneauth1/session.py:550}}
Jun 18 05:12:27.075881 dv-cinder-836996-35-smb neutron-server[104374]: DEBUG novaclient.v2.client [-] RESP BODY: {"events": [{"server_uuid": "94d82bd3-216e-4ef1-a04a-e9183524cf56", "name": "network-vif-plugged", "status": "completed", "tag": "37de0bb3-55cf-46d0-b710-b3aeaf49993b", "code": 200}]} {{(pid=104374) _http_log_response /usr/local/lib/python3.8/dist-packages/keystoneauth1/session.py:582}}
Jun 18 05:12:27.075881 dv-cinder-836996-35-smb neutron-server[104374]: DEBUG novaclient.v2.client [-] POST call to compute for http://10.222.0.36/compute/v2.1/os-server-external-events used request id req-87925323-bf43-42de-b7fb-4a7137646211 {{(pid=104374) request /usr/local/lib/python3.8/dist-packages/keystoneauth1/session.py:954}}
Jun 18 05:12:27.076205 dv-cinder-836996-35-smb neutron-server[104374]: INFO neutron.notifiers.nova [-] Nova event matching ['req-87925323-bf43-42de-b7fb-4a7137646211'] response: {'server_uuid': '94d82bd3-216e-4ef1-a04a-e9183524cf56', 'name': 'network-vif-plugged', 'status': 'completed', 'tag': '37de0bb3-55cf-46d0-b710-b3aeaf49993b', 'code': 200}
Jun 18 05:12:27.086580 dv-cinder-836996-35-smb neutron-server[104372]: DEBUG neutron_lib.callbacks.manager [None req-36d6dc8f-ba14-475f-8a05-5a063e641a94 admin admin] Publish callbacks ['neutron.api.rpc.agentnotifiers.dhcp_rpc_agent_api.DhcpAgentNotifyAPI._send_dhcp_notification-579383'] for network (None), before_response {{(pid=104372) _notify_loop /usr/local/lib/python3.8/dist-packages/neutron_lib/callbacks/manager.py:176}}
Jun 18 05:12:27.093693 dv-cinder-836996-35-smb neutron-server[104372]: INFO neutron.wsgi [None req-36d6dc8f-ba14-475f-8a05-5a063e641a94 admin admin] 10.222.0.36 "DELETE /v2.0/networks/277578bf-56c5-42ab-a8f6-82ed97cf7354 HTTP/1.1" status: 204 len: 168 time: 1.1989050
Jun 18 05:12:27.100417 dv-cinder-836996-35-smb neutron-server[104372]: DEBUG neutron.api.rpc.handlers.resources_rpc [None req-36d6dc8f-ba14-475f-8a05-5a063e641a94 admin admin] Pushing event deleted for resources: {'Network': ['ID=277578bf-56c5-42ab-a8f6-82ed97cf7354,revision_number=None']} {{(pid=104372) push /opt/stack/neutron/neutron/api/rpc/handlers/resources_rpc.py:237}}
Jun 18 05:12:27.149633 dv-cinder-836996-35-smb neutron-server[104374]: DEBUG neutron_lib.callbacks.manager [None req-4bb2db3e-76ce-4cd5-a2f3-bc89ecf8b7de None None] Publish callbacks ['neutron.plugins.ml2.plugin.SecurityGroupServerNotifierRpcMixin._notify_sg_on_port_change-1496727', 'neutron.plugins.ml2.ovo_rpc._ObjectChangeHandler.handle_event-38017', 'neutron.api.rpc.agentnotifiers.dhcp_rpc_agent_api.DhcpAgentNotifyAPI._native_event_send_dhcp_notification-579361', 'neutron.db.l3_db.L3RpcNotifierMixin._notify_gateway_port_ip_changed-8775732274598', 'neutron.db.l3_dvrscheduler_db._notify_l3_agent_port_update-8775731786168', 'neutron.db.l3_hascheduler_db._notify_l3_agent_ha_port_update-8775731786186'] for port (37de0bb3-55cf-46d0-b710-b3aeaf49993b), after_update {{(pid=104374) _notify_loop /usr/local/lib/python3.8/dist-packages/neutron_lib/callbacks/manager.py:176}}
Jun 18 05:12:27.201567 dv-cinder-836996-35-smb neutron-server[104374]: DEBUG neutron.api.rpc.handlers.resources_rpc [None req-4bb2db3e-76ce-4cd5-a2f3-bc89ecf8b7de None None] Pushing event updated for resources: {'Port': ['ID=37de0bb3-55cf-46d0-b710-b3aeaf49993b,revision_number=5']} {{(pid=104374) push /opt/stack/neutron/neutron/api/rpc/handlers/resources_rpc.py:237}}
Jun 18 05:12:27.266139 dv-cinder-836996-35-smb neutron-server[104373]: DEBUG neutron.pecan_wsgi.hooks.policy_enforcement [req-16cc385f-55bf-4bcf-b92b-02d4f511836e req-6406b598-d124-42ed-aa0a-793113e79176 tempest-VolumesActionsTest-400094646 tempest-VolumesActionsTest-400094646-project] Attributes excluded by policy engine: ['standard_attr_id', 'binding:profile', 'binding:host_id', 'binding:vif_type', 'binding:vif_details'] {{(pid=104373) _exclude_attributes_by_policy /opt/stack/neutron/neutron/pecan_wsgi/hooks/policy_enforcement.py:259}}
Jun 18 05:12:27.276809 dv-cinder-836996-35-smb neutron-server[104373]: INFO neutron.wsgi [req-16cc385f-55bf-4bcf-b92b-02d4f511836e req-6406b598-d124-42ed-aa0a-793113e79176 tempest-VolumesActionsTest-400094646 tempest-VolumesActionsTest-400094646-project] 10.222.0.36 "GET /v2.0/ports?device_id=94d82bd3-216e-4ef1-a04a-e9183524cf56 HTTP/1.1" status: 200 len: 945 time: 0.0581117
Jun 18 05:12:27.320818 dv-cinder-836996-35-smb neutron-server[104373]: INFO neutron.wsgi [req-16cc385f-55bf-4bcf-b92b-02d4f511836e req-25840282-1a95-4726-8202-5898675950eb tempest-VolumesActionsTest-400094646 tempest-VolumesActionsTest-400094646-project] 10.222.0.36 "GET /v2.0/security-groups?id=3c01a2e1-a1f2-4b26-9092-bd51a45c85fe&fields=id&fields=name HTTP/1.1" status: 200 len: 286 time: 0.0459013
Jun 18 05:12:27.471481 dv-cinder-836996-35-smb neutron-server[104373]: DEBUG neutron.pecan_wsgi.hooks.policy_enforcement [req-1df238ff-597b-4145-908c-99cbc80699be req-baa597ac-4588-455a-826f-542a9d710a7f service neutron] Attributes excluded by policy engine: ['standard_attr_id'] {{(pid=104373) _exclude_attributes_by_policy /opt/stack/neutron/neutron/pecan_wsgi/hooks/policy_enforcement.py:259}}
Jun 18 05:12:27.472930 dv-cinder-836996-35-smb neutron-server[104373]: INFO neutron.wsgi [req-1df238ff-597b-4145-908c-99cbc80699be req-baa597ac-4588-455a-826f-542a9d710a7f service neutron] 10.222.0.43 "GET /v2.0/ports?device_id=94d82bd3-216e-4ef1-a04a-e9183524cf56 HTTP/1.1" status: 200 len: 1129 time: 0.0369833
Jun 18 05:12:27.523880 dv-cinder-836996-35-smb neutron-server[104373]: INFO neutron.wsgi [req-1df238ff-597b-4145-908c-99cbc80699be req-e9d63147-b07c-441a-8a23-7256398edb9a service neutron] 10.222.0.43 "GET /v2.0/security-groups?id=3c01a2e1-a1f2-4b26-9092-bd51a45c85fe&fields=id&fields=name HTTP/1.1" status: 200 len: 286 time: 0.0448802
Jun 18 05:12:27.627793 dv-cinder-836996-35-smb neutron-server[104372]: DEBUG neutron.wsgi [-] (104372) accepted ('10.222.0.36', 52506) {{(pid=104372) server /usr/local/lib/python3.8/dist-packages/eventlet/wsgi.py:1004}}
Jun 18 05:12:27.680964 dv-cinder-836996-35-smb neutron-server[104373]: DEBUG neutron.wsgi [-] (104373) accepted ('10.222.0.36', 52512) {{(pid=104373) server /usr/local/lib/python3.8/dist-packages/eventlet/wsgi.py:1004}}
Jun 18 05:12:27.689962 dv-cinder-836996-35-smb neutron-server[104372]: INFO neutron.wsgi [None req-00dce8ea-2b10-4023-ba77-87951e99fe7c admin admin] 10.222.0.36 "GET /v2.0/security-groups?tenant_id=860fb0c729064fa483df18e5aa2dcccf&name=default HTTP/1.1" status: 200 len: 2992 time: 0.0682185
Jun 18 05:12:27.719984 dv-cinder-836996-35-smb neutron-server[104373]: DEBUG dbcounter [-] [104373] Writing DB stats neutron:SELECT=91,neutron:UPDATE=3,neutron:DELETE=6 {{(pid=104373) stat_writer /usr/local/lib/python3.8/dist-packages/dbcounter.py:114}}
Jun 18 05:12:27.746493 dv-cinder-836996-35-smb neutron-server[104373]: DEBUG neutron_lib.callbacks.manager [None req-dd936544-94c0-4e2c-a4c7-4a8bc4941a61 admin admin] Publish callbacks [] for security_group (eab7ba3a-dfbe-4775-bc69-6c312a2dfc8a), before_delete {{(pid=104373) _notify_loop /usr/local/lib/python3.8/dist-packages/neutron_lib/callbacks/manager.py:176}}
Jun 18 05:12:27.771800 dv-cinder-836996-35-smb neutron-server[104373]: DEBUG neutron_lib.callbacks.manager [None req-dd936544-94c0-4e2c-a4c7-4a8bc4941a61 admin admin] Publish callbacks [] for security_group (eab7ba3a-dfbe-4775-bc69-6c312a2dfc8a), precommit_delete {{(pid=104373) _notify_loop /usr/local/lib/python3.8/dist-packages/neutron_lib/callbacks/manager.py:176}}
Jun 18 05:12:27.772985 dv-cinder-836996-35-smb neutron-server[104372]: INFO neutron.services.segments.plugin [-] Segment e9039265-66de-4808-bb2f-43ea1de9b5d8 resource provider aggregate not found
Jun 18 05:12:27.791583 dv-cinder-836996-35-smb neutron-server[104372]: INFO neutron.services.segments.plugin [-] Segment e9039265-66de-4808-bb2f-43ea1de9b5d8 resource provider not found; error: Placement Client Error (4xx): {"errors": [{"status": 404, "title": "Not Found", "detail": "The resource could not be found.\n\n No resource provider with uuid e9039265-66de-4808-bb2f-43ea1de9b5d8 found for delete ", "request_id": "req-c1ebc7f1-ac4d-400f-928f-e0cda876c1fe"}]}
Jun 18 05:12:27.898075 dv-cinder-836996-35-smb neutron-server[104373]: DEBUG neutron_lib.callbacks.manager [None req-dd936544-94c0-4e2c-a4c7-4a8bc4941a61 admin admin] Publish callbacks ['neutron.plugins.ml2.ovo_rpc._ObjectChangeHandler.handle_event-490764'] for security_group (eab7ba3a-dfbe-4775-bc69-6c312a2dfc8a), after_delete {{(pid=104373) _notify_loop /usr/local/lib/python3.8/dist-packages/neutron_lib/callbacks/manager.py:176}}
Jun 18 05:12:27.900614 dv-cinder-836996-35-smb neutron-server[104373]: DEBUG neutron_lib.callbacks.manager [None req-dd936544-94c0-4e2c-a4c7-4a8bc4941a61 admin admin] Publish callbacks [] for security_group (None), before_response {{(pid=104373) _notify_loop /usr/local/lib/python3.8/dist-packages/neutron_lib/callbacks/manager.py:176}}
Jun 18 05:12:27.901767 dv-cinder-836996-35-smb neutron-server[104373]: INFO neutron.wsgi [None req-dd936544-94c0-4e2c-a4c7-4a8bc4941a61 admin admin] 10.222.0.36 "DELETE /v2.0/security-groups/eab7ba3a-dfbe-4775-bc69-6c312a2dfc8a HTTP/1.1" status: 204 len: 168 time: 0.2197790
Jun 18 05:12:27.913254 dv-cinder-836996-35-smb neutron-server[104373]: DEBUG neutron.api.rpc.handlers.resources_rpc [None req-dd936544-94c0-4e2c-a4c7-4a8bc4941a61 admin admin] Pushing event deleted for resources: {'SecurityGroup': ['ID=eab7ba3a-dfbe-4775-bc69-6c312a2dfc8a,revision_number=None']} {{(pid=104373) push /opt/stack/neutron/neutron/api/rpc/handlers/resources_rpc.py:237}}
Jun 18 05:12:28.468015 dv-cinder-836996-35-smb neutron-server[104373]: DEBUG neutron.pecan_wsgi.hooks.policy_enforcement [req-a322527f-5ed5-4cc0-b340-3561654dd4aa req-cdffb748-c594-40fb-bd10-5951daa550ec tempest-VolumesActionsTest-400094646 tempest-VolumesActionsTest-400094646-project] Attributes excluded by policy engine: ['standard_attr_id', 'binding:profile', 'binding:host_id', 'binding:vif_type', 'binding:vif_details'] {{(pid=104373) _exclude_attributes_by_policy /opt/stack/neutron/neutron/pecan_wsgi/hooks/policy_enforcement.py:259}}
Jun 18 05:12:28.480978 dv-cinder-836996-35-smb neutron-server[104373]: INFO neutron.wsgi [req-a322527f-5ed5-4cc0-b340-3561654dd4aa req-cdffb748-c594-40fb-bd10-5951daa550ec tempest-VolumesActionsTest-400094646 tempest-VolumesActionsTest-400094646-project] 10.222.0.36 "GET /v2.0/ports?device_id=94d82bd3-216e-4ef1-a04a-e9183524cf56 HTTP/1.1" status: 200 len: 945 time: 0.0837657
Jun 18 05:12:28.534878 dv-cinder-836996-35-smb neutron-server[104373]: INFO neutron.wsgi [req-a322527f-5ed5-4cc0-b340-3561654dd4aa req-e05d5a22-3b25-438d-a010-19be9eef2ca6 tempest-VolumesActionsTest-400094646 tempest-VolumesActionsTest-400094646-project] 10.222.0.36 "GET /v2.0/security-groups?id=3c01a2e1-a1f2-4b26-9092-bd51a45c85fe&fields=id&fields=name HTTP/1.1" status: 200 len: 286 time: 0.0483279
Jun 18 05:12:29.538684 dv-cinder-836996-35-smb neutron-server[104373]: DEBUG neutron.wsgi [-] (104373) accepted ('10.222.0.36', 52588) {{(pid=104373) server /usr/local/lib/python3.8/dist-packages/eventlet/wsgi.py:1004}}
Jun 18 05:12:29.680730 dv-cinder-836996-35-smb neutron-server[104373]: DEBUG neutron.api.v2.base [None req-eae8cd8d-14f3-440b-9ebd-f588d5c2f6d2 admin admin] Request body: {'network': {'name': 'tempest-ServerRescueNegativeTestJSON-1679630665-network', 'tenant_id': '2b4faef8cf6d433fb67052a5ad8056b3'}} {{(pid=104373) prepare_request_body /opt/stack/neutron/neutron/api/v2/base.py:730}}
Jun 18 05:12:29.705694 dv-cinder-836996-35-smb neutron-server[104373]: DEBUG neutron.pecan_wsgi.hooks.policy_enforcement [req-a28ee21d-1f77-4e40-8a24-a078d0b622c9 req-bbcaa86d-01aa-4c23-8a04-324e9921d7f6 tempest-VolumesActionsTest-400094646 tempest-VolumesActionsTest-400094646-project] Attributes excluded by policy engine: ['standard_attr_id', 'binding:profile', 'binding:host_id', 'binding:vif_type', 'binding:vif_details'] {{(pid=104373) _exclude_attributes_by_policy /opt/stack/neutron/neutron/pecan_wsgi/hooks/policy_enforcement.py:259}}
Jun 18 05:12:29.707166 dv-cinder-836996-35-smb neutron-server[104373]: INFO neutron.wsgi [req-a28ee21d-1f77-4e40-8a24-a078d0b622c9 req-bbcaa86d-01aa-4c23-8a04-324e9921d7f6 tempest-VolumesActionsTest-400094646 tempest-VolumesActionsTest-400094646-project] 10.222.0.36 "GET /v2.0/ports?device_id=94d82bd3-216e-4ef1-a04a-e9183524cf56 HTTP/1.1" status: 200 len: 945 time: 0.0696104
Jun 18 05:12:29.757196 dv-cinder-836996-35-smb neutron-server[104373]: INFO neutron.wsgi [req-a28ee21d-1f77-4e40-8a24-a078d0b622c9 req-8dfda50a-d04a-4e3a-a7e1-b3c430adcf07 tempest-VolumesActionsTest-400094646 tempest-VolumesActionsTest-400094646-project] 10.222.0.36 "GET /v2.0/security-groups?id=3c01a2e1-a1f2-4b26-9092-bd51a45c85fe&fields=id&fields=name HTTP/1.1" status: 200 len: 286 time: 0.0423982
Jun 18 05:12:29.829341 dv-cinder-836996-35-smb neutron-server[104373]: DEBUG neutron.pecan_wsgi.hooks.quota_enforcement [None req-eae8cd8d-14f3-440b-9ebd-f588d5c2f6d2 admin admin] Made reservation on behalf of 2b4faef8cf6d433fb67052a5ad8056b3 for: {'network': 1} {{(pid=104373) before /opt/stack/neutron/neutron/pecan_wsgi/hooks/quota_enforcement.py:53}}
Jun 18 05:12:29.831910 dv-cinder-836996-35-smb neutron-server[104373]: DEBUG neutron_lib.callbacks.manager [None req-eae8cd8d-14f3-440b-9ebd-f588d5c2f6d2 admin admin] Publish callbacks ['neutron.plugins.ml2.plugin.SecurityGroupDbMixin._ensure_default_security_group_handler-1496790'] for network (None), before_create {{(pid=104373) _notify_loop /usr/local/lib/python3.8/dist-packages/neutron_lib/callbacks/manager.py:176}}
Jun 18 05:12:29.841840 dv-cinder-836996-35-smb neutron-server[104373]: DEBUG neutron_lib.callbacks.manager [None req-eae8cd8d-14f3-440b-9ebd-f588d5c2f6d2 admin admin] Publish callbacks [] for security_group (None), before_create {{(pid=104373) _notify_loop /usr/local/lib/python3.8/dist-packages/neutron_lib/callbacks/manager.py:176}}
Jun 18 05:12:29.923020 dv-cinder-836996-35-smb neutron-server[104373]: DEBUG neutron_lib.callbacks.manager [None req-eae8cd8d-14f3-440b-9ebd-f588d5c2f6d2 admin admin] Publish callbacks [] for security_group (76386807-d197-4013-b8f3-592b6df1f4ea), precommit_create {{(pid=104373) _notify_loop /usr/local/lib/python3.8/dist-packages/neutron_lib/callbacks/manager.py:176}}
Jun 18 05:12:30.033794 dv-cinder-836996-35-smb neutron-server[104373]: DEBUG neutron_lib.callbacks.manager [None req-eae8cd8d-14f3-440b-9ebd-f588d5c2f6d2 admin admin] Publish callbacks ['neutron.plugins.ml2.ovo_rpc._ObjectChangeHandler.handle_event-490764'] for security_group (76386807-d197-4013-b8f3-592b6df1f4ea), after_create {{(pid=104373) _notify_loop /usr/local/lib/python3.8/dist-packages/neutron_lib/callbacks/manager.py:176}}
Jun 18 05:12:30.050909 dv-cinder-836996-35-smb neutron-server[104373]: DEBUG neutron.plugins.ml2.drivers.helpers [None req-eae8cd8d-14f3-440b-9ebd-f588d5c2f6d2 admin admin] vlan segment allocate from pool success with {'vlan_id': 217, 'physical_network': 'physnet1'} {{(pid=104373) allocate_partially_specified_segment /opt/stack/neutron/neutron/plugins/ml2/drivers/helpers.py:153}}
Jun 18 05:12:30.078621 dv-cinder-836996-35-smb neutron-server[104373]: DEBUG neutron_lib.callbacks.manager [None req-eae8cd8d-14f3-440b-9ebd-f588d5c2f6d2 admin admin] Publish callbacks ['neutron.plugins.ml2.plugin.Ml2Plugin._handle_segment_change-1458741'] for segment (0ea8e047-4dd2-4118-9438-09374dfa9100), precommit_create {{(pid=104373) _notify_loop /usr/local/lib/python3.8/dist-packages/neutron_lib/callbacks/manager.py:176}}
Jun 18 05:12:30.079180 dv-cinder-836996-35-smb neutron-server[104373]: INFO neutron.db.segments_db [None req-eae8cd8d-14f3-440b-9ebd-f588d5c2f6d2 admin admin] Added segment 0ea8e047-4dd2-4118-9438-09374dfa9100 of type vlan for network 5face727-db9a-4a1d-b3d6-bda853c8da55
Jun 18 05:12:30.087747 dv-cinder-836996-35-smb neutron-server[104373]: DEBUG neutron.api.rpc.handlers.resources_rpc [None req-eae8cd8d-14f3-440b-9ebd-f588d5c2f6d2 admin admin] Pushing event updated for resources: {'SecurityGroup': ['ID=76386807-d197-4013-b8f3-592b6df1f4ea,revision_number=1']} {{(pid=104373) push /opt/stack/neutron/neutron/api/rpc/handlers/resources_rpc.py:237}}
Jun 18 05:12:30.118203 dv-cinder-836996-35-smb neutron-server[104373]: DEBUG dbcounter [-] [104373] Writing DB stats neutron:SELECT=85,neutron:DELETE=4,neutron:INSERT=8,neutron:UPDATE=3 {{(pid=104373) stat_writer /usr/local/lib/python3.8/dist-packages/dbcounter.py:114}}
Jun 18 05:12:30.126919 dv-cinder-836996-35-smb neutron-server[104373]: DEBUG neutron_lib.callbacks.manager [None req-eae8cd8d-14f3-440b-9ebd-f588d5c2f6d2 admin admin] Publish callbacks ['neutron.services.auto_allocate.db._ensure_external_network_default_value_callback-8775731757541'] for network (5face727-db9a-4a1d-b3d6-bda853c8da55), precommit_create {{(pid=104373) _notify_loop /usr/local/lib/python3.8/dist-packages/neutron_lib/callbacks/manager.py:176}}
Jun 18 05:12:30.195328 dv-cinder-836996-35-smb neutron-server[104373]: DEBUG neutron_lib.callbacks.manager [None req-eae8cd8d-14f3-440b-9ebd-f588d5c2f6d2 admin admin] Publish callbacks ['neutron.plugins.ml2.ovo_rpc._ObjectChangeHandler.handle_event-490919', 'neutron.api.rpc.agentnotifiers.dhcp_rpc_agent_api.DhcpAgentNotifyAPI._native_event_send_dhcp_notification-579361'] for network (5face727-db9a-4a1d-b3d6-bda853c8da55), after_create {{(pid=104373) _notify_loop /usr/local/lib/python3.8/dist-packages/neutron_lib/callbacks/manager.py:176}}
Jun 18 05:12:30.196346 dv-cinder-836996-35-smb neutron-server[104373]: DEBUG neutron.pecan_wsgi.hooks.policy_enforcement [None req-eae8cd8d-14f3-440b-9ebd-f588d5c2f6d2 admin admin] Attributes excluded by policy engine: ['standard_attr_id', 'vlan_transparent'] {{(pid=104373) _exclude_attributes_by_policy /opt/stack/neutron/neutron/pecan_wsgi/hooks/policy_enforcement.py:259}}
Jun 18 05:12:30.196935 dv-cinder-836996-35-smb neutron-server[104373]: DEBUG neutron_lib.callbacks.manager [None req-eae8cd8d-14f3-440b-9ebd-f588d5c2f6d2 admin admin] Publish callbacks ['neutron.api.rpc.agentnotifiers.dhcp_rpc_agent_api.DhcpAgentNotifyAPI._send_dhcp_notification-579383'] for network (None), before_response {{(pid=104373) _notify_loop /usr/local/lib/python3.8/dist-packages/neutron_lib/callbacks/manager.py:176}}
Jun 18 05:12:30.265140 dv-cinder-836996-35-smb neutron-server[104373]: DEBUG neutron.api.rpc.handlers.resources_rpc [None req-eae8cd8d-14f3-440b-9ebd-f588d5c2f6d2 admin admin] Pushing event updated for resources: {'Network': ['ID=5face727-db9a-4a1d-b3d6-bda853c8da55,revision_number=1']} {{(pid=104373) push /opt/stack/neutron/neutron/api/rpc/handlers/resources_rpc.py:237}}
Jun 18 05:12:30.276469 dv-cinder-836996-35-smb neutron-server[104374]: DEBUG neutron.plugins.ml2.rpc [None req-da6c35b7-1a4e-46a6-8207-2e4b3269371e None None] Network 5face727-db9a-4a1d-b3d6-bda853c8da55 details requested by agent ovs-agent-dv-cinder-836996-35-smb with host dv-cinder-836996-35-smb {{(pid=104374) get_network_details /opt/stack/neutron/neutron/plugins/ml2/rpc.py:248}}
Jun 18 05:12:30.306512 dv-cinder-836996-35-smb neutron-server[104373]: INFO neutron.wsgi [None req-eae8cd8d-14f3-440b-9ebd-f588d5c2f6d2 admin admin] 10.222.0.36 "POST /v2.0/networks HTTP/1.1" status: 201 len: 873 time: 0.7659674
Jun 18 05:12:30.309381 dv-cinder-836996-35-smb neutron-server[104373]: DEBUG neutron.wsgi [-] (104373) accepted ('10.222.0.36', 52610) {{(pid=104373) server /usr/local/lib/python3.8/dist-packages/eventlet/wsgi.py:1004}}
Jun 18 05:12:30.314340 dv-cinder-836996-35-smb neutron-server[104373]: DEBUG neutron.api.v2.base [None req-21c31c0f-ffdf-4372-b052-a77a7f094a83 admin admin] Request body: {'subnet': {'network_id': '5face727-db9a-4a1d-b3d6-bda853c8da55', 'cidr': '172.20.0.0/28', 'name': 'tempest-ServerRescueNegativeTestJSON-1679630665-subnet', 'tenant_id': '2b4faef8cf6d433fb67052a5ad8056b3', 'enable_dhcp': True, 'ip_version': 4}} {{(pid=104373) prepare_request_body /opt/stack/neutron/neutron/api/v2/base.py:730}}
Jun 18 05:12:30.441136 dv-cinder-836996-35-smb neutron-server[104373]: DEBUG neutron.pecan_wsgi.hooks.quota_enforcement [None req-21c31c0f-ffdf-4372-b052-a77a7f094a83 admin admin] Made reservation on behalf of 2b4faef8cf6d433fb67052a5ad8056b3 for: {'subnet': 1} {{(pid=104373) before /opt/stack/neutron/neutron/pecan_wsgi/hooks/quota_enforcement.py:53}}
Jun 18 05:12:30.444181 dv-cinder-836996-35-smb neutron-server[104373]: DEBUG neutron_lib.callbacks.manager [None req-21c31c0f-ffdf-4372-b052-a77a7f094a83 admin admin] Publish callbacks [] for subnet (None), before_create {{(pid=104373) _notify_loop /usr/local/lib/python3.8/dist-packages/neutron_lib/callbacks/manager.py:176}}
Jun 18 05:12:30.505382 dv-cinder-836996-35-smb neutron-server[104373]: DEBUG dbcounter [-] [104373] Writing DB stats neutron:SELECT=83,neutron:INSERT=14,neutron:UPDATE=1,neutron:DELETE=2 {{(pid=104373) stat_writer /usr/local/lib/python3.8/dist-packages/dbcounter.py:114}}
Jun 18 05:12:30.710048 dv-cinder-836996-35-smb neutron-server[104373]: DEBUG neutron_lib.callbacks.manager [None req-21c31c0f-ffdf-4372-b052-a77a7f094a83 admin admin] Publish callbacks ['neutron.plugins.ml2.ovo_rpc._ObjectChangeHandler.handle_event-482434', 'neutron.api.rpc.agentnotifiers.dhcp_rpc_agent_api.DhcpAgentNotifyAPI._native_event_send_dhcp_notification-579361'] for subnet (9063292a-cd55-41bd-b7c9-8863f3b989b9), after_create {{(pid=104373) _notify_loop /usr/local/lib/python3.8/dist-packages/neutron_lib/callbacks/manager.py:176}}
Jun 18 05:12:30.768346 dv-cinder-836996-35-smb neutron-server[104373]: DEBUG neutron.api.rpc.handlers.resources_rpc [None req-21c31c0f-ffdf-4372-b052-a77a7f094a83 admin admin] Pushing event updated for resources: {'Subnet': ['ID=9063292a-cd55-41bd-b7c9-8863f3b989b9,revision_number=0']} {{(pid=104373) push /opt/stack/neutron/neutron/api/rpc/handlers/resources_rpc.py:237}}
Jun 18 05:12:30.783250 dv-cinder-836996-35-smb neutron-server[104373]: DEBUG neutron.plugins.ml2.drivers.mech_agent [None req-21c31c0f-ffdf-4372-b052-a77a7f094a83 admin admin] Checking segment: {'id': '0ea8e047-4dd2-4118-9438-09374dfa9100', 'network_type': 'vlan', 'physical_network': 'physnet1', 'segmentation_id': 217, 'network_id': '5face727-db9a-4a1d-b3d6-bda853c8da55'} for mappings: {'physnet1': 'br-data'} with network types: ['local', 'flat', 'vlan'] {{(pid=104373) check_segment_for_agent /opt/stack/neutron/neutron/plugins/ml2/drivers/mech_agent.py:373}}
Jun 18 05:12:30.783731 dv-cinder-836996-35-smb neutron-server[104373]: DEBUG neutron.scheduler.dhcp_agent_scheduler [None req-21c31c0f-ffdf-4372-b052-a77a7f094a83 admin admin] Network hostable DHCP agents. Network: 5face727-db9a-4a1d-b3d6-bda853c8da55, hostable agents: ['36177545-f814-4c79-a354-88eca3171750'], hosted agents: [] {{(pid=104373) _get_network_hostable_dhcp_agents /opt/stack/neutron/neutron/scheduler/dhcp_agent_scheduler.py:329}}
Jun 18 05:12:30.898381 dv-cinder-836996-35-smb neutron-server[104373]: DEBUG neutron.scheduler.dhcp_agent_scheduler [None req-21c31c0f-ffdf-4372-b052-a77a7f094a83 admin admin] Network 5face727-db9a-4a1d-b3d6-bda853c8da55 is scheduled to be hosted by DHCP agent 36177545-f814-4c79-a354-88eca3171750 with binding_index 1 {{(pid=104373) bind /opt/stack/neutron/neutron/scheduler/dhcp_agent_scheduler.py:227}}
Jun 18 05:12:31.000600 dv-cinder-836996-35-smb neutron-server[104373]: DEBUG neutron.scheduler.base_scheduler [None req-21c31c0f-ffdf-4372-b052-a77a7f094a83 admin admin] Resources bound (agent type, host, resource id): (DHCP agent, dv-cinder-836996-35-smb, 5face727-db9a-4a1d-b3d6-bda853c8da55) {{(pid=104373) schedule /opt/stack/neutron/neutron/scheduler/base_scheduler.py:57}}
Jun 18 05:12:31.004579 dv-cinder-836996-35-smb neutron-server[104373]: DEBUG neutron.pecan_wsgi.hooks.policy_enforcement [None req-21c31c0f-ffdf-4372-b052-a77a7f094a83 admin admin] Attributes excluded by policy engine: ['standard_attr_id', 'shared', 'network'] {{(pid=104373) _exclude_attributes_by_policy /opt/stack/neutron/neutron/pecan_wsgi/hooks/policy_enforcement.py:259}}
Jun 18 05:12:31.005168 dv-cinder-836996-35-smb neutron-server[104373]: DEBUG neutron_lib.callbacks.manager [None req-21c31c0f-ffdf-4372-b052-a77a7f094a83 admin admin] Publish callbacks [] for subnet (None), before_response {{(pid=104373) _notify_loop /usr/local/lib/python3.8/dist-packages/neutron_lib/callbacks/manager.py:176}}
Jun 18 05:12:31.010799 dv-cinder-836996-35-smb neutron-server[104374]: DEBUG neutron.api.rpc.handlers.dhcp_rpc [None req-c5a7d1e0-72ab-42b1-b522-75c4394b88cf None None] Network 5face727-db9a-4a1d-b3d6-bda853c8da55 requested from dv-cinder-836996-35-smb {{(pid=104374) get_network_info /opt/stack/neutron/neutron/api/rpc/handlers/dhcp_rpc.py:191}}
Jun 18 05:12:31.089534 dv-cinder-836996-35-smb neutron-server[104373]: INFO neutron.wsgi [None req-21c31c0f-ffdf-4372-b052-a77a7f094a83 admin admin] 10.222.0.36 "POST /v2.0/subnets HTTP/1.1" status: 201 len: 855 time: 0.7789447
Jun 18 05:12:31.092518 dv-cinder-836996-35-smb neutron-server[104373]: DEBUG neutron.wsgi [-] (104373) accepted ('10.222.0.36', 52626) {{(pid=104373) server /usr/local/lib/python3.8/dist-packages/eventlet/wsgi.py:1004}}
Jun 18 05:12:31.096881 dv-cinder-836996-35-smb neutron-server[104373]: DEBUG neutron.api.v2.base [None req-46bc5823-3d1f-476a-ad30-41aab45ac496 admin admin] Request body: {'router': {'name': 'tempest-ServerRescueNegativeTestJSON-1679630665-router', 'tenant_id': '2b4faef8cf6d433fb67052a5ad8056b3', 'external_gateway_info': {'network_id': '04d6e49a-1beb-4789-8776-ccd844588fee'}}} {{(pid=104373) prepare_request_body /opt/stack/neutron/neutron/api/v2/base.py:730}}
Jun 18 05:12:31.217933 dv-cinder-836996-35-smb neutron-server[104373]: DEBUG neutron_lib.callbacks.manager [None req-46bc5823-3d1f-476a-ad30-41aab45ac496 admin admin] Publish callbacks ['neutron.services.l3_router.l3_router_plugin.L3_HA_NAT_db_mixin._before_router_create_handler-459056', 'neutron.services.l3_router.service_providers.driver_controller.DriverController._check_router_request-10671'] for router (fd459784-f849-4f6a-a044-c493dc82e846), before_create {{(pid=104373) _notify_loop /usr/local/lib/python3.8/dist-packages/neutron_lib/callbacks/manager.py:176}}
Jun 18 05:12:31.218964 dv-cinder-836996-35-smb neutron-server[104373]: DEBUG neutron_lib.callbacks.manager [None req-46bc5823-3d1f-476a-ad30-41aab45ac496 admin admin] Publish callbacks ['neutron.services.l3_router.l3_router_plugin.L3_HA_NAT_db_mixin._precommit_router_create-465418', 'neutron.services.l3_router.l3_router_plugin.DVRResourceOperationHandler._set_distributed_flag-474047', 'neutron.services.l3_router.l3_router_plugin.RouterAvailabilityZoneMixin._process_az_request-277295', 'neutron.services.l3_router.service_providers.driver_controller.DriverController._set_router_provider-10656'] for router (fd459784-f849-4f6a-a044-c493dc82e846), precommit_create {{(pid=104373) _notify_loop /usr/local/lib/python3.8/dist-packages/neutron_lib/callbacks/manager.py:176}}
Jun 18 05:12:31.241840 dv-cinder-836996-35-smb neutron-server[104374]: DEBUG neutron.api.rpc.handlers.dhcp_rpc [None req-948c37d5-a5cd-439b-b079-96da2e6e7be5 None None] Create dhcp port {'port': {'name': '', 'admin_state_up': True, 'device_id': 'dhcp3f295ddb-09bd-5536-9c3d-2d6fb6e4a47f-5face727-db9a-4a1d-b3d6-bda853c8da55', 'network_id': '5face727-db9a-4a1d-b3d6-bda853c8da55', 'project_id': '2b4faef8cf6d433fb67052a5ad8056b3', 'fixed_ips': [{'subnet_id': '9063292a-cd55-41bd-b7c9-8863f3b989b9'}]}} from dv-cinder-836996-35-smb. {{(pid=104374) create_dhcp_port /opt/stack/neutron/neutron/api/rpc/handlers/dhcp_rpc.py:268}}
Jun 18 05:12:31.243056 dv-cinder-836996-35-smb neutron-server[104374]: DEBUG neutron_lib.callbacks.manager [None req-948c37d5-a5cd-439b-b079-96da2e6e7be5 None None] Publish callbacks ['neutron.plugins.ml2.plugin.SecurityGroupDbMixin._ensure_default_security_group_handler-1496790'] for port (None), before_create {{(pid=104374) _notify_loop /usr/local/lib/python3.8/dist-packages/neutron_lib/callbacks/manager.py:176}}
Jun 18 05:12:31.272821 dv-cinder-836996-35-smb neutron-server[104373]: DEBUG neutron_lib.callbacks.manager [None req-46bc5823-3d1f-476a-ad30-41aab45ac496 admin admin] Publish callbacks [] for router_controller (fd459784-f849-4f6a-a044-c493dc82e846), precommit_add_association {{(pid=104373) _notify_loop /usr/local/lib/python3.8/dist-packages/neutron_lib/callbacks/manager.py:176}}
Jun 18 05:12:31.384781 dv-cinder-836996-35-smb neutron-server[104374]: DEBUG neutron.db.db_base_plugin_common [None req-948c37d5-a5cd-439b-b079-96da2e6e7be5 None None] Allocated IP 172.20.0.2 (5face727-db9a-4a1d-b3d6-bda853c8da55/9063292a-cd55-41bd-b7c9-8863f3b989b9/caa41ed2-c5a7-454a-92d0-00ee90d61a7c) {{(pid=104374) _store_ip_allocation /opt/stack/neutron/neutron/db/db_base_plugin_common.py:131}}
Jun 18 05:12:31.467159 dv-cinder-836996-35-smb neutron-server[104374]: DEBUG dbcounter [-] [104374] Writing DB stats neutron:SELECT=88,neutron:DELETE=6,neutron:UPDATE=3,neutron:INSERT=3 {{(pid=104374) stat_writer /usr/local/lib/python3.8/dist-packages/dbcounter.py:114}}
Jun 18 05:12:31.500676 dv-cinder-836996-35-smb neutron-server[104373]: DEBUG neutron_lib.callbacks.manager [None req-46bc5823-3d1f-476a-ad30-41aab45ac496 admin admin] Publish callbacks [] for router_gateway (fd459784-f849-4f6a-a044-c493dc82e846), precommit_update {{(pid=104373) _notify_loop /usr/local/lib/python3.8/dist-packages/neutron_lib/callbacks/manager.py:176}}
Jun 18 05:12:31.534839 dv-cinder-836996-35-smb neutron-server[104374]: DEBUG neutron_lib.callbacks.manager [None req-948c37d5-a5cd-439b-b079-96da2e6e7be5 None None] Publish callbacks [] for port (caa41ed2-c5a7-454a-92d0-00ee90d61a7c), precommit_create {{(pid=104374) _notify_loop /usr/local/lib/python3.8/dist-packages/neutron_lib/callbacks/manager.py:176}}
Jun 18 05:12:31.607244 dv-cinder-836996-35-smb neutron-server[104374]: DEBUG neutron_lib.callbacks.manager [None req-948c37d5-a5cd-439b-b079-96da2e6e7be5 None None] Publish callbacks ['neutron.plugins.ml2.plugin.SecurityGroupServerNotifierRpcMixin._notify_sg_on_port_change-1496727', 'neutron.plugins.ml2.ovo_rpc._ObjectChangeHandler.handle_event-38017', 'neutron.api.rpc.agentnotifiers.dhcp_rpc_agent_api.DhcpAgentNotifyAPI._native_event_send_dhcp_notification-579361', 'neutron.db.l3_dvrscheduler_db._notify_l3_agent_new_port-8775731786150'] for port (caa41ed2-c5a7-454a-92d0-00ee90d61a7c), after_create {{(pid=104374) _notify_loop /usr/local/lib/python3.8/dist-packages/neutron_lib/callbacks/manager.py:176}}
Jun 18 05:12:31.646533 dv-cinder-836996-35-smb neutron-server[104374]: DEBUG neutron.scheduler.dhcp_agent_scheduler [None req-948c37d5-a5cd-439b-b079-96da2e6e7be5 None None] Network 5face727-db9a-4a1d-b3d6-bda853c8da55 is already hosted by enough agents. {{(pid=104374) _get_dhcp_agents_hosting_network /opt/stack/neutron/neutron/scheduler/dhcp_agent_scheduler.py:275}}
Jun 18 05:12:31.650996 dv-cinder-836996-35-smb neutron-server[104374]: DEBUG neutron.scheduler.base_scheduler [None req-948c37d5-a5cd-439b-b079-96da2e6e7be5 None None] Resources bound (agent type, host, resource id): {{(pid=104374) schedule /opt/stack/neutron/neutron/scheduler/base_scheduler.py:57}}
Jun 18 05:12:31.654799 dv-cinder-836996-35-smb neutron-server[104374]: DEBUG neutron.db.l3_dvrscheduler_db [None req-948c37d5-a5cd-439b-b079-96da2e6e7be5 None None] Received port after_create {{(pid=104374) _notify_l3_agent_new_port /opt/stack/neutron/neutron/db/l3_dvrscheduler_db.py:542}}
Jun 18 05:12:31.661870 dv-cinder-836996-35-smb neutron-server[104374]: DEBUG neutron.api.rpc.handlers.resources_rpc [None req-948c37d5-a5cd-439b-b079-96da2e6e7be5 None None] Pushing event updated for resources: {'Port': ['ID=caa41ed2-c5a7-454a-92d0-00ee90d61a7c,revision_number=1']} {{(pid=104374) push /opt/stack/neutron/neutron/api/rpc/handlers/resources_rpc.py:237}}
Jun 18 05:12:31.687426 dv-cinder-836996-35-smb neutron-server[104374]: DEBUG dbcounter [-] [104374] Writing DB stats neutron:SELECT=92,neutron:UPDATE=5,neutron:INSERT=3 {{(pid=104374) stat_writer /usr/local/lib/python3.8/dist-packages/dbcounter.py:114}}
Jun 18 05:12:31.718884 dv-cinder-836996-35-smb neutron-server[104374]: DEBUG neutron.plugins.ml2.managers [None req-948c37d5-a5cd-439b-b079-96da2e6e7be5 None None] Attempting to bind port caa41ed2-c5a7-454a-92d0-00ee90d61a7c on host dv-cinder-836996-35-smb for vnic_type normal with profile {{(pid=104374) bind_port /opt/stack/neutron/neutron/plugins/ml2/managers.py:811}}
Jun 18 05:12:31.719259 dv-cinder-836996-35-smb neutron-server[104374]: DEBUG neutron.plugins.ml2.managers [None req-948c37d5-a5cd-439b-b079-96da2e6e7be5 None None] Attempting to bind port caa41ed2-c5a7-454a-92d0-00ee90d61a7c by drivers openvswitch,hyperv on host dv-cinder-836996-35-smb at level 0 using segments [{'id': '0ea8e047-4dd2-4118-9438-09374dfa9100', 'network_type': 'vlan', 'physical_network': 'physnet1', 'segmentation_id': 217, 'network_id': '5face727-db9a-4a1d-b3d6-bda853c8da55'}] {{(pid=104374) _bind_port_level /opt/stack/neutron/neutron/plugins/ml2/managers.py:836}}
Jun 18 05:12:31.719634 dv-cinder-836996-35-smb neutron-server[104374]: DEBUG neutron.plugins.ml2.drivers.mech_agent [None req-948c37d5-a5cd-439b-b079-96da2e6e7be5 None None] Attempting to bind port caa41ed2-c5a7-454a-92d0-00ee90d61a7c on network 5face727-db9a-4a1d-b3d6-bda853c8da55 {{(pid=104374) bind_port /opt/stack/neutron/neutron/plugins/ml2/drivers/mech_agent.py:91}}
Jun 18 05:12:31.724761 dv-cinder-836996-35-smb neutron-server[104374]: DEBUG neutron.plugins.ml2.drivers.mech_agent [None req-948c37d5-a5cd-439b-b079-96da2e6e7be5 None None] Checking agent: {'id': 'c69c1cab-56b6-4a17-863b-0d2c40d4d1ab', 'agent_type': 'Open vSwitch agent', 'binary': 'neutron-openvswitch-agent', 'topic': 'N/A', 'host': 'dv-cinder-836996-35-smb', 'admin_state_up': True, 'created_at': datetime.datetime(2022, 6, 18, 5, 2, 44), 'started_at': datetime.datetime(2022, 6, 18, 5, 3, 14), 'heartbeat_timestamp': datetime.datetime(2022, 6, 18, 5, 12, 14), 'description': None, 'resources_synced': None, 'availability_zone': None, 'alive': True, 'configurations': {'arp_responder_enabled': False, 'baremetal_smartnic': False, 'bridge_mappings': {'physnet1': 'br-data'}, 'datapath_type': 'system', 'devices': 0, 'enable_distributed_routing': False, 'extensions': [], 'in_distributed_mode': False, 'integration_bridge': 'br-int', 'l2_population': False, 'log_agent_heartbeats': False, 'ovs_capabilities': {'datapath_types': ['netdev', 'system'], 'iface_types': ['erspan', 'geneve', 'gre', 'internal', 'ip6erspan', 'ip6gre', 'lisp', 'patch', 'stt', 'system', 'tap', 'vxlan']}, 'ovs_hybrid_plug': False, 'resource_provider_bandwidths': {}, 'resource_provider_hypervisors': {'br-data': 'dv-cinder-836996-35-smb'}, 'resource_provider_inventory_defaults': {'allocation_ratio': 1.0, 'min_unit': 1, 'step_size': 1, 'reserved': 0}, 'resource_provider_packet_processing_inventory_defaults': {'allocation_ratio': 1.0, 'min_unit': 1, 'step_size': 1, 'reserved': 0}, 'resource_provider_packet_processing_with_direction': {}, 'resource_provider_packet_processing_without_direction': {}, 'tunnel_types': [], 'tunneling_ip': None, 'vhostuser_socket_dir': '/var/run/openvswitch'}, 'resource_versions': {'AddressGroup': '1.2', 'Agent': '1.1', 'ConntrackHelper': '1.0', 'LocalIPAssociation': '1.0', 'Log': '1.0', 'NDPProxy': '1.0', 'Network': '1.1', 'Port': '1.7', 'PortForwarding': '1.3', 'QosPolicy': '1.10', 'SecurityGroup': '1.5', 'SecurityGroupRule': '1.2', 'SubPort': '1.0', 'Subnet': '1.1', 'Trunk': '1.1'}} {{(pid=104374) bind_port /opt/stack/neutron/neutron/plugins/ml2/drivers/mech_agent.py:110}}
Jun 18 05:12:31.725138 dv-cinder-836996-35-smb neutron-server[104374]: DEBUG neutron.plugins.ml2.drivers.mech_agent [None req-948c37d5-a5cd-439b-b079-96da2e6e7be5 None None] Checking segment: {'id': '0ea8e047-4dd2-4118-9438-09374dfa9100', 'network_type': 'vlan', 'physical_network': 'physnet1', 'segmentation_id': 217, 'network_id': '5face727-db9a-4a1d-b3d6-bda853c8da55'} for mappings: {'physnet1': 'br-data'} with network types: ['local', 'flat', 'vlan'] {{(pid=104374) check_segment_for_agent /opt/stack/neutron/neutron/plugins/ml2/drivers/mech_agent.py:373}}
Jun 18 05:12:31.725553 dv-cinder-836996-35-smb neutron-server[104374]: DEBUG neutron_lib.callbacks.manager [None req-948c37d5-a5cd-439b-b079-96da2e6e7be5 None None] Publish callbacks [] for ovs_bridge_name (None), before_read {{(pid=104374) _notify_loop /usr/local/lib/python3.8/dist-packages/neutron_lib/callbacks/manager.py:176}}
Jun 18 05:12:31.725926 dv-cinder-836996-35-smb neutron-server[104374]: DEBUG neutron.plugins.ml2.drivers.mech_agent [None req-948c37d5-a5cd-439b-b079-96da2e6e7be5 None None] Bound using segment: {'id': '0ea8e047-4dd2-4118-9438-09374dfa9100', 'network_type': 'vlan', 'physical_network': 'physnet1', 'segmentation_id': 217, 'network_id': '5face727-db9a-4a1d-b3d6-bda853c8da55'} {{(pid=104374) bind_port /opt/stack/neutron/neutron/plugins/ml2/drivers/mech_agent.py:120}}
Jun 18 05:12:31.726390 dv-cinder-836996-35-smb neutron-server[104374]: DEBUG neutron.plugins.ml2.managers [None req-948c37d5-a5cd-439b-b079-96da2e6e7be5 None None] Bound port: caa41ed2-c5a7-454a-92d0-00ee90d61a7c, host: dv-cinder-836996-35-smb, vif_type: ovs, vif_details: {"connectivity": "l2", "port_filter": true, "ovs_hybrid_plug": false, "datapath_type": "system", "bridge_name": "br-int"}, binding_levels: [{'bound_driver': 'openvswitch', 'bound_segment': {'id': '0ea8e047-4dd2-4118-9438-09374dfa9100', 'network_type': 'vlan', 'physical_network': 'physnet1', 'segmentation_id': 217, 'network_id': '5face727-db9a-4a1d-b3d6-bda853c8da55'}}] {{(pid=104374) _bind_port_level /opt/stack/neutron/neutron/plugins/ml2/managers.py:948}}
Jun 18 05:12:31.726866 dv-cinder-836996-35-smb neutron-server[104374]: DEBUG neutron_lib.callbacks.manager [None req-948c37d5-a5cd-439b-b079-96da2e6e7be5 None None] Publish callbacks ['neutron.plugins.ml2.plugin.SecurityGroupDbMixin._ensure_default_security_group_handler-1496790'] for port (caa41ed2-c5a7-454a-92d0-00ee90d61a7c), before_update {{(pid=104374) _notify_loop /usr/local/lib/python3.8/dist-packages/neutron_lib/callbacks/manager.py:176}}
Jun 18 05:12:31.793144 dv-cinder-836996-35-smb neutron-server[104373]: DEBUG neutron_lib.callbacks.manager [None req-46bc5823-3d1f-476a-ad30-41aab45ac496 admin admin] Publish callbacks [] for router_gateway (fd459784-f849-4f6a-a044-c493dc82e846), before_create {{(pid=104373) _notify_loop /usr/local/lib/python3.8/dist-packages/neutron_lib/callbacks/manager.py:176}}
Jun 18 05:12:31.794897 dv-cinder-836996-35-smb neutron-server[104374]: DEBUG neutron.plugins.ml2.db [None req-948c37d5-a5cd-439b-b079-96da2e6e7be5 None None] For port caa41ed2-c5a7-454a-92d0-00ee90d61a7c, host dv-cinder-836996-35-smb, cleared binding levels {{(pid=104374) clear_binding_levels /opt/stack/neutron/neutron/plugins/ml2/db.py:87}}
Jun 18 05:12:31.798196 dv-cinder-836996-35-smb neutron-server[104374]: DEBUG neutron.plugins.ml2.db [None req-948c37d5-a5cd-439b-b079-96da2e6e7be5 None None] For port caa41ed2-c5a7-454a-92d0-00ee90d61a7c, host dv-cinder-836996-35-smb, set binding levels [PortBindingLevel(driver='openvswitch',host='dv-cinder-836996-35-smb',level=0,port_id=caa41ed2-c5a7-454a-92d0-00ee90d61a7c,segment=NetworkSegment(0ea8e047-4dd2-4118-9438-09374dfa9100),segment_id=0ea8e047-4dd2-4118-9438-09374dfa9100)] {{(pid=104374) set_binding_levels /opt/stack/neutron/neutron/plugins/ml2/db.py:59}}
Jun 18 05:12:31.812043 dv-cinder-836996-35-smb neutron-server[104373]: DEBUG neutron_lib.callbacks.manager [None req-46bc5823-3d1f-476a-ad30-41aab45ac496 admin admin] Publish callbacks ['neutron.plugins.ml2.plugin.SecurityGroupDbMixin._ensure_default_security_group_handler-1496790'] for port (None), before_create {{(pid=104373) _notify_loop /usr/local/lib/python3.8/dist-packages/neutron_lib/callbacks/manager.py:176}}
Jun 18 05:12:31.919628 dv-cinder-836996-35-smb neutron-server[104374]: DEBUG neutron_lib.callbacks.manager [None req-948c37d5-a5cd-439b-b079-96da2e6e7be5 None None] Publish callbacks ['neutron.plugins.ml2.plugin.SecurityGroupServerNotifierRpcMixin._notify_sg_on_port_change-1496727', 'neutron.plugins.ml2.ovo_rpc._ObjectChangeHandler.handle_event-38017', 'neutron.api.rpc.agentnotifiers.dhcp_rpc_agent_api.DhcpAgentNotifyAPI._native_event_send_dhcp_notification-579361', 'neutron.db.l3_db.L3RpcNotifierMixin._notify_gateway_port_ip_changed-8775732274598', 'neutron.db.l3_dvrscheduler_db._notify_l3_agent_port_update-8775731786168', 'neutron.db.l3_hascheduler_db._notify_l3_agent_ha_port_update-8775731786186'] for port (caa41ed2-c5a7-454a-92d0-00ee90d61a7c), after_update {{(pid=104374) _notify_loop /usr/local/lib/python3.8/dist-packages/neutron_lib/callbacks/manager.py:176}}
Jun 18 05:12:31.921100 dv-cinder-836996-35-smb neutron-server[104373]: DEBUG neutron.db.db_base_plugin_common [None req-46bc5823-3d1f-476a-ad30-41aab45ac496 admin admin] Allocated IP 172.28.2.156 (04d6e49a-1beb-4789-8776-ccd844588fee/5b462853-7a7c-4eff-82bf-28fa2c04f1fc/fede9b11-5068-4a07-acd6-a2c63d10e858) {{(pid=104373) _store_ip_allocation /opt/stack/neutron/neutron/db/db_base_plugin_common.py:131}}
Jun 18 05:12:31.981091 dv-cinder-836996-35-smb neutron-server[104374]: DEBUG neutron.api.rpc.handlers.resources_rpc [None req-948c37d5-a5cd-439b-b079-96da2e6e7be5 None None] Pushing event updated for resources: {'Port': ['ID=caa41ed2-c5a7-454a-92d0-00ee90d61a7c,revision_number=2']} {{(pid=104374) push /opt/stack/neutron/neutron/api/rpc/handlers/resources_rpc.py:237}}
Jun 18 05:12:32.028997 dv-cinder-836996-35-smb neutron-server[104373]: DEBUG neutron_lib.callbacks.manager [None req-46bc5823-3d1f-476a-ad30-41aab45ac496 admin admin] Publish callbacks [] for port (fede9b11-5068-4a07-acd6-a2c63d10e858), precommit_create {{(pid=104373) _notify_loop /usr/local/lib/python3.8/dist-packages/neutron_lib/callbacks/manager.py:176}}
Jun 18 05:12:32.112540 dv-cinder-836996-35-smb neutron-server[104373]: DEBUG neutron_lib.callbacks.manager [None req-46bc5823-3d1f-476a-ad30-41aab45ac496 admin admin] Publish callbacks ['neutron.plugins.ml2.plugin.SecurityGroupServerNotifierRpcMixin._notify_sg_on_port_change-1496727', 'neutron.plugins.ml2.ovo_rpc._ObjectChangeHandler.handle_event-38017', 'neutron.api.rpc.agentnotifiers.dhcp_rpc_agent_api.DhcpAgentNotifyAPI._native_event_send_dhcp_notification-579361', 'neutron.db.l3_dvrscheduler_db._notify_l3_agent_new_port-8775731786150'] for port (fede9b11-5068-4a07-acd6-a2c63d10e858), after_create {{(pid=104373) _notify_loop /usr/local/lib/python3.8/dist-packages/neutron_lib/callbacks/manager.py:176}}
Jun 18 05:12:32.181620 dv-cinder-836996-35-smb neutron-server[104373]: DEBUG neutron.scheduler.dhcp_agent_scheduler [None req-46bc5823-3d1f-476a-ad30-41aab45ac496 admin admin] Network 04d6e49a-1beb-4789-8776-ccd844588fee is already hosted by enough agents. {{(pid=104373) _get_dhcp_agents_hosting_network /opt/stack/neutron/neutron/scheduler/dhcp_agent_scheduler.py:275}}
Jun 18 05:12:32.206873 dv-cinder-836996-35-smb neutron-server[104373]: DEBUG neutron.scheduler.base_scheduler [None req-46bc5823-3d1f-476a-ad30-41aab45ac496 admin admin] Resources bound (agent type, host, resource id): {{(pid=104373) schedule /opt/stack/neutron/neutron/scheduler/base_scheduler.py:57}}
Jun 18 05:12:32.221778 dv-cinder-836996-35-smb neutron-server[104373]: DEBUG neutron.db.l3_dvrscheduler_db [None req-46bc5823-3d1f-476a-ad30-41aab45ac496 admin admin] Received port after_create {{(pid=104373) _notify_l3_agent_new_port /opt/stack/neutron/neutron/db/l3_dvrscheduler_db.py:542}}
Jun 18 05:12:32.227431 dv-cinder-836996-35-smb neutron-server[104373]: DEBUG neutron.api.rpc.handlers.resources_rpc [None req-46bc5823-3d1f-476a-ad30-41aab45ac496 admin admin] Pushing event updated for resources: {'Port': ['ID=fede9b11-5068-4a07-acd6-a2c63d10e858,revision_number=1']} {{(pid=104373) push /opt/stack/neutron/neutron/api/rpc/handlers/resources_rpc.py:237}}
Jun 18 05:12:32.280515 dv-cinder-836996-35-smb neutron-server[104373]: DEBUG dbcounter [-] [104373] Writing DB stats neutron:SELECT=84,neutron:INSERT=11,neutron:UPDATE=3,neutron:DELETE=2 {{(pid=104373) stat_writer /usr/local/lib/python3.8/dist-packages/dbcounter.py:114}}
Jun 18 05:12:32.331447 dv-cinder-836996-35-smb neutron-server[104374]: DEBUG neutron.plugins.ml2.rpc [None req-da6c35b7-1a4e-46a6-8207-2e4b3269371e None None] Device caa41ed2-c5a7-454a-92d0-00ee90d61a7c up at agent ovs-agent-dv-cinder-836996-35-smb {{(pid=104374) update_device_up /opt/stack/neutron/neutron/plugins/ml2/rpc.py:296}}
Jun 18 05:12:32.382606 dv-cinder-836996-35-smb neutron-server[104374]: DEBUG neutron.db.provisioning_blocks [None req-da6c35b7-1a4e-46a6-8207-2e4b3269371e None None] Provisioning complete for port caa41ed2-c5a7-454a-92d0-00ee90d61a7c triggered by entity L2. {{(pid=104374) provisioning_complete /opt/stack/neutron/neutron/db/provisioning_blocks.py:145}}
Jun 18 05:12:32.382977 dv-cinder-836996-35-smb neutron-server[104374]: DEBUG neutron_lib.callbacks.manager [None req-da6c35b7-1a4e-46a6-8207-2e4b3269371e None None] Publish callbacks ['neutron.plugins.ml2.plugin.Ml2Plugin._port_provisioned-1405084'] for port (caa41ed2-c5a7-454a-92d0-00ee90d61a7c), provisioning_complete {{(pid=104374) _notify_loop /usr/local/lib/python3.8/dist-packages/neutron_lib/callbacks/manager.py:176}}
Jun 18 05:12:32.457034 dv-cinder-836996-35-smb neutron-server[104374]: DEBUG neutron.plugins.ml2.plugin [None req-da6c35b7-1a4e-46a6-8207-2e4b3269371e None None] Current status of the port caa41ed2-c5a7-454a-92d0-00ee90d61a7c is: DOWN; New status is: ACTIVE {{(pid=104374) _update_individual_port_db_status /opt/stack/neutron/neutron/plugins/ml2/plugin.py:2298}}
Jun 18 05:12:32.457725 dv-cinder-836996-35-smb neutron-server[104374]: DEBUG neutron_lib.callbacks.manager [None req-da6c35b7-1a4e-46a6-8207-2e4b3269371e None None] Publish callbacks ['neutron.plugins.ml2.plugin.SecurityGroupDbMixin._ensure_default_security_group_handler-1496790'] for port (caa41ed2-c5a7-454a-92d0-00ee90d61a7c), before_update {{(pid=104374) _notify_loop /usr/local/lib/python3.8/dist-packages/neutron_lib/callbacks/manager.py:176}}
Jun 18 05:12:32.496037 dv-cinder-836996-35-smb neutron-server[104374]: DEBUG neutron.plugins.ml2.db [None req-da6c35b7-1a4e-46a6-8207-2e4b3269371e None None] For port caa41ed2-c5a7-454a-92d0-00ee90d61a7c, host dv-cinder-836996-35-smb, got binding levels [PortBindingLevel(driver='openvswitch',host='dv-cinder-836996-35-smb',level=0,port_id=caa41ed2-c5a7-454a-92d0-00ee90d61a7c,segment=NetworkSegment(0ea8e047-4dd2-4118-9438-09374dfa9100),segment_id=0ea8e047-4dd2-4118-9438-09374dfa9100)] {{(pid=104374) get_binding_level_objs /opt/stack/neutron/neutron/plugins/ml2/db.py:74}}
Jun 18 05:12:32.537579 dv-cinder-836996-35-smb neutron-server[104373]: DEBUG neutron_lib.callbacks.manager [None req-46bc5823-3d1f-476a-ad30-41aab45ac496 admin admin] Publish callbacks [] for router_gateway (fd459784-f849-4f6a-a044-c493dc82e846), after_create {{(pid=104373) _notify_loop /usr/local/lib/python3.8/dist-packages/neutron_lib/callbacks/manager.py:176}}
Jun 18 05:12:32.571904 dv-cinder-836996-35-smb neutron-server[104374]: DEBUG neutron_lib.callbacks.manager [None req-da6c35b7-1a4e-46a6-8207-2e4b3269371e None None] Publish callbacks ['neutron.plugins.ml2.plugin.SecurityGroupServerNotifierRpcMixin._notify_sg_on_port_change-1496727', 'neutron.plugins.ml2.ovo_rpc._ObjectChangeHandler.handle_event-38017', 'neutron.api.rpc.agentnotifiers.dhcp_rpc_agent_api.DhcpAgentNotifyAPI._native_event_send_dhcp_notification-579361', 'neutron.db.l3_db.L3RpcNotifierMixin._notify_gateway_port_ip_changed-8775732274598', 'neutron.db.l3_dvrscheduler_db._notify_l3_agent_port_update-8775731786168', 'neutron.db.l3_hascheduler_db._notify_l3_agent_ha_port_update-8775731786186'] for port (caa41ed2-c5a7-454a-92d0-00ee90d61a7c), after_update {{(pid=104374) _notify_loop /usr/local/lib/python3.8/dist-packages/neutron_lib/callbacks/manager.py:176}}
Jun 18 05:12:32.622030 dv-cinder-836996-35-smb neutron-server[104374]: DEBUG neutron.api.rpc.handlers.resources_rpc [None req-da6c35b7-1a4e-46a6-8207-2e4b3269371e None None] Pushing event updated for resources: {'Port': ['ID=caa41ed2-c5a7-454a-92d0-00ee90d61a7c,revision_number=3']} {{(pid=104374) push /opt/stack/neutron/neutron/api/rpc/handlers/resources_rpc.py:237}}
Jun 18 05:12:33.072581 dv-cinder-836996-35-smb neutron-server[104373]: DEBUG dbcounter [-] [104373] Writing DB stats neutron:SELECT=90,neutron:UPDATE=5,neutron:INSERT=5 {{(pid=104373) stat_writer /usr/local/lib/python3.8/dist-packages/dbcounter.py:114}}
