Apr 11 06:30:04.744291 dv-cinder-836996-3-smb devstack@c-api.service[110068]: DEBUG cinder.api.middleware.request_id [None req-5445577a-625b-4bfd-a775-9277f560de80 None None] RequestId filter calling following filter/app {{(pid=110068) _context_setter /opt/stack/cinder/cinder/api/middleware/request_id.py:62}}
Apr 11 06:30:04.744970 dv-cinder-836996-3-smb devstack@c-api.service[110067]: DEBUG cinder.api.openstack.wsgi [None req-85f36f3f-cea8-4341-8219-ac7119368fc5 tempest-GroupSnapshotsV319Test-1095464684 tempest-GroupSnapshotsV319Test-1095464684-project] Calling method 'show' {{(pid=110067) _process_stack /opt/stack/cinder/cinder/api/openstack/wsgi.py:868}}
Apr 11 06:30:04.754977 dv-cinder-836996-3-smb devstack@c-api.service[110068]: INFO cinder.api.openstack.wsgi [None req-5445577a-625b-4bfd-a775-9277f560de80 tempest-GroupTypesTest-2022200283 tempest-GroupTypesTest-2022200283-project-admin] POST http://10.222.0.11/volume/v3/12d5d23909bd4997b8cd43a89d33c820/group_types
Apr 11 06:30:04.772318 dv-cinder-836996-3-smb devstack@c-api.service[110068]: DEBUG cinder.api.openstack.wsgi [None req-5445577a-625b-4bfd-a775-9277f560de80 tempest-GroupTypesTest-2022200283 tempest-GroupTypesTest-2022200283-project-admin] Action: 'create', calling method: version_select, body: {"group_type": {"name": "a_tempest-group-type-1013474698", "is_public": true}} {{(pid=110068) _process_stack /opt/stack/cinder/cinder/api/openstack/wsgi.py:866}}
Apr 11 06:30:04.819077 dv-cinder-836996-3-smb devstack@c-api.service[110067]: /usr/local/lib/python3.8/dist-packages/oslo_context/context.py:100: DeprecationWarning: Policy enforcement is depending on the value of is_admin. This key is deprecated. Please update your policy file to use the standard policy values.
Apr 11 06:30:04.819077 dv-cinder-836996-3-smb devstack@c-api.service[110067]: warnings.warn('Policy enforcement is depending on the value of '
Apr 11 06:30:04.849504 dv-cinder-836996-3-smb devstack@c-api.service[110067]: INFO cinder.volume.api [None req-85f36f3f-cea8-4341-8219-ac7119368fc5 tempest-GroupSnapshotsV319Test-1095464684 tempest-GroupSnapshotsV319Test-1095464684-project] Volume info retrieved successfully.
Apr 11 06:30:04.865228 dv-cinder-836996-3-smb devstack@c-api.service[110067]: WARNING stevedore.named [None req-85f36f3f-cea8-4341-8219-ac7119368fc5 tempest-GroupSnapshotsV319Test-1095464684 tempest-GroupSnapshotsV319Test-1095464684-project] Could not load cinder.keymgr.conf_key_mgr.ConfKeyManager
Apr 11 06:30:04.866885 dv-cinder-836996-3-smb devstack@c-api.service[110067]: WARNING castellan.key_manager [None req-85f36f3f-cea8-4341-8219-ac7119368fc5 tempest-GroupSnapshotsV319Test-1095464684 tempest-GroupSnapshotsV319Test-1095464684-project] Deprecation Warning : cinder.keymgr.conf_key_mgr.ConfKeyManager is not a stevedore based driver, trying to load it as a class: stevedore.exception.NoMatches: No 'castellan.drivers' driver found, looking for 'cinder.keymgr.conf_key_mgr.ConfKeyManager'
Apr 11 06:30:04.913412 dv-cinder-836996-3-smb devstack@c-api.service[110067]: DEBUG oslo_db.sqlalchemy.engines [None req-85f36f3f-cea8-4341-8219-ac7119368fc5 tempest-GroupSnapshotsV319Test-1095464684 tempest-GroupSnapshotsV319Test-1095464684-project] MySQL server mode set to STRICT_TRANS_TABLES,STRICT_ALL_TABLES,NO_ZERO_IN_DATE,NO_ZERO_DATE,ERROR_FOR_DIVISION_BY_ZERO,TRADITIONAL,NO_ENGINE_SUBSTITUTION {{(pid=110067) _check_effective_sql_mode /usr/local/lib/python3.8/dist-packages/oslo_db/sqlalchemy/engines.py:314}}
Apr 11 06:30:04.921206 dv-cinder-836996-3-smb devstack@c-api.service[110068]: INFO cinder.api.openstack.wsgi [None req-5445577a-625b-4bfd-a775-9277f560de80 tempest-GroupTypesTest-2022200283 tempest-GroupTypesTest-2022200283-project-admin] http://10.222.0.11/volume/v3/12d5d23909bd4997b8cd43a89d33c820/group_types returned with HTTP 202
Apr 11 06:30:04.926856 dv-cinder-836996-3-smb devstack@c-api.service[110068]: [pid: 110068|app: 0|req: 9/24] 10.222.0.11 () {62 vars in 1287 bytes} [Mon Apr 11 06:30:04 2022] POST /volume/v3/12d5d23909bd4997b8cd43a89d33c820/group_types => generated 164 bytes in 182 msecs (HTTP/1.1 202) 7 headers in 292 bytes (1 switches on core 0)
Apr 11 06:30:04.926959 dv-cinder-836996-3-smb devstack@c-api.service[110067]: /usr/local/lib/python3.8/dist-packages/oslo_context/context.py:100: DeprecationWarning: Policy enforcement is depending on the value of is_admin. This key is deprecated. Please update your policy file to use the standard policy values.
Apr 11 06:30:04.926959 dv-cinder-836996-3-smb devstack@c-api.service[110067]: warnings.warn('Policy enforcement is depending on the value of '
Apr 11 06:30:04.930021 dv-cinder-836996-3-smb devstack@c-api.service[110068]: DEBUG cinder.api.middleware.request_id [req-69695c09-4338-4e3a-8955-edceb0d2d024 req-68b41a64-7eb0-40ea-aae0-7cb6e5cdc99a None None] RequestId filter calling following filter/app {{(pid=110068) _context_setter /opt/stack/cinder/cinder/api/middleware/request_id.py:62}}
Apr 11 06:30:04.944148 dv-cinder-836996-3-smb devstack@c-api.service[110068]: INFO cinder.api.openstack.wsgi [req-69695c09-4338-4e3a-8955-edceb0d2d024 req-68b41a64-7eb0-40ea-aae0-7cb6e5cdc99a tempest-VolumesSnapshotsTestJSON-1578347055 tempest-VolumesSnapshotsTestJSON-1578347055-project] GET http://10.222.0.11/volume/v3/02b7c4a7b1294e83995d0c66ede4d45e/volumes/10a1c808-6abb-4062-ab7a-301f1b4a7894
Apr 11 06:30:04.945820 dv-cinder-836996-3-smb devstack@c-api.service[110068]: DEBUG cinder.api.openstack.wsgi [req-69695c09-4338-4e3a-8955-edceb0d2d024 req-68b41a64-7eb0-40ea-aae0-7cb6e5cdc99a tempest-VolumesSnapshotsTestJSON-1578347055 tempest-VolumesSnapshotsTestJSON-1578347055-project] Empty body provided in request {{(pid=110068) get_body /opt/stack/cinder/cinder/api/openstack/wsgi.py:715}}
Apr 11 06:30:04.946355 dv-cinder-836996-3-smb devstack@c-api.service[110068]: DEBUG cinder.api.openstack.wsgi [req-69695c09-4338-4e3a-8955-edceb0d2d024 req-68b41a64-7eb0-40ea-aae0-7cb6e5cdc99a tempest-VolumesSnapshotsTestJSON-1578347055 tempest-VolumesSnapshotsTestJSON-1578347055-project] Calling method 'show' {{(pid=110068) _process_stack /opt/stack/cinder/cinder/api/openstack/wsgi.py:868}}
Apr 11 06:30:04.953704 dv-cinder-836996-3-smb devstack@c-api.service[110067]: INFO cinder.api.openstack.wsgi [None req-85f36f3f-cea8-4341-8219-ac7119368fc5 tempest-GroupSnapshotsV319Test-1095464684 tempest-GroupSnapshotsV319Test-1095464684-project] http://10.222.0.11/volume/v3/1abb2950df144ecc95e71124de0a2585/volumes/a801107c-c102-4e8d-ba8e-698b2b24f99c returned with HTTP 200
Apr 11 06:30:04.956273 dv-cinder-836996-3-smb devstack@c-api.service[110067]: [pid: 110067|app: 0|req: 16/25] 10.222.0.11 () {60 vars in 1365 bytes} [Mon Apr 11 06:30:04 2022] GET /volume/v3/1abb2950df144ecc95e71124de0a2585/volumes/a801107c-c102-4e8d-ba8e-698b2b24f99c => generated 983 bytes in 252 msecs (HTTP/1.1 200) 7 headers in 286 bytes (1 switches on core 0)
Apr 11 06:30:04.957824 dv-cinder-836996-3-smb devstack@c-api.service[110067]: DEBUG cinder.api.middleware.request_id [None req-2a0ddaf5-858f-4908-9439-12cc118534c4 None None] RequestId filter calling following filter/app {{(pid=110067) _context_setter /opt/stack/cinder/cinder/api/middleware/request_id.py:62}}
Apr 11 06:30:04.962099 dv-cinder-836996-3-smb devstack@c-api.service[110067]: INFO cinder.api.openstack.wsgi [None req-2a0ddaf5-858f-4908-9439-12cc118534c4 tempest-GroupTypesTest-2022200283 tempest-GroupTypesTest-2022200283-project-admin] POST http://10.222.0.11/volume/v3/12d5d23909bd4997b8cd43a89d33c820/group_types
Apr 11 06:30:04.963146 dv-cinder-836996-3-smb devstack@c-api.service[110067]: DEBUG cinder.api.openstack.wsgi [None req-2a0ddaf5-858f-4908-9439-12cc118534c4 tempest-GroupTypesTest-2022200283 tempest-GroupTypesTest-2022200283-project-admin] Action: 'create', calling method: version_select, body: {"group_type": {"name": "b_tempest-group-type-72400222", "is_public": false}} {{(pid=110067) _process_stack /opt/stack/cinder/cinder/api/openstack/wsgi.py:866}}
Apr 11 06:30:04.991569 dv-cinder-836996-3-smb devstack@c-api.service[110068]: /usr/local/lib/python3.8/dist-packages/oslo_context/context.py:100: DeprecationWarning: Policy enforcement is depending on the value of is_admin. This key is deprecated. Please update your policy file to use the standard policy values.
Apr 11 06:30:04.991569 dv-cinder-836996-3-smb devstack@c-api.service[110068]: warnings.warn('Policy enforcement is depending on the value of '
Apr 11 06:30:05.002333 dv-cinder-836996-3-smb devstack@c-api.service[110067]: INFO cinder.api.openstack.wsgi [None req-2a0ddaf5-858f-4908-9439-12cc118534c4 tempest-GroupTypesTest-2022200283 tempest-GroupTypesTest-2022200283-project-admin] http://10.222.0.11/volume/v3/12d5d23909bd4997b8cd43a89d33c820/group_types returned with HTTP 202
Apr 11 06:30:05.004542 dv-cinder-836996-3-smb devstack@c-api.service[110067]: [pid: 110067|app: 0|req: 17/26] 10.222.0.11 () {62 vars in 1287 bytes} [Mon Apr 11 06:30:04 2022] POST /volume/v3/12d5d23909bd4997b8cd43a89d33c820/group_types => generated 163 bytes in 47 msecs (HTTP/1.1 202) 7 headers in 292 bytes (1 switches on core 0)
Apr 11 06:30:05.009622 dv-cinder-836996-3-smb devstack@c-api.service[110067]: DEBUG cinder.api.middleware.request_id [None req-f3e55000-29c7-48d1-b7e6-a16123bea56b None None] RequestId filter calling following filter/app {{(pid=110067) _context_setter /opt/stack/cinder/cinder/api/middleware/request_id.py:62}}
Apr 11 06:30:05.012497 dv-cinder-836996-3-smb devstack@c-api.service[110068]: INFO cinder.volume.api [req-69695c09-4338-4e3a-8955-edceb0d2d024 req-68b41a64-7eb0-40ea-aae0-7cb6e5cdc99a tempest-VolumesSnapshotsTestJSON-1578347055 tempest-VolumesSnapshotsTestJSON-1578347055-project] Volume info retrieved successfully.
Apr 11 06:30:05.018200 dv-cinder-836996-3-smb devstack@c-api.service[110067]: INFO cinder.api.openstack.wsgi [None req-f3e55000-29c7-48d1-b7e6-a16123bea56b tempest-GroupTypesTest-2022200283 tempest-GroupTypesTest-2022200283-project-admin] GET http://10.222.0.11/volume/v3/12d5d23909bd4997b8cd43a89d33c820/group_types?sort=name%3Aasc&is_public=None
Apr 11 06:30:05.019213 dv-cinder-836996-3-smb devstack@c-api.service[110067]: DEBUG cinder.api.openstack.wsgi [None req-f3e55000-29c7-48d1-b7e6-a16123bea56b tempest-GroupTypesTest-2022200283 tempest-GroupTypesTest-2022200283-project-admin] Empty body provided in request {{(pid=110067) get_body /opt/stack/cinder/cinder/api/openstack/wsgi.py:715}}
Apr 11 06:30:05.021296 dv-cinder-836996-3-smb devstack@c-api.service[110067]: DEBUG cinder.api.openstack.wsgi [None req-f3e55000-29c7-48d1-b7e6-a16123bea56b tempest-GroupTypesTest-2022200283 tempest-GroupTypesTest-2022200283-project-admin] Calling method 'version_select' {{(pid=110067) _process_stack /opt/stack/cinder/cinder/api/openstack/wsgi.py:868}}
Apr 11 06:30:05.037513 dv-cinder-836996-3-smb devstack@c-api.service[110068]: INFO cinder.api.openstack.wsgi [req-69695c09-4338-4e3a-8955-edceb0d2d024 req-68b41a64-7eb0-40ea-aae0-7cb6e5cdc99a tempest-VolumesSnapshotsTestJSON-1578347055 tempest-VolumesSnapshotsTestJSON-1578347055-project] http://10.222.0.11/volume/v3/02b7c4a7b1294e83995d0c66ede4d45e/volumes/10a1c808-6abb-4062-ab7a-301f1b4a7894 returned with HTTP 200
Apr 11 06:30:05.050720 dv-cinder-836996-3-smb devstack@c-api.service[110068]: [pid: 110068|app: 0|req: 10/27] 10.222.0.11 () {60 vars in 1578 bytes} [Mon Apr 11 06:30:04 2022] GET /volume/v3/02b7c4a7b1294e83995d0c66ede4d45e/volumes/10a1c808-6abb-4062-ab7a-301f1b4a7894 => generated 916 bytes in 124 msecs (HTTP/1.1 200) 7 headers in 285 bytes (1 switches on core 0)
Apr 11 06:30:05.063241 dv-cinder-836996-3-smb devstack@c-api.service[110068]: DEBUG cinder.api.middleware.request_id [req-2176d919-1bf5-4504-8e0b-d0a326b835e3 req-45cc4df5-32aa-4ad0-acda-16cfaf5051d9 None None] RequestId filter calling following filter/app {{(pid=110068) _context_setter /opt/stack/cinder/cinder/api/middleware/request_id.py:62}}
Apr 11 06:30:05.069653 dv-cinder-836996-3-smb devstack@c-api.service[110068]: INFO cinder.api.openstack.wsgi [req-2176d919-1bf5-4504-8e0b-d0a326b835e3 req-45cc4df5-32aa-4ad0-acda-16cfaf5051d9 tempest-VolumesGetTestJSON-1671628600 tempest-VolumesGetTestJSON-1671628600-project] GET http://10.222.0.11/volume/v3/8aae8cffc6b74e64bc1c45d2aebbe1db/volumes/c6e6d62f-f8a1-4267-a134-2ff48c8965ba
Apr 11 06:30:05.070204 dv-cinder-836996-3-smb devstack@c-api.service[110068]: DEBUG cinder.api.openstack.wsgi [req-2176d919-1bf5-4504-8e0b-d0a326b835e3 req-45cc4df5-32aa-4ad0-acda-16cfaf5051d9 tempest-VolumesGetTestJSON-1671628600 tempest-VolumesGetTestJSON-1671628600-project] Empty body provided in request {{(pid=110068) get_body /opt/stack/cinder/cinder/api/openstack/wsgi.py:715}}
Apr 11 06:30:05.070807 dv-cinder-836996-3-smb devstack@c-api.service[110068]: DEBUG cinder.api.openstack.wsgi [req-2176d919-1bf5-4504-8e0b-d0a326b835e3 req-45cc4df5-32aa-4ad0-acda-16cfaf5051d9 tempest-VolumesGetTestJSON-1671628600 tempest-VolumesGetTestJSON-1671628600-project] Calling method 'show' {{(pid=110068) _process_stack /opt/stack/cinder/cinder/api/openstack/wsgi.py:868}}
Apr 11 06:30:05.080520 dv-cinder-836996-3-smb devstack@c-api.service[110067]: INFO cinder.api.openstack.wsgi [None req-f3e55000-29c7-48d1-b7e6-a16123bea56b tempest-GroupTypesTest-2022200283 tempest-GroupTypesTest-2022200283-project-admin] http://10.222.0.11/volume/v3/12d5d23909bd4997b8cd43a89d33c820/group_types?sort=name%3Aasc&is_public=None returned with HTTP 200
Apr 11 06:30:05.081554 dv-cinder-836996-3-smb devstack@c-api.service[110067]: [pid: 110067|app: 0|req: 18/28] 10.222.0.11 () {60 vars in 1327 bytes} [Mon Apr 11 06:30:05 2022] GET /volume/v3/12d5d23909bd4997b8cd43a89d33c820/group_types?sort=name%3Aasc&is_public=None => generated 718 bytes in 73 msecs (HTTP/1.1 200) 7 headers in 286 bytes (1 switches on core 0)
Apr 11 06:30:05.088308 dv-cinder-836996-3-smb devstack@c-api.service[110067]: DEBUG cinder.api.middleware.request_id [None req-a46ff8ea-99ab-4c47-8875-351a680c426f None None] RequestId filter calling following filter/app {{(pid=110067) _context_setter /opt/stack/cinder/cinder/api/middleware/request_id.py:62}}
Apr 11 06:30:05.095545 dv-cinder-836996-3-smb devstack@c-api.service[110067]: INFO cinder.api.openstack.wsgi [None req-a46ff8ea-99ab-4c47-8875-351a680c426f tempest-GroupTypesTest-2022200283 tempest-GroupTypesTest-2022200283-project-admin] GET http://10.222.0.11/volume/v3/12d5d23909bd4997b8cd43a89d33c820/group_types?sort=name%3Adesc&is_public=None
Apr 11 06:30:05.099302 dv-cinder-836996-3-smb devstack@c-api.service[110067]: DEBUG cinder.api.openstack.wsgi [None req-a46ff8ea-99ab-4c47-8875-351a680c426f tempest-GroupTypesTest-2022200283 tempest-GroupTypesTest-2022200283-project-admin] Empty body provided in request {{(pid=110067) get_body /opt/stack/cinder/cinder/api/openstack/wsgi.py:715}}
Apr 11 06:30:05.099987 dv-cinder-836996-3-smb devstack@c-api.service[110067]: DEBUG cinder.api.openstack.wsgi [None req-a46ff8ea-99ab-4c47-8875-351a680c426f tempest-GroupTypesTest-2022200283 tempest-GroupTypesTest-2022200283-project-admin] Calling method 'version_select' {{(pid=110067) _process_stack /opt/stack/cinder/cinder/api/openstack/wsgi.py:868}}
Apr 11 06:30:05.105781 dv-cinder-836996-3-smb devstack@c-api.service[110068]: /usr/local/lib/python3.8/dist-packages/oslo_context/context.py:100: DeprecationWarning: Policy enforcement is depending on the value of is_admin. This key is deprecated. Please update your policy file to use the standard policy values.
Apr 11 06:30:05.105781 dv-cinder-836996-3-smb devstack@c-api.service[110068]: warnings.warn('Policy enforcement is depending on the value of '
Apr 11 06:30:05.124519 dv-cinder-836996-3-smb devstack@c-api.service[110068]: INFO cinder.volume.api [req-2176d919-1bf5-4504-8e0b-d0a326b835e3 req-45cc4df5-32aa-4ad0-acda-16cfaf5051d9 tempest-VolumesGetTestJSON-1671628600 tempest-VolumesGetTestJSON-1671628600-project] Volume info retrieved successfully.
Apr 11 06:30:05.147819 dv-cinder-836996-3-smb devstack@c-api.service[110068]: INFO cinder.api.openstack.wsgi [req-2176d919-1bf5-4504-8e0b-d0a326b835e3 req-45cc4df5-32aa-4ad0-acda-16cfaf5051d9 tempest-VolumesGetTestJSON-1671628600 tempest-VolumesGetTestJSON-1671628600-project] http://10.222.0.11/volume/v3/8aae8cffc6b74e64bc1c45d2aebbe1db/volumes/c6e6d62f-f8a1-4267-a134-2ff48c8965ba returned with HTTP 200
Apr 11 06:30:05.148627 dv-cinder-836996-3-smb devstack@c-api.service[110068]: [pid: 110068|app: 0|req: 11/29] 10.222.0.11 () {60 vars in 1578 bytes} [Mon Apr 11 06:30:05 2022] GET /volume/v3/8aae8cffc6b74e64bc1c45d2aebbe1db/volumes/c6e6d62f-f8a1-4267-a134-2ff48c8965ba => generated 925 bytes in 87 msecs (HTTP/1.1 200) 7 headers in 285 bytes (2 switches on core 0)
Apr 11 06:30:05.153027 dv-cinder-836996-3-smb devstack@c-api.service[110067]: INFO cinder.api.openstack.wsgi [None req-a46ff8ea-99ab-4c47-8875-351a680c426f tempest-GroupTypesTest-2022200283 tempest-GroupTypesTest-2022200283-project-admin] http://10.222.0.11/volume/v3/12d5d23909bd4997b8cd43a89d33c820/group_types?sort=name%3Adesc&is_public=None returned with HTTP 200
Apr 11 06:30:05.158777 dv-cinder-836996-3-smb devstack@c-api.service[110067]: [pid: 110067|app: 0|req: 19/30] 10.222.0.11 () {60 vars in 1329 bytes} [Mon Apr 11 06:30:05 2022] GET /volume/v3/12d5d23909bd4997b8cd43a89d33c820/group_types?sort=name%3Adesc&is_public=None => generated 718 bytes in 71 msecs (HTTP/1.1 200) 7 headers in 286 bytes (1 switches on core 0)
Apr 11 06:30:05.165504 dv-cinder-836996-3-smb devstack@c-api.service[110068]: DEBUG cinder.api.middleware.request_id [None req-5ae24912-6836-45b7-bd8e-da6a600501d2 None None] RequestId filter calling following filter/app {{(pid=110068) _context_setter /opt/stack/cinder/cinder/api/middleware/request_id.py:62}}
Apr 11 06:30:05.169563 dv-cinder-836996-3-smb devstack@c-api.service[110068]: INFO cinder.api.openstack.wsgi [None req-5ae24912-6836-45b7-bd8e-da6a600501d2 tempest-GroupTypesTest-2022200283 tempest-GroupTypesTest-2022200283-project-admin] GET http://10.222.0.11/volume/v3/12d5d23909bd4997b8cd43a89d33c820/group_types?is_public=False
Apr 11 06:30:05.170058 dv-cinder-836996-3-smb devstack@c-api.service[110068]: DEBUG cinder.api.openstack.wsgi [None req-5ae24912-6836-45b7-bd8e-da6a600501d2 tempest-GroupTypesTest-2022200283 tempest-GroupTypesTest-2022200283-project-admin] Empty body provided in request {{(pid=110068) get_body /opt/stack/cinder/cinder/api/openstack/wsgi.py:715}}
Apr 11 06:30:05.170509 dv-cinder-836996-3-smb devstack@c-api.service[110068]: DEBUG cinder.api.openstack.wsgi [None req-5ae24912-6836-45b7-bd8e-da6a600501d2 tempest-GroupTypesTest-2022200283 tempest-GroupTypesTest-2022200283-project-admin] Calling method 'version_select' {{(pid=110068) _process_stack /opt/stack/cinder/cinder/api/openstack/wsgi.py:868}}
Apr 11 06:30:05.193612 dv-cinder-836996-3-smb devstack@c-api.service[110067]: DEBUG cinder.api.middleware.request_id [req-b9b6bbd1-5f9c-4533-bc9a-41f06ee40f04 req-eb09605a-7ad5-4f43-a19b-5ece59082b88 None None] RequestId filter calling following filter/app {{(pid=110067) _context_setter /opt/stack/cinder/cinder/api/middleware/request_id.py:62}}
Apr 11 06:30:05.201317 dv-cinder-836996-3-smb devstack@c-api.service[110067]: INFO cinder.api.openstack.wsgi [req-b9b6bbd1-5f9c-4533-bc9a-41f06ee40f04 req-eb09605a-7ad5-4f43-a19b-5ece59082b88 tempest-VolumesGetTestJSON-1671628600 tempest-VolumesGetTestJSON-1671628600-project] GET http://10.222.0.11/volume/v3/8aae8cffc6b74e64bc1c45d2aebbe1db/volumes/c6e6d62f-f8a1-4267-a134-2ff48c8965ba
Apr 11 06:30:05.202161 dv-cinder-836996-3-smb devstack@c-api.service[110067]: DEBUG cinder.api.openstack.wsgi [req-b9b6bbd1-5f9c-4533-bc9a-41f06ee40f04 req-eb09605a-7ad5-4f43-a19b-5ece59082b88 tempest-VolumesGetTestJSON-1671628600 tempest-VolumesGetTestJSON-1671628600-project] Empty body provided in request {{(pid=110067) get_body /opt/stack/cinder/cinder/api/openstack/wsgi.py:715}}
Apr 11 06:30:05.202668 dv-cinder-836996-3-smb devstack@c-api.service[110068]: INFO cinder.api.openstack.wsgi [None req-5ae24912-6836-45b7-bd8e-da6a600501d2 tempest-GroupTypesTest-2022200283 tempest-GroupTypesTest-2022200283-project-admin] http://10.222.0.11/volume/v3/12d5d23909bd4997b8cd43a89d33c820/group_types?is_public=False returned with HTTP 200
Apr 11 06:30:05.203087 dv-cinder-836996-3-smb devstack@c-api.service[110067]: DEBUG cinder.api.openstack.wsgi [req-b9b6bbd1-5f9c-4533-bc9a-41f06ee40f04 req-eb09605a-7ad5-4f43-a19b-5ece59082b88 tempest-VolumesGetTestJSON-1671628600 tempest-VolumesGetTestJSON-1671628600-project] Calling method 'show' {{(pid=110067) _process_stack /opt/stack/cinder/cinder/api/openstack/wsgi.py:868}}
Apr 11 06:30:05.208532 dv-cinder-836996-3-smb devstack@c-api.service[110068]: [pid: 110068|app: 0|req: 12/31] 10.222.0.11 () {60 vars in 1297 bytes} [Mon Apr 11 06:30:05 2022] GET /volume/v3/12d5d23909bd4997b8cd43a89d33c820/group_types?is_public=False => generated 166 bytes in 44 msecs (HTTP/1.1 200) 7 headers in 286 bytes (1 switches on core 0)
Apr 11 06:30:05.215327 dv-cinder-836996-3-smb devstack@c-api.service[110068]: DEBUG cinder.api.middleware.request_id [None req-9c0dba23-b96a-4a4d-a04e-2a0d636fd5b9 None None] RequestId filter calling following filter/app {{(pid=110068) _context_setter /opt/stack/cinder/cinder/api/middleware/request_id.py:62}}
Apr 11 06:30:05.220152 dv-cinder-836996-3-smb devstack@c-api.service[110068]: INFO cinder.api.openstack.wsgi [None req-9c0dba23-b96a-4a4d-a04e-2a0d636fd5b9 tempest-GroupTypesTest-2022200283 tempest-GroupTypesTest-2022200283-project-admin] GET http://10.222.0.11/volume/v3/12d5d23909bd4997b8cd43a89d33c820/group_types?is_public=True
Apr 11 06:30:05.220909 dv-cinder-836996-3-smb devstack@c-api.service[110068]: DEBUG cinder.api.openstack.wsgi [None req-9c0dba23-b96a-4a4d-a04e-2a0d636fd5b9 tempest-GroupTypesTest-2022200283 tempest-GroupTypesTest-2022200283-project-admin] Empty body provided in request {{(pid=110068) get_body /opt/stack/cinder/cinder/api/openstack/wsgi.py:715}}
Apr 11 06:30:05.221589 dv-cinder-836996-3-smb devstack@c-api.service[110068]: DEBUG cinder.api.openstack.wsgi [None req-9c0dba23-b96a-4a4d-a04e-2a0d636fd5b9 tempest-GroupTypesTest-2022200283 tempest-GroupTypesTest-2022200283-project-admin] Calling method 'version_select' {{(pid=110068) _process_stack /opt/stack/cinder/cinder/api/openstack/wsgi.py:868}}
Apr 11 06:30:05.236123 dv-cinder-836996-3-smb devstack@c-api.service[110067]: /usr/local/lib/python3.8/dist-packages/oslo_context/context.py:100: DeprecationWarning: Policy enforcement is depending on the value of is_admin. This key is deprecated. Please update your policy file to use the standard policy values.
Apr 11 06:30:05.236123 dv-cinder-836996-3-smb devstack@c-api.service[110067]: warnings.warn('Policy enforcement is depending on the value of '
Apr 11 06:30:05.258181 dv-cinder-836996-3-smb devstack@c-api.service[110067]: INFO cinder.volume.api [req-b9b6bbd1-5f9c-4533-bc9a-41f06ee40f04 req-eb09605a-7ad5-4f43-a19b-5ece59082b88 tempest-VolumesGetTestJSON-1671628600 tempest-VolumesGetTestJSON-1671628600-project] Volume info retrieved successfully.
Apr 11 06:30:05.272302 dv-cinder-836996-3-smb devstack@c-api.service[110068]: INFO cinder.api.openstack.wsgi [None req-9c0dba23-b96a-4a4d-a04e-2a0d636fd5b9 tempest-GroupTypesTest-2022200283 tempest-GroupTypesTest-2022200283-project-admin] http://10.222.0.11/volume/v3/12d5d23909bd4997b8cd43a89d33c820/group_types?is_public=True returned with HTTP 200
Apr 11 06:30:05.273475 dv-cinder-836996-3-smb devstack@c-api.service[110068]: [pid: 110068|app: 0|req: 13/32] 10.222.0.11 () {60 vars in 1295 bytes} [Mon Apr 11 06:30:05 2022] GET /volume/v3/12d5d23909bd4997b8cd43a89d33c820/group_types?is_public=True => generated 569 bytes in 59 msecs (HTTP/1.1 200) 7 headers in 286 bytes (1 switches on core 0)
Apr 11 06:30:05.280347 dv-cinder-836996-3-smb devstack@c-api.service[110068]: DEBUG cinder.api.middleware.request_id [None req-780f6d94-0579-41dc-874d-1856cbdd9e9d None None] RequestId filter calling following filter/app {{(pid=110068) _context_setter /opt/stack/cinder/cinder/api/middleware/request_id.py:62}}
Apr 11 06:30:05.280701 dv-cinder-836996-3-smb devstack@c-api.service[110067]: INFO cinder.api.openstack.wsgi [req-b9b6bbd1-5f9c-4533-bc9a-41f06ee40f04 req-eb09605a-7ad5-4f43-a19b-5ece59082b88 tempest-VolumesGetTestJSON-1671628600 tempest-VolumesGetTestJSON-1671628600-project] http://10.222.0.11/volume/v3/8aae8cffc6b74e64bc1c45d2aebbe1db/volumes/c6e6d62f-f8a1-4267-a134-2ff48c8965ba returned with HTTP 200
Apr 11 06:30:05.283591 dv-cinder-836996-3-smb devstack@c-api.service[110067]: [pid: 110067|app: 0|req: 20/33] 10.222.0.11 () {60 vars in 1578 bytes} [Mon Apr 11 06:30:05 2022] GET /volume/v3/8aae8cffc6b74e64bc1c45d2aebbe1db/volumes/c6e6d62f-f8a1-4267-a134-2ff48c8965ba => generated 925 bytes in 91 msecs (HTTP/1.1 200) 7 headers in 285 bytes (1 switches on core 0)
Apr 11 06:30:05.293420 dv-cinder-836996-3-smb devstack@c-api.service[110068]: INFO cinder.api.openstack.wsgi [None req-780f6d94-0579-41dc-874d-1856cbdd9e9d tempest-GroupTypesTest-2022200283 tempest-GroupTypesTest-2022200283-project-admin] DELETE http://10.222.0.11/volume/v3/12d5d23909bd4997b8cd43a89d33c820/group_types/f0a1cc69-e76e-4556-8602-fc54e6049db0
Apr 11 06:30:05.293931 dv-cinder-836996-3-smb devstack@c-api.service[110068]: DEBUG cinder.api.openstack.wsgi [None req-780f6d94-0579-41dc-874d-1856cbdd9e9d tempest-GroupTypesTest-2022200283 tempest-GroupTypesTest-2022200283-project-admin] Empty body provided in request {{(pid=110068) get_body /opt/stack/cinder/cinder/api/openstack/wsgi.py:715}}
Apr 11 06:30:05.295211 dv-cinder-836996-3-smb devstack@c-api.service[110068]: DEBUG cinder.api.openstack.wsgi [None req-780f6d94-0579-41dc-874d-1856cbdd9e9d tempest-GroupTypesTest-2022200283 tempest-GroupTypesTest-2022200283-project-admin] Calling method 'version_select' {{(pid=110068) _process_stack /opt/stack/cinder/cinder/api/openstack/wsgi.py:868}}
Apr 11 06:30:05.317830 dv-cinder-836996-3-smb devstack@c-api.service[110067]: DEBUG cinder.api.middleware.request_id [req-aa304477-f587-44c7-bb40-221601f68591 req-6258d96e-136b-4b99-b8a4-7b0c705c92f9 None None] RequestId filter calling following filter/app {{(pid=110067) _context_setter /opt/stack/cinder/cinder/api/middleware/request_id.py:62}}
Apr 11 06:30:05.322356 dv-cinder-836996-3-smb devstack@c-api.service[110067]: INFO cinder.api.openstack.wsgi [req-aa304477-f587-44c7-bb40-221601f68591 req-6258d96e-136b-4b99-b8a4-7b0c705c92f9 tempest-VolumesGetTestJSON-1671628600 tempest-VolumesGetTestJSON-1671628600-project] DELETE http://10.222.0.11/volume/v3/8aae8cffc6b74e64bc1c45d2aebbe1db/volumes/c6e6d62f-f8a1-4267-a134-2ff48c8965ba
Apr 11 06:30:05.322646 dv-cinder-836996-3-smb devstack@c-api.service[110067]: DEBUG cinder.api.openstack.wsgi [req-aa304477-f587-44c7-bb40-221601f68591 req-6258d96e-136b-4b99-b8a4-7b0c705c92f9 tempest-VolumesGetTestJSON-1671628600 tempest-VolumesGetTestJSON-1671628600-project] Empty body provided in request {{(pid=110067) get_body /opt/stack/cinder/cinder/api/openstack/wsgi.py:715}}
Apr 11 06:30:05.323130 dv-cinder-836996-3-smb devstack@c-api.service[110067]: DEBUG cinder.api.openstack.wsgi [req-aa304477-f587-44c7-bb40-221601f68591 req-6258d96e-136b-4b99-b8a4-7b0c705c92f9 tempest-VolumesGetTestJSON-1671628600 tempest-VolumesGetTestJSON-1671628600-project] Calling method 'delete' {{(pid=110067) _process_stack /opt/stack/cinder/cinder/api/openstack/wsgi.py:868}}
Apr 11 06:30:05.323634 dv-cinder-836996-3-smb devstack@c-api.service[110067]: INFO cinder.api.v3.volumes [req-aa304477-f587-44c7-bb40-221601f68591 req-6258d96e-136b-4b99-b8a4-7b0c705c92f9 tempest-VolumesGetTestJSON-1671628600 tempest-VolumesGetTestJSON-1671628600-project] Delete volume with id: c6e6d62f-f8a1-4267-a134-2ff48c8965ba
Apr 11 06:30:05.340754 dv-cinder-836996-3-smb devstack@c-api.service[110067]: /usr/local/lib/python3.8/dist-packages/oslo_context/context.py:100: DeprecationWarning: Policy enforcement is depending on the value of is_admin. This key is deprecated. Please update your policy file to use the standard policy values.
Apr 11 06:30:05.340754 dv-cinder-836996-3-smb devstack@c-api.service[110067]: warnings.warn('Policy enforcement is depending on the value of '
Apr 11 06:30:05.341950 dv-cinder-836996-3-smb devstack@c-api.service[110067]: INFO cinder.volume.api [req-aa304477-f587-44c7-bb40-221601f68591 req-6258d96e-136b-4b99-b8a4-7b0c705c92f9 tempest-VolumesGetTestJSON-1671628600 tempest-VolumesGetTestJSON-1671628600-project] Volume info retrieved successfully.
Apr 11 06:30:05.360124 dv-cinder-836996-3-smb devstack@c-api.service[110068]: INFO cinder.api.openstack.wsgi [None req-780f6d94-0579-41dc-874d-1856cbdd9e9d tempest-GroupTypesTest-2022200283 tempest-GroupTypesTest-2022200283-project-admin] http://10.222.0.11/volume/v3/12d5d23909bd4997b8cd43a89d33c820/group_types/f0a1cc69-e76e-4556-8602-fc54e6049db0 returned with HTTP 202
Apr 11 06:30:05.361224 dv-cinder-836996-3-smb devstack@c-api.service[110068]: [pid: 110068|app: 0|req: 14/34] 10.222.0.11 () {60 vars in 1380 bytes} [Mon Apr 11 06:30:05 2022] DELETE /volume/v3/12d5d23909bd4997b8cd43a89d33c820/group_types/f0a1cc69-e76e-4556-8602-fc54e6049db0 => generated 0 bytes in 82 msecs (HTTP/1.1 202) 6 headers in 234 bytes (2 switches on core 0)
Apr 11 06:30:05.367230 dv-cinder-836996-3-smb devstack@c-api.service[110068]: DEBUG cinder.api.middleware.request_id [None req-ee981710-4236-4d29-8d0f-b79cc9a03bf0 None None] RequestId filter calling following filter/app {{(pid=110068) _context_setter /opt/stack/cinder/cinder/api/middleware/request_id.py:62}}
Apr 11 06:30:05.372382 dv-cinder-836996-3-smb devstack@c-api.service[110068]: INFO cinder.api.openstack.wsgi [None req-ee981710-4236-4d29-8d0f-b79cc9a03bf0 tempest-GroupTypesTest-2022200283 tempest-GroupTypesTest-2022200283-project-admin] DELETE http://10.222.0.11/volume/v3/12d5d23909bd4997b8cd43a89d33c820/group_types/72e71529-1949-41a4-84ae-335bcc38160d
Apr 11 06:30:05.372888 dv-cinder-836996-3-smb devstack@c-api.service[110068]: DEBUG cinder.api.openstack.wsgi [None req-ee981710-4236-4d29-8d0f-b79cc9a03bf0 tempest-GroupTypesTest-2022200283 tempest-GroupTypesTest-2022200283-project-admin] Empty body provided in request {{(pid=110068) get_body /opt/stack/cinder/cinder/api/openstack/wsgi.py:715}}
Apr 11 06:30:05.373353 dv-cinder-836996-3-smb devstack@c-api.service[110068]: DEBUG cinder.api.openstack.wsgi [None req-ee981710-4236-4d29-8d0f-b79cc9a03bf0 tempest-GroupTypesTest-2022200283 tempest-GroupTypesTest-2022200283-project-admin] Calling method 'version_select' {{(pid=110068) _process_stack /opt/stack/cinder/cinder/api/openstack/wsgi.py:868}}
Apr 11 06:30:05.411395 dv-cinder-836996-3-smb devstack@c-api.service[110068]: INFO cinder.api.openstack.wsgi [None req-ee981710-4236-4d29-8d0f-b79cc9a03bf0 tempest-GroupTypesTest-2022200283 tempest-GroupTypesTest-2022200283-project-admin] http://10.222.0.11/volume/v3/12d5d23909bd4997b8cd43a89d33c820/group_types/72e71529-1949-41a4-84ae-335bcc38160d returned with HTTP 202
Apr 11 06:30:05.412704 dv-cinder-836996-3-smb devstack@c-api.service[110068]: [pid: 110068|app: 0|req: 15/35] 10.222.0.11 () {60 vars in 1380 bytes} [Mon Apr 11 06:30:05 2022] DELETE /volume/v3/12d5d23909bd4997b8cd43a89d33c820/group_types/72e71529-1949-41a4-84ae-335bcc38160d => generated 0 bytes in 47 msecs (HTTP/1.1 202) 6 headers in 234 bytes (2 switches on core 0)
Apr 11 06:30:05.418347 dv-cinder-836996-3-smb devstack@c-api.service[110067]: INFO cinder.volume.api [req-aa304477-f587-44c7-bb40-221601f68591 req-6258d96e-136b-4b99-b8a4-7b0c705c92f9 tempest-VolumesGetTestJSON-1671628600 tempest-VolumesGetTestJSON-1671628600-project] Delete volume request issued successfully.
Apr 11 06:30:05.419022 dv-cinder-836996-3-smb devstack@c-api.service[110067]: INFO cinder.api.openstack.wsgi [req-aa304477-f587-44c7-bb40-221601f68591 req-6258d96e-136b-4b99-b8a4-7b0c705c92f9 tempest-VolumesGetTestJSON-1671628600 tempest-VolumesGetTestJSON-1671628600-project] http://10.222.0.11/volume/v3/8aae8cffc6b74e64bc1c45d2aebbe1db/volumes/c6e6d62f-f8a1-4267-a134-2ff48c8965ba returned with HTTP 202
Apr 11 06:30:05.419848 dv-cinder-836996-3-smb devstack@c-api.service[110067]: [pid: 110067|app: 0|req: 21/36] 10.222.0.11 () {62 vars in 1600 bytes} [Mon Apr 11 06:30:05 2022] DELETE /volume/v3/8aae8cffc6b74e64bc1c45d2aebbe1db/volumes/c6e6d62f-f8a1-4267-a134-2ff48c8965ba => generated 0 bytes in 103 msecs (HTTP/1.1 202) 6 headers in 233 bytes (2 switches on core 0)
Apr 11 06:30:05.446483 dv-cinder-836996-3-smb devstack@c-api.service[110068]: DEBUG cinder.api.middleware.request_id [req-30f77c2c-bc1a-45ff-a6b4-2750410f5cab req-7e96905c-1791-422c-8184-4de4b7c4fdc7 None None] RequestId filter calling following filter/app {{(pid=110068) _context_setter /opt/stack/cinder/cinder/api/middleware/request_id.py:62}}
Apr 11 06:30:05.451040 dv-cinder-836996-3-smb devstack@c-api.service[110068]: INFO cinder.api.openstack.wsgi [req-30f77c2c-bc1a-45ff-a6b4-2750410f5cab req-7e96905c-1791-422c-8184-4de4b7c4fdc7 tempest-VolumesGetTestJSON-1671628600 tempest-VolumesGetTestJSON-1671628600-project] GET http://10.222.0.11/volume/v3/8aae8cffc6b74e64bc1c45d2aebbe1db/volumes/c6e6d62f-f8a1-4267-a134-2ff48c8965ba
Apr 11 06:30:05.451745 dv-cinder-836996-3-smb devstack@c-api.service[110068]: DEBUG cinder.api.openstack.wsgi [req-30f77c2c-bc1a-45ff-a6b4-2750410f5cab req-7e96905c-1791-422c-8184-4de4b7c4fdc7 tempest-VolumesGetTestJSON-1671628600 tempest-VolumesGetTestJSON-1671628600-project] Empty body provided in request {{(pid=110068) get_body /opt/stack/cinder/cinder/api/openstack/wsgi.py:715}}
Apr 11 06:30:05.452393 dv-cinder-836996-3-smb devstack@c-api.service[110068]: DEBUG cinder.api.openstack.wsgi [req-30f77c2c-bc1a-45ff-a6b4-2750410f5cab req-7e96905c-1791-422c-8184-4de4b7c4fdc7 tempest-VolumesGetTestJSON-1671628600 tempest-VolumesGetTestJSON-1671628600-project] Calling method 'show' {{(pid=110068) _process_stack /opt/stack/cinder/cinder/api/openstack/wsgi.py:868}}
Apr 11 06:30:05.477845 dv-cinder-836996-3-smb devstack@c-api.service[110068]: /usr/local/lib/python3.8/dist-packages/oslo_context/context.py:100: DeprecationWarning: Policy enforcement is depending on the value of is_admin. This key is deprecated. Please update your policy file to use the standard policy values.
Apr 11 06:30:05.477845 dv-cinder-836996-3-smb devstack@c-api.service[110068]: warnings.warn('Policy enforcement is depending on the value of '
Apr 11 06:30:05.489361 dv-cinder-836996-3-smb devstack@c-api.service[110068]: INFO cinder.volume.api [req-30f77c2c-bc1a-45ff-a6b4-2750410f5cab req-7e96905c-1791-422c-8184-4de4b7c4fdc7 tempest-VolumesGetTestJSON-1671628600 tempest-VolumesGetTestJSON-1671628600-project] Volume info retrieved successfully.
Apr 11 06:30:05.499625 dv-cinder-836996-3-smb devstack@c-api.service[110068]: INFO cinder.api.openstack.wsgi [req-30f77c2c-bc1a-45ff-a6b4-2750410f5cab req-7e96905c-1791-422c-8184-4de4b7c4fdc7 tempest-VolumesGetTestJSON-1671628600 tempest-VolumesGetTestJSON-1671628600-project] http://10.222.0.11/volume/v3/8aae8cffc6b74e64bc1c45d2aebbe1db/volumes/c6e6d62f-f8a1-4267-a134-2ff48c8965ba returned with HTTP 200
Apr 11 06:30:05.508952 dv-cinder-836996-3-smb devstack@c-api.service[110068]: [pid: 110068|app: 0|req: 16/37] 10.222.0.11 () {60 vars in 1578 bytes} [Mon Apr 11 06:30:05 2022] GET /volume/v3/8aae8cffc6b74e64bc1c45d2aebbe1db/volumes/c6e6d62f-f8a1-4267-a134-2ff48c8965ba => generated 924 bytes in 63 msecs (HTTP/1.1 200) 7 headers in 285 bytes (1 switches on core 0)
Apr 11 06:30:05.969875 dv-cinder-836996-3-smb devstack@c-api.service[110067]: DEBUG cinder.api.middleware.request_id [None req-0fcc5a64-d414-472c-9853-9aff9e2f986a None None] RequestId filter calling following filter/app {{(pid=110067) _context_setter /opt/stack/cinder/cinder/api/middleware/request_id.py:62}}
Apr 11 06:30:05.974407 dv-cinder-836996-3-smb devstack@c-api.service[110067]: INFO cinder.api.openstack.wsgi [None req-0fcc5a64-d414-472c-9853-9aff9e2f986a tempest-GroupSnapshotsV319Test-1095464684 tempest-GroupSnapshotsV319Test-1095464684-project] GET http://10.222.0.11/volume/v3/1abb2950df144ecc95e71124de0a2585/volumes/a801107c-c102-4e8d-ba8e-698b2b24f99c
Apr 11 06:30:05.974756 dv-cinder-836996-3-smb devstack@c-api.service[110067]: DEBUG cinder.api.openstack.wsgi [None req-0fcc5a64-d414-472c-9853-9aff9e2f986a tempest-GroupSnapshotsV319Test-1095464684 tempest-GroupSnapshotsV319Test-1095464684-project] Empty body provided in request {{(pid=110067) get_body /opt/stack/cinder/cinder/api/openstack/wsgi.py:715}}
Apr 11 06:30:05.975409 dv-cinder-836996-3-smb devstack@c-api.service[110067]: DEBUG cinder.api.openstack.wsgi [None req-0fcc5a64-d414-472c-9853-9aff9e2f986a tempest-GroupSnapshotsV319Test-1095464684 tempest-GroupSnapshotsV319Test-1095464684-project] Calling method 'show' {{(pid=110067) _process_stack /opt/stack/cinder/cinder/api/openstack/wsgi.py:868}}
Apr 11 06:30:06.008914 dv-cinder-836996-3-smb devstack@c-api.service[110067]: /usr/local/lib/python3.8/dist-packages/oslo_context/context.py:100: DeprecationWarning: Policy enforcement is depending on the value of is_admin. This key is deprecated. Please update your policy file to use the standard policy values.
Apr 11 06:30:06.008914 dv-cinder-836996-3-smb devstack@c-api.service[110067]: warnings.warn('Policy enforcement is depending on the value of '
Apr 11 06:30:06.024787 dv-cinder-836996-3-smb devstack@c-api.service[110067]: INFO cinder.volume.api [None req-0fcc5a64-d414-472c-9853-9aff9e2f986a tempest-GroupSnapshotsV319Test-1095464684 tempest-GroupSnapshotsV319Test-1095464684-project] Volume info retrieved successfully.
Apr 11 06:30:06.026137 dv-cinder-836996-3-smb devstack@c-api.service[110067]: WARNING stevedore.named [None req-0fcc5a64-d414-472c-9853-9aff9e2f986a tempest-GroupSnapshotsV319Test-1095464684 tempest-GroupSnapshotsV319Test-1095464684-project] Could not load cinder.keymgr.conf_key_mgr.ConfKeyManager
Apr 11 06:30:06.033264 dv-cinder-836996-3-smb devstack@c-api.service[110067]: WARNING castellan.key_manager [None req-0fcc5a64-d414-472c-9853-9aff9e2f986a tempest-GroupSnapshotsV319Test-1095464684 tempest-GroupSnapshotsV319Test-1095464684-project] Deprecation Warning : cinder.keymgr.conf_key_mgr.ConfKeyManager is not a stevedore based driver, trying to load it as a class: stevedore.exception.NoMatches: No 'castellan.drivers' driver found, looking for 'cinder.keymgr.conf_key_mgr.ConfKeyManager'
Apr 11 06:30:06.046660 dv-cinder-836996-3-smb devstack@c-api.service[110067]: DEBUG oslo_db.sqlalchemy.engines [None req-0fcc5a64-d414-472c-9853-9aff9e2f986a tempest-GroupSnapshotsV319Test-1095464684 tempest-GroupSnapshotsV319Test-1095464684-project] MySQL server mode set to STRICT_TRANS_TABLES,STRICT_ALL_TABLES,NO_ZERO_IN_DATE,NO_ZERO_DATE,ERROR_FOR_DIVISION_BY_ZERO,TRADITIONAL,NO_ENGINE_SUBSTITUTION {{(pid=110067) _check_effective_sql_mode /usr/local/lib/python3.8/dist-packages/oslo_db/sqlalchemy/engines.py:314}}
Apr 11 06:30:06.063556 dv-cinder-836996-3-smb devstack@c-api.service[110068]: DEBUG cinder.api.middleware.request_id [req-60e9053c-37c8-43da-8d90-8e8d2cbadd80 req-3cef98be-d58a-45cf-b887-d71ad3c2a522 None None] RequestId filter calling following filter/app {{(pid=110068) _context_setter /opt/stack/cinder/cinder/api/middleware/request_id.py:62}}
Apr 11 06:30:06.068132 dv-cinder-836996-3-smb devstack@c-api.service[110068]: INFO cinder.api.openstack.wsgi [req-60e9053c-37c8-43da-8d90-8e8d2cbadd80 req-3cef98be-d58a-45cf-b887-d71ad3c2a522 tempest-VolumesSnapshotsTestJSON-1578347055 tempest-VolumesSnapshotsTestJSON-1578347055-project] GET http://10.222.0.11/volume/v3/02b7c4a7b1294e83995d0c66ede4d45e/volumes/10a1c808-6abb-4062-ab7a-301f1b4a7894
Apr 11 06:30:06.068595 dv-cinder-836996-3-smb devstack@c-api.service[110068]: DEBUG cinder.api.openstack.wsgi [req-60e9053c-37c8-43da-8d90-8e8d2cbadd80 req-3cef98be-d58a-45cf-b887-d71ad3c2a522 tempest-VolumesSnapshotsTestJSON-1578347055 tempest-VolumesSnapshotsTestJSON-1578347055-project] Empty body provided in request {{(pid=110068) get_body /opt/stack/cinder/cinder/api/openstack/wsgi.py:715}}
Apr 11 06:30:06.069049 dv-cinder-836996-3-smb devstack@c-api.service[110068]: DEBUG cinder.api.openstack.wsgi [req-60e9053c-37c8-43da-8d90-8e8d2cbadd80 req-3cef98be-d58a-45cf-b887-d71ad3c2a522 tempest-VolumesSnapshotsTestJSON-1578347055 tempest-VolumesSnapshotsTestJSON-1578347055-project] Calling method 'show' {{(pid=110068) _process_stack /opt/stack/cinder/cinder/api/openstack/wsgi.py:868}}
Apr 11 06:30:06.074392 dv-cinder-836996-3-smb devstack@c-api.service[110067]: /usr/local/lib/python3.8/dist-packages/oslo_context/context.py:100: DeprecationWarning: Policy enforcement is depending on the value of is_admin. This key is deprecated. Please update your policy file to use the standard policy values.
Apr 11 06:30:06.074392 dv-cinder-836996-3-smb devstack@c-api.service[110067]: warnings.warn('Policy enforcement is depending on the value of '
Apr 11 06:30:06.103630 dv-cinder-836996-3-smb devstack@c-api.service[110068]: /usr/local/lib/python3.8/dist-packages/oslo_context/context.py:100: DeprecationWarning: Policy enforcement is depending on the value of is_admin. This key is deprecated. Please update your policy file to use the standard policy values.
Apr 11 06:30:06.103630 dv-cinder-836996-3-smb devstack@c-api.service[110068]: warnings.warn('Policy enforcement is depending on the value of '
Apr 11 06:30:06.142385 dv-cinder-836996-3-smb devstack@c-api.service[110068]: INFO cinder.volume.api [req-60e9053c-37c8-43da-8d90-8e8d2cbadd80 req-3cef98be-d58a-45cf-b887-d71ad3c2a522 tempest-VolumesSnapshotsTestJSON-1578347055 tempest-VolumesSnapshotsTestJSON-1578347055-project] Volume info retrieved successfully.
Apr 11 06:30:06.162207 dv-cinder-836996-3-smb devstack@c-api.service[110067]: INFO cinder.api.openstack.wsgi [None req-0fcc5a64-d414-472c-9853-9aff9e2f986a tempest-GroupSnapshotsV319Test-1095464684 tempest-GroupSnapshotsV319Test-1095464684-project] http://10.222.0.11/volume/v3/1abb2950df144ecc95e71124de0a2585/volumes/a801107c-c102-4e8d-ba8e-698b2b24f99c returned with HTTP 200
Apr 11 06:30:06.162985 dv-cinder-836996-3-smb devstack@c-api.service[110067]: [pid: 110067|app: 0|req: 22/38] 10.222.0.11 () {60 vars in 1365 bytes} [Mon Apr 11 06:30:05 2022] GET /volume/v3/1abb2950df144ecc95e71124de0a2585/volumes/a801107c-c102-4e8d-ba8e-698b2b24f99c => generated 1008 bytes in 195 msecs (HTTP/1.1 200) 7 headers in 287 bytes (1 switches on core 0)
Apr 11 06:30:06.180109 dv-cinder-836996-3-smb devstack@c-api.service[110068]: INFO cinder.api.openstack.wsgi [req-60e9053c-37c8-43da-8d90-8e8d2cbadd80 req-3cef98be-d58a-45cf-b887-d71ad3c2a522 tempest-VolumesSnapshotsTestJSON-1578347055 tempest-VolumesSnapshotsTestJSON-1578347055-project] http://10.222.0.11/volume/v3/02b7c4a7b1294e83995d0c66ede4d45e/volumes/10a1c808-6abb-4062-ab7a-301f1b4a7894 returned with HTTP 200
Apr 11 06:30:06.196595 dv-cinder-836996-3-smb devstack@c-api.service[110068]: [pid: 110068|app: 0|req: 17/39] 10.222.0.11 () {60 vars in 1578 bytes} [Mon Apr 11 06:30:06 2022] GET /volume/v3/02b7c4a7b1294e83995d0c66ede4d45e/volumes/10a1c808-6abb-4062-ab7a-301f1b4a7894 => generated 917 bytes in 134 msecs (HTTP/1.1 200) 7 headers in 285 bytes (1 switches on core 0)
Apr 11 06:30:06.197012 dv-cinder-836996-3-smb devstack@c-api.service[110067]: DEBUG cinder.api.middleware.request_id [None req-d5e654bf-aa92-4b71-9c06-8a00a1f8763d None None] RequestId filter calling following filter/app {{(pid=110067) _context_setter /opt/stack/cinder/cinder/api/middleware/request_id.py:62}}
Apr 11 06:30:06.202324 dv-cinder-836996-3-smb devstack@c-api.service[110067]: INFO cinder.api.openstack.wsgi [None req-d5e654bf-aa92-4b71-9c06-8a00a1f8763d tempest-GroupSnapshotsV319Test-1095464684 tempest-GroupSnapshotsV319Test-1095464684-project] POST http://10.222.0.11/volume/v3/1abb2950df144ecc95e71124de0a2585/group_snapshots
Apr 11 06:30:06.211676 dv-cinder-836996-3-smb devstack@c-api.service[110067]: DEBUG cinder.api.openstack.wsgi [None req-d5e654bf-aa92-4b71-9c06-8a00a1f8763d tempest-GroupSnapshotsV319Test-1095464684 tempest-GroupSnapshotsV319Test-1095464684-project] Action: 'create', calling method: version_select, body: {"group_snapshot": {"group_id": "2ac85dd9-a32c-4e5c-8a67-3effbed26604", "name": "tempest-GroupSnapshotsV319Test-Group_Snapshot-1752194311"}} {{(pid=110067) _process_stack /opt/stack/cinder/cinder/api/openstack/wsgi.py:866}}
Apr 11 06:30:06.241615 dv-cinder-836996-3-smb devstack@c-api.service[110067]: DEBUG cinder.api.v3.group_snapshots [None req-d5e654bf-aa92-4b71-9c06-8a00a1f8763d tempest-GroupSnapshotsV319Test-1095464684 tempest-GroupSnapshotsV319Test-1095464684-project] Creating new group_snapshot {'group_snapshot': {'group_id': '2ac85dd9-a32c-4e5c-8a67-3effbed26604', 'name': 'tempest-GroupSnapshotsV319Test-Group_Snapshot-1752194311'}} {{(pid=110067) create /opt/stack/cinder/cinder/api/v3/group_snapshots.py:154}}
Apr 11 06:30:06.245897 dv-cinder-836996-3-smb devstack@c-api.service[110068]: DEBUG cinder.api.middleware.request_id [req-5b77e8cf-8af0-47d7-93fe-e130c70496ce req-47b84588-450b-42ae-9cb3-9cb22e46bebc None None] RequestId filter calling following filter/app {{(pid=110068) _context_setter /opt/stack/cinder/cinder/api/middleware/request_id.py:62}}
Apr 11 06:30:06.257124 dv-cinder-836996-3-smb devstack@c-api.service[110067]: /usr/local/lib/python3.8/dist-packages/oslo_context/context.py:100: DeprecationWarning: Policy enforcement is depending on the value of is_admin. This key is deprecated. Please update your policy file to use the standard policy values.
Apr 11 06:30:06.257124 dv-cinder-836996-3-smb devstack@c-api.service[110067]: warnings.warn('Policy enforcement is depending on the value of '
Apr 11 06:30:06.267244 dv-cinder-836996-3-smb devstack@c-api.service[110068]: INFO cinder.api.openstack.wsgi [req-5b77e8cf-8af0-47d7-93fe-e130c70496ce req-47b84588-450b-42ae-9cb3-9cb22e46bebc tempest-VolumesSnapshotsTestJSON-1578347055 tempest-VolumesSnapshotsTestJSON-1578347055-project] POST http://10.222.0.11/volume/v3/02b7c4a7b1294e83995d0c66ede4d45e/snapshots
Apr 11 06:30:06.268441 dv-cinder-836996-3-smb devstack@c-api.service[110068]: DEBUG cinder.api.openstack.wsgi [req-5b77e8cf-8af0-47d7-93fe-e130c70496ce req-47b84588-450b-42ae-9cb3-9cb22e46bebc tempest-VolumesSnapshotsTestJSON-1578347055 tempest-VolumesSnapshotsTestJSON-1578347055-project] Action: 'create', calling method: create, body: {"snapshot": {"volume_id": "10a1c808-6abb-4062-ab7a-301f1b4a7894", "force": false, "name": "tempest-VolumesSnapshotsTestJSON-Snapshot-1901216381", "description": null, "metadata": {}}} {{(pid=110068) _process_stack /opt/stack/cinder/cinder/api/openstack/wsgi.py:866}}
Apr 11 06:30:06.290731 dv-cinder-836996-3-smb devstack@c-api.service[110067]: INFO cinder.api.v3.group_snapshots [None req-d5e654bf-aa92-4b71-9c06-8a00a1f8763d tempest-GroupSnapshotsV319Test-1095464684 tempest-GroupSnapshotsV319Test-1095464684-project] Creating group_snapshot tempest-GroupSnapshotsV319Test-Group_Snapshot-1752194311.
Apr 11 06:30:06.326852 dv-cinder-836996-3-smb devstack@c-api.service[110068]: /usr/local/lib/python3.8/dist-packages/oslo_context/context.py:100: DeprecationWarning: Policy enforcement is depending on the value of is_admin. This key is deprecated. Please update your policy file to use the standard policy values.
Apr 11 06:30:06.326852 dv-cinder-836996-3-smb devstack@c-api.service[110068]: warnings.warn('Policy enforcement is depending on the value of '
Apr 11 06:30:06.330477 dv-cinder-836996-3-smb devstack@c-api.service[110068]: INFO cinder.volume.api [req-5b77e8cf-8af0-47d7-93fe-e130c70496ce req-47b84588-450b-42ae-9cb3-9cb22e46bebc tempest-VolumesSnapshotsTestJSON-1578347055 tempest-VolumesSnapshotsTestJSON-1578347055-project] Volume info retrieved successfully.
Apr 11 06:30:06.331100 dv-cinder-836996-3-smb devstack@c-api.service[110068]: INFO cinder.api.v3.snapshots [req-5b77e8cf-8af0-47d7-93fe-e130c70496ce req-47b84588-450b-42ae-9cb3-9cb22e46bebc tempest-VolumesSnapshotsTestJSON-1578347055 tempest-VolumesSnapshotsTestJSON-1578347055-project] Create snapshot from volume 10a1c808-6abb-4062-ab7a-301f1b4a7894
Apr 11 06:30:06.420071 dv-cinder-836996-3-smb devstack@c-api.service[110068]: WARNING cinder.quota [req-5b77e8cf-8af0-47d7-93fe-e130c70496ce req-47b84588-450b-42ae-9cb3-9cb22e46bebc tempest-VolumesSnapshotsTestJSON-1578347055 tempest-VolumesSnapshotsTestJSON-1578347055-project] Deprecated: Default quota for resource: snapshots___DEFAULT__ is set by the default quota flag: quota_snapshots___DEFAULT__, it is now deprecated. Please use the default quota class for default quota.
Apr 11 06:30:06.446578 dv-cinder-836996-3-smb devstack@c-api.service[110067]: /usr/local/lib/python3.8/dist-packages/oslo_context/context.py:100: DeprecationWarning: Policy enforcement is depending on the value of is_admin. This key is deprecated. Please update your policy file to use the standard policy values.
Apr 11 06:30:06.446578 dv-cinder-836996-3-smb devstack@c-api.service[110067]: warnings.warn('Policy enforcement is depending on the value of '
Apr 11 06:30:06.481723 dv-cinder-836996-3-smb devstack@c-api.service[110067]: WARNING cinder.quota [None req-d5e654bf-aa92-4b71-9c06-8a00a1f8763d tempest-GroupSnapshotsV319Test-1095464684 tempest-GroupSnapshotsV319Test-1095464684-project] Deprecated: Default quota for resource: snapshots_tempest-GroupSnapshotsV319Test-volume-type-164571725 is set by the default quota flag: quota_snapshots_tempest-GroupSnapshotsV319Test-volume-type-164571725, it is now deprecated. Please use the default quota class for default quota.
