Apr 11 06:30:57.974999 dv-cinder-836996-3-smb devstack@c-api.service[110068]: INFO cinder.api.openstack.wsgi [None req-6b8297d2-38de-41de-b533-9360639958e6 tempest-VolumesTransfersV355Test-1979551531 tempest-VolumesTransfersV355Test-1979551531-project] http://10.222.0.11/volume/v3/e7c4ad0b88a246828e7eae06322401c0/volumes returned with HTTP 202
Apr 11 06:30:57.987494 dv-cinder-836996-3-smb devstack@c-api.service[110068]: [pid: 110068|app: 0|req: 172/355] 10.222.0.11 () {62 vars in 1275 bytes} [Mon Apr 11 06:30:57 2022] POST /volume/v3/e7c4ad0b88a246828e7eae06322401c0/volumes => generated 887 bytes in 527 msecs (HTTP/1.1 202) 7 headers in 292 bytes (1 switches on core 0)
Apr 11 06:30:57.990477 dv-cinder-836996-3-smb devstack@c-api.service[110067]: DEBUG cinder.api.middleware.request_id [None req-27e5397d-77e6-44e6-9c16-072ad243a5b7 None None] RequestId filter calling following filter/app {{(pid=110067) _context_setter /opt/stack/cinder/cinder/api/middleware/request_id.py:62}}
Apr 11 06:30:57.994308 dv-cinder-836996-3-smb devstack@c-api.service[110067]: INFO cinder.api.openstack.wsgi [None req-27e5397d-77e6-44e6-9c16-072ad243a5b7 tempest-VolumesTransfersV355Test-1979551531 tempest-VolumesTransfersV355Test-1979551531-project] GET http://10.222.0.11/volume/v3/e7c4ad0b88a246828e7eae06322401c0/volumes/ad56bcc9-c38b-4d60-822e-d3940132be96
Apr 11 06:30:57.995307 dv-cinder-836996-3-smb devstack@c-api.service[110067]: DEBUG cinder.api.openstack.wsgi [None req-27e5397d-77e6-44e6-9c16-072ad243a5b7 tempest-VolumesTransfersV355Test-1979551531 tempest-VolumesTransfersV355Test-1979551531-project] Empty body provided in request {{(pid=110067) get_body /opt/stack/cinder/cinder/api/openstack/wsgi.py:715}}
Apr 11 06:30:57.995498 dv-cinder-836996-3-smb devstack@c-api.service[110067]: DEBUG cinder.api.openstack.wsgi [None req-27e5397d-77e6-44e6-9c16-072ad243a5b7 tempest-VolumesTransfersV355Test-1979551531 tempest-VolumesTransfersV355Test-1979551531-project] Calling method 'show' {{(pid=110067) _process_stack /opt/stack/cinder/cinder/api/openstack/wsgi.py:868}}
Apr 11 06:30:58.012294 dv-cinder-836996-3-smb devstack@c-api.service[110067]: /usr/local/lib/python3.8/dist-packages/oslo_context/context.py:100: DeprecationWarning: Policy enforcement is depending on the value of is_admin. This key is deprecated. Please update your policy file to use the standard policy values.
Apr 11 06:30:58.012294 dv-cinder-836996-3-smb devstack@c-api.service[110067]: warnings.warn('Policy enforcement is depending on the value of '
Apr 11 06:30:58.022930 dv-cinder-836996-3-smb devstack@c-api.service[110067]: INFO cinder.volume.api [None req-27e5397d-77e6-44e6-9c16-072ad243a5b7 tempest-VolumesTransfersV355Test-1979551531 tempest-VolumesTransfersV355Test-1979551531-project] Volume info retrieved successfully.
Apr 11 06:30:58.043666 dv-cinder-836996-3-smb devstack@c-api.service[110067]: INFO cinder.api.openstack.wsgi [None req-27e5397d-77e6-44e6-9c16-072ad243a5b7 tempest-VolumesTransfersV355Test-1979551531 tempest-VolumesTransfersV355Test-1979551531-project] http://10.222.0.11/volume/v3/e7c4ad0b88a246828e7eae06322401c0/volumes/ad56bcc9-c38b-4d60-822e-d3940132be96 returned with HTTP 200
Apr 11 06:30:58.045337 dv-cinder-836996-3-smb devstack@c-api.service[110067]: [pid: 110067|app: 0|req: 184/356] 10.222.0.11 () {60 vars in 1365 bytes} [Mon Apr 11 06:30:57 2022] GET /volume/v3/e7c4ad0b88a246828e7eae06322401c0/volumes/ad56bcc9-c38b-4d60-822e-d3940132be96 => generated 955 bytes in 58 msecs (HTTP/1.1 200) 7 headers in 286 bytes (2 switches on core 0)
Apr 11 06:30:58.577459 dv-cinder-836996-3-smb devstack@c-api.service[110068]: DEBUG cinder.api.middleware.request_id [None req-f22d3bea-c2d9-4c30-a369-7d3c03345f70 None None] RequestId filter calling following filter/app {{(pid=110068) _context_setter /opt/stack/cinder/cinder/api/middleware/request_id.py:62}}
Apr 11 06:30:58.581471 dv-cinder-836996-3-smb devstack@c-api.service[110068]: INFO cinder.api.openstack.wsgi [None req-f22d3bea-c2d9-4c30-a369-7d3c03345f70 tempest-VolumeQuotasAdminTestJSON-196592019 tempest-VolumeQuotasAdminTestJSON-196592019-project] GET http://10.222.0.11/volume/v3/2d346ce886594a288240319937805235/volumes/8652cec7-a4d5-42dc-818c-ee18502b49bc
Apr 11 06:30:58.581803 dv-cinder-836996-3-smb devstack@c-api.service[110068]: DEBUG cinder.api.openstack.wsgi [None req-f22d3bea-c2d9-4c30-a369-7d3c03345f70 tempest-VolumeQuotasAdminTestJSON-196592019 tempest-VolumeQuotasAdminTestJSON-196592019-project] Empty body provided in request {{(pid=110068) get_body /opt/stack/cinder/cinder/api/openstack/wsgi.py:715}}
Apr 11 06:30:58.582293 dv-cinder-836996-3-smb devstack@c-api.service[110068]: DEBUG cinder.api.openstack.wsgi [None req-f22d3bea-c2d9-4c30-a369-7d3c03345f70 tempest-VolumeQuotasAdminTestJSON-196592019 tempest-VolumeQuotasAdminTestJSON-196592019-project] Calling method 'show' {{(pid=110068) _process_stack /opt/stack/cinder/cinder/api/openstack/wsgi.py:868}}
Apr 11 06:30:58.602729 dv-cinder-836996-3-smb devstack@c-api.service[110068]: INFO cinder.api.openstack.wsgi [None req-f22d3bea-c2d9-4c30-a369-7d3c03345f70 tempest-VolumeQuotasAdminTestJSON-196592019 tempest-VolumeQuotasAdminTestJSON-196592019-project] http://10.222.0.11/volume/v3/2d346ce886594a288240319937805235/volumes/8652cec7-a4d5-42dc-818c-ee18502b49bc returned with HTTP 404
Apr 11 06:30:58.603723 dv-cinder-836996-3-smb devstack@c-api.service[110068]: [pid: 110068|app: 0|req: 173/357] 10.222.0.11 () {58 vars in 1324 bytes} [Mon Apr 11 06:30:58 2022] GET /volume/v3/2d346ce886594a288240319937805235/volumes/8652cec7-a4d5-42dc-818c-ee18502b49bc => generated 109 bytes in 28 msecs (HTTP/1.1 404) 7 headers in 292 bytes (1 switches on core 0)
Apr 11 06:30:58.610733 dv-cinder-836996-3-smb devstack@c-api.service[110067]: DEBUG cinder.api.middleware.request_id [None req-50027c33-7b5a-421f-a53e-cfd5cddc347e None None] RequestId filter calling following filter/app {{(pid=110067) _context_setter /opt/stack/cinder/cinder/api/middleware/request_id.py:62}}
Apr 11 06:30:58.615022 dv-cinder-836996-3-smb devstack@c-api.service[110067]: INFO cinder.api.openstack.wsgi [None req-50027c33-7b5a-421f-a53e-cfd5cddc347e tempest-VolumeQuotasAdminTestJSON-196592019 tempest-VolumeQuotasAdminTestJSON-196592019-project] POST http://10.222.0.11/volume/v3/2d346ce886594a288240319937805235/volumes
Apr 11 06:30:58.615709 dv-cinder-836996-3-smb devstack@c-api.service[110067]: DEBUG cinder.api.openstack.wsgi [None req-50027c33-7b5a-421f-a53e-cfd5cddc347e tempest-VolumeQuotasAdminTestJSON-196592019 tempest-VolumeQuotasAdminTestJSON-196592019-project] Action: 'create', calling method: create, body: {"volume": {"size": 1, "name": "tempest-VolumeQuotasAdminTestJSON-Volume-376525013"}} {{(pid=110067) _process_stack /opt/stack/cinder/cinder/api/openstack/wsgi.py:866}}
Apr 11 06:30:58.616653 dv-cinder-836996-3-smb devstack@c-api.service[110067]: DEBUG cinder.api.v3.volumes [None req-50027c33-7b5a-421f-a53e-cfd5cddc347e tempest-VolumeQuotasAdminTestJSON-196592019 tempest-VolumeQuotasAdminTestJSON-196592019-project] Create volume request body: {'volume': {'size': 1, 'name': 'tempest-VolumeQuotasAdminTestJSON-Volume-376525013'}} {{(pid=110067) create /opt/stack/cinder/cinder/api/v3/volumes.py:298}}
Apr 11 06:30:58.616969 dv-cinder-836996-3-smb devstack@c-api.service[110067]: INFO cinder.api.v3.volumes [None req-50027c33-7b5a-421f-a53e-cfd5cddc347e tempest-VolumeQuotasAdminTestJSON-196592019 tempest-VolumeQuotasAdminTestJSON-196592019-project] Create volume of 1 GB
Apr 11 06:30:58.628431 dv-cinder-836996-3-smb devstack@c-api.service[110067]: INFO cinder.volume.api [None req-50027c33-7b5a-421f-a53e-cfd5cddc347e tempest-VolumeQuotasAdminTestJSON-196592019 tempest-VolumeQuotasAdminTestJSON-196592019-project] Availability Zones retrieved successfully.
Apr 11 06:30:58.645475 dv-cinder-836996-3-smb devstack@c-api.service[110067]: DEBUG cinder.volume.api [None req-50027c33-7b5a-421f-a53e-cfd5cddc347e tempest-VolumeQuotasAdminTestJSON-196592019 tempest-VolumeQuotasAdminTestJSON-196592019-project] Flow 'volume_create_api' (2da40087-4e0a-4887-a4db-afd1171c2600) transitioned into state 'RUNNING' from state 'PENDING' {{(pid=110067) _flow_receiver /usr/local/lib/python3.8/dist-packages/taskflow/listeners/logging.py:141}}
Apr 11 06:30:58.648189 dv-cinder-836996-3-smb devstack@c-api.service[110067]: DEBUG cinder.volume.api [None req-50027c33-7b5a-421f-a53e-cfd5cddc347e tempest-VolumeQuotasAdminTestJSON-196592019 tempest-VolumeQuotasAdminTestJSON-196592019-project] Task 'cinder.volume.flows.api.create_volume.ExtractVolumeRequestTask;volume:create' (c3dd8d72-9d40-472c-bb16-8850fca49cf1) transitioned into state 'RUNNING' from state 'PENDING' {{(pid=110067) _task_receiver /usr/local/lib/python3.8/dist-packages/taskflow/listeners/logging.py:190}}
Apr 11 06:30:58.650887 dv-cinder-836996-3-smb devstack@c-api.service[110067]: DEBUG cinder.volume.flows.api.create_volume [None req-50027c33-7b5a-421f-a53e-cfd5cddc347e tempest-VolumeQuotasAdminTestJSON-196592019 tempest-VolumeQuotasAdminTestJSON-196592019-project] Validating volume size '1' using validate_int {{(pid=110067) _extract_size /opt/stack/cinder/cinder/volume/flows/api/create_volume.py:225}}
Apr 11 06:30:58.683376 dv-cinder-836996-3-smb devstack@c-api.service[110067]: DEBUG cinder.volume.api [None req-50027c33-7b5a-421f-a53e-cfd5cddc347e tempest-VolumeQuotasAdminTestJSON-196592019 tempest-VolumeQuotasAdminTestJSON-196592019-project] Task 'cinder.volume.flows.api.create_volume.ExtractVolumeRequestTask;volume:create' (c3dd8d72-9d40-472c-bb16-8850fca49cf1) transitioned into state 'SUCCESS' from state 'RUNNING' with result '{'size': 1, 'snapshot_id': None, 'source_volid': None, 'volume_type': VolumeType(created_at=2022-04-11T06:19:34Z,deleted=False,deleted_at=None,description='Default Volume Type',extra_specs={},id=53c1e587-8f91-4350-a60c-79e4250b0780,is_public=True,name='__DEFAULT__',projects=[],qos_specs=,qos_specs_id=None,updated_at=2022-04-11T06:19:34Z), 'volume_type_id': '53c1e587-8f91-4350-a60c-79e4250b0780', 'encryption_key_id': None, 'qos_specs': None, 'consistencygroup_id': None, 'cgsnapshot_id': None, 'group_id': None, 'replication_status': 'disabled', 'refresh_az': False, 'backup_id': None, 'multiattach': False, 'availability_zones': ['nova']}' {{(pid=110067) _task_receiver /usr/local/lib/python3.8/dist-packages/taskflow/listeners/logging.py:178}}
Apr 11 06:30:58.685740 dv-cinder-836996-3-smb devstack@c-api.service[110067]: DEBUG cinder.volume.api [None req-50027c33-7b5a-421f-a53e-cfd5cddc347e tempest-VolumeQuotasAdminTestJSON-196592019 tempest-VolumeQuotasAdminTestJSON-196592019-project] Task 'cinder.volume.flows.api.create_volume.QuotaReserveTask;volume:create' (b83d258f-8c0f-4898-84e6-59007e04dc06) transitioned into state 'RUNNING' from state 'PENDING' {{(pid=110067) _task_receiver /usr/local/lib/python3.8/dist-packages/taskflow/listeners/logging.py:190}}
Apr 11 06:30:58.731793 dv-cinder-836996-3-smb devstack@c-api.service[110067]: DEBUG cinder.quota [None req-50027c33-7b5a-421f-a53e-cfd5cddc347e tempest-VolumeQuotasAdminTestJSON-196592019 tempest-VolumeQuotasAdminTestJSON-196592019-project] Created reservations ['21e815fb-e3ac-4fd4-8728-6dcf9eb9fa68', '6ed22cc0-629a-416a-a334-9f115f0fd130', '7a2c104f-ebfe-4e03-abd8-9cc0d886a618', '15ecb242-71f7-4508-96f8-feee7f634807'] {{(pid=110067) reserve /opt/stack/cinder/cinder/quota.py:755}}
Apr 11 06:30:58.733766 dv-cinder-836996-3-smb devstack@c-api.service[110067]: DEBUG cinder.volume.api [None req-50027c33-7b5a-421f-a53e-cfd5cddc347e tempest-VolumeQuotasAdminTestJSON-196592019 tempest-VolumeQuotasAdminTestJSON-196592019-project] Task 'cinder.volume.flows.api.create_volume.QuotaReserveTask;volume:create' (b83d258f-8c0f-4898-84e6-59007e04dc06) transitioned into state 'SUCCESS' from state 'RUNNING' with result '{'reservations': ['21e815fb-e3ac-4fd4-8728-6dcf9eb9fa68', '6ed22cc0-629a-416a-a334-9f115f0fd130', '7a2c104f-ebfe-4e03-abd8-9cc0d886a618', '15ecb242-71f7-4508-96f8-feee7f634807']}' {{(pid=110067) _task_receiver /usr/local/lib/python3.8/dist-packages/taskflow/listeners/logging.py:178}}
Apr 11 06:30:58.735704 dv-cinder-836996-3-smb devstack@c-api.service[110067]: DEBUG cinder.volume.api [None req-50027c33-7b5a-421f-a53e-cfd5cddc347e tempest-VolumeQuotasAdminTestJSON-196592019 tempest-VolumeQuotasAdminTestJSON-196592019-project] Task 'cinder.volume.flows.api.create_volume.EntryCreateTask;volume:create' (3816a24d-1b59-437f-a144-4a1252f6cd90) transitioned into state 'RUNNING' from state 'PENDING' {{(pid=110067) _task_receiver /usr/local/lib/python3.8/dist-packages/taskflow/listeners/logging.py:190}}
Apr 11 06:30:58.759893 dv-cinder-836996-3-smb devstack@c-api.service[110067]: DEBUG cinder.volume.api [None req-50027c33-7b5a-421f-a53e-cfd5cddc347e tempest-VolumeQuotasAdminTestJSON-196592019 tempest-VolumeQuotasAdminTestJSON-196592019-project] Task 'cinder.volume.flows.api.create_volume.EntryCreateTask;volume:create' (3816a24d-1b59-437f-a144-4a1252f6cd90) transitioned into state 'SUCCESS' from state 'RUNNING' with result '{'volume_id': 'bd5b8b55-90fa-4f89-a3f5-e61c17c48953', 'volume_properties': VolumeProperties(attach_status='detached',availability_zone='nova',cgsnapshot_id=None,consistencygroup_id=None,display_description=None,display_name='tempest-VolumeQuotasAdminTestJSON-Volume-376525013',encryption_key_id=None,group_id=None,group_type_id=,metadata={},multiattach=False,project_id='2d346ce886594a288240319937805235',qos_specs=None,replication_status=,reservations=['21e815fb-e3ac-4fd4-8728-6dcf9eb9fa68','6ed22cc0-629a-416a-a334-9f115f0fd130','7a2c104f-ebfe-4e03-abd8-9cc0d886a618','15ecb242-71f7-4508-96f8-feee7f634807'],size=1,snapshot_id=None,source_replicaid=,source_volid=None,status='creating',user_id='e6ac3a73ffc043d8b0ae611d47002bbe',volume_type_id=53c1e587-8f91-4350-a60c-79e4250b0780), 'volume': Volume(_name_id=None,admin_metadata=,attach_status='detached',availability_zone='nova',bootable=False,cluster=,cluster_name=None,consistencygroup=,consistencygroup_id=None,created_at=2022-04-11T06:30:58Z,deleted=False,deleted_at=None,display_description=None,display_name='tempest-VolumeQuotasAdminTestJSON-Volume-376525013',ec2_id=None,encryption_key_id=None,glance_metadata=,group=,group_id=None,host=None,id=bd5b8b55-90fa-4f89-a3f5-e61c17c48953,launched_at=None,metadata={},migration_status=None,multiattach=False,previous_status=None,project_id='2d346ce886594a288240319937805235',provider_auth=None,provider_geometry=None,provider_id=None,provider_location=None,replication_driver_data=None,replication_extended_status=None,replication_status=None,scheduled_at=None,service_uuid=None,shared_targets=True,size=1,snapshot_id=None,snapshots=,source_volid=None,status='creating',terminated_at=None,updated_at=None,use_quota=True,user_id='e6ac3a73ffc043d8b0ae611d47002bbe',volume_attachment=VolumeAttachmentList,volume_type=VolumeType(53c1e587-8f91-4350-a60c-79e4250b0780),volume_type_id=53c1e587-8f91-4350-a60c-79e4250b0780)}' {{(pid=110067) _task_receiver /usr/local/lib/python3.8/dist-packages/taskflow/listeners/logging.py:178}}
Apr 11 06:30:58.761748 dv-cinder-836996-3-smb devstack@c-api.service[110067]: DEBUG cinder.volume.api [None req-50027c33-7b5a-421f-a53e-cfd5cddc347e tempest-VolumeQuotasAdminTestJSON-196592019 tempest-VolumeQuotasAdminTestJSON-196592019-project] Task 'cinder.volume.flows.api.create_volume.QuotaCommitTask;volume:create' (dcf998ea-98f6-4987-b321-3f30af8ecb30) transitioned into state 'RUNNING' from state 'PENDING' {{(pid=110067) _task_receiver /usr/local/lib/python3.8/dist-packages/taskflow/listeners/logging.py:190}}
Apr 11 06:30:58.786548 dv-cinder-836996-3-smb devstack@c-api.service[110068]: DEBUG cinder.api.middleware.request_id [None req-d4e5c1a0-1b91-48f0-9d43-be9560ae624f None None] RequestId filter calling following filter/app {{(pid=110068) _context_setter /opt/stack/cinder/cinder/api/middleware/request_id.py:62}}
Apr 11 06:30:58.787696 dv-cinder-836996-3-smb devstack@c-api.service[110067]: DEBUG cinder.volume.api [None req-50027c33-7b5a-421f-a53e-cfd5cddc347e tempest-VolumeQuotasAdminTestJSON-196592019 tempest-VolumeQuotasAdminTestJSON-196592019-project] Task 'cinder.volume.flows.api.create_volume.QuotaCommitTask;volume:create' (dcf998ea-98f6-4987-b321-3f30af8ecb30) transitioned into state 'SUCCESS' from state 'RUNNING' with result '{'volume_properties': VolumeProperties(attach_status='detached',availability_zone='nova',cgsnapshot_id=None,consistencygroup_id=None,display_description=None,display_name='tempest-VolumeQuotasAdminTestJSON-Volume-376525013',encryption_key_id=None,group_id=None,group_type_id=,metadata={},multiattach=False,project_id='2d346ce886594a288240319937805235',qos_specs=None,replication_status=,reservations=['21e815fb-e3ac-4fd4-8728-6dcf9eb9fa68','6ed22cc0-629a-416a-a334-9f115f0fd130','7a2c104f-ebfe-4e03-abd8-9cc0d886a618','15ecb242-71f7-4508-96f8-feee7f634807'],size=1,snapshot_id=None,source_replicaid=,source_volid=None,status='creating',user_id='e6ac3a73ffc043d8b0ae611d47002bbe',volume_type_id=53c1e587-8f91-4350-a60c-79e4250b0780)}' {{(pid=110067) _task_receiver /usr/local/lib/python3.8/dist-packages/taskflow/listeners/logging.py:178}}
Apr 11 06:30:58.789513 dv-cinder-836996-3-smb devstack@c-api.service[110067]: DEBUG cinder.volume.api [None req-50027c33-7b5a-421f-a53e-cfd5cddc347e tempest-VolumeQuotasAdminTestJSON-196592019 tempest-VolumeQuotasAdminTestJSON-196592019-project] Task 'cinder.volume.flows.api.create_volume.VolumeCastTask;volume:create' (bf7ad70c-e130-4239-96ef-87dca1b755df) transitioned into state 'RUNNING' from state 'PENDING' {{(pid=110067) _task_receiver /usr/local/lib/python3.8/dist-packages/taskflow/listeners/logging.py:190}}
Apr 11 06:30:58.790356 dv-cinder-836996-3-smb devstack@c-api.service[110068]: INFO cinder.api.openstack.wsgi [None req-d4e5c1a0-1b91-48f0-9d43-be9560ae624f tempest-VolumesDeleteCascade-255314091 tempest-VolumesDeleteCascade-255314091-project] GET http://10.222.0.11/volume/v3/d7469a9ac87c4edda6794e0510eb7d8d/volumes/c6a827af-d417-4567-a1ce-aca877b1d5b1
Apr 11 06:30:58.790880 dv-cinder-836996-3-smb devstack@c-api.service[110068]: DEBUG cinder.api.openstack.wsgi [None req-d4e5c1a0-1b91-48f0-9d43-be9560ae624f tempest-VolumesDeleteCascade-255314091 tempest-VolumesDeleteCascade-255314091-project] Empty body provided in request {{(pid=110068) get_body /opt/stack/cinder/cinder/api/openstack/wsgi.py:715}}
Apr 11 06:30:58.791489 dv-cinder-836996-3-smb devstack@c-api.service[110068]: DEBUG cinder.api.openstack.wsgi [None req-d4e5c1a0-1b91-48f0-9d43-be9560ae624f tempest-VolumesDeleteCascade-255314091 tempest-VolumesDeleteCascade-255314091-project] Calling method 'show' {{(pid=110068) _process_stack /opt/stack/cinder/cinder/api/openstack/wsgi.py:868}}
Apr 11 06:30:58.804374 dv-cinder-836996-3-smb devstack@c-api.service[110068]: INFO cinder.api.openstack.wsgi [None req-d4e5c1a0-1b91-48f0-9d43-be9560ae624f tempest-VolumesDeleteCascade-255314091 tempest-VolumesDeleteCascade-255314091-project] http://10.222.0.11/volume/v3/d7469a9ac87c4edda6794e0510eb7d8d/volumes/c6a827af-d417-4567-a1ce-aca877b1d5b1 returned with HTTP 404
Apr 11 06:30:58.806013 dv-cinder-836996-3-smb devstack@c-api.service[110068]: [pid: 110068|app: 0|req: 174/358] 10.222.0.11 () {58 vars in 1324 bytes} [Mon Apr 11 06:30:58 2022] GET /volume/v3/d7469a9ac87c4edda6794e0510eb7d8d/volumes/c6a827af-d417-4567-a1ce-aca877b1d5b1 => generated 109 bytes in 21 msecs (HTTP/1.1 404) 7 headers in 292 bytes (2 switches on core 0)
Apr 11 06:30:58.809131 dv-cinder-836996-3-smb devstack@c-api.service[110067]: DEBUG cinder.volume.api [None req-50027c33-7b5a-421f-a53e-cfd5cddc347e tempest-VolumeQuotasAdminTestJSON-196592019 tempest-VolumeQuotasAdminTestJSON-196592019-project] Task 'cinder.volume.flows.api.create_volume.VolumeCastTask;volume:create' (bf7ad70c-e130-4239-96ef-87dca1b755df) transitioned into state 'SUCCESS' from state 'RUNNING' with result 'None' {{(pid=110067) _task_receiver /usr/local/lib/python3.8/dist-packages/taskflow/listeners/logging.py:178}}
Apr 11 06:30:58.810799 dv-cinder-836996-3-smb devstack@c-api.service[110068]: DEBUG cinder.api.middleware.request_id [None req-540d0cfe-c04f-4b35-8175-9ecfc7aed016 None None] RequestId filter calling following filter/app {{(pid=110068) _context_setter /opt/stack/cinder/cinder/api/middleware/request_id.py:62}}
Apr 11 06:30:58.814527 dv-cinder-836996-3-smb devstack@c-api.service[110067]: DEBUG cinder.volume.api [None req-50027c33-7b5a-421f-a53e-cfd5cddc347e tempest-VolumeQuotasAdminTestJSON-196592019 tempest-VolumeQuotasAdminTestJSON-196592019-project] Flow 'volume_create_api' (2da40087-4e0a-4887-a4db-afd1171c2600) transitioned into state 'SUCCESS' from state 'RUNNING' {{(pid=110067) _flow_receiver /usr/local/lib/python3.8/dist-packages/taskflow/listeners/logging.py:141}}
Apr 11 06:30:58.815400 dv-cinder-836996-3-smb devstack@c-api.service[110068]: INFO cinder.api.openstack.wsgi [None req-540d0cfe-c04f-4b35-8175-9ecfc7aed016 tempest-VolumesDeleteCascade-255314091 tempest-VolumesDeleteCascade-255314091-project] DELETE http://10.222.0.11/volume/v3/d7469a9ac87c4edda6794e0510eb7d8d/snapshots/f5dded3c-e16c-4bbd-a105-f9a8d814c407
Apr 11 06:30:58.816039 dv-cinder-836996-3-smb devstack@c-api.service[110068]: DEBUG cinder.api.openstack.wsgi [None req-540d0cfe-c04f-4b35-8175-9ecfc7aed016 tempest-VolumesDeleteCascade-255314091 tempest-VolumesDeleteCascade-255314091-project] Empty body provided in request {{(pid=110068) get_body /opt/stack/cinder/cinder/api/openstack/wsgi.py:715}}
Apr 11 06:30:58.816152 dv-cinder-836996-3-smb devstack@c-api.service[110067]: INFO cinder.volume.api [None req-50027c33-7b5a-421f-a53e-cfd5cddc347e tempest-VolumeQuotasAdminTestJSON-196592019 tempest-VolumeQuotasAdminTestJSON-196592019-project] Create volume request issued successfully.
Apr 11 06:30:58.816782 dv-cinder-836996-3-smb devstack@c-api.service[110068]: DEBUG cinder.api.openstack.wsgi [None req-540d0cfe-c04f-4b35-8175-9ecfc7aed016 tempest-VolumesDeleteCascade-255314091 tempest-VolumesDeleteCascade-255314091-project] Calling method 'delete' {{(pid=110068) _process_stack /opt/stack/cinder/cinder/api/openstack/wsgi.py:868}}
Apr 11 06:30:58.817251 dv-cinder-836996-3-smb devstack@c-api.service[110068]: INFO cinder.api.v2.snapshots [None req-540d0cfe-c04f-4b35-8175-9ecfc7aed016 tempest-VolumesDeleteCascade-255314091 tempest-VolumesDeleteCascade-255314091-project] Delete snapshot with id: f5dded3c-e16c-4bbd-a105-f9a8d814c407
Apr 11 06:30:58.817360 dv-cinder-836996-3-smb devstack@c-api.service[110067]: INFO cinder.api.openstack.wsgi [None req-50027c33-7b5a-421f-a53e-cfd5cddc347e tempest-VolumeQuotasAdminTestJSON-196592019 tempest-VolumeQuotasAdminTestJSON-196592019-project] http://10.222.0.11/volume/v3/2d346ce886594a288240319937805235/volumes returned with HTTP 202
Apr 11 06:30:58.818401 dv-cinder-836996-3-smb devstack@c-api.service[110067]: [pid: 110067|app: 0|req: 185/359] 10.222.0.11 () {60 vars in 1234 bytes} [Mon Apr 11 06:30:58 2022] POST /volume/v3/2d346ce886594a288240319937805235/volumes => generated 824 bytes in 209 msecs (HTTP/1.1 202) 7 headers in 291 bytes (1 switches on core 0)
Apr 11 06:30:58.825866 dv-cinder-836996-3-smb devstack@c-api.service[110068]: INFO cinder.api.openstack.wsgi [None req-540d0cfe-c04f-4b35-8175-9ecfc7aed016 tempest-VolumesDeleteCascade-255314091 tempest-VolumesDeleteCascade-255314091-project] http://10.222.0.11/volume/v3/d7469a9ac87c4edda6794e0510eb7d8d/snapshots/f5dded3c-e16c-4bbd-a105-f9a8d814c407 returned with HTTP 404
Apr 11 06:30:58.827282 dv-cinder-836996-3-smb devstack@c-api.service[110068]: [pid: 110068|app: 0|req: 175/360] 10.222.0.11 () {58 vars in 1333 bytes} [Mon Apr 11 06:30:58 2022] DELETE /volume/v3/d7469a9ac87c4edda6794e0510eb7d8d/snapshots/f5dded3c-e16c-4bbd-a105-f9a8d814c407 => generated 111 bytes in 17 msecs (HTTP/1.1 404) 7 headers in 292 bytes (1 switches on core 0)
Apr 11 06:30:58.830290 dv-cinder-836996-3-smb devstack@c-api.service[110067]: DEBUG cinder.api.middleware.request_id [None req-95885ef5-a81c-4b38-a7e6-aa41af3cfe4a None None] RequestId filter calling following filter/app {{(pid=110067) _context_setter /opt/stack/cinder/cinder/api/middleware/request_id.py:62}}
Apr 11 06:30:58.834223 dv-cinder-836996-3-smb devstack@c-api.service[110067]: INFO cinder.api.openstack.wsgi [None req-95885ef5-a81c-4b38-a7e6-aa41af3cfe4a tempest-VolumeQuotasAdminTestJSON-196592019 tempest-VolumeQuotasAdminTestJSON-196592019-project] GET http://10.222.0.11/volume/v3/2d346ce886594a288240319937805235/volumes/bd5b8b55-90fa-4f89-a3f5-e61c17c48953
Apr 11 06:30:58.834761 dv-cinder-836996-3-smb devstack@c-api.service[110067]: DEBUG cinder.api.openstack.wsgi [None req-95885ef5-a81c-4b38-a7e6-aa41af3cfe4a tempest-VolumeQuotasAdminTestJSON-196592019 tempest-VolumeQuotasAdminTestJSON-196592019-project] Empty body provided in request {{(pid=110067) get_body /opt/stack/cinder/cinder/api/openstack/wsgi.py:715}}
Apr 11 06:30:58.835220 dv-cinder-836996-3-smb devstack@c-api.service[110067]: DEBUG cinder.api.openstack.wsgi [None req-95885ef5-a81c-4b38-a7e6-aa41af3cfe4a tempest-VolumeQuotasAdminTestJSON-196592019 tempest-VolumeQuotasAdminTestJSON-196592019-project] Calling method 'show' {{(pid=110067) _process_stack /opt/stack/cinder/cinder/api/openstack/wsgi.py:868}}
Apr 11 06:30:58.853294 dv-cinder-836996-3-smb devstack@c-api.service[110068]: DEBUG cinder.api.middleware.request_id [None req-879f8e56-7978-4785-9f2b-e57ea34776c3 None None] RequestId filter calling following filter/app {{(pid=110068) _context_setter /opt/stack/cinder/cinder/api/middleware/request_id.py:62}}
Apr 11 06:30:58.853527 dv-cinder-836996-3-smb devstack@c-api.service[110067]: /usr/local/lib/python3.8/dist-packages/oslo_context/context.py:100: DeprecationWarning: Policy enforcement is depending on the value of is_admin. This key is deprecated. Please update your policy file to use the standard policy values.
Apr 11 06:30:58.853527 dv-cinder-836996-3-smb devstack@c-api.service[110067]: warnings.warn('Policy enforcement is depending on the value of '
Apr 11 06:30:58.857190 dv-cinder-836996-3-smb devstack@c-api.service[110068]: INFO cinder.api.openstack.wsgi [None req-879f8e56-7978-4785-9f2b-e57ea34776c3 tempest-VolumesDeleteCascade-255314091 tempest-VolumesDeleteCascade-255314091-project] DELETE http://10.222.0.11/volume/v3/d7469a9ac87c4edda6794e0510eb7d8d/volumes/5291ce89-e9f7-4c67-a456-84b07c591b4f
Apr 11 06:30:58.859414 dv-cinder-836996-3-smb devstack@c-api.service[110068]: DEBUG cinder.api.openstack.wsgi [None req-879f8e56-7978-4785-9f2b-e57ea34776c3 tempest-VolumesDeleteCascade-255314091 tempest-VolumesDeleteCascade-255314091-project] Empty body provided in request {{(pid=110068) get_body /opt/stack/cinder/cinder/api/openstack/wsgi.py:715}}
Apr 11 06:30:58.860766 dv-cinder-836996-3-smb devstack@c-api.service[110068]: DEBUG cinder.api.openstack.wsgi [None req-879f8e56-7978-4785-9f2b-e57ea34776c3 tempest-VolumesDeleteCascade-255314091 tempest-VolumesDeleteCascade-255314091-project] Calling method 'delete' {{(pid=110068) _process_stack /opt/stack/cinder/cinder/api/openstack/wsgi.py:868}}
Apr 11 06:30:58.861320 dv-cinder-836996-3-smb devstack@c-api.service[110068]: INFO cinder.api.v3.volumes [None req-879f8e56-7978-4785-9f2b-e57ea34776c3 tempest-VolumesDeleteCascade-255314091 tempest-VolumesDeleteCascade-255314091-project] Delete volume with id: 5291ce89-e9f7-4c67-a456-84b07c591b4f
Apr 11 06:30:58.873836 dv-cinder-836996-3-smb devstack@c-api.service[110068]: INFO cinder.api.openstack.wsgi [None req-879f8e56-7978-4785-9f2b-e57ea34776c3 tempest-VolumesDeleteCascade-255314091 tempest-VolumesDeleteCascade-255314091-project] http://10.222.0.11/volume/v3/d7469a9ac87c4edda6794e0510eb7d8d/volumes/5291ce89-e9f7-4c67-a456-84b07c591b4f returned with HTTP 404
Apr 11 06:30:58.875821 dv-cinder-836996-3-smb devstack@c-api.service[110068]: [pid: 110068|app: 0|req: 176/361] 10.222.0.11 () {58 vars in 1327 bytes} [Mon Apr 11 06:30:58 2022] DELETE /volume/v3/d7469a9ac87c4edda6794e0510eb7d8d/volumes/5291ce89-e9f7-4c67-a456-84b07c591b4f => generated 109 bytes in 23 msecs (HTTP/1.1 404) 7 headers in 292 bytes (1 switches on core 0)
Apr 11 06:30:58.877187 dv-cinder-836996-3-smb devstack@c-api.service[110067]: INFO cinder.volume.api [None req-95885ef5-a81c-4b38-a7e6-aa41af3cfe4a tempest-VolumeQuotasAdminTestJSON-196592019 tempest-VolumeQuotasAdminTestJSON-196592019-project] Volume info retrieved successfully.
Apr 11 06:30:58.881484 dv-cinder-836996-3-smb devstack@c-api.service[110068]: DEBUG cinder.api.middleware.request_id [None req-7d38b635-d717-4fe9-82b7-5388e12edeea None None] RequestId filter calling following filter/app {{(pid=110068) _context_setter /opt/stack/cinder/cinder/api/middleware/request_id.py:62}}
Apr 11 06:30:58.885876 dv-cinder-836996-3-smb devstack@c-api.service[110068]: INFO cinder.api.openstack.wsgi [None req-7d38b635-d717-4fe9-82b7-5388e12edeea tempest-VolumesDeleteCascade-255314091 tempest-VolumesDeleteCascade-255314091-project] DELETE http://10.222.0.11/volume/v3/d7469a9ac87c4edda6794e0510eb7d8d/snapshots/422eb42a-030d-4018-9c6a-18ccd3c61316
Apr 11 06:30:58.886550 dv-cinder-836996-3-smb devstack@c-api.service[110068]: DEBUG cinder.api.openstack.wsgi [None req-7d38b635-d717-4fe9-82b7-5388e12edeea tempest-VolumesDeleteCascade-255314091 tempest-VolumesDeleteCascade-255314091-project] Empty body provided in request {{(pid=110068) get_body /opt/stack/cinder/cinder/api/openstack/wsgi.py:715}}
Apr 11 06:30:58.887168 dv-cinder-836996-3-smb devstack@c-api.service[110068]: DEBUG cinder.api.openstack.wsgi [None req-7d38b635-d717-4fe9-82b7-5388e12edeea tempest-VolumesDeleteCascade-255314091 tempest-VolumesDeleteCascade-255314091-project] Calling method 'delete' {{(pid=110068) _process_stack /opt/stack/cinder/cinder/api/openstack/wsgi.py:868}}
Apr 11 06:30:58.887619 dv-cinder-836996-3-smb devstack@c-api.service[110068]: INFO cinder.api.v2.snapshots [None req-7d38b635-d717-4fe9-82b7-5388e12edeea tempest-VolumesDeleteCascade-255314091 tempest-VolumesDeleteCascade-255314091-project] Delete snapshot with id: 422eb42a-030d-4018-9c6a-18ccd3c61316
Apr 11 06:30:58.896459 dv-cinder-836996-3-smb devstack@c-api.service[110068]: INFO cinder.api.openstack.wsgi [None req-7d38b635-d717-4fe9-82b7-5388e12edeea tempest-VolumesDeleteCascade-255314091 tempest-VolumesDeleteCascade-255314091-project] http://10.222.0.11/volume/v3/d7469a9ac87c4edda6794e0510eb7d8d/snapshots/422eb42a-030d-4018-9c6a-18ccd3c61316 returned with HTTP 404
Apr 11 06:30:58.897395 dv-cinder-836996-3-smb devstack@c-api.service[110068]: [pid: 110068|app: 0|req: 177/362] 10.222.0.11 () {58 vars in 1333 bytes} [Mon Apr 11 06:30:58 2022] DELETE /volume/v3/d7469a9ac87c4edda6794e0510eb7d8d/snapshots/422eb42a-030d-4018-9c6a-18ccd3c61316 => generated 111 bytes in 18 msecs (HTTP/1.1 404) 7 headers in 292 bytes (1 switches on core 0)
Apr 11 06:30:58.900682 dv-cinder-836996-3-smb devstack@c-api.service[110067]: INFO cinder.api.openstack.wsgi [None req-95885ef5-a81c-4b38-a7e6-aa41af3cfe4a tempest-VolumeQuotasAdminTestJSON-196592019 tempest-VolumeQuotasAdminTestJSON-196592019-project] http://10.222.0.11/volume/v3/2d346ce886594a288240319937805235/volumes/bd5b8b55-90fa-4f89-a3f5-e61c17c48953 returned with HTTP 200
Apr 11 06:30:58.902097 dv-cinder-836996-3-smb devstack@c-api.service[110068]: DEBUG cinder.api.middleware.request_id [None req-3bc47295-64cf-49bf-85d6-d522a605b40b None None] RequestId filter calling following filter/app {{(pid=110068) _context_setter /opt/stack/cinder/cinder/api/middleware/request_id.py:62}}
Apr 11 06:30:58.902398 dv-cinder-836996-3-smb devstack@c-api.service[110067]: [pid: 110067|app: 0|req: 186/363] 10.222.0.11 () {58 vars in 1324 bytes} [Mon Apr 11 06:30:58 2022] GET /volume/v3/2d346ce886594a288240319937805235/volumes/bd5b8b55-90fa-4f89-a3f5-e61c17c48953 => generated 892 bytes in 73 msecs (HTTP/1.1 200) 7 headers in 285 bytes (1 switches on core 0)
Apr 11 06:30:58.906809 dv-cinder-836996-3-smb devstack@c-api.service[110068]: INFO cinder.api.openstack.wsgi [None req-3bc47295-64cf-49bf-85d6-d522a605b40b tempest-VolumesDeleteCascade-255314091 tempest-VolumesDeleteCascade-255314091-project] DELETE http://10.222.0.11/volume/v3/d7469a9ac87c4edda6794e0510eb7d8d/snapshots/d91d102f-0311-4b6e-91cc-247bfaf7b9e3
Apr 11 06:30:58.907725 dv-cinder-836996-3-smb devstack@c-api.service[110068]: DEBUG cinder.api.openstack.wsgi [None req-3bc47295-64cf-49bf-85d6-d522a605b40b tempest-VolumesDeleteCascade-255314091 tempest-VolumesDeleteCascade-255314091-project] Empty body provided in request {{(pid=110068) get_body /opt/stack/cinder/cinder/api/openstack/wsgi.py:715}}
Apr 11 06:30:58.908341 dv-cinder-836996-3-smb devstack@c-api.service[110068]: DEBUG cinder.api.openstack.wsgi [None req-3bc47295-64cf-49bf-85d6-d522a605b40b tempest-VolumesDeleteCascade-255314091 tempest-VolumesDeleteCascade-255314091-project] Calling method 'delete' {{(pid=110068) _process_stack /opt/stack/cinder/cinder/api/openstack/wsgi.py:868}}
Apr 11 06:30:58.908849 dv-cinder-836996-3-smb devstack@c-api.service[110068]: INFO cinder.api.v2.snapshots [None req-3bc47295-64cf-49bf-85d6-d522a605b40b tempest-VolumesDeleteCascade-255314091 tempest-VolumesDeleteCascade-255314091-project] Delete snapshot with id: d91d102f-0311-4b6e-91cc-247bfaf7b9e3
Apr 11 06:30:58.928589 dv-cinder-836996-3-smb devstack@c-api.service[110068]: INFO cinder.api.openstack.wsgi [None req-3bc47295-64cf-49bf-85d6-d522a605b40b tempest-VolumesDeleteCascade-255314091 tempest-VolumesDeleteCascade-255314091-project] http://10.222.0.11/volume/v3/d7469a9ac87c4edda6794e0510eb7d8d/snapshots/d91d102f-0311-4b6e-91cc-247bfaf7b9e3 returned with HTTP 404
Apr 11 06:30:58.930511 dv-cinder-836996-3-smb devstack@c-api.service[110068]: [pid: 110068|app: 0|req: 178/364] 10.222.0.11 () {58 vars in 1333 bytes} [Mon Apr 11 06:30:58 2022] DELETE /volume/v3/d7469a9ac87c4edda6794e0510eb7d8d/snapshots/d91d102f-0311-4b6e-91cc-247bfaf7b9e3 => generated 111 bytes in 29 msecs (HTTP/1.1 404) 7 headers in 292 bytes (1 switches on core 0)
Apr 11 06:30:58.935087 dv-cinder-836996-3-smb devstack@c-api.service[110067]: DEBUG cinder.api.middleware.request_id [None req-b0f6ec4b-df43-498d-a7aa-12b61faa3bc3 None None] RequestId filter calling following filter/app {{(pid=110067) _context_setter /opt/stack/cinder/cinder/api/middleware/request_id.py:62}}
Apr 11 06:30:58.938746 dv-cinder-836996-3-smb devstack@c-api.service[110067]: INFO cinder.api.openstack.wsgi [None req-b0f6ec4b-df43-498d-a7aa-12b61faa3bc3 tempest-VolumesDeleteCascade-255314091 tempest-VolumesDeleteCascade-255314091-project] DELETE http://10.222.0.11/volume/v3/d7469a9ac87c4edda6794e0510eb7d8d/volumes/029e1819-26d3-4436-ac0a-034eccf16024
Apr 11 06:30:58.939058 dv-cinder-836996-3-smb devstack@c-api.service[110067]: DEBUG cinder.api.openstack.wsgi [None req-b0f6ec4b-df43-498d-a7aa-12b61faa3bc3 tempest-VolumesDeleteCascade-255314091 tempest-VolumesDeleteCascade-255314091-project] Empty body provided in request {{(pid=110067) get_body /opt/stack/cinder/cinder/api/openstack/wsgi.py:715}}
Apr 11 06:30:58.939565 dv-cinder-836996-3-smb devstack@c-api.service[110067]: DEBUG cinder.api.openstack.wsgi [None req-b0f6ec4b-df43-498d-a7aa-12b61faa3bc3 tempest-VolumesDeleteCascade-255314091 tempest-VolumesDeleteCascade-255314091-project] Calling method 'delete' {{(pid=110067) _process_stack /opt/stack/cinder/cinder/api/openstack/wsgi.py:868}}
Apr 11 06:30:58.939894 dv-cinder-836996-3-smb devstack@c-api.service[110067]: INFO cinder.api.v3.volumes [None req-b0f6ec4b-df43-498d-a7aa-12b61faa3bc3 tempest-VolumesDeleteCascade-255314091 tempest-VolumesDeleteCascade-255314091-project] Delete volume with id: 029e1819-26d3-4436-ac0a-034eccf16024
Apr 11 06:30:58.954043 dv-cinder-836996-3-smb devstack@c-api.service[110067]: INFO cinder.api.openstack.wsgi [None req-b0f6ec4b-df43-498d-a7aa-12b61faa3bc3 tempest-VolumesDeleteCascade-255314091 tempest-VolumesDeleteCascade-255314091-project] http://10.222.0.11/volume/v3/d7469a9ac87c4edda6794e0510eb7d8d/volumes/029e1819-26d3-4436-ac0a-034eccf16024 returned with HTTP 404
Apr 11 06:30:58.955322 dv-cinder-836996-3-smb devstack@c-api.service[110067]: [pid: 110067|app: 0|req: 187/365] 10.222.0.11 () {58 vars in 1327 bytes} [Mon Apr 11 06:30:58 2022] DELETE /volume/v3/d7469a9ac87c4edda6794e0510eb7d8d/volumes/029e1819-26d3-4436-ac0a-034eccf16024 => generated 109 bytes in 21 msecs (HTTP/1.1 404) 7 headers in 292 bytes (1 switches on core 0)
Apr 11 06:30:59.058585 dv-cinder-836996-3-smb devstack@c-api.service[110068]: DEBUG cinder.api.middleware.request_id [None req-16007b01-47ec-4de8-9a91-3eb7763c3f5f None None] RequestId filter calling following filter/app {{(pid=110068) _context_setter /opt/stack/cinder/cinder/api/middleware/request_id.py:62}}
Apr 11 06:30:59.065223 dv-cinder-836996-3-smb devstack@c-api.service[110068]: INFO cinder.api.openstack.wsgi [None req-16007b01-47ec-4de8-9a91-3eb7763c3f5f tempest-VolumesTransfersV355Test-1979551531 tempest-VolumesTransfersV355Test-1979551531-project] GET http://10.222.0.11/volume/v3/e7c4ad0b88a246828e7eae06322401c0/volumes/ad56bcc9-c38b-4d60-822e-d3940132be96
Apr 11 06:30:59.067766 dv-cinder-836996-3-smb devstack@c-api.service[110068]: DEBUG cinder.api.openstack.wsgi [None req-16007b01-47ec-4de8-9a91-3eb7763c3f5f tempest-VolumesTransfersV355Test-1979551531 tempest-VolumesTransfersV355Test-1979551531-project] Empty body provided in request {{(pid=110068) get_body /opt/stack/cinder/cinder/api/openstack/wsgi.py:715}}
Apr 11 06:30:59.068799 dv-cinder-836996-3-smb devstack@c-api.service[110068]: DEBUG cinder.api.openstack.wsgi [None req-16007b01-47ec-4de8-9a91-3eb7763c3f5f tempest-VolumesTransfersV355Test-1979551531 tempest-VolumesTransfersV355Test-1979551531-project] Calling method 'show' {{(pid=110068) _process_stack /opt/stack/cinder/cinder/api/openstack/wsgi.py:868}}
Apr 11 06:30:59.095828 dv-cinder-836996-3-smb devstack@c-api.service[110068]: /usr/local/lib/python3.8/dist-packages/oslo_context/context.py:100: DeprecationWarning: Policy enforcement is depending on the value of is_admin. This key is deprecated. Please update your policy file to use the standard policy values.
Apr 11 06:30:59.095828 dv-cinder-836996-3-smb devstack@c-api.service[110068]: warnings.warn('Policy enforcement is depending on the value of '
Apr 11 06:30:59.106246 dv-cinder-836996-3-smb devstack@c-api.service[110068]: INFO cinder.volume.api [None req-16007b01-47ec-4de8-9a91-3eb7763c3f5f tempest-VolumesTransfersV355Test-1979551531 tempest-VolumesTransfersV355Test-1979551531-project] Volume info retrieved successfully.
Apr 11 06:30:59.123410 dv-cinder-836996-3-smb devstack@c-api.service[110067]: DEBUG cinder.api.middleware.request_id [None req-fb732821-e7d2-49c2-ad61-d928c142411e None None] RequestId filter calling following filter/app {{(pid=110067) _context_setter /opt/stack/cinder/cinder/api/middleware/request_id.py:62}}
Apr 11 06:30:59.126558 dv-cinder-836996-3-smb devstack@c-api.service[110068]: INFO cinder.api.openstack.wsgi [None req-16007b01-47ec-4de8-9a91-3eb7763c3f5f tempest-VolumesTransfersV355Test-1979551531 tempest-VolumesTransfersV355Test-1979551531-project] http://10.222.0.11/volume/v3/e7c4ad0b88a246828e7eae06322401c0/volumes/ad56bcc9-c38b-4d60-822e-d3940132be96 returned with HTTP 200
Apr 11 06:30:59.127329 dv-cinder-836996-3-smb devstack@c-api.service[110068]: [pid: 110068|app: 0|req: 179/366] 10.222.0.11 () {60 vars in 1365 bytes} [Mon Apr 11 06:30:59 2022] GET /volume/v3/e7c4ad0b88a246828e7eae06322401c0/volumes/ad56bcc9-c38b-4d60-822e-d3940132be96 => generated 1015 bytes in 71 msecs (HTTP/1.1 200) 7 headers in 287 bytes (1 switches on core 0)
Apr 11 06:30:59.138452 dv-cinder-836996-3-smb devstack@c-api.service[110067]: INFO cinder.api.openstack.wsgi [None req-fb732821-e7d2-49c2-ad61-d928c142411e tempest-DeleteServersTestJSON-691382746 tempest-DeleteServersTestJSON-691382746-project] GET http://10.222.0.11/volume/v3/0502465f045c4fca82bd7a3b7bbd86c7/volumes/97387eb6-50a2-4365-b7ee-187233e5b9ff
Apr 11 06:30:59.139128 dv-cinder-836996-3-smb devstack@c-api.service[110067]: DEBUG cinder.api.openstack.wsgi [None req-fb732821-e7d2-49c2-ad61-d928c142411e tempest-DeleteServersTestJSON-691382746 tempest-DeleteServersTestJSON-691382746-project] Empty body provided in request {{(pid=110067) get_body /opt/stack/cinder/cinder/api/openstack/wsgi.py:715}}
Apr 11 06:30:59.139763 dv-cinder-836996-3-smb devstack@c-api.service[110067]: DEBUG cinder.api.openstack.wsgi [None req-fb732821-e7d2-49c2-ad61-d928c142411e tempest-DeleteServersTestJSON-691382746 tempest-DeleteServersTestJSON-691382746-project] Calling method 'show' {{(pid=110067) _process_stack /opt/stack/cinder/cinder/api/openstack/wsgi.py:868}}
Apr 11 06:30:59.140099 dv-cinder-836996-3-smb devstack@c-api.service[110068]: DEBUG cinder.api.middleware.request_id [None req-25bd90a1-17cb-4fdd-b612-1fc57b65e2fc None None] RequestId filter calling following filter/app {{(pid=110068) _context_setter /opt/stack/cinder/cinder/api/middleware/request_id.py:62}}
Apr 11 06:30:59.150060 dv-cinder-836996-3-smb devstack@c-api.service[110068]: INFO cinder.api.openstack.wsgi [None req-25bd90a1-17cb-4fdd-b612-1fc57b65e2fc tempest-VolumesTransfersV355Test-1979551531 tempest-VolumesTransfersV355Test-1979551531-project] POST http://10.222.0.11/volume/v3/e7c4ad0b88a246828e7eae06322401c0/volume-transfers
Apr 11 06:30:59.151038 dv-cinder-836996-3-smb devstack@c-api.service[110068]: DEBUG cinder.api.openstack.wsgi [None req-25bd90a1-17cb-4fdd-b612-1fc57b65e2fc tempest-VolumesTransfersV355Test-1979551531 tempest-VolumesTransfersV355Test-1979551531-project] Action: 'create', calling method: create, body: {"transfer": {"volume_id": "ad56bcc9-c38b-4d60-822e-d3940132be96"}} {{(pid=110068) _process_stack /opt/stack/cinder/cinder/api/openstack/wsgi.py:866}}
Apr 11 06:30:59.154573 dv-cinder-836996-3-smb devstack@c-api.service[110068]: DEBUG cinder.api.v3.volume_transfer [None req-25bd90a1-17cb-4fdd-b612-1fc57b65e2fc tempest-VolumesTransfersV355Test-1979551531 tempest-VolumesTransfersV355Test-1979551531-project] Creating new volume transfer {'transfer': {'volume_id': 'ad56bcc9-c38b-4d60-822e-d3940132be96'}} {{(pid=110068) create /opt/stack/cinder/cinder/api/v3/volume_transfer.py:85}}
Apr 11 06:30:59.156706 dv-cinder-836996-3-smb devstack@c-api.service[110068]: INFO cinder.api.v3.volume_transfer [None req-25bd90a1-17cb-4fdd-b612-1fc57b65e2fc tempest-VolumesTransfersV355Test-1979551531 tempest-VolumesTransfersV355Test-1979551531-project] Creating transfer of volume ad56bcc9-c38b-4d60-822e-d3940132be96
Apr 11 06:30:59.157003 dv-cinder-836996-3-smb devstack@c-api.service[110068]: INFO cinder.transfer.api [None req-25bd90a1-17cb-4fdd-b612-1fc57b65e2fc tempest-VolumesTransfersV355Test-1979551531 tempest-VolumesTransfersV355Test-1979551531-project] Generating transfer record for volume ad56bcc9-c38b-4d60-822e-d3940132be96
Apr 11 06:30:59.159855 dv-cinder-836996-3-smb devstack@c-api.service[110067]: /usr/local/lib/python3.8/dist-packages/oslo_context/context.py:100: DeprecationWarning: Policy enforcement is depending on the value of is_admin. This key is deprecated. Please update your policy file to use the standard policy values.
Apr 11 06:30:59.159855 dv-cinder-836996-3-smb devstack@c-api.service[110067]: warnings.warn('Policy enforcement is depending on the value of '
Apr 11 06:30:59.168930 dv-cinder-836996-3-smb devstack@c-api.service[110067]: INFO cinder.volume.api [None req-fb732821-e7d2-49c2-ad61-d928c142411e tempest-DeleteServersTestJSON-691382746 tempest-DeleteServersTestJSON-691382746-project] Volume info retrieved successfully.
Apr 11 06:30:59.179621 dv-cinder-836996-3-smb devstack@c-api.service[110067]: INFO cinder.api.openstack.wsgi [None req-fb732821-e7d2-49c2-ad61-d928c142411e tempest-DeleteServersTestJSON-691382746 tempest-DeleteServersTestJSON-691382746-project] http://10.222.0.11/volume/v3/0502465f045c4fca82bd7a3b7bbd86c7/volumes/97387eb6-50a2-4365-b7ee-187233e5b9ff returned with HTTP 200
Apr 11 06:30:59.180911 dv-cinder-836996-3-smb devstack@c-api.service[110067]: [pid: 110067|app: 0|req: 188/367] 10.222.0.11 () {58 vars in 1324 bytes} [Mon Apr 11 06:30:59 2022] GET /volume/v3/0502465f045c4fca82bd7a3b7bbd86c7/volumes/97387eb6-50a2-4365-b7ee-187233e5b9ff => generated 913 bytes in 60 msecs (HTTP/1.1 200) 7 headers in 285 bytes (1 switches on core 0)
Apr 11 06:30:59.183883 dv-cinder-836996-3-smb devstack@c-api.service[110068]: /usr/local/lib/python3.8/dist-packages/oslo_context/context.py:100: DeprecationWarning: Policy enforcement is depending on the value of is_admin. This key is deprecated. Please update your policy file to use the standard policy values.
Apr 11 06:30:59.183883 dv-cinder-836996-3-smb devstack@c-api.service[110068]: warnings.warn('Policy enforcement is depending on the value of '
Apr 11 06:30:59.192432 dv-cinder-836996-3-smb devstack@c-api.service[110067]: DEBUG cinder.api.middleware.request_id [None req-06111a4d-fb1c-4594-b407-27e6c67b3e3a None None] RequestId filter calling following filter/app {{(pid=110067) _context_setter /opt/stack/cinder/cinder/api/middleware/request_id.py:62}}
Apr 11 06:30:59.196474 dv-cinder-836996-3-smb devstack@c-api.service[110067]: INFO cinder.api.openstack.wsgi [None req-06111a4d-fb1c-4594-b407-27e6c67b3e3a tempest-DeleteServersTestJSON-691382746 tempest-DeleteServersTestJSON-691382746-project] GET http://10.222.0.11/volume/v3/0502465f045c4fca82bd7a3b7bbd86c7/volumes/97387eb6-50a2-4365-b7ee-187233e5b9ff
Apr 11 06:30:59.197082 dv-cinder-836996-3-smb devstack@c-api.service[110067]: DEBUG cinder.api.openstack.wsgi [None req-06111a4d-fb1c-4594-b407-27e6c67b3e3a tempest-DeleteServersTestJSON-691382746 tempest-DeleteServersTestJSON-691382746-project] Empty body provided in request {{(pid=110067) get_body /opt/stack/cinder/cinder/api/openstack/wsgi.py:715}}
Apr 11 06:30:59.197532 dv-cinder-836996-3-smb devstack@c-api.service[110067]: DEBUG cinder.api.openstack.wsgi [None req-06111a4d-fb1c-4594-b407-27e6c67b3e3a tempest-DeleteServersTestJSON-691382746 tempest-DeleteServersTestJSON-691382746-project] Calling method 'show' {{(pid=110067) _process_stack /opt/stack/cinder/cinder/api/openstack/wsgi.py:868}}
Apr 11 06:30:59.212509 dv-cinder-836996-3-smb devstack@c-api.service[110067]: /usr/local/lib/python3.8/dist-packages/oslo_context/context.py:100: DeprecationWarning: Policy enforcement is depending on the value of is_admin. This key is deprecated. Please update your policy file to use the standard policy values.
Apr 11 06:30:59.212509 dv-cinder-836996-3-smb devstack@c-api.service[110067]: warnings.warn('Policy enforcement is depending on the value of '
Apr 11 06:30:59.221272 dv-cinder-836996-3-smb devstack@c-api.service[110067]: INFO cinder.volume.api [None req-06111a4d-fb1c-4594-b407-27e6c67b3e3a tempest-DeleteServersTestJSON-691382746 tempest-DeleteServersTestJSON-691382746-project] Volume info retrieved successfully.
Apr 11 06:30:59.231895 dv-cinder-836996-3-smb devstack@c-api.service[110067]: INFO cinder.api.openstack.wsgi [None req-06111a4d-fb1c-4594-b407-27e6c67b3e3a tempest-DeleteServersTestJSON-691382746 tempest-DeleteServersTestJSON-691382746-project] http://10.222.0.11/volume/v3/0502465f045c4fca82bd7a3b7bbd86c7/volumes/97387eb6-50a2-4365-b7ee-187233e5b9ff returned with HTTP 200
Apr 11 06:30:59.232897 dv-cinder-836996-3-smb devstack@c-api.service[110067]: [pid: 110067|app: 0|req: 189/368] 10.222.0.11 () {58 vars in 1324 bytes} [Mon Apr 11 06:30:59 2022] GET /volume/v3/0502465f045c4fca82bd7a3b7bbd86c7/volumes/97387eb6-50a2-4365-b7ee-187233e5b9ff => generated 913 bytes in 42 msecs (HTTP/1.1 200) 7 headers in 285 bytes (2 switches on core 0)
Apr 11 06:30:59.263408 dv-cinder-836996-3-smb devstack@c-api.service[110068]: INFO cinder.api.openstack.wsgi [None req-25bd90a1-17cb-4fdd-b612-1fc57b65e2fc tempest-VolumesTransfersV355Test-1979551531 tempest-VolumesTransfersV355Test-1979551531-project] http://10.222.0.11/volume/v3/e7c4ad0b88a246828e7eae06322401c0/volume-transfers returned with HTTP 202
Apr 11 06:30:59.265898 dv-cinder-836996-3-smb devstack@c-api.service[110068]: [pid: 110068|app: 0|req: 180/369] 10.222.0.11 () {60 vars in 1261 bytes} [Mon Apr 11 06:30:59 2022] POST /volume/v3/e7c4ad0b88a246828e7eae06322401c0/volume-transfers => generated 507 bytes in 127 msecs (HTTP/1.1 202) 7 headers in 291 bytes (1 switches on core 0)
Apr 11 06:30:59.271259 dv-cinder-836996-3-smb devstack@c-api.service[110067]: DEBUG cinder.api.middleware.request_id [None req-4a20c2b2-37fd-40cf-9325-eacd51edef68 None None] RequestId filter calling following filter/app {{(pid=110067) _context_setter /opt/stack/cinder/cinder/api/middleware/request_id.py:62}}
Apr 11 06:30:59.276052 dv-cinder-836996-3-smb devstack@c-api.service[110067]: INFO cinder.api.openstack.wsgi [None req-4a20c2b2-37fd-40cf-9325-eacd51edef68 tempest-VolumesTransfersV355Test-1979551531 tempest-VolumesTransfersV355Test-1979551531-project] GET http://10.222.0.11/volume/v3/e7c4ad0b88a246828e7eae06322401c0/volumes/ad56bcc9-c38b-4d60-822e-d3940132be96
Apr 11 06:30:59.276796 dv-cinder-836996-3-smb devstack@c-api.service[110067]: DEBUG cinder.api.openstack.wsgi [None req-4a20c2b2-37fd-40cf-9325-eacd51edef68 tempest-VolumesTransfersV355Test-1979551531 tempest-VolumesTransfersV355Test-1979551531-project] Empty body provided in request {{(pid=110067) get_body /opt/stack/cinder/cinder/api/openstack/wsgi.py:715}}
Apr 11 06:30:59.277916 dv-cinder-836996-3-smb devstack@c-api.service[110067]: DEBUG cinder.api.openstack.wsgi [None req-4a20c2b2-37fd-40cf-9325-eacd51edef68 tempest-VolumesTransfersV355Test-1979551531 tempest-VolumesTransfersV355Test-1979551531-project] Calling method 'show' {{(pid=110067) _process_stack /opt/stack/cinder/cinder/api/openstack/wsgi.py:868}}
