Apr 11 06:30:49.970869 dv-cinder-836996-3-smb devstack@c-api.service[110068]: [pid: 110068|app: 0|req: 138/282] 10.222.0.11 () {66 vars in 1574 bytes} [Mon Apr 11 06:30:49 2022] POST /volume/v3/0502465f045c4fca82bd7a3b7bbd86c7/attachments => generated 273 bytes in 108 msecs (HTTP/1.1 200) 7 headers in 286 bytes (1 switches on core 0)
Apr 11 06:30:49.972390 dv-cinder-836996-3-smb devstack@c-api.service[110068]: DEBUG cinder.api.middleware.request_id [None req-585d8025-e8f7-4e4d-8a04-e87ac4c58ed8 None None] RequestId filter calling following filter/app {{(pid=110068) _context_setter /opt/stack/cinder/cinder/api/middleware/request_id.py:62}}
Apr 11 06:30:49.980489 dv-cinder-836996-3-smb devstack@c-api.service[110068]: INFO cinder.api.openstack.wsgi [None req-585d8025-e8f7-4e4d-8a04-e87ac4c58ed8 tempest-VolumeManageAdminTest-1322582836 tempest-VolumeManageAdminTest-1322582836-project] GET http://10.222.0.11/volume/v3/848a85e315154b76a292885455b608c4/volumes/51d6d2f7-8cf9-4fc4-b5e4-cbd083577d20
Apr 11 06:30:49.981039 dv-cinder-836996-3-smb devstack@c-api.service[110068]: DEBUG cinder.api.openstack.wsgi [None req-585d8025-e8f7-4e4d-8a04-e87ac4c58ed8 tempest-VolumeManageAdminTest-1322582836 tempest-VolumeManageAdminTest-1322582836-project] Empty body provided in request {{(pid=110068) get_body /opt/stack/cinder/cinder/api/openstack/wsgi.py:715}}
Apr 11 06:30:49.982634 dv-cinder-836996-3-smb devstack@c-api.service[110068]: DEBUG cinder.api.openstack.wsgi [None req-585d8025-e8f7-4e4d-8a04-e87ac4c58ed8 tempest-VolumeManageAdminTest-1322582836 tempest-VolumeManageAdminTest-1322582836-project] Calling method 'show' {{(pid=110068) _process_stack /opt/stack/cinder/cinder/api/openstack/wsgi.py:868}}
Apr 11 06:30:50.018843 dv-cinder-836996-3-smb devstack@c-api.service[110068]: /usr/local/lib/python3.8/dist-packages/oslo_context/context.py:100: DeprecationWarning: Policy enforcement is depending on the value of is_admin. This key is deprecated. Please update your policy file to use the standard policy values.
Apr 11 06:30:50.018843 dv-cinder-836996-3-smb devstack@c-api.service[110068]: warnings.warn('Policy enforcement is depending on the value of '
Apr 11 06:30:50.037797 dv-cinder-836996-3-smb devstack@c-api.service[110068]: INFO cinder.volume.api [None req-585d8025-e8f7-4e4d-8a04-e87ac4c58ed8 tempest-VolumeManageAdminTest-1322582836 tempest-VolumeManageAdminTest-1322582836-project] Volume info retrieved successfully.
Apr 11 06:30:50.061017 dv-cinder-836996-3-smb devstack@c-api.service[110068]: INFO cinder.api.openstack.wsgi [None req-585d8025-e8f7-4e4d-8a04-e87ac4c58ed8 tempest-VolumeManageAdminTest-1322582836 tempest-VolumeManageAdminTest-1322582836-project] http://10.222.0.11/volume/v3/848a85e315154b76a292885455b608c4/volumes/51d6d2f7-8cf9-4fc4-b5e4-cbd083577d20 returned with HTTP 200
Apr 11 06:30:50.064755 dv-cinder-836996-3-smb devstack@c-api.service[110068]: [pid: 110068|app: 0|req: 139/283] 10.222.0.11 () {58 vars in 1324 bytes} [Mon Apr 11 06:30:49 2022] GET /volume/v3/848a85e315154b76a292885455b608c4/volumes/51d6d2f7-8cf9-4fc4-b5e4-cbd083577d20 => generated 889 bytes in 93 msecs (HTTP/1.1 200) 7 headers in 285 bytes (1 switches on core 0)
Apr 11 06:30:50.066081 dv-cinder-836996-3-smb devstack@c-api.service[110068]: DEBUG cinder.api.middleware.request_id [None req-85062525-d52f-4dd0-b811-d7f40abd858d None None] RequestId filter calling following filter/app {{(pid=110068) _context_setter /opt/stack/cinder/cinder/api/middleware/request_id.py:62}}
Apr 11 06:30:50.070448 dv-cinder-836996-3-smb devstack@c-api.service[110068]: INFO cinder.api.openstack.wsgi [None req-85062525-d52f-4dd0-b811-d7f40abd858d tempest-DeleteServersTestJSON-691382746 tempest-DeleteServersTestJSON-691382746-project] GET http://10.222.0.11/volume/v3/0502465f045c4fca82bd7a3b7bbd86c7/volumes/97387eb6-50a2-4365-b7ee-187233e5b9ff
Apr 11 06:30:50.070907 dv-cinder-836996-3-smb devstack@c-api.service[110068]: DEBUG cinder.api.openstack.wsgi [None req-85062525-d52f-4dd0-b811-d7f40abd858d tempest-DeleteServersTestJSON-691382746 tempest-DeleteServersTestJSON-691382746-project] Empty body provided in request {{(pid=110068) get_body /opt/stack/cinder/cinder/api/openstack/wsgi.py:715}}
Apr 11 06:30:50.071354 dv-cinder-836996-3-smb devstack@c-api.service[110068]: DEBUG cinder.api.openstack.wsgi [None req-85062525-d52f-4dd0-b811-d7f40abd858d tempest-DeleteServersTestJSON-691382746 tempest-DeleteServersTestJSON-691382746-project] Calling method 'show' {{(pid=110068) _process_stack /opt/stack/cinder/cinder/api/openstack/wsgi.py:868}}
Apr 11 06:30:50.086044 dv-cinder-836996-3-smb devstack@c-api.service[110067]: INFO cinder.api.openstack.wsgi [None req-9fd712fb-8bd9-4b50-87e6-c271144a2e4f tempest-UserMessagesTest-1262859336 tempest-UserMessagesTest-1262859336-project-admin] http://10.222.0.11/volume/v3/3c10b865274345eab28dd58682763fbe/types/a72064de-cb3a-4826-bfa7-c9269ef19cc9 returned with HTTP 202
Apr 11 06:30:50.087817 dv-cinder-836996-3-smb devstack@c-api.service[110067]: [pid: 110067|app: 0|req: 145/284] 10.222.0.11 () {58 vars in 1321 bytes} [Mon Apr 11 06:30:49 2022] DELETE /volume/v3/3c10b865274345eab28dd58682763fbe/types/a72064de-cb3a-4826-bfa7-c9269ef19cc9 => generated 0 bytes in 136 msecs (HTTP/1.1 202) 6 headers in 233 bytes (1 switches on core 0)
Apr 11 06:30:50.092646 dv-cinder-836996-3-smb devstack@c-api.service[110067]: DEBUG cinder.api.middleware.request_id [None req-95c64233-1683-4cba-9114-371837a7099d None None] RequestId filter calling following filter/app {{(pid=110067) _context_setter /opt/stack/cinder/cinder/api/middleware/request_id.py:62}}
Apr 11 06:30:50.099259 dv-cinder-836996-3-smb devstack@c-api.service[110067]: INFO cinder.api.openstack.wsgi [None req-95c64233-1683-4cba-9114-371837a7099d tempest-UserMessagesTest-1262859336 tempest-UserMessagesTest-1262859336-project-admin] GET http://10.222.0.11/volume/v3/3c10b865274345eab28dd58682763fbe/types/a72064de-cb3a-4826-bfa7-c9269ef19cc9
Apr 11 06:30:50.099659 dv-cinder-836996-3-smb devstack@c-api.service[110068]: /usr/local/lib/python3.8/dist-packages/oslo_context/context.py:100: DeprecationWarning: Policy enforcement is depending on the value of is_admin. This key is deprecated. Please update your policy file to use the standard policy values.
Apr 11 06:30:50.099659 dv-cinder-836996-3-smb devstack@c-api.service[110068]: warnings.warn('Policy enforcement is depending on the value of '
Apr 11 06:30:50.100862 dv-cinder-836996-3-smb devstack@c-api.service[110067]: DEBUG cinder.api.openstack.wsgi [None req-95c64233-1683-4cba-9114-371837a7099d tempest-UserMessagesTest-1262859336 tempest-UserMessagesTest-1262859336-project-admin] Empty body provided in request {{(pid=110067) get_body /opt/stack/cinder/cinder/api/openstack/wsgi.py:715}}
Apr 11 06:30:50.102203 dv-cinder-836996-3-smb devstack@c-api.service[110067]: DEBUG cinder.api.openstack.wsgi [None req-95c64233-1683-4cba-9114-371837a7099d tempest-UserMessagesTest-1262859336 tempest-UserMessagesTest-1262859336-project-admin] Calling method 'show' {{(pid=110067) _process_stack /opt/stack/cinder/cinder/api/openstack/wsgi.py:868}}
Apr 11 06:30:50.108348 dv-cinder-836996-3-smb devstack@c-api.service[110068]: INFO cinder.volume.api [None req-85062525-d52f-4dd0-b811-d7f40abd858d tempest-DeleteServersTestJSON-691382746 tempest-DeleteServersTestJSON-691382746-project] Volume info retrieved successfully.
Apr 11 06:30:50.110069 dv-cinder-836996-3-smb devstack@c-api.service[110067]: INFO cinder.api.openstack.wsgi [None req-95c64233-1683-4cba-9114-371837a7099d tempest-UserMessagesTest-1262859336 tempest-UserMessagesTest-1262859336-project-admin] http://10.222.0.11/volume/v3/3c10b865274345eab28dd58682763fbe/types/a72064de-cb3a-4826-bfa7-c9269ef19cc9 returned with HTTP 404
Apr 11 06:30:50.112167 dv-cinder-836996-3-smb devstack@c-api.service[110067]: [pid: 110067|app: 0|req: 146/285] 10.222.0.11 () {58 vars in 1318 bytes} [Mon Apr 11 06:30:50 2022] GET /volume/v3/3c10b865274345eab28dd58682763fbe/types/a72064de-cb3a-4826-bfa7-c9269ef19cc9 => generated 114 bytes in 20 msecs (HTTP/1.1 404) 7 headers in 292 bytes (1 switches on core 0)
Apr 11 06:30:50.118202 dv-cinder-836996-3-smb devstack@c-api.service[110067]: DEBUG cinder.api.middleware.request_id [None req-397fd1d3-e130-42c4-b895-4fb5532736d4 None None] RequestId filter calling following filter/app {{(pid=110067) _context_setter /opt/stack/cinder/cinder/api/middleware/request_id.py:62}}
Apr 11 06:30:50.121141 dv-cinder-836996-3-smb devstack@c-api.service[110068]: INFO cinder.api.openstack.wsgi [None req-85062525-d52f-4dd0-b811-d7f40abd858d tempest-DeleteServersTestJSON-691382746 tempest-DeleteServersTestJSON-691382746-project] http://10.222.0.11/volume/v3/0502465f045c4fca82bd7a3b7bbd86c7/volumes/97387eb6-50a2-4365-b7ee-187233e5b9ff returned with HTTP 200
Apr 11 06:30:50.122098 dv-cinder-836996-3-smb devstack@c-api.service[110068]: [pid: 110068|app: 0|req: 140/286] 10.222.0.11 () {58 vars in 1324 bytes} [Mon Apr 11 06:30:50 2022] GET /volume/v3/0502465f045c4fca82bd7a3b7bbd86c7/volumes/97387eb6-50a2-4365-b7ee-187233e5b9ff => generated 912 bytes in 57 msecs (HTTP/1.1 200) 7 headers in 285 bytes (1 switches on core 0)
Apr 11 06:30:50.123288 dv-cinder-836996-3-smb devstack@c-api.service[110067]: INFO cinder.api.openstack.wsgi [None req-397fd1d3-e130-42c4-b895-4fb5532736d4 tempest-UserMessagesTest-78847337 tempest-UserMessagesTest-78847337-project] DELETE http://10.222.0.11/volume/v3/f3ecdb85d1c34a6bbb30d5d28e708051/volumes/c0b8d753-b59b-402b-a88b-f1195f2af98b
Apr 11 06:30:50.123826 dv-cinder-836996-3-smb devstack@c-api.service[110067]: DEBUG cinder.api.openstack.wsgi [None req-397fd1d3-e130-42c4-b895-4fb5532736d4 tempest-UserMessagesTest-78847337 tempest-UserMessagesTest-78847337-project] Empty body provided in request {{(pid=110067) get_body /opt/stack/cinder/cinder/api/openstack/wsgi.py:715}}
Apr 11 06:30:50.124688 dv-cinder-836996-3-smb devstack@c-api.service[110067]: DEBUG cinder.api.openstack.wsgi [None req-397fd1d3-e130-42c4-b895-4fb5532736d4 tempest-UserMessagesTest-78847337 tempest-UserMessagesTest-78847337-project] Calling method 'delete' {{(pid=110067) _process_stack /opt/stack/cinder/cinder/api/openstack/wsgi.py:868}}
Apr 11 06:30:50.125240 dv-cinder-836996-3-smb devstack@c-api.service[110067]: INFO cinder.api.v3.volumes [None req-397fd1d3-e130-42c4-b895-4fb5532736d4 tempest-UserMessagesTest-78847337 tempest-UserMessagesTest-78847337-project] Delete volume with id: c0b8d753-b59b-402b-a88b-f1195f2af98b
Apr 11 06:30:50.139786 dv-cinder-836996-3-smb devstack@c-api.service[110067]: /usr/local/lib/python3.8/dist-packages/oslo_context/context.py:100: DeprecationWarning: Policy enforcement is depending on the value of is_admin. This key is deprecated. Please update your policy file to use the standard policy values.
Apr 11 06:30:50.139786 dv-cinder-836996-3-smb devstack@c-api.service[110067]: warnings.warn('Policy enforcement is depending on the value of '
Apr 11 06:30:50.141123 dv-cinder-836996-3-smb devstack@c-api.service[110067]: INFO cinder.volume.api [None req-397fd1d3-e130-42c4-b895-4fb5532736d4 tempest-UserMessagesTest-78847337 tempest-UserMessagesTest-78847337-project] Volume info retrieved successfully.
Apr 11 06:30:50.143732 dv-cinder-836996-3-smb devstack@c-api.service[110067]: DEBUG cinder.volume.api [None req-397fd1d3-e130-42c4-b895-4fb5532736d4 tempest-UserMessagesTest-78847337 tempest-UserMessagesTest-78847337-project] Decrease volume quotas for non temporary volume in non error_managing status. {{(pid=110067) delete /opt/stack/cinder/cinder/volume/api.py:433}}
Apr 11 06:30:50.191894 dv-cinder-836996-3-smb devstack@c-api.service[110067]: DEBUG cinder.quota [None req-397fd1d3-e130-42c4-b895-4fb5532736d4 tempest-UserMessagesTest-78847337 tempest-UserMessagesTest-78847337-project] Created reservations ['3233b73c-5709-4289-ade6-6db16e79aa2d', '6fe25193-ff8f-4cea-b9a3-261db63c39e5', '210b2d05-8722-4c07-80a8-daf0ed8375e9', '8e3a37c2-f9f1-49c9-ab8f-8a75e4ead7d2'] {{(pid=110067) reserve /opt/stack/cinder/cinder/quota.py:755}}
Apr 11 06:30:50.267758 dv-cinder-836996-3-smb devstack@c-api.service[110067]: INFO cinder.volume.api [None req-397fd1d3-e130-42c4-b895-4fb5532736d4 tempest-UserMessagesTest-78847337 tempest-UserMessagesTest-78847337-project] Delete volume request issued successfully.
Apr 11 06:30:50.268471 dv-cinder-836996-3-smb devstack@c-api.service[110067]: INFO cinder.api.openstack.wsgi [None req-397fd1d3-e130-42c4-b895-4fb5532736d4 tempest-UserMessagesTest-78847337 tempest-UserMessagesTest-78847337-project] http://10.222.0.11/volume/v3/f3ecdb85d1c34a6bbb30d5d28e708051/volumes/c0b8d753-b59b-402b-a88b-f1195f2af98b returned with HTTP 202
Apr 11 06:30:50.272623 dv-cinder-836996-3-smb devstack@c-api.service[110067]: [pid: 110067|app: 0|req: 147/287] 10.222.0.11 () {60 vars in 1367 bytes} [Mon Apr 11 06:30:50 2022] DELETE /volume/v3/f3ecdb85d1c34a6bbb30d5d28e708051/volumes/c0b8d753-b59b-402b-a88b-f1195f2af98b => generated 0 bytes in 155 msecs (HTTP/1.1 202) 6 headers in 233 bytes (1 switches on core 0)
Apr 11 06:30:50.274416 dv-cinder-836996-3-smb devstack@c-api.service[110068]: DEBUG cinder.api.middleware.request_id [None req-2234f480-1c0b-4fae-b89f-99d213e1de12 None None] RequestId filter calling following filter/app {{(pid=110068) _context_setter /opt/stack/cinder/cinder/api/middleware/request_id.py:62}}
Apr 11 06:30:50.278078 dv-cinder-836996-3-smb devstack@c-api.service[110068]: INFO cinder.api.openstack.wsgi [None req-2234f480-1c0b-4fae-b89f-99d213e1de12 tempest-UserMessagesTest-78847337 tempest-UserMessagesTest-78847337-project] GET http://10.222.0.11/volume/v3/f3ecdb85d1c34a6bbb30d5d28e708051/volumes/c0b8d753-b59b-402b-a88b-f1195f2af98b
Apr 11 06:30:50.278728 dv-cinder-836996-3-smb devstack@c-api.service[110068]: DEBUG cinder.api.openstack.wsgi [None req-2234f480-1c0b-4fae-b89f-99d213e1de12 tempest-UserMessagesTest-78847337 tempest-UserMessagesTest-78847337-project] Empty body provided in request {{(pid=110068) get_body /opt/stack/cinder/cinder/api/openstack/wsgi.py:715}}
Apr 11 06:30:50.279186 dv-cinder-836996-3-smb devstack@c-api.service[110068]: DEBUG cinder.api.openstack.wsgi [None req-2234f480-1c0b-4fae-b89f-99d213e1de12 tempest-UserMessagesTest-78847337 tempest-UserMessagesTest-78847337-project] Calling method 'show' {{(pid=110068) _process_stack /opt/stack/cinder/cinder/api/openstack/wsgi.py:868}}
Apr 11 06:30:50.290076 dv-cinder-836996-3-smb devstack@c-api.service[110068]: INFO cinder.api.openstack.wsgi [None req-2234f480-1c0b-4fae-b89f-99d213e1de12 tempest-UserMessagesTest-78847337 tempest-UserMessagesTest-78847337-project] http://10.222.0.11/volume/v3/f3ecdb85d1c34a6bbb30d5d28e708051/volumes/c0b8d753-b59b-402b-a88b-f1195f2af98b returned with HTTP 404
Apr 11 06:30:50.293926 dv-cinder-836996-3-smb devstack@c-api.service[110068]: [pid: 110068|app: 0|req: 141/288] 10.222.0.11 () {60 vars in 1364 bytes} [Mon Apr 11 06:30:50 2022] GET /volume/v3/f3ecdb85d1c34a6bbb30d5d28e708051/volumes/c0b8d753-b59b-402b-a88b-f1195f2af98b => generated 109 bytes in 18 msecs (HTTP/1.1 404) 7 headers in 292 bytes (2 switches on core 0)
Apr 11 06:30:50.295875 dv-cinder-836996-3-smb devstack@c-api.service[110067]: DEBUG cinder.api.middleware.request_id [None req-626a5770-4459-4644-8e28-e1e0c4b65e72 None None] RequestId filter calling following filter/app {{(pid=110067) _context_setter /opt/stack/cinder/cinder/api/middleware/request_id.py:62}}
Apr 11 06:30:50.300083 dv-cinder-836996-3-smb devstack@c-api.service[110067]: INFO cinder.api.openstack.wsgi [None req-626a5770-4459-4644-8e28-e1e0c4b65e72 tempest-UserMessagesTest-1262859336 tempest-UserMessagesTest-1262859336-project-admin] DELETE http://10.222.0.11/volume/v3/3c10b865274345eab28dd58682763fbe/types/195e8c06-def9-4a9c-9e50-0edd895effa6
Apr 11 06:30:50.301194 dv-cinder-836996-3-smb devstack@c-api.service[110067]: DEBUG cinder.api.openstack.wsgi [None req-626a5770-4459-4644-8e28-e1e0c4b65e72 tempest-UserMessagesTest-1262859336 tempest-UserMessagesTest-1262859336-project-admin] Empty body provided in request {{(pid=110067) get_body /opt/stack/cinder/cinder/api/openstack/wsgi.py:715}}
Apr 11 06:30:50.301675 dv-cinder-836996-3-smb devstack@c-api.service[110067]: DEBUG cinder.api.openstack.wsgi [None req-626a5770-4459-4644-8e28-e1e0c4b65e72 tempest-UserMessagesTest-1262859336 tempest-UserMessagesTest-1262859336-project-admin] Calling method '_delete' {{(pid=110067) _process_stack /opt/stack/cinder/cinder/api/openstack/wsgi.py:868}}
Apr 11 06:30:50.353149 dv-cinder-836996-3-smb devstack@c-api.service[110067]: INFO cinder.api.openstack.wsgi [None req-626a5770-4459-4644-8e28-e1e0c4b65e72 tempest-UserMessagesTest-1262859336 tempest-UserMessagesTest-1262859336-project-admin] http://10.222.0.11/volume/v3/3c10b865274345eab28dd58682763fbe/types/195e8c06-def9-4a9c-9e50-0edd895effa6 returned with HTTP 202
Apr 11 06:30:50.354126 dv-cinder-836996-3-smb devstack@c-api.service[110067]: [pid: 110067|app: 0|req: 148/289] 10.222.0.11 () {58 vars in 1321 bytes} [Mon Apr 11 06:30:50 2022] DELETE /volume/v3/3c10b865274345eab28dd58682763fbe/types/195e8c06-def9-4a9c-9e50-0edd895effa6 => generated 0 bytes in 59 msecs (HTTP/1.1 202) 6 headers in 233 bytes (1 switches on core 0)
Apr 11 06:30:50.358738 dv-cinder-836996-3-smb devstack@c-api.service[110068]: DEBUG cinder.api.middleware.request_id [None req-41f4c441-6ca4-4fbe-9fd2-df77e9bd588d None None] RequestId filter calling following filter/app {{(pid=110068) _context_setter /opt/stack/cinder/cinder/api/middleware/request_id.py:62}}
Apr 11 06:30:50.363220 dv-cinder-836996-3-smb devstack@c-api.service[110068]: INFO cinder.api.openstack.wsgi [None req-41f4c441-6ca4-4fbe-9fd2-df77e9bd588d tempest-UserMessagesTest-1262859336 tempest-UserMessagesTest-1262859336-project-admin] GET http://10.222.0.11/volume/v3/3c10b865274345eab28dd58682763fbe/types/195e8c06-def9-4a9c-9e50-0edd895effa6
Apr 11 06:30:50.363979 dv-cinder-836996-3-smb devstack@c-api.service[110068]: DEBUG cinder.api.openstack.wsgi [None req-41f4c441-6ca4-4fbe-9fd2-df77e9bd588d tempest-UserMessagesTest-1262859336 tempest-UserMessagesTest-1262859336-project-admin] Empty body provided in request {{(pid=110068) get_body /opt/stack/cinder/cinder/api/openstack/wsgi.py:715}}
Apr 11 06:30:50.368182 dv-cinder-836996-3-smb devstack@c-api.service[110068]: DEBUG cinder.api.openstack.wsgi [None req-41f4c441-6ca4-4fbe-9fd2-df77e9bd588d tempest-UserMessagesTest-1262859336 tempest-UserMessagesTest-1262859336-project-admin] Calling method 'show' {{(pid=110068) _process_stack /opt/stack/cinder/cinder/api/openstack/wsgi.py:868}}
Apr 11 06:30:50.376402 dv-cinder-836996-3-smb devstack@c-api.service[110068]: INFO cinder.api.openstack.wsgi [None req-41f4c441-6ca4-4fbe-9fd2-df77e9bd588d tempest-UserMessagesTest-1262859336 tempest-UserMessagesTest-1262859336-project-admin] http://10.222.0.11/volume/v3/3c10b865274345eab28dd58682763fbe/types/195e8c06-def9-4a9c-9e50-0edd895effa6 returned with HTTP 404
Apr 11 06:30:50.380677 dv-cinder-836996-3-smb devstack@c-api.service[110068]: [pid: 110068|app: 0|req: 142/290] 10.222.0.11 () {58 vars in 1318 bytes} [Mon Apr 11 06:30:50 2022] GET /volume/v3/3c10b865274345eab28dd58682763fbe/types/195e8c06-def9-4a9c-9e50-0edd895effa6 => generated 114 bytes in 23 msecs (HTTP/1.1 404) 7 headers in 292 bytes (1 switches on core 0)
Apr 11 06:30:50.440173 dv-cinder-836996-3-smb devstack@c-api.service[110067]: DEBUG cinder.api.middleware.request_id [None req-b6f0605a-4b73-4e0d-ba77-fc6b548e6bf9 None None] RequestId filter calling following filter/app {{(pid=110067) _context_setter /opt/stack/cinder/cinder/api/middleware/request_id.py:62}}
Apr 11 06:30:50.441367 dv-cinder-836996-3-smb devstack@c-api.service[110067]: INFO cinder.api.openstack.wsgi [None req-b6f0605a-4b73-4e0d-ba77-fc6b548e6bf9 None None] GET http://10.222.0.11/volume//
Apr 11 06:30:50.441766 dv-cinder-836996-3-smb devstack@c-api.service[110067]: DEBUG cinder.api.openstack.wsgi [None req-b6f0605a-4b73-4e0d-ba77-fc6b548e6bf9 None None] Empty body provided in request {{(pid=110067) get_body /opt/stack/cinder/cinder/api/openstack/wsgi.py:715}}
Apr 11 06:30:50.442384 dv-cinder-836996-3-smb devstack@c-api.service[110067]: DEBUG cinder.api.openstack.wsgi [None req-b6f0605a-4b73-4e0d-ba77-fc6b548e6bf9 None None] Calling method 'all' {{(pid=110067) _process_stack /opt/stack/cinder/cinder/api/openstack/wsgi.py:868}}
Apr 11 06:30:50.443758 dv-cinder-836996-3-smb devstack@c-api.service[110067]: INFO cinder.api.openstack.wsgi [None req-b6f0605a-4b73-4e0d-ba77-fc6b548e6bf9 None None] http://10.222.0.11/volume// returned with HTTP 300
Apr 11 06:30:50.444828 dv-cinder-836996-3-smb devstack@c-api.service[110067]: [pid: 110067|app: 0|req: 149/291] 10.222.0.26 () {56 vars in 1098 bytes} [Mon Apr 11 06:30:50 2022] GET /volume/ => generated 386 bytes in 6 msecs (HTTP/1.1 300) 7 headers in 299 bytes (1 switches on core 0)
Apr 11 06:30:50.503527 dv-cinder-836996-3-smb devstack@c-api.service[110068]: DEBUG cinder.api.middleware.request_id [req-87c493c1-5bcc-4a55-9f0a-d24b5caef802 req-acb00f27-6112-41a9-b67b-c46fa0de0416 None None] RequestId filter calling following filter/app {{(pid=110068) _context_setter /opt/stack/cinder/cinder/api/middleware/request_id.py:62}}
Apr 11 06:30:50.507615 dv-cinder-836996-3-smb devstack@c-api.service[110068]: INFO cinder.api.openstack.wsgi [req-87c493c1-5bcc-4a55-9f0a-d24b5caef802 req-acb00f27-6112-41a9-b67b-c46fa0de0416 tempest-DeleteServersTestJSON-691382746 tempest-DeleteServersTestJSON-691382746-project] GET http://10.222.0.11/volume/v3/0502465f045c4fca82bd7a3b7bbd86c7/volumes/97387eb6-50a2-4365-b7ee-187233e5b9ff
Apr 11 06:30:50.508176 dv-cinder-836996-3-smb devstack@c-api.service[110068]: DEBUG cinder.api.openstack.wsgi [req-87c493c1-5bcc-4a55-9f0a-d24b5caef802 req-acb00f27-6112-41a9-b67b-c46fa0de0416 tempest-DeleteServersTestJSON-691382746 tempest-DeleteServersTestJSON-691382746-project] Empty body provided in request {{(pid=110068) get_body /opt/stack/cinder/cinder/api/openstack/wsgi.py:715}}
Apr 11 06:30:50.508930 dv-cinder-836996-3-smb devstack@c-api.service[110068]: DEBUG cinder.api.openstack.wsgi [req-87c493c1-5bcc-4a55-9f0a-d24b5caef802 req-acb00f27-6112-41a9-b67b-c46fa0de0416 tempest-DeleteServersTestJSON-691382746 tempest-DeleteServersTestJSON-691382746-project] Calling method 'show' {{(pid=110068) _process_stack /opt/stack/cinder/cinder/api/openstack/wsgi.py:868}}
Apr 11 06:30:50.527981 dv-cinder-836996-3-smb devstack@c-api.service[110068]: /usr/local/lib/python3.8/dist-packages/oslo_context/context.py:100: DeprecationWarning: Policy enforcement is depending on the value of is_admin. This key is deprecated. Please update your policy file to use the standard policy values.
Apr 11 06:30:50.527981 dv-cinder-836996-3-smb devstack@c-api.service[110068]: warnings.warn('Policy enforcement is depending on the value of '
Apr 11 06:30:50.536955 dv-cinder-836996-3-smb devstack@c-api.service[110068]: INFO cinder.volume.api [req-87c493c1-5bcc-4a55-9f0a-d24b5caef802 req-acb00f27-6112-41a9-b67b-c46fa0de0416 tempest-DeleteServersTestJSON-691382746 tempest-DeleteServersTestJSON-691382746-project] Volume info retrieved successfully.
Apr 11 06:30:50.546060 dv-cinder-836996-3-smb devstack@c-api.service[110068]: INFO cinder.api.openstack.wsgi [req-87c493c1-5bcc-4a55-9f0a-d24b5caef802 req-acb00f27-6112-41a9-b67b-c46fa0de0416 tempest-DeleteServersTestJSON-691382746 tempest-DeleteServersTestJSON-691382746-project] http://10.222.0.11/volume/v3/0502465f045c4fca82bd7a3b7bbd86c7/volumes/97387eb6-50a2-4365-b7ee-187233e5b9ff returned with HTTP 200
Apr 11 06:30:50.546930 dv-cinder-836996-3-smb devstack@c-api.service[110068]: [pid: 110068|app: 0|req: 143/292] 10.222.0.26 () {60 vars in 1412 bytes} [Mon Apr 11 06:30:50 2022] GET /volume/v3/0502465f045c4fca82bd7a3b7bbd86c7/volumes/97387eb6-50a2-4365-b7ee-187233e5b9ff => generated 1011 bytes in 45 msecs (HTTP/1.1 200) 7 headers in 287 bytes (1 switches on core 0)
Apr 11 06:30:50.669916 dv-cinder-836996-3-smb devstack@c-api.service[110067]: DEBUG cinder.api.middleware.request_id [None req-8a78edf3-6bc0-44cb-a608-c200bd2a7b52 None None] RequestId filter calling following filter/app {{(pid=110067) _context_setter /opt/stack/cinder/cinder/api/middleware/request_id.py:62}}
Apr 11 06:30:50.673816 dv-cinder-836996-3-smb devstack@c-api.service[110067]: INFO cinder.api.openstack.wsgi [None req-8a78edf3-6bc0-44cb-a608-c200bd2a7b52 tempest-VolumesDeleteCascade-255314091 tempest-VolumesDeleteCascade-255314091-project] GET http://10.222.0.11/volume/v3/d7469a9ac87c4edda6794e0510eb7d8d/volumes/029e1819-26d3-4436-ac0a-034eccf16024
Apr 11 06:30:50.674251 dv-cinder-836996-3-smb devstack@c-api.service[110067]: DEBUG cinder.api.openstack.wsgi [None req-8a78edf3-6bc0-44cb-a608-c200bd2a7b52 tempest-VolumesDeleteCascade-255314091 tempest-VolumesDeleteCascade-255314091-project] Empty body provided in request {{(pid=110067) get_body /opt/stack/cinder/cinder/api/openstack/wsgi.py:715}}
Apr 11 06:30:50.674730 dv-cinder-836996-3-smb devstack@c-api.service[110067]: DEBUG cinder.api.openstack.wsgi [None req-8a78edf3-6bc0-44cb-a608-c200bd2a7b52 tempest-VolumesDeleteCascade-255314091 tempest-VolumesDeleteCascade-255314091-project] Calling method 'show' {{(pid=110067) _process_stack /opt/stack/cinder/cinder/api/openstack/wsgi.py:868}}
Apr 11 06:30:50.675102 dv-cinder-836996-3-smb devstack@c-api.service[110068]: DEBUG cinder.api.middleware.request_id [req-87c493c1-5bcc-4a55-9f0a-d24b5caef802 req-149c0a54-b409-41da-8cc4-6435b1f6e3d6 None None] RequestId filter calling following filter/app {{(pid=110068) _context_setter /opt/stack/cinder/cinder/api/middleware/request_id.py:62}}
Apr 11 06:30:50.680566 dv-cinder-836996-3-smb devstack@c-api.service[110068]: INFO cinder.api.openstack.wsgi [req-87c493c1-5bcc-4a55-9f0a-d24b5caef802 req-149c0a54-b409-41da-8cc4-6435b1f6e3d6 tempest-DeleteServersTestJSON-691382746 tempest-DeleteServersTestJSON-691382746-project] PUT http://10.222.0.11/volume/v3/0502465f045c4fca82bd7a3b7bbd86c7/attachments/45487990-ab4e-4d3c-a92d-5c7054a0c4e3
Apr 11 06:30:50.681768 dv-cinder-836996-3-smb devstack@c-api.service[110068]: DEBUG cinder.api.openstack.wsgi [req-87c493c1-5bcc-4a55-9f0a-d24b5caef802 req-149c0a54-b409-41da-8cc4-6435b1f6e3d6 tempest-DeleteServersTestJSON-691382746 tempest-DeleteServersTestJSON-691382746-project] Action: 'update', calling method: version_select, body: {"attachment": {"connector": {"platform": "AMD64", "os_type": "win32", "ip": "10.222.0.26", "host": "hv-cinder-83699", "multipath": false, "initiator": "iqn.1991-05.com.microsoft:hv-cinder-83699", "mountpoint": "/dev/sdb"}}} {{(pid=110068) _process_stack /opt/stack/cinder/cinder/api/openstack/wsgi.py:866}}
Apr 11 06:30:50.687336 dv-cinder-836996-3-smb devstack@c-api.service[110067]: INFO cinder.api.openstack.wsgi [None req-8a78edf3-6bc0-44cb-a608-c200bd2a7b52 tempest-VolumesDeleteCascade-255314091 tempest-VolumesDeleteCascade-255314091-project] http://10.222.0.11/volume/v3/d7469a9ac87c4edda6794e0510eb7d8d/volumes/029e1819-26d3-4436-ac0a-034eccf16024 returned with HTTP 404
Apr 11 06:30:50.688471 dv-cinder-836996-3-smb devstack@c-api.service[110067]: [pid: 110067|app: 0|req: 150/293] 10.222.0.11 () {58 vars in 1324 bytes} [Mon Apr 11 06:30:50 2022] GET /volume/v3/d7469a9ac87c4edda6794e0510eb7d8d/volumes/029e1819-26d3-4436-ac0a-034eccf16024 => generated 109 bytes in 19 msecs (HTTP/1.1 404) 7 headers in 292 bytes (1 switches on core 0)
Apr 11 06:30:50.693145 dv-cinder-836996-3-smb devstack@c-api.service[110067]: DEBUG cinder.api.middleware.request_id [None req-2d67fe6b-3432-4912-a2fb-91e1daaf4f2b None None] RequestId filter calling following filter/app {{(pid=110067) _context_setter /opt/stack/cinder/cinder/api/middleware/request_id.py:62}}
Apr 11 06:30:50.696730 dv-cinder-836996-3-smb devstack@c-api.service[110067]: INFO cinder.api.openstack.wsgi [None req-2d67fe6b-3432-4912-a2fb-91e1daaf4f2b tempest-VolumesDeleteCascade-255314091 tempest-VolumesDeleteCascade-255314091-project] GET http://10.222.0.11/volume/v3/d7469a9ac87c4edda6794e0510eb7d8d/volumes
Apr 11 06:30:50.697155 dv-cinder-836996-3-smb devstack@c-api.service[110067]: DEBUG cinder.api.openstack.wsgi [None req-2d67fe6b-3432-4912-a2fb-91e1daaf4f2b tempest-VolumesDeleteCascade-255314091 tempest-VolumesDeleteCascade-255314091-project] Empty body provided in request {{(pid=110067) get_body /opt/stack/cinder/cinder/api/openstack/wsgi.py:715}}
Apr 11 06:30:50.698201 dv-cinder-836996-3-smb devstack@c-api.service[110067]: DEBUG cinder.api.openstack.wsgi [None req-2d67fe6b-3432-4912-a2fb-91e1daaf4f2b tempest-VolumesDeleteCascade-255314091 tempest-VolumesDeleteCascade-255314091-project] Calling method 'index' {{(pid=110067) _process_stack /opt/stack/cinder/cinder/api/openstack/wsgi.py:868}}
Apr 11 06:30:50.698297 dv-cinder-836996-3-smb devstack@c-api.service[110067]: DEBUG cinder.api.api_utils [None req-2d67fe6b-3432-4912-a2fb-91e1daaf4f2b tempest-VolumesDeleteCascade-255314091 tempest-VolumesDeleteCascade-255314091-project] Removing options '' from query. {{(pid=110067) remove_invalid_filter_options /opt/stack/cinder/cinder/api/api_utils.py:73}}
Apr 11 06:30:50.699918 dv-cinder-836996-3-smb devstack@c-api.service[110067]: DEBUG cinder.volume.api [None req-2d67fe6b-3432-4912-a2fb-91e1daaf4f2b tempest-VolumesDeleteCascade-255314091 tempest-VolumesDeleteCascade-255314091-project] Searching by: MultiDict([('no_migration_targets', True)]). {{(pid=110067) get_all /opt/stack/cinder/cinder/volume/api.py:662}}
Apr 11 06:30:50.705328 dv-cinder-836996-3-smb devstack@c-api.service[110068]: DEBUG cinder.coordination [req-87c493c1-5bcc-4a55-9f0a-d24b5caef802 req-149c0a54-b409-41da-8cc4-6435b1f6e3d6 tempest-DeleteServersTestJSON-691382746 tempest-DeleteServersTestJSON-691382746-project] Lock "b'cinder-attachment_update-97387eb6-50a2-4365-b7ee-187233e5b9ff-hv-cinder-83699'" acquired by "attachment_update" :: waited 0.010s {{(pid=110068) _synchronized /opt/stack/cinder/cinder/coordination.py:186}}
Apr 11 06:30:50.707170 dv-cinder-836996-3-smb devstack@c-api.service[110068]: /usr/local/lib/python3.8/dist-packages/oslo_context/context.py:100: DeprecationWarning: Policy enforcement is depending on the value of is_admin. This key is deprecated. Please update your policy file to use the standard policy values.
Apr 11 06:30:50.707170 dv-cinder-836996-3-smb devstack@c-api.service[110068]: warnings.warn('Policy enforcement is depending on the value of '
Apr 11 06:30:50.750635 dv-cinder-836996-3-smb devstack@c-api.service[110067]: INFO cinder.volume.api [None req-2d67fe6b-3432-4912-a2fb-91e1daaf4f2b tempest-VolumesDeleteCascade-255314091 tempest-VolumesDeleteCascade-255314091-project] Get all volumes completed successfully.
Apr 11 06:30:50.751380 dv-cinder-836996-3-smb devstack@c-api.service[110067]: INFO cinder.api.openstack.wsgi [None req-2d67fe6b-3432-4912-a2fb-91e1daaf4f2b tempest-VolumesDeleteCascade-255314091 tempest-VolumesDeleteCascade-255314091-project] http://10.222.0.11/volume/v3/d7469a9ac87c4edda6794e0510eb7d8d/volumes returned with HTTP 200
Apr 11 06:30:50.754850 dv-cinder-836996-3-smb devstack@c-api.service[110067]: [pid: 110067|app: 0|req: 151/294] 10.222.0.11 () {58 vars in 1213 bytes} [Mon Apr 11 06:30:50 2022] GET /volume/v3/d7469a9ac87c4edda6794e0510eb7d8d/volumes => generated 15 bytes in 63 msecs (HTTP/1.1 200) 7 headers in 284 bytes (2 switches on core 0)
Apr 11 06:30:50.758795 dv-cinder-836996-3-smb devstack@c-api.service[110067]: DEBUG cinder.api.middleware.request_id [None req-a88d4325-84da-49c3-927b-d9ee4dedc5c7 None None] RequestId filter calling following filter/app {{(pid=110067) _context_setter /opt/stack/cinder/cinder/api/middleware/request_id.py:62}}
Apr 11 06:30:50.762805 dv-cinder-836996-3-smb devstack@c-api.service[110067]: INFO cinder.api.openstack.wsgi [None req-a88d4325-84da-49c3-927b-d9ee4dedc5c7 tempest-VolumesDeleteCascade-255314091 tempest-VolumesDeleteCascade-255314091-project] GET http://10.222.0.11/volume/v3/d7469a9ac87c4edda6794e0510eb7d8d/snapshots
Apr 11 06:30:50.763258 dv-cinder-836996-3-smb devstack@c-api.service[110067]: DEBUG cinder.api.openstack.wsgi [None req-a88d4325-84da-49c3-927b-d9ee4dedc5c7 tempest-VolumesDeleteCascade-255314091 tempest-VolumesDeleteCascade-255314091-project] Empty body provided in request {{(pid=110067) get_body /opt/stack/cinder/cinder/api/openstack/wsgi.py:715}}
Apr 11 06:30:50.763708 dv-cinder-836996-3-smb devstack@c-api.service[110067]: DEBUG cinder.api.openstack.wsgi [None req-a88d4325-84da-49c3-927b-d9ee4dedc5c7 tempest-VolumesDeleteCascade-255314091 tempest-VolumesDeleteCascade-255314091-project] Calling method 'index' {{(pid=110067) _process_stack /opt/stack/cinder/cinder/api/openstack/wsgi.py:868}}
Apr 11 06:30:50.764197 dv-cinder-836996-3-smb devstack@c-api.service[110067]: DEBUG cinder.api.api_utils [None req-a88d4325-84da-49c3-927b-d9ee4dedc5c7 tempest-VolumesDeleteCascade-255314091 tempest-VolumesDeleteCascade-255314091-project] Removing options '' from query. {{(pid=110067) remove_invalid_filter_options /opt/stack/cinder/cinder/api/api_utils.py:73}}
Apr 11 06:30:50.766251 dv-cinder-836996-3-smb devstack@c-api.service[110067]: DEBUG cinder.db.sqlalchemy.api [None req-a88d4325-84da-49c3-927b-d9ee4dedc5c7 tempest-VolumesDeleteCascade-255314091 tempest-VolumesDeleteCascade-255314091-project] Building query based on filter {{(pid=110067) _process_snaps_filters /opt/stack/cinder/cinder/db/sqlalchemy/api.py:3377}}
Apr 11 06:30:50.771616 dv-cinder-836996-3-smb devstack@c-api.service[110067]: INFO cinder.volume.api [None req-a88d4325-84da-49c3-927b-d9ee4dedc5c7 tempest-VolumesDeleteCascade-255314091 tempest-VolumesDeleteCascade-255314091-project] Get all snapshots completed successfully.
Apr 11 06:30:50.772183 dv-cinder-836996-3-smb devstack@c-api.service[110067]: INFO cinder.api.openstack.wsgi [None req-a88d4325-84da-49c3-927b-d9ee4dedc5c7 tempest-VolumesDeleteCascade-255314091 tempest-VolumesDeleteCascade-255314091-project] http://10.222.0.11/volume/v3/d7469a9ac87c4edda6794e0510eb7d8d/snapshots returned with HTTP 200
Apr 11 06:30:50.772934 dv-cinder-836996-3-smb devstack@c-api.service[110067]: [pid: 110067|app: 0|req: 152/295] 10.222.0.11 () {58 vars in 1219 bytes} [Mon Apr 11 06:30:50 2022] GET /volume/v3/d7469a9ac87c4edda6794e0510eb7d8d/snapshots => generated 17 bytes in 15 msecs (HTTP/1.1 200) 7 headers in 284 bytes (2 switches on core 0)
Apr 11 06:30:50.781905 dv-cinder-836996-3-smb devstack@c-api.service[110067]: DEBUG cinder.api.middleware.request_id [None req-50d9b787-a38a-4c8e-a688-d1ddba90052a None None] RequestId filter calling following filter/app {{(pid=110067) _context_setter /opt/stack/cinder/cinder/api/middleware/request_id.py:62}}
Apr 11 06:30:50.785316 dv-cinder-836996-3-smb devstack@c-api.service[110067]: INFO cinder.api.openstack.wsgi [None req-50d9b787-a38a-4c8e-a688-d1ddba90052a tempest-VolumesDeleteCascade-255314091 tempest-VolumesDeleteCascade-255314091-project] POST http://10.222.0.11/volume/v3/d7469a9ac87c4edda6794e0510eb7d8d/volumes
Apr 11 06:30:50.786644 dv-cinder-836996-3-smb devstack@c-api.service[110067]: DEBUG cinder.api.openstack.wsgi [None req-50d9b787-a38a-4c8e-a688-d1ddba90052a tempest-VolumesDeleteCascade-255314091 tempest-VolumesDeleteCascade-255314091-project] Action: 'create', calling method: create, body: {"volume": {"size": 1, "name": "tempest-VolumesDeleteCascade-Volume-1084545798"}} {{(pid=110067) _process_stack /opt/stack/cinder/cinder/api/openstack/wsgi.py:866}}
Apr 11 06:30:50.787090 dv-cinder-836996-3-smb devstack@c-api.service[110067]: DEBUG cinder.api.v3.volumes [None req-50d9b787-a38a-4c8e-a688-d1ddba90052a tempest-VolumesDeleteCascade-255314091 tempest-VolumesDeleteCascade-255314091-project] Create volume request body: {'volume': {'size': 1, 'name': 'tempest-VolumesDeleteCascade-Volume-1084545798'}} {{(pid=110067) create /opt/stack/cinder/cinder/api/v3/volumes.py:298}}
Apr 11 06:30:50.787570 dv-cinder-836996-3-smb devstack@c-api.service[110067]: INFO cinder.api.v3.volumes [None req-50d9b787-a38a-4c8e-a688-d1ddba90052a tempest-VolumesDeleteCascade-255314091 tempest-VolumesDeleteCascade-255314091-project] Create volume of 1 GB
Apr 11 06:30:50.795474 dv-cinder-836996-3-smb devstack@c-api.service[110067]: INFO cinder.volume.api [None req-50d9b787-a38a-4c8e-a688-d1ddba90052a tempest-VolumesDeleteCascade-255314091 tempest-VolumesDeleteCascade-255314091-project] Availability Zones retrieved successfully.
Apr 11 06:30:50.811116 dv-cinder-836996-3-smb devstack@c-api.service[110067]: DEBUG cinder.volume.api [None req-50d9b787-a38a-4c8e-a688-d1ddba90052a tempest-VolumesDeleteCascade-255314091 tempest-VolumesDeleteCascade-255314091-project] Flow 'volume_create_api' (4e4ad161-a9ab-4019-af5a-0a5f0f0dcf6f) transitioned into state 'RUNNING' from state 'PENDING' {{(pid=110067) _flow_receiver /usr/local/lib/python3.8/dist-packages/taskflow/listeners/logging.py:141}}
Apr 11 06:30:50.813558 dv-cinder-836996-3-smb devstack@c-api.service[110067]: DEBUG cinder.volume.api [None req-50d9b787-a38a-4c8e-a688-d1ddba90052a tempest-VolumesDeleteCascade-255314091 tempest-VolumesDeleteCascade-255314091-project] Task 'cinder.volume.flows.api.create_volume.ExtractVolumeRequestTask;volume:create' (a09959bd-0c16-4128-b149-5aa6c9724b7d) transitioned into state 'RUNNING' from state 'PENDING' {{(pid=110067) _task_receiver /usr/local/lib/python3.8/dist-packages/taskflow/listeners/logging.py:190}}
Apr 11 06:30:50.816026 dv-cinder-836996-3-smb devstack@c-api.service[110067]: DEBUG cinder.volume.flows.api.create_volume [None req-50d9b787-a38a-4c8e-a688-d1ddba90052a tempest-VolumesDeleteCascade-255314091 tempest-VolumesDeleteCascade-255314091-project] Validating volume size '1' using validate_int {{(pid=110067) _extract_size /opt/stack/cinder/cinder/volume/flows/api/create_volume.py:225}}
Apr 11 06:30:50.846497 dv-cinder-836996-3-smb devstack@c-api.service[110067]: DEBUG cinder.volume.api [None req-50d9b787-a38a-4c8e-a688-d1ddba90052a tempest-VolumesDeleteCascade-255314091 tempest-VolumesDeleteCascade-255314091-project] Task 'cinder.volume.flows.api.create_volume.ExtractVolumeRequestTask;volume:create' (a09959bd-0c16-4128-b149-5aa6c9724b7d) transitioned into state 'SUCCESS' from state 'RUNNING' with result '{'size': 1, 'snapshot_id': None, 'source_volid': None, 'volume_type': VolumeType(created_at=2022-04-11T06:19:34Z,deleted=False,deleted_at=None,description='Default Volume Type',extra_specs={},id=53c1e587-8f91-4350-a60c-79e4250b0780,is_public=True,name='__DEFAULT__',projects=[],qos_specs=,qos_specs_id=None,updated_at=2022-04-11T06:19:34Z), 'volume_type_id': '53c1e587-8f91-4350-a60c-79e4250b0780', 'encryption_key_id': None, 'qos_specs': None, 'consistencygroup_id': None, 'cgsnapshot_id': None, 'group_id': None, 'replication_status': 'disabled', 'refresh_az': False, 'backup_id': None, 'multiattach': False, 'availability_zones': ['nova']}' {{(pid=110067) _task_receiver /usr/local/lib/python3.8/dist-packages/taskflow/listeners/logging.py:178}}
Apr 11 06:30:50.848902 dv-cinder-836996-3-smb devstack@c-api.service[110067]: DEBUG cinder.volume.api [None req-50d9b787-a38a-4c8e-a688-d1ddba90052a tempest-VolumesDeleteCascade-255314091 tempest-VolumesDeleteCascade-255314091-project] Task 'cinder.volume.flows.api.create_volume.QuotaReserveTask;volume:create' (49ea6db5-a854-4d6d-a120-33d921be4483) transitioned into state 'RUNNING' from state 'PENDING' {{(pid=110067) _task_receiver /usr/local/lib/python3.8/dist-packages/taskflow/listeners/logging.py:190}}
Apr 11 06:30:50.900637 dv-cinder-836996-3-smb devstack@c-api.service[110067]: DEBUG cinder.quota [None req-50d9b787-a38a-4c8e-a688-d1ddba90052a tempest-VolumesDeleteCascade-255314091 tempest-VolumesDeleteCascade-255314091-project] Created reservations ['37dc6ad1-e25b-4e89-b764-56e0e50a5d4e', '55687d8b-8e46-42b2-a825-8f7aeec50ee2', '5061d9a6-4cd7-4b3d-9430-92765d4848d7', '3f45b6ef-fd0f-4f64-a106-5930e386b485'] {{(pid=110067) reserve /opt/stack/cinder/cinder/quota.py:755}}
Apr 11 06:30:50.903753 dv-cinder-836996-3-smb devstack@c-api.service[110067]: DEBUG cinder.volume.api [None req-50d9b787-a38a-4c8e-a688-d1ddba90052a tempest-VolumesDeleteCascade-255314091 tempest-VolumesDeleteCascade-255314091-project] Task 'cinder.volume.flows.api.create_volume.QuotaReserveTask;volume:create' (49ea6db5-a854-4d6d-a120-33d921be4483) transitioned into state 'SUCCESS' from state 'RUNNING' with result '{'reservations': ['37dc6ad1-e25b-4e89-b764-56e0e50a5d4e', '55687d8b-8e46-42b2-a825-8f7aeec50ee2', '5061d9a6-4cd7-4b3d-9430-92765d4848d7', '3f45b6ef-fd0f-4f64-a106-5930e386b485']}' {{(pid=110067) _task_receiver /usr/local/lib/python3.8/dist-packages/taskflow/listeners/logging.py:178}}
Apr 11 06:30:50.905845 dv-cinder-836996-3-smb devstack@c-api.service[110067]: DEBUG cinder.volume.api [None req-50d9b787-a38a-4c8e-a688-d1ddba90052a tempest-VolumesDeleteCascade-255314091 tempest-VolumesDeleteCascade-255314091-project] Task 'cinder.volume.flows.api.create_volume.EntryCreateTask;volume:create' (285c50e8-2926-4aa3-b3bd-b84438eaa74c) transitioned into state 'RUNNING' from state 'PENDING' {{(pid=110067) _task_receiver /usr/local/lib/python3.8/dist-packages/taskflow/listeners/logging.py:190}}
Apr 11 06:30:50.933568 dv-cinder-836996-3-smb devstack@c-api.service[110067]: DEBUG cinder.volume.api [None req-50d9b787-a38a-4c8e-a688-d1ddba90052a tempest-VolumesDeleteCascade-255314091 tempest-VolumesDeleteCascade-255314091-project] Task 'cinder.volume.flows.api.create_volume.EntryCreateTask;volume:create' (285c50e8-2926-4aa3-b3bd-b84438eaa74c) transitioned into state 'SUCCESS' from state 'RUNNING' with result '{'volume_id': '5291ce89-e9f7-4c67-a456-84b07c591b4f', 'volume_properties': VolumeProperties(attach_status='detached',availability_zone='nova',cgsnapshot_id=None,consistencygroup_id=None,display_description=None,display_name='tempest-VolumesDeleteCascade-Volume-1084545798',encryption_key_id=None,group_id=None,group_type_id=,metadata={},multiattach=False,project_id='d7469a9ac87c4edda6794e0510eb7d8d',qos_specs=None,replication_status=,reservations=['37dc6ad1-e25b-4e89-b764-56e0e50a5d4e','55687d8b-8e46-42b2-a825-8f7aeec50ee2','5061d9a6-4cd7-4b3d-9430-92765d4848d7','3f45b6ef-fd0f-4f64-a106-5930e386b485'],size=1,snapshot_id=None,source_replicaid=,source_volid=None,status='creating',user_id='b7bb7de65d7f47a1863ca2fdd23a4836',volume_type_id=53c1e587-8f91-4350-a60c-79e4250b0780), 'volume': Volume(_name_id=None,admin_metadata=,attach_status='detached',availability_zone='nova',bootable=False,cluster=,cluster_name=None,consistencygroup=,consistencygroup_id=None,created_at=2022-04-11T06:30:50Z,deleted=False,deleted_at=None,display_description=None,display_name='tempest-VolumesDeleteCascade-Volume-1084545798',ec2_id=None,encryption_key_id=None,glance_metadata=,group=,group_id=None,host=None,id=5291ce89-e9f7-4c67-a456-84b07c591b4f,launched_at=None,metadata={},migration_status=None,multiattach=False,previous_status=None,project_id='d7469a9ac87c4edda6794e0510eb7d8d',provider_auth=None,provider_geometry=None,provider_id=None,provider_location=None,replication_driver_data=None,replication_extended_status=None,replication_status=None,scheduled_at=None,service_uuid=None,shared_targets=True,size=1,snapshot_id=None,snapshots=,source_volid=None,status='creating',terminated_at=None,updated_at=None,use_quota=True,user_id='b7bb7de65d7f47a1863ca2fdd23a4836',volume_attachment=VolumeAttachmentList,volume_type=VolumeType(53c1e587-8f91-4350-a60c-79e4250b0780),volume_type_id=53c1e587-8f91-4350-a60c-79e4250b0780)}' {{(pid=110067) _task_receiver /usr/local/lib/python3.8/dist-packages/taskflow/listeners/logging.py:178}}
Apr 11 06:30:50.933968 dv-cinder-836996-3-smb devstack@c-api.service[110068]: DEBUG cinder.coordination [req-87c493c1-5bcc-4a55-9f0a-d24b5caef802 req-149c0a54-b409-41da-8cc4-6435b1f6e3d6 tempest-DeleteServersTestJSON-691382746 tempest-DeleteServersTestJSON-691382746-project] Lock "b'cinder-attachment_update-97387eb6-50a2-4365-b7ee-187233e5b9ff-hv-cinder-83699'" released by "attachment_update" :: held 0.229s {{(pid=110068) _synchronized /opt/stack/cinder/cinder/coordination.py:198}}
Apr 11 06:30:50.934512 dv-cinder-836996-3-smb devstack@c-api.service[110068]: INFO cinder.api.openstack.wsgi [req-87c493c1-5bcc-4a55-9f0a-d24b5caef802 req-149c0a54-b409-41da-8cc4-6435b1f6e3d6 tempest-DeleteServersTestJSON-691382746 tempest-DeleteServersTestJSON-691382746-project] http://10.222.0.11/volume/v3/0502465f045c4fca82bd7a3b7bbd86c7/attachments/45487990-ab4e-4d3c-a92d-5c7054a0c4e3 returned with HTTP 200
Apr 11 06:30:50.935670 dv-cinder-836996-3-smb devstack@c-api.service[110068]: [pid: 110068|app: 0|req: 144/296] 10.222.0.26 () {64 vars in 1477 bytes} [Mon Apr 11 06:30:50 2022] PUT /volume/v3/0502465f045c4fca82bd7a3b7bbd86c7/attachments/45487990-ab4e-4d3c-a92d-5c7054a0c4e3 => generated 652 bytes in 262 msecs (HTTP/1.1 200) 7 headers in 286 bytes (1 switches on core 0)
Apr 11 06:30:50.935894 dv-cinder-836996-3-smb devstack@c-api.service[110067]: DEBUG cinder.volume.api [None req-50d9b787-a38a-4c8e-a688-d1ddba90052a tempest-VolumesDeleteCascade-255314091 tempest-VolumesDeleteCascade-255314091-project] Task 'cinder.volume.flows.api.create_volume.QuotaCommitTask;volume:create' (04b891cf-2cd4-4d57-bb94-befa9b8b4290) transitioned into state 'RUNNING' from state 'PENDING' {{(pid=110067) _task_receiver /usr/local/lib/python3.8/dist-packages/taskflow/listeners/logging.py:190}}
Apr 11 06:30:50.937143 dv-cinder-836996-3-smb devstack@c-api.service[110068]: DEBUG cinder.api.middleware.request_id [None req-526efe2f-c904-47ee-9f0e-342fdaa3affc None None] RequestId filter calling following filter/app {{(pid=110068) _context_setter /opt/stack/cinder/cinder/api/middleware/request_id.py:62}}
Apr 11 06:30:50.941963 dv-cinder-836996-3-smb devstack@c-api.service[110068]: INFO cinder.api.openstack.wsgi [None req-526efe2f-c904-47ee-9f0e-342fdaa3affc tempest-AbsoluteLimitsTests-1887682611 tempest-AbsoluteLimitsTests-1887682611-project] GET http://10.222.0.11/volume/v3/39044445990848fdbcdc212bea8b4e1a/volumes/7ea48c80-13cb-48a6-8a39-b1a8ec320cce
Apr 11 06:30:50.941963 dv-cinder-836996-3-smb devstack@c-api.service[110068]: DEBUG cinder.api.openstack.wsgi [None req-526efe2f-c904-47ee-9f0e-342fdaa3affc tempest-AbsoluteLimitsTests-1887682611 tempest-AbsoluteLimitsTests-1887682611-project] Empty body provided in request {{(pid=110068) get_body /opt/stack/cinder/cinder/api/openstack/wsgi.py:715}}
Apr 11 06:30:50.942299 dv-cinder-836996-3-smb devstack@c-api.service[110068]: DEBUG cinder.api.openstack.wsgi [None req-526efe2f-c904-47ee-9f0e-342fdaa3affc tempest-AbsoluteLimitsTests-1887682611 tempest-AbsoluteLimitsTests-1887682611-project] Calling method 'show' {{(pid=110068) _process_stack /opt/stack/cinder/cinder/api/openstack/wsgi.py:868}}
Apr 11 06:30:50.957044 dv-cinder-836996-3-smb devstack@c-api.service[110068]: /usr/local/lib/python3.8/dist-packages/oslo_context/context.py:100: DeprecationWarning: Policy enforcement is depending on the value of is_admin. This key is deprecated. Please update your policy file to use the standard policy values.
Apr 11 06:30:50.957044 dv-cinder-836996-3-smb devstack@c-api.service[110068]: warnings.warn('Policy enforcement is depending on the value of '
Apr 11 06:30:50.965308 dv-cinder-836996-3-smb devstack@c-api.service[110067]: DEBUG cinder.volume.api [None req-50d9b787-a38a-4c8e-a688-d1ddba90052a tempest-VolumesDeleteCascade-255314091 tempest-VolumesDeleteCascade-255314091-project] Task 'cinder.volume.flows.api.create_volume.QuotaCommitTask;volume:create' (04b891cf-2cd4-4d57-bb94-befa9b8b4290) transitioned into state 'SUCCESS' from state 'RUNNING' with result '{'volume_properties': VolumeProperties(attach_status='detached',availability_zone='nova',cgsnapshot_id=None,consistencygroup_id=None,display_description=None,display_name='tempest-VolumesDeleteCascade-Volume-1084545798',encryption_key_id=None,group_id=None,group_type_id=,metadata={},multiattach=False,project_id='d7469a9ac87c4edda6794e0510eb7d8d',qos_specs=None,replication_status=,reservations=['37dc6ad1-e25b-4e89-b764-56e0e50a5d4e','55687d8b-8e46-42b2-a825-8f7aeec50ee2','5061d9a6-4cd7-4b3d-9430-92765d4848d7','3f45b6ef-fd0f-4f64-a106-5930e386b485'],size=1,snapshot_id=None,source_replicaid=,source_volid=None,status='creating',user_id='b7bb7de65d7f47a1863ca2fdd23a4836',volume_type_id=53c1e587-8f91-4350-a60c-79e4250b0780)}' {{(pid=110067) _task_receiver /usr/local/lib/python3.8/dist-packages/taskflow/listeners/logging.py:178}}
Apr 11 06:30:50.967092 dv-cinder-836996-3-smb devstack@c-api.service[110067]: DEBUG cinder.volume.api [None req-50d9b787-a38a-4c8e-a688-d1ddba90052a tempest-VolumesDeleteCascade-255314091 tempest-VolumesDeleteCascade-255314091-project] Task 'cinder.volume.flows.api.create_volume.VolumeCastTask;volume:create' (1c7f7832-a308-42e7-b3f1-0b40e07940cc) transitioned into state 'RUNNING' from state 'PENDING' {{(pid=110067) _task_receiver /usr/local/lib/python3.8/dist-packages/taskflow/listeners/logging.py:190}}
Apr 11 06:30:50.967314 dv-cinder-836996-3-smb devstack@c-api.service[110068]: INFO cinder.volume.api [None req-526efe2f-c904-47ee-9f0e-342fdaa3affc tempest-AbsoluteLimitsTests-1887682611 tempest-AbsoluteLimitsTests-1887682611-project] Volume info retrieved successfully.
Apr 11 06:30:50.977759 dv-cinder-836996-3-smb devstack@c-api.service[110068]: INFO cinder.api.openstack.wsgi [None req-526efe2f-c904-47ee-9f0e-342fdaa3affc tempest-AbsoluteLimitsTests-1887682611 tempest-AbsoluteLimitsTests-1887682611-project] http://10.222.0.11/volume/v3/39044445990848fdbcdc212bea8b4e1a/volumes/7ea48c80-13cb-48a6-8a39-b1a8ec320cce returned with HTTP 200
