May 23 10:53:17.233398 dv-cinder-836996-25-smb devstack@c-api.service[122229]: DEBUG cinder.api.openstack.wsgi [None req-3bb771e9-4437-42de-b294-aace285b2f64 tempest-GroupSnapshotsTest-1029219562 tempest-GroupSnapshotsTest-1029219562-project] Calling method 'version_select' {{(pid=122229) _process_stack /opt/stack/cinder/cinder/api/openstack/wsgi.py:868}}
May 23 10:53:17.235246 dv-cinder-836996-25-smb devstack@c-api.service[122229]: DEBUG cinder.api.v3.group_snapshots [None req-3bb771e9-4437-42de-b294-aace285b2f64 tempest-GroupSnapshotsTest-1029219562 tempest-GroupSnapshotsTest-1029219562-project] show called for member b41116bc-a0f1-4d6e-86d7-c78bd5ae84f8 {{(pid=122229) show /opt/stack/cinder/cinder/api/v3/group_snapshots.py:58}}
May 23 10:53:17.254857 dv-cinder-836996-25-smb devstack@c-api.service[122229]: /usr/local/lib/python3.8/dist-packages/oslo_context/context.py:100: DeprecationWarning: Policy enforcement is depending on the value of is_admin. This key is deprecated. Please update your policy file to use the standard policy values.
May 23 10:53:17.254857 dv-cinder-836996-25-smb devstack@c-api.service[122229]: warnings.warn('Policy enforcement is depending on the value of '
May 23 10:53:17.266053 dv-cinder-836996-25-smb devstack@c-api.service[122230]: INFO cinder.api.openstack.wsgi [None req-7fb82743-579f-4ecd-b0e0-f4ee1c7675b7 tempest-VolumeQuotasAdminTestJSON-634174671 tempest-VolumeQuotasAdminTestJSON-634174671-project-admin] GET http://10.222.0.25/volume/v3/00a5daaef08b429ab8672d01c1f9ff5d/os-quota-sets/eb46edfddf7449c7962905a1c8df4492?usage=True
May 23 10:53:17.266705 dv-cinder-836996-25-smb devstack@c-api.service[122230]: DEBUG cinder.api.openstack.wsgi [None req-7fb82743-579f-4ecd-b0e0-f4ee1c7675b7 tempest-VolumeQuotasAdminTestJSON-634174671 tempest-VolumeQuotasAdminTestJSON-634174671-project-admin] Empty body provided in request {{(pid=122230) get_body /opt/stack/cinder/cinder/api/openstack/wsgi.py:715}}
May 23 10:53:17.273876 dv-cinder-836996-25-smb devstack@c-api.service[122230]: DEBUG cinder.api.openstack.wsgi [None req-7fb82743-579f-4ecd-b0e0-f4ee1c7675b7 tempest-VolumeQuotasAdminTestJSON-634174671 tempest-VolumeQuotasAdminTestJSON-634174671-project-admin] Calling method 'show' {{(pid=122230) _process_stack /opt/stack/cinder/cinder/api/openstack/wsgi.py:868}}
May 23 10:53:17.273876 dv-cinder-836996-25-smb devstack@c-api.service[122230]: /usr/local/lib/python3.8/dist-packages/oslo_context/context.py:100: DeprecationWarning: Policy enforcement is depending on the value of is_admin. This key is deprecated. Please update your policy file to use the standard policy values.
May 23 10:53:17.273876 dv-cinder-836996-25-smb devstack@c-api.service[122230]: warnings.warn('Policy enforcement is depending on the value of '
May 23 10:53:17.281953 dv-cinder-836996-25-smb devstack@c-api.service[122229]: INFO cinder.api.openstack.wsgi [None req-3bb771e9-4437-42de-b294-aace285b2f64 tempest-GroupSnapshotsTest-1029219562 tempest-GroupSnapshotsTest-1029219562-project] http://10.222.0.25/volume/v3/b9e2983bba0f4d97b1d4098b865da537/group_snapshots/b41116bc-a0f1-4d6e-86d7-c78bd5ae84f8 returned with HTTP 200
May 23 10:53:17.296944 dv-cinder-836996-25-smb devstack@c-api.service[122229]: [pid: 122229|app: 0|req: 84/163] 10.222.0.25 () {60 vars in 1389 bytes} [Mon May 23 10:53:17 2022] GET /volume/v3/b9e2983bba0f4d97b1d4098b865da537/group_snapshots/b41116bc-a0f1-4d6e-86d7-c78bd5ae84f8 => generated 325 bytes in 89 msecs (HTTP/1.1 200) 7 headers in 286 bytes (1 switches on core 0)
May 23 10:53:17.300950 dv-cinder-836996-25-smb devstack@c-api.service[122229]: DEBUG cinder.api.middleware.request_id [None req-7621440d-1620-41db-ac5d-aeeb4acfef70 None None] RequestId filter calling following filter/app {{(pid=122229) _context_setter /opt/stack/cinder/cinder/api/middleware/request_id.py:62}}
May 23 10:53:17.315302 dv-cinder-836996-25-smb devstack@c-api.service[122229]: INFO cinder.api.openstack.wsgi [None req-7621440d-1620-41db-ac5d-aeeb4acfef70 tempest-QosSpecsTestJSON-1913549030 tempest-QosSpecsTestJSON-1913549030-project-admin] GET http://10.222.0.25/volume/v3/2bbd777973c045ce9e8b549bc328c454/qos-specs/45d21263-fae6-4dea-bfbf-174208d6e1bc/associations
May 23 10:53:17.315795 dv-cinder-836996-25-smb devstack@c-api.service[122229]: DEBUG cinder.api.openstack.wsgi [None req-7621440d-1620-41db-ac5d-aeeb4acfef70 tempest-QosSpecsTestJSON-1913549030 tempest-QosSpecsTestJSON-1913549030-project-admin] Empty body provided in request {{(pid=122229) get_body /opt/stack/cinder/cinder/api/openstack/wsgi.py:715}}
May 23 10:53:17.318388 dv-cinder-836996-25-smb devstack@c-api.service[122229]: DEBUG cinder.api.openstack.wsgi [None req-7621440d-1620-41db-ac5d-aeeb4acfef70 tempest-QosSpecsTestJSON-1913549030 tempest-QosSpecsTestJSON-1913549030-project-admin] Calling method 'associations' {{(pid=122229) _process_stack /opt/stack/cinder/cinder/api/openstack/wsgi.py:868}}
May 23 10:53:17.319815 dv-cinder-836996-25-smb devstack@c-api.service[122229]: DEBUG cinder.api.contrib.qos_specs_manage [None req-7621440d-1620-41db-ac5d-aeeb4acfef70 tempest-QosSpecsTestJSON-1913549030 tempest-QosSpecsTestJSON-1913549030-project-admin] Get associations for qos_spec id: 45d21263-fae6-4dea-bfbf-174208d6e1bc {{(pid=122229) associations /opt/stack/cinder/cinder/api/contrib/qos_specs_manage.py:233}}
May 23 10:53:17.336488 dv-cinder-836996-25-smb devstack@c-api.service[122230]: WARNING cinder.quota [None req-7fb82743-579f-4ecd-b0e0-f4ee1c7675b7 tempest-VolumeQuotasAdminTestJSON-634174671 tempest-VolumeQuotasAdminTestJSON-634174671-project-admin] Deprecated: Default quota for resource: volumes_tempest-QosSpecsTestJSON-volume-type-372391791 is set by the default quota flag: quota_volumes_tempest-QosSpecsTestJSON-volume-type-372391791, it is now deprecated. Please use the default quota class for default quota.
May 23 10:53:17.337349 dv-cinder-836996-25-smb devstack@c-api.service[122230]: WARNING cinder.quota [None req-7fb82743-579f-4ecd-b0e0-f4ee1c7675b7 tempest-VolumeQuotasAdminTestJSON-634174671 tempest-VolumeQuotasAdminTestJSON-634174671-project-admin] Deprecated: Default quota for resource: gigabytes_tempest-QosSpecsTestJSON-volume-type-372391791 is set by the default quota flag: quota_gigabytes_tempest-QosSpecsTestJSON-volume-type-372391791, it is now deprecated. Please use the default quota class for default quota.
May 23 10:53:17.338177 dv-cinder-836996-25-smb devstack@c-api.service[122230]: WARNING cinder.quota [None req-7fb82743-579f-4ecd-b0e0-f4ee1c7675b7 tempest-VolumeQuotasAdminTestJSON-634174671 tempest-VolumeQuotasAdminTestJSON-634174671-project-admin] Deprecated: Default quota for resource: snapshots_tempest-QosSpecsTestJSON-volume-type-372391791 is set by the default quota flag: quota_snapshots_tempest-QosSpecsTestJSON-volume-type-372391791, it is now deprecated. Please use the default quota class for default quota.
May 23 10:53:17.339808 dv-cinder-836996-25-smb devstack@c-api.service[122230]: WARNING cinder.quota [None req-7fb82743-579f-4ecd-b0e0-f4ee1c7675b7 tempest-VolumeQuotasAdminTestJSON-634174671 tempest-VolumeQuotasAdminTestJSON-634174671-project-admin] Deprecated: Default quota for resource: volumes_tempest-QosSpecsTestJSON-volume-type-1907748359 is set by the default quota flag: quota_volumes_tempest-QosSpecsTestJSON-volume-type-1907748359, it is now deprecated. Please use the default quota class for default quota.
May 23 10:53:17.340618 dv-cinder-836996-25-smb devstack@c-api.service[122230]: WARNING cinder.quota [None req-7fb82743-579f-4ecd-b0e0-f4ee1c7675b7 tempest-VolumeQuotasAdminTestJSON-634174671 tempest-VolumeQuotasAdminTestJSON-634174671-project-admin] Deprecated: Default quota for resource: gigabytes_tempest-QosSpecsTestJSON-volume-type-1907748359 is set by the default quota flag: quota_gigabytes_tempest-QosSpecsTestJSON-volume-type-1907748359, it is now deprecated. Please use the default quota class for default quota.
May 23 10:53:17.346064 dv-cinder-836996-25-smb devstack@c-api.service[122230]: WARNING cinder.quota [None req-7fb82743-579f-4ecd-b0e0-f4ee1c7675b7 tempest-VolumeQuotasAdminTestJSON-634174671 tempest-VolumeQuotasAdminTestJSON-634174671-project-admin] Deprecated: Default quota for resource: snapshots_tempest-QosSpecsTestJSON-volume-type-1907748359 is set by the default quota flag: quota_snapshots_tempest-QosSpecsTestJSON-volume-type-1907748359, it is now deprecated. Please use the default quota class for default quota.
May 23 10:53:17.351735 dv-cinder-836996-25-smb devstack@c-api.service[122229]: INFO cinder.api.openstack.wsgi [None req-7621440d-1620-41db-ac5d-aeeb4acfef70 tempest-QosSpecsTestJSON-1913549030 tempest-QosSpecsTestJSON-1913549030-project-admin] http://10.222.0.25/volume/v3/2bbd777973c045ce9e8b549bc328c454/qos-specs/45d21263-fae6-4dea-bfbf-174208d6e1bc/associations returned with HTTP 200
May 23 10:53:17.352400 dv-cinder-836996-25-smb devstack@c-api.service[122229]: [pid: 122229|app: 0|req: 85/164] 10.222.0.25 () {58 vars in 1369 bytes} [Mon May 23 10:53:17 2022] GET /volume/v3/2bbd777973c045ce9e8b549bc328c454/qos-specs/45d21263-fae6-4dea-bfbf-174208d6e1bc/associations => generated 24 bytes in 55 msecs (HTTP/1.1 200) 7 headers in 284 bytes (1 switches on core 0)
May 23 10:53:17.357103 dv-cinder-836996-25-smb devstack@c-api.service[122229]: DEBUG cinder.api.middleware.request_id [None req-ab0ad13a-68a0-4b6b-91f6-b854f9b93f94 None None] RequestId filter calling following filter/app {{(pid=122229) _context_setter /opt/stack/cinder/cinder/api/middleware/request_id.py:62}}
May 23 10:53:17.370222 dv-cinder-836996-25-smb devstack@c-api.service[122229]: INFO cinder.api.openstack.wsgi [None req-ab0ad13a-68a0-4b6b-91f6-b854f9b93f94 tempest-SnapshotsActionsTest-2035075904 tempest-SnapshotsActionsTest-2035075904-project] GET http://10.222.0.25/volume/v3/b4b8c921bf3b4fbca9d533ccc38d3b02/snapshots/93c808a6-ec15-4bd1-b98e-79a07a5f70a1
May 23 10:53:17.371231 dv-cinder-836996-25-smb devstack@c-api.service[122229]: DEBUG cinder.api.openstack.wsgi [None req-ab0ad13a-68a0-4b6b-91f6-b854f9b93f94 tempest-SnapshotsActionsTest-2035075904 tempest-SnapshotsActionsTest-2035075904-project] Empty body provided in request {{(pid=122229) get_body /opt/stack/cinder/cinder/api/openstack/wsgi.py:715}}
May 23 10:53:17.372298 dv-cinder-836996-25-smb devstack@c-api.service[122229]: DEBUG cinder.api.openstack.wsgi [None req-ab0ad13a-68a0-4b6b-91f6-b854f9b93f94 tempest-SnapshotsActionsTest-2035075904 tempest-SnapshotsActionsTest-2035075904-project] Calling method 'show' {{(pid=122229) _process_stack /opt/stack/cinder/cinder/api/openstack/wsgi.py:868}}
May 23 10:53:17.395261 dv-cinder-836996-25-smb devstack@c-api.service[122229]: /usr/local/lib/python3.8/dist-packages/oslo_context/context.py:100: DeprecationWarning: Policy enforcement is depending on the value of is_admin. This key is deprecated. Please update your policy file to use the standard policy values.
May 23 10:53:17.395261 dv-cinder-836996-25-smb devstack@c-api.service[122229]: warnings.warn('Policy enforcement is depending on the value of '
May 23 10:53:17.404557 dv-cinder-836996-25-smb devstack@c-api.service[122229]: INFO cinder.volume.api [None req-ab0ad13a-68a0-4b6b-91f6-b854f9b93f94 tempest-SnapshotsActionsTest-2035075904 tempest-SnapshotsActionsTest-2035075904-project] Snapshot retrieved successfully.
May 23 10:53:17.410590 dv-cinder-836996-25-smb devstack@c-api.service[122229]: INFO cinder.api.openstack.wsgi [None req-ab0ad13a-68a0-4b6b-91f6-b854f9b93f94 tempest-SnapshotsActionsTest-2035075904 tempest-SnapshotsActionsTest-2035075904-project] http://10.222.0.25/volume/v3/b4b8c921bf3b4fbca9d533ccc38d3b02/snapshots/93c808a6-ec15-4bd1-b98e-79a07a5f70a1 returned with HTTP 200
May 23 10:53:17.412991 dv-cinder-836996-25-smb devstack@c-api.service[122229]: [pid: 122229|app: 0|req: 86/165] 10.222.0.25 () {58 vars in 1330 bytes} [Mon May 23 10:53:17 2022] GET /volume/v3/b4b8c921bf3b4fbca9d533ccc38d3b02/snapshots/93c808a6-ec15-4bd1-b98e-79a07a5f70a1 => generated 439 bytes in 60 msecs (HTTP/1.1 200) 7 headers in 285 bytes (1 switches on core 0)
May 23 10:53:17.417944 dv-cinder-836996-25-smb devstack@c-api.service[122230]: INFO cinder.api.openstack.wsgi [None req-7fb82743-579f-4ecd-b0e0-f4ee1c7675b7 tempest-VolumeQuotasAdminTestJSON-634174671 tempest-VolumeQuotasAdminTestJSON-634174671-project-admin] http://10.222.0.25/volume/v3/00a5daaef08b429ab8672d01c1f9ff5d/os-quota-sets/eb46edfddf7449c7962905a1c8df4492?usage=True returned with HTTP 200
May 23 10:53:17.418773 dv-cinder-836996-25-smb devstack@c-api.service[122230]: [pid: 122230|app: 0|req: 80/166] 10.222.0.25 () {58 vars in 1351 bytes} [Mon May 23 10:53:17 2022] GET /volume/v3/00a5daaef08b429ab8672d01c1f9ff5d/os-quota-sets/eb46edfddf7449c7962905a1c8df4492?usage=True => generated 2424 bytes in 206 msecs (HTTP/1.1 200) 7 headers in 286 bytes (1 switches on core 0)
May 23 10:53:17.422457 dv-cinder-836996-25-smb devstack@c-api.service[122229]: DEBUG cinder.api.middleware.request_id [None req-2b94e1eb-780c-4494-92aa-bf5a8d3649d6 None None] RequestId filter calling following filter/app {{(pid=122229) _context_setter /opt/stack/cinder/cinder/api/middleware/request_id.py:62}}
May 23 10:53:17.440039 dv-cinder-836996-25-smb devstack@c-api.service[122229]: INFO cinder.api.openstack.wsgi [None req-2b94e1eb-780c-4494-92aa-bf5a8d3649d6 tempest-QosSpecsTestJSON-1913549030 tempest-QosSpecsTestJSON-1913549030-project-admin] POST http://10.222.0.25/volume/v3/2bbd777973c045ce9e8b549bc328c454/qos-specs
May 23 10:53:17.444280 dv-cinder-836996-25-smb devstack@c-api.service[122230]: DEBUG cinder.api.middleware.request_id [None req-8f3d129d-54b2-44b0-bda9-231c711f94f0 None None] RequestId filter calling following filter/app {{(pid=122230) _context_setter /opt/stack/cinder/cinder/api/middleware/request_id.py:62}}
May 23 10:53:17.444678 dv-cinder-836996-25-smb devstack@c-api.service[122229]: DEBUG cinder.api.openstack.wsgi [None req-2b94e1eb-780c-4494-92aa-bf5a8d3649d6 tempest-QosSpecsTestJSON-1913549030 tempest-QosSpecsTestJSON-1913549030-project-admin] Action: 'create', calling method: create, body: {"qos_specs": {"name": "tempest-QosSpecsTestJSON-qos-1709295117", "consumer": "back-end"}} {{(pid=122229) _process_stack /opt/stack/cinder/cinder/api/openstack/wsgi.py:866}}
May 23 10:53:17.447878 dv-cinder-836996-25-smb devstack@c-api.service[122229]: DEBUG cinder.volume.qos_specs [None req-2b94e1eb-780c-4494-92aa-bf5a8d3649d6 tempest-QosSpecsTestJSON-1913549030 tempest-QosSpecsTestJSON-1913549030-project-admin] Dict for qos_specs: {'name': 'tempest-QosSpecsTestJSON-qos-1709295117', 'consumer': 'back-end', 'specs': {}} {{(pid=122229) create /opt/stack/cinder/cinder/volume/qos_specs.py:64}}
May 23 10:53:17.464891 dv-cinder-836996-25-smb devstack@c-api.service[122230]: INFO cinder.api.openstack.wsgi [None req-8f3d129d-54b2-44b0-bda9-231c711f94f0 tempest-VolumeQuotasAdminTestJSON-634174671 tempest-VolumeQuotasAdminTestJSON-634174671-project-admin] GET http://10.222.0.25/volume/v3/00a5daaef08b429ab8672d01c1f9ff5d/os-quota-sets/c9c0996c399848acb9f0b51482f9a151?usage=True
May 23 10:53:17.465258 dv-cinder-836996-25-smb devstack@c-api.service[122230]: DEBUG cinder.api.openstack.wsgi [None req-8f3d129d-54b2-44b0-bda9-231c711f94f0 tempest-VolumeQuotasAdminTestJSON-634174671 tempest-VolumeQuotasAdminTestJSON-634174671-project-admin] Empty body provided in request {{(pid=122230) get_body /opt/stack/cinder/cinder/api/openstack/wsgi.py:715}}
May 23 10:53:17.468863 dv-cinder-836996-25-smb devstack@c-api.service[122229]: DEBUG cinder.db.sqlalchemy.api [None req-2b94e1eb-780c-4494-92aa-bf5a8d3649d6 tempest-QosSpecsTestJSON-1913549030 tempest-QosSpecsTestJSON-1913549030-project-admin] DB qos_specs_create(): root {'id': '4144d1d7-cc7c-4aec-aa0d-9bc21b6def02', 'key': 'QoS_Specs_Name', 'value': 'tempest-QosSpecsTestJSON-qos-1709295117'} {{(pid=122229) qos_specs_create /opt/stack/cinder/cinder/db/sqlalchemy/api.py:5255}}
May 23 10:53:17.479801 dv-cinder-836996-25-smb devstack@c-api.service[122230]: DEBUG cinder.api.openstack.wsgi [None req-8f3d129d-54b2-44b0-bda9-231c711f94f0 tempest-VolumeQuotasAdminTestJSON-634174671 tempest-VolumeQuotasAdminTestJSON-634174671-project-admin] Calling method 'show' {{(pid=122230) _process_stack /opt/stack/cinder/cinder/api/openstack/wsgi.py:868}}
May 23 10:53:17.487756 dv-cinder-836996-25-smb devstack@c-api.service[122229]: INFO cinder.api.openstack.wsgi [None req-2b94e1eb-780c-4494-92aa-bf5a8d3649d6 tempest-QosSpecsTestJSON-1913549030 tempest-QosSpecsTestJSON-1913549030-project-admin] http://10.222.0.25/volume/v3/2bbd777973c045ce9e8b549bc328c454/qos-specs returned with HTTP 200
May 23 10:53:17.489592 dv-cinder-836996-25-smb devstack@c-api.service[122229]: [pid: 122229|app: 0|req: 87/167] 10.222.0.25 () {60 vars in 1240 bytes} [Mon May 23 10:53:17 2022] POST /volume/v3/2bbd777973c045ce9e8b549bc328c454/qos-specs => generated 435 bytes in 76 msecs (HTTP/1.1 200) 7 headers in 285 bytes (1 switches on core 0)
May 23 10:53:17.496576 dv-cinder-836996-25-smb devstack@c-api.service[122229]: DEBUG cinder.api.middleware.request_id [None req-8c4f41cc-a44b-4d20-ae97-545842a0a9e3 None None] RequestId filter calling following filter/app {{(pid=122229) _context_setter /opt/stack/cinder/cinder/api/middleware/request_id.py:62}}
May 23 10:53:17.504462 dv-cinder-836996-25-smb devstack@c-api.service[122229]: INFO cinder.api.openstack.wsgi [None req-8c4f41cc-a44b-4d20-ae97-545842a0a9e3 tempest-QosSpecsTestJSON-1913549030 tempest-QosSpecsTestJSON-1913549030-project-admin] DELETE http://10.222.0.25/volume/v3/2bbd777973c045ce9e8b549bc328c454/qos-specs/4144d1d7-cc7c-4aec-aa0d-9bc21b6def02?force=False
May 23 10:53:17.506139 dv-cinder-836996-25-smb devstack@c-api.service[122229]: DEBUG cinder.api.openstack.wsgi [None req-8c4f41cc-a44b-4d20-ae97-545842a0a9e3 tempest-QosSpecsTestJSON-1913549030 tempest-QosSpecsTestJSON-1913549030-project-admin] Empty body provided in request {{(pid=122229) get_body /opt/stack/cinder/cinder/api/openstack/wsgi.py:715}}
May 23 10:53:17.507103 dv-cinder-836996-25-smb devstack@c-api.service[122229]: DEBUG cinder.api.openstack.wsgi [None req-8c4f41cc-a44b-4d20-ae97-545842a0a9e3 tempest-QosSpecsTestJSON-1913549030 tempest-QosSpecsTestJSON-1913549030-project-admin] Calling method 'delete' {{(pid=122229) _process_stack /opt/stack/cinder/cinder/api/openstack/wsgi.py:868}}
May 23 10:53:17.510546 dv-cinder-836996-25-smb devstack@c-api.service[122229]: /usr/local/lib/python3.8/dist-packages/oslo_context/context.py:100: DeprecationWarning: Policy enforcement is depending on the value of is_admin. This key is deprecated. Please update your policy file to use the standard policy values.
May 23 10:53:17.510546 dv-cinder-836996-25-smb devstack@c-api.service[122229]: warnings.warn('Policy enforcement is depending on the value of '
May 23 10:53:17.511836 dv-cinder-836996-25-smb devstack@c-api.service[122229]: DEBUG cinder.api.contrib.qos_specs_manage [None req-8c4f41cc-a44b-4d20-ae97-545842a0a9e3 tempest-QosSpecsTestJSON-1913549030 tempest-QosSpecsTestJSON-1913549030-project-admin] Delete qos_spec: 4144d1d7-cc7c-4aec-aa0d-9bc21b6def02, force: False {{(pid=122229) delete /opt/stack/cinder/cinder/api/contrib/qos_specs_manage.py:168}}
May 23 10:53:17.534446 dv-cinder-836996-25-smb devstack@c-api.service[122230]: DEBUG dbcounter [-] [122230] Writing DB stats cinder:UPDATE=36,cinder:SELECT=59,cinder:INSERT=5 {{(pid=122230) stat_writer /usr/local/lib/python3.8/dist-packages/dbcounter.py:114}}
May 23 10:53:17.589146 dv-cinder-836996-25-smb devstack@c-api.service[122229]: INFO cinder.api.openstack.wsgi [None req-8c4f41cc-a44b-4d20-ae97-545842a0a9e3 tempest-QosSpecsTestJSON-1913549030 tempest-QosSpecsTestJSON-1913549030-project-admin] http://10.222.0.25/volume/v3/2bbd777973c045ce9e8b549bc328c454/qos-specs/4144d1d7-cc7c-4aec-aa0d-9bc21b6def02?force=False returned with HTTP 202
May 23 10:53:17.592098 dv-cinder-836996-25-smb devstack@c-api.service[122229]: [pid: 122229|app: 0|req: 88/168] 10.222.0.25 () {58 vars in 1356 bytes} [Mon May 23 10:53:17 2022] DELETE /volume/v3/2bbd777973c045ce9e8b549bc328c454/qos-specs/4144d1d7-cc7c-4aec-aa0d-9bc21b6def02?force=False => generated 0 bytes in 96 msecs (HTTP/1.1 202) 6 headers in 233 bytes (2 switches on core 0)
May 23 10:53:17.596104 dv-cinder-836996-25-smb devstack@c-api.service[122229]: DEBUG cinder.api.middleware.request_id [None req-03425470-cdb4-40a6-a051-d04bd625ff06 None None] RequestId filter calling following filter/app {{(pid=122229) _context_setter /opt/stack/cinder/cinder/api/middleware/request_id.py:62}}
May 23 10:53:17.611043 dv-cinder-836996-25-smb devstack@c-api.service[122229]: INFO cinder.api.openstack.wsgi [None req-03425470-cdb4-40a6-a051-d04bd625ff06 tempest-QosSpecsTestJSON-1913549030 tempest-QosSpecsTestJSON-1913549030-project-admin] GET http://10.222.0.25/volume/v3/2bbd777973c045ce9e8b549bc328c454/qos-specs/4144d1d7-cc7c-4aec-aa0d-9bc21b6def02
May 23 10:53:17.611299 dv-cinder-836996-25-smb devstack@c-api.service[122229]: DEBUG cinder.api.openstack.wsgi [None req-03425470-cdb4-40a6-a051-d04bd625ff06 tempest-QosSpecsTestJSON-1913549030 tempest-QosSpecsTestJSON-1913549030-project-admin] Empty body provided in request {{(pid=122229) get_body /opt/stack/cinder/cinder/api/openstack/wsgi.py:715}}
May 23 10:53:17.612198 dv-cinder-836996-25-smb devstack@c-api.service[122229]: DEBUG cinder.api.openstack.wsgi [None req-03425470-cdb4-40a6-a051-d04bd625ff06 tempest-QosSpecsTestJSON-1913549030 tempest-QosSpecsTestJSON-1913549030-project-admin] Calling method 'show' {{(pid=122229) _process_stack /opt/stack/cinder/cinder/api/openstack/wsgi.py:868}}
May 23 10:53:17.614346 dv-cinder-836996-25-smb devstack@c-api.service[122229]: /usr/local/lib/python3.8/dist-packages/oslo_context/context.py:100: DeprecationWarning: Policy enforcement is depending on the value of is_admin. This key is deprecated. Please update your policy file to use the standard policy values.
May 23 10:53:17.614346 dv-cinder-836996-25-smb devstack@c-api.service[122229]: warnings.warn('Policy enforcement is depending on the value of '
May 23 10:53:17.621690 dv-cinder-836996-25-smb devstack@c-api.service[122229]: INFO cinder.api.openstack.wsgi [None req-03425470-cdb4-40a6-a051-d04bd625ff06 tempest-QosSpecsTestJSON-1913549030 tempest-QosSpecsTestJSON-1913549030-project-admin] http://10.222.0.25/volume/v3/2bbd777973c045ce9e8b549bc328c454/qos-specs/4144d1d7-cc7c-4aec-aa0d-9bc21b6def02 returned with HTTP 404
May 23 10:53:17.623334 dv-cinder-836996-25-smb devstack@c-api.service[122229]: [pid: 122229|app: 0|req: 89/169] 10.222.0.25 () {58 vars in 1330 bytes} [Mon May 23 10:53:17 2022] GET /volume/v3/2bbd777973c045ce9e8b549bc328c454/qos-specs/4144d1d7-cc7c-4aec-aa0d-9bc21b6def02 => generated 100 bytes in 28 msecs (HTTP/1.1 404) 7 headers in 292 bytes (1 switches on core 0)
May 23 10:53:17.633185 dv-cinder-836996-25-smb devstack@c-api.service[122229]: DEBUG cinder.api.middleware.request_id [None req-f912f5cc-5644-403d-9010-6ae2c877803d None None] RequestId filter calling following filter/app {{(pid=122229) _context_setter /opt/stack/cinder/cinder/api/middleware/request_id.py:62}}
May 23 10:53:17.639125 dv-cinder-836996-25-smb devstack@c-api.service[122229]: INFO cinder.api.openstack.wsgi [None req-f912f5cc-5644-403d-9010-6ae2c877803d tempest-QosSpecsTestJSON-1913549030 tempest-QosSpecsTestJSON-1913549030-project-admin] GET http://10.222.0.25/volume/v3/2bbd777973c045ce9e8b549bc328c454/qos-specs
May 23 10:53:17.639967 dv-cinder-836996-25-smb devstack@c-api.service[122229]: DEBUG cinder.api.openstack.wsgi [None req-f912f5cc-5644-403d-9010-6ae2c877803d tempest-QosSpecsTestJSON-1913549030 tempest-QosSpecsTestJSON-1913549030-project-admin] Empty body provided in request {{(pid=122229) get_body /opt/stack/cinder/cinder/api/openstack/wsgi.py:715}}
May 23 10:53:17.640638 dv-cinder-836996-25-smb devstack@c-api.service[122229]: DEBUG cinder.api.openstack.wsgi [None req-f912f5cc-5644-403d-9010-6ae2c877803d tempest-QosSpecsTestJSON-1913549030 tempest-QosSpecsTestJSON-1913549030-project-admin] Calling method 'index' {{(pid=122229) _process_stack /opt/stack/cinder/cinder/api/openstack/wsgi.py:868}}
May 23 10:53:17.659204 dv-cinder-836996-25-smb devstack@c-api.service[122229]: INFO cinder.api.openstack.wsgi [None req-f912f5cc-5644-403d-9010-6ae2c877803d tempest-QosSpecsTestJSON-1913549030 tempest-QosSpecsTestJSON-1913549030-project-admin] http://10.222.0.25/volume/v3/2bbd777973c045ce9e8b549bc328c454/qos-specs returned with HTTP 200
May 23 10:53:17.667749 dv-cinder-836996-25-smb devstack@c-api.service[122229]: [pid: 122229|app: 0|req: 90/170] 10.222.0.25 () {58 vars in 1219 bytes} [Mon May 23 10:53:17 2022] GET /volume/v3/2bbd777973c045ce9e8b549bc328c454/qos-specs => generated 174 bytes in 35 msecs (HTTP/1.1 200) 7 headers in 285 bytes (1 switches on core 0)
May 23 10:53:17.669885 dv-cinder-836996-25-smb devstack@c-api.service[122229]: DEBUG cinder.api.middleware.request_id [None req-55a0fd5f-b306-4a21-850e-eb1ca590ce86 None None] RequestId filter calling following filter/app {{(pid=122229) _context_setter /opt/stack/cinder/cinder/api/middleware/request_id.py:62}}
May 23 10:53:17.676095 dv-cinder-836996-25-smb devstack@c-api.service[122229]: INFO cinder.api.openstack.wsgi [None req-55a0fd5f-b306-4a21-850e-eb1ca590ce86 tempest-QosSpecsTestJSON-1913549030 tempest-QosSpecsTestJSON-1913549030-project-admin] POST http://10.222.0.25/volume/v3/2bbd777973c045ce9e8b549bc328c454/qos-specs
May 23 10:53:17.677392 dv-cinder-836996-25-smb devstack@c-api.service[122229]: DEBUG cinder.api.openstack.wsgi [None req-55a0fd5f-b306-4a21-850e-eb1ca590ce86 tempest-QosSpecsTestJSON-1913549030 tempest-QosSpecsTestJSON-1913549030-project-admin] Action: 'create', calling method: create, body: {"qos_specs": {"name": "tempest-QosSpecsTestJSON-qos-1372696397", "consumer": "both"}} {{(pid=122229) _process_stack /opt/stack/cinder/cinder/api/openstack/wsgi.py:866}}
May 23 10:53:17.678830 dv-cinder-836996-25-smb devstack@c-api.service[122229]: /usr/local/lib/python3.8/dist-packages/oslo_context/context.py:100: DeprecationWarning: Policy enforcement is depending on the value of is_admin. This key is deprecated. Please update your policy file to use the standard policy values.
May 23 10:53:17.678830 dv-cinder-836996-25-smb devstack@c-api.service[122229]: warnings.warn('Policy enforcement is depending on the value of '
May 23 10:53:17.679846 dv-cinder-836996-25-smb devstack@c-api.service[122229]: DEBUG cinder.volume.qos_specs [None req-55a0fd5f-b306-4a21-850e-eb1ca590ce86 tempest-QosSpecsTestJSON-1913549030 tempest-QosSpecsTestJSON-1913549030-project-admin] Dict for qos_specs: {'name': 'tempest-QosSpecsTestJSON-qos-1372696397', 'consumer': 'both', 'specs': {}} {{(pid=122229) create /opt/stack/cinder/cinder/volume/qos_specs.py:64}}
May 23 10:53:17.688870 dv-cinder-836996-25-smb devstack@c-api.service[122229]: DEBUG cinder.db.sqlalchemy.api [None req-55a0fd5f-b306-4a21-850e-eb1ca590ce86 tempest-QosSpecsTestJSON-1913549030 tempest-QosSpecsTestJSON-1913549030-project-admin] DB qos_specs_create(): root {'id': '5250514c-3e51-448f-84af-1c4148730ed7', 'key': 'QoS_Specs_Name', 'value': 'tempest-QosSpecsTestJSON-qos-1372696397'} {{(pid=122229) qos_specs_create /opt/stack/cinder/cinder/db/sqlalchemy/api.py:5255}}
May 23 10:53:17.699652 dv-cinder-836996-25-smb devstack@c-api.service[122230]: INFO cinder.api.openstack.wsgi [None req-8f3d129d-54b2-44b0-bda9-231c711f94f0 tempest-VolumeQuotasAdminTestJSON-634174671 tempest-VolumeQuotasAdminTestJSON-634174671-project-admin] http://10.222.0.25/volume/v3/00a5daaef08b429ab8672d01c1f9ff5d/os-quota-sets/c9c0996c399848acb9f0b51482f9a151?usage=True returned with HTTP 200
May 23 10:53:17.710668 dv-cinder-836996-25-smb devstack@c-api.service[122230]: [pid: 122230|app: 0|req: 81/171] 10.222.0.25 () {58 vars in 1351 bytes} [Mon May 23 10:53:17 2022] GET /volume/v3/00a5daaef08b429ab8672d01c1f9ff5d/os-quota-sets/c9c0996c399848acb9f0b51482f9a151?usage=True => generated 2424 bytes in 266 msecs (HTTP/1.1 200) 7 headers in 286 bytes (1 switches on core 0)
May 23 10:53:17.714401 dv-cinder-836996-25-smb devstack@c-api.service[122230]: DEBUG cinder.api.middleware.request_id [None req-da344489-f739-4a1d-9d44-cfa0af71ecb5 None None] RequestId filter calling following filter/app {{(pid=122230) _context_setter /opt/stack/cinder/cinder/api/middleware/request_id.py:62}}
May 23 10:53:17.715345 dv-cinder-836996-25-smb devstack@c-api.service[122229]: INFO cinder.api.openstack.wsgi [None req-55a0fd5f-b306-4a21-850e-eb1ca590ce86 tempest-QosSpecsTestJSON-1913549030 tempest-QosSpecsTestJSON-1913549030-project-admin] http://10.222.0.25/volume/v3/2bbd777973c045ce9e8b549bc328c454/qos-specs returned with HTTP 200
May 23 10:53:17.722681 dv-cinder-836996-25-smb devstack@c-api.service[122229]: [pid: 122229|app: 0|req: 91/172] 10.222.0.25 () {60 vars in 1240 bytes} [Mon May 23 10:53:17 2022] POST /volume/v3/2bbd777973c045ce9e8b549bc328c454/qos-specs => generated 431 bytes in 54 msecs (HTTP/1.1 200) 7 headers in 285 bytes (1 switches on core 0)
May 23 10:53:17.728737 dv-cinder-836996-25-smb devstack@c-api.service[122229]: DEBUG cinder.api.middleware.request_id [None req-226ed19f-cb61-4070-9923-be24fd352b6c None None] RequestId filter calling following filter/app {{(pid=122229) _context_setter /opt/stack/cinder/cinder/api/middleware/request_id.py:62}}
May 23 10:53:17.730053 dv-cinder-836996-25-smb devstack@c-api.service[122230]: INFO cinder.api.openstack.wsgi [None req-da344489-f739-4a1d-9d44-cfa0af71ecb5 tempest-VolumeQuotasAdminTestJSON-634174671 tempest-VolumeQuotasAdminTestJSON-634174671-project-admin] DELETE http://10.222.0.25/volume/v3/00a5daaef08b429ab8672d01c1f9ff5d/volumes/8b1e1ad1-ab6c-442c-b9bd-addd53015c4d
May 23 10:53:17.730641 dv-cinder-836996-25-smb devstack@c-api.service[122230]: DEBUG cinder.api.openstack.wsgi [None req-da344489-f739-4a1d-9d44-cfa0af71ecb5 tempest-VolumeQuotasAdminTestJSON-634174671 tempest-VolumeQuotasAdminTestJSON-634174671-project-admin] Empty body provided in request {{(pid=122230) get_body /opt/stack/cinder/cinder/api/openstack/wsgi.py:715}}
May 23 10:53:17.737115 dv-cinder-836996-25-smb devstack@c-api.service[122229]: INFO cinder.api.openstack.wsgi [None req-226ed19f-cb61-4070-9923-be24fd352b6c tempest-QosSpecsTestJSON-1913549030 tempest-QosSpecsTestJSON-1913549030-project-admin] DELETE http://10.222.0.25/volume/v3/2bbd777973c045ce9e8b549bc328c454/qos-specs/5250514c-3e51-448f-84af-1c4148730ed7?force=False
May 23 10:53:17.737993 dv-cinder-836996-25-smb devstack@c-api.service[122229]: DEBUG cinder.api.openstack.wsgi [None req-226ed19f-cb61-4070-9923-be24fd352b6c tempest-QosSpecsTestJSON-1913549030 tempest-QosSpecsTestJSON-1913549030-project-admin] Empty body provided in request {{(pid=122229) get_body /opt/stack/cinder/cinder/api/openstack/wsgi.py:715}}
May 23 10:53:17.738654 dv-cinder-836996-25-smb devstack@c-api.service[122229]: DEBUG cinder.api.openstack.wsgi [None req-226ed19f-cb61-4070-9923-be24fd352b6c tempest-QosSpecsTestJSON-1913549030 tempest-QosSpecsTestJSON-1913549030-project-admin] Calling method 'delete' {{(pid=122229) _process_stack /opt/stack/cinder/cinder/api/openstack/wsgi.py:868}}
May 23 10:53:17.739614 dv-cinder-836996-25-smb devstack@c-api.service[122229]: /usr/local/lib/python3.8/dist-packages/oslo_context/context.py:100: DeprecationWarning: Policy enforcement is depending on the value of is_admin. This key is deprecated. Please update your policy file to use the standard policy values.
May 23 10:53:17.739614 dv-cinder-836996-25-smb devstack@c-api.service[122229]: warnings.warn('Policy enforcement is depending on the value of '
May 23 10:53:17.740644 dv-cinder-836996-25-smb devstack@c-api.service[122229]: DEBUG cinder.api.contrib.qos_specs_manage [None req-226ed19f-cb61-4070-9923-be24fd352b6c tempest-QosSpecsTestJSON-1913549030 tempest-QosSpecsTestJSON-1913549030-project-admin] Delete qos_spec: 5250514c-3e51-448f-84af-1c4148730ed7, force: False {{(pid=122229) delete /opt/stack/cinder/cinder/api/contrib/qos_specs_manage.py:168}}
May 23 10:53:17.741968 dv-cinder-836996-25-smb devstack@c-api.service[122230]: DEBUG cinder.api.openstack.wsgi [None req-da344489-f739-4a1d-9d44-cfa0af71ecb5 tempest-VolumeQuotasAdminTestJSON-634174671 tempest-VolumeQuotasAdminTestJSON-634174671-project-admin] Calling method 'delete' {{(pid=122230) _process_stack /opt/stack/cinder/cinder/api/openstack/wsgi.py:868}}
May 23 10:53:17.742471 dv-cinder-836996-25-smb devstack@c-api.service[122230]: INFO cinder.api.v3.volumes [None req-da344489-f739-4a1d-9d44-cfa0af71ecb5 tempest-VolumeQuotasAdminTestJSON-634174671 tempest-VolumeQuotasAdminTestJSON-634174671-project-admin] Delete volume with id: 8b1e1ad1-ab6c-442c-b9bd-addd53015c4d
May 23 10:53:17.784981 dv-cinder-836996-25-smb devstack@c-api.service[122230]: /usr/local/lib/python3.8/dist-packages/oslo_context/context.py:100: DeprecationWarning: Policy enforcement is depending on the value of is_admin. This key is deprecated. Please update your policy file to use the standard policy values.
May 23 10:53:17.784981 dv-cinder-836996-25-smb devstack@c-api.service[122230]: warnings.warn('Policy enforcement is depending on the value of '
May 23 10:53:17.784981 dv-cinder-836996-25-smb devstack@c-api.service[122230]: INFO cinder.volume.api [None req-da344489-f739-4a1d-9d44-cfa0af71ecb5 tempest-VolumeQuotasAdminTestJSON-634174671 tempest-VolumeQuotasAdminTestJSON-634174671-project-admin] Volume info retrieved successfully.
May 23 10:53:17.795673 dv-cinder-836996-25-smb devstack@c-api.service[122229]: INFO cinder.api.openstack.wsgi [None req-226ed19f-cb61-4070-9923-be24fd352b6c tempest-QosSpecsTestJSON-1913549030 tempest-QosSpecsTestJSON-1913549030-project-admin] http://10.222.0.25/volume/v3/2bbd777973c045ce9e8b549bc328c454/qos-specs/5250514c-3e51-448f-84af-1c4148730ed7?force=False returned with HTTP 202
May 23 10:53:17.800714 dv-cinder-836996-25-smb devstack@c-api.service[122229]: [pid: 122229|app: 0|req: 92/173] 10.222.0.25 () {58 vars in 1356 bytes} [Mon May 23 10:53:17 2022] DELETE /volume/v3/2bbd777973c045ce9e8b549bc328c454/qos-specs/5250514c-3e51-448f-84af-1c4148730ed7?force=False => generated 0 bytes in 74 msecs (HTTP/1.1 202) 6 headers in 233 bytes (1 switches on core 0)
May 23 10:53:17.802773 dv-cinder-836996-25-smb devstack@c-api.service[122229]: DEBUG cinder.api.middleware.request_id [None req-707a8d2b-3e68-49a0-9ceb-2b96c3eff4c1 None None] RequestId filter calling following filter/app {{(pid=122229) _context_setter /opt/stack/cinder/cinder/api/middleware/request_id.py:62}}
May 23 10:53:17.809393 dv-cinder-836996-25-smb devstack@c-api.service[122229]: INFO cinder.api.openstack.wsgi [None req-707a8d2b-3e68-49a0-9ceb-2b96c3eff4c1 tempest-QosSpecsTestJSON-1913549030 tempest-QosSpecsTestJSON-1913549030-project-admin] GET http://10.222.0.25/volume/v3/2bbd777973c045ce9e8b549bc328c454/qos-specs/5250514c-3e51-448f-84af-1c4148730ed7
May 23 10:53:17.810964 dv-cinder-836996-25-smb devstack@c-api.service[122229]: DEBUG cinder.api.openstack.wsgi [None req-707a8d2b-3e68-49a0-9ceb-2b96c3eff4c1 tempest-QosSpecsTestJSON-1913549030 tempest-QosSpecsTestJSON-1913549030-project-admin] Empty body provided in request {{(pid=122229) get_body /opt/stack/cinder/cinder/api/openstack/wsgi.py:715}}
May 23 10:53:17.811627 dv-cinder-836996-25-smb devstack@c-api.service[122229]: DEBUG cinder.api.openstack.wsgi [None req-707a8d2b-3e68-49a0-9ceb-2b96c3eff4c1 tempest-QosSpecsTestJSON-1913549030 tempest-QosSpecsTestJSON-1913549030-project-admin] Calling method 'show' {{(pid=122229) _process_stack /opt/stack/cinder/cinder/api/openstack/wsgi.py:868}}
May 23 10:53:17.812556 dv-cinder-836996-25-smb devstack@c-api.service[122229]: /usr/local/lib/python3.8/dist-packages/oslo_context/context.py:100: DeprecationWarning: Policy enforcement is depending on the value of is_admin. This key is deprecated. Please update your policy file to use the standard policy values.
May 23 10:53:17.812556 dv-cinder-836996-25-smb devstack@c-api.service[122229]: warnings.warn('Policy enforcement is depending on the value of '
May 23 10:53:17.818932 dv-cinder-836996-25-smb devstack@c-api.service[122229]: INFO cinder.api.openstack.wsgi [None req-707a8d2b-3e68-49a0-9ceb-2b96c3eff4c1 tempest-QosSpecsTestJSON-1913549030 tempest-QosSpecsTestJSON-1913549030-project-admin] http://10.222.0.25/volume/v3/2bbd777973c045ce9e8b549bc328c454/qos-specs/5250514c-3e51-448f-84af-1c4148730ed7 returned with HTTP 404
May 23 10:53:17.823081 dv-cinder-836996-25-smb devstack@c-api.service[122229]: [pid: 122229|app: 0|req: 93/174] 10.222.0.25 () {58 vars in 1330 bytes} [Mon May 23 10:53:17 2022] GET /volume/v3/2bbd777973c045ce9e8b549bc328c454/qos-specs/5250514c-3e51-448f-84af-1c4148730ed7 => generated 100 bytes in 22 msecs (HTTP/1.1 404) 7 headers in 292 bytes (1 switches on core 0)
May 23 10:53:17.829346 dv-cinder-836996-25-smb devstack@c-api.service[122229]: DEBUG cinder.api.middleware.request_id [None req-f51f7490-1a8b-4c06-92f8-30ab59a07904 None None] RequestId filter calling following filter/app {{(pid=122229) _context_setter /opt/stack/cinder/cinder/api/middleware/request_id.py:62}}
May 23 10:53:17.835858 dv-cinder-836996-25-smb devstack@c-api.service[122229]: INFO cinder.api.openstack.wsgi [None req-f51f7490-1a8b-4c06-92f8-30ab59a07904 tempest-QosSpecsTestJSON-1913549030 tempest-QosSpecsTestJSON-1913549030-project-admin] GET http://10.222.0.25/volume/v3/2bbd777973c045ce9e8b549bc328c454/qos-specs
May 23 10:53:17.837172 dv-cinder-836996-25-smb devstack@c-api.service[122229]: DEBUG cinder.api.openstack.wsgi [None req-f51f7490-1a8b-4c06-92f8-30ab59a07904 tempest-QosSpecsTestJSON-1913549030 tempest-QosSpecsTestJSON-1913549030-project-admin] Empty body provided in request {{(pid=122229) get_body /opt/stack/cinder/cinder/api/openstack/wsgi.py:715}}
May 23 10:53:17.837942 dv-cinder-836996-25-smb devstack@c-api.service[122229]: DEBUG cinder.api.openstack.wsgi [None req-f51f7490-1a8b-4c06-92f8-30ab59a07904 tempest-QosSpecsTestJSON-1913549030 tempest-QosSpecsTestJSON-1913549030-project-admin] Calling method 'index' {{(pid=122229) _process_stack /opt/stack/cinder/cinder/api/openstack/wsgi.py:868}}
May 23 10:53:17.850645 dv-cinder-836996-25-smb devstack@c-api.service[122230]: INFO cinder.volume.api [None req-da344489-f739-4a1d-9d44-cfa0af71ecb5 tempest-VolumeQuotasAdminTestJSON-634174671 tempest-VolumeQuotasAdminTestJSON-634174671-project-admin] Delete volume request issued successfully.
May 23 10:53:17.851050 dv-cinder-836996-25-smb devstack@c-api.service[122230]: INFO cinder.api.openstack.wsgi [None req-da344489-f739-4a1d-9d44-cfa0af71ecb5 tempest-VolumeQuotasAdminTestJSON-634174671 tempest-VolumeQuotasAdminTestJSON-634174671-project-admin] http://10.222.0.25/volume/v3/00a5daaef08b429ab8672d01c1f9ff5d/volumes/8b1e1ad1-ab6c-442c-b9bd-addd53015c4d returned with HTTP 202
May 23 10:53:17.855617 dv-cinder-836996-25-smb devstack@c-api.service[122230]: [pid: 122230|app: 0|req: 82/175] 10.222.0.25 () {58 vars in 1327 bytes} [Mon May 23 10:53:17 2022] DELETE /volume/v3/00a5daaef08b429ab8672d01c1f9ff5d/volumes/8b1e1ad1-ab6c-442c-b9bd-addd53015c4d => generated 0 bytes in 144 msecs (HTTP/1.1 202) 6 headers in 233 bytes (2 switches on core 0)
May 23 10:53:17.857678 dv-cinder-836996-25-smb devstack@c-api.service[122229]: INFO cinder.api.openstack.wsgi [None req-f51f7490-1a8b-4c06-92f8-30ab59a07904 tempest-QosSpecsTestJSON-1913549030 tempest-QosSpecsTestJSON-1913549030-project-admin] http://10.222.0.25/volume/v3/2bbd777973c045ce9e8b549bc328c454/qos-specs returned with HTTP 200
May 23 10:53:17.861795 dv-cinder-836996-25-smb devstack@c-api.service[122230]: DEBUG cinder.api.middleware.request_id [None req-3898207a-0121-4833-b1f7-e26a10949249 None None] RequestId filter calling following filter/app {{(pid=122230) _context_setter /opt/stack/cinder/cinder/api/middleware/request_id.py:62}}
May 23 10:53:17.865838 dv-cinder-836996-25-smb devstack@c-api.service[122230]: INFO cinder.api.openstack.wsgi [None req-3898207a-0121-4833-b1f7-e26a10949249 tempest-VolumeQuotasAdminTestJSON-634174671 tempest-VolumeQuotasAdminTestJSON-634174671-project-admin] GET http://10.222.0.25/volume/v3/00a5daaef08b429ab8672d01c1f9ff5d/volumes/8b1e1ad1-ab6c-442c-b9bd-addd53015c4d
May 23 10:53:17.868017 dv-cinder-836996-25-smb devstack@c-api.service[122230]: DEBUG cinder.api.openstack.wsgi [None req-3898207a-0121-4833-b1f7-e26a10949249 tempest-VolumeQuotasAdminTestJSON-634174671 tempest-VolumeQuotasAdminTestJSON-634174671-project-admin] Empty body provided in request {{(pid=122230) get_body /opt/stack/cinder/cinder/api/openstack/wsgi.py:715}}
May 23 10:53:17.870308 dv-cinder-836996-25-smb devstack@c-api.service[122230]: DEBUG cinder.api.openstack.wsgi [None req-3898207a-0121-4833-b1f7-e26a10949249 tempest-VolumeQuotasAdminTestJSON-634174671 tempest-VolumeQuotasAdminTestJSON-634174671-project-admin] Calling method 'show' {{(pid=122230) _process_stack /opt/stack/cinder/cinder/api/openstack/wsgi.py:868}}
May 23 10:53:17.875659 dv-cinder-836996-25-smb devstack@c-api.service[122229]: [pid: 122229|app: 0|req: 94/176] 10.222.0.25 () {58 vars in 1219 bytes} [Mon May 23 10:53:17 2022] GET /volume/v3/2bbd777973c045ce9e8b549bc328c454/qos-specs => generated 174 bytes in 48 msecs (HTTP/1.1 200) 7 headers in 285 bytes (1 switches on core 0)
May 23 10:53:17.877490 dv-cinder-836996-25-smb devstack@c-api.service[122229]: DEBUG cinder.api.middleware.request_id [None req-1ab5ef1f-2275-4528-b6df-33305fa29f7c None None] RequestId filter calling following filter/app {{(pid=122229) _context_setter /opt/stack/cinder/cinder/api/middleware/request_id.py:62}}
May 23 10:53:17.884222 dv-cinder-836996-25-smb devstack@c-api.service[122229]: INFO cinder.api.openstack.wsgi [None req-1ab5ef1f-2275-4528-b6df-33305fa29f7c tempest-QosSpecsTestJSON-1913549030 tempest-QosSpecsTestJSON-1913549030-project-admin] POST http://10.222.0.25/volume/v3/2bbd777973c045ce9e8b549bc328c454/qos-specs
May 23 10:53:17.885017 dv-cinder-836996-25-smb devstack@c-api.service[122229]: DEBUG cinder.api.openstack.wsgi [None req-1ab5ef1f-2275-4528-b6df-33305fa29f7c tempest-QosSpecsTestJSON-1913549030 tempest-QosSpecsTestJSON-1913549030-project-admin] Action: 'create', calling method: create, body: {"qos_specs": {"name": "tempest-QosSpecsTestJSON-qos-1816273265", "consumer": "front-end"}} {{(pid=122229) _process_stack /opt/stack/cinder/cinder/api/openstack/wsgi.py:866}}
May 23 10:53:17.886491 dv-cinder-836996-25-smb devstack@c-api.service[122229]: /usr/local/lib/python3.8/dist-packages/oslo_context/context.py:100: DeprecationWarning: Policy enforcement is depending on the value of is_admin. This key is deprecated. Please update your policy file to use the standard policy values.
May 23 10:53:17.886491 dv-cinder-836996-25-smb devstack@c-api.service[122229]: warnings.warn('Policy enforcement is depending on the value of '
May 23 10:53:17.887369 dv-cinder-836996-25-smb devstack@c-api.service[122229]: DEBUG cinder.volume.qos_specs [None req-1ab5ef1f-2275-4528-b6df-33305fa29f7c tempest-QosSpecsTestJSON-1913549030 tempest-QosSpecsTestJSON-1913549030-project-admin] Dict for qos_specs: {'name': 'tempest-QosSpecsTestJSON-qos-1816273265', 'consumer': 'front-end', 'specs': {}} {{(pid=122229) create /opt/stack/cinder/cinder/volume/qos_specs.py:64}}
May 23 10:53:17.895525 dv-cinder-836996-25-smb devstack@c-api.service[122229]: DEBUG cinder.db.sqlalchemy.api [None req-1ab5ef1f-2275-4528-b6df-33305fa29f7c tempest-QosSpecsTestJSON-1913549030 tempest-QosSpecsTestJSON-1913549030-project-admin] DB qos_specs_create(): root {'id': 'd0a9ff53-fe2f-490a-b8fd-e11b9a419c8b', 'key': 'QoS_Specs_Name', 'value': 'tempest-QosSpecsTestJSON-qos-1816273265'} {{(pid=122229) qos_specs_create /opt/stack/cinder/cinder/db/sqlalchemy/api.py:5255}}
May 23 10:53:17.923680 dv-cinder-836996-25-smb devstack@c-api.service[122230]: /usr/local/lib/python3.8/dist-packages/oslo_context/context.py:100: DeprecationWarning: Policy enforcement is depending on the value of is_admin. This key is deprecated. Please update your policy file to use the standard policy values.
May 23 10:53:17.923680 dv-cinder-836996-25-smb devstack@c-api.service[122230]: warnings.warn('Policy enforcement is depending on the value of '
May 23 10:53:17.927228 dv-cinder-836996-25-smb devstack@c-api.service[122229]: INFO cinder.api.openstack.wsgi [None req-1ab5ef1f-2275-4528-b6df-33305fa29f7c tempest-QosSpecsTestJSON-1913549030 tempest-QosSpecsTestJSON-1913549030-project-admin] http://10.222.0.25/volume/v3/2bbd777973c045ce9e8b549bc328c454/qos-specs returned with HTTP 200
May 23 10:53:17.933416 dv-cinder-836996-25-smb devstack@c-api.service[122229]: [pid: 122229|app: 0|req: 95/177] 10.222.0.25 () {60 vars in 1240 bytes} [Mon May 23 10:53:17 2022] POST /volume/v3/2bbd777973c045ce9e8b549bc328c454/qos-specs => generated 436 bytes in 53 msecs (HTTP/1.1 200) 7 headers in 285 bytes (1 switches on core 0)
May 23 10:53:17.935471 dv-cinder-836996-25-smb devstack@c-api.service[122229]: DEBUG cinder.api.middleware.request_id [None req-8ff61719-4a6a-4d89-9df9-c4e85d62bec2 None None] RequestId filter calling following filter/app {{(pid=122229) _context_setter /opt/stack/cinder/cinder/api/middleware/request_id.py:62}}
May 23 10:53:17.942665 dv-cinder-836996-25-smb devstack@c-api.service[122229]: INFO cinder.api.openstack.wsgi [None req-8ff61719-4a6a-4d89-9df9-c4e85d62bec2 tempest-QosSpecsTestJSON-1913549030 tempest-QosSpecsTestJSON-1913549030-project-admin] DELETE http://10.222.0.25/volume/v3/2bbd777973c045ce9e8b549bc328c454/qos-specs/d0a9ff53-fe2f-490a-b8fd-e11b9a419c8b?force=False
May 23 10:53:17.943387 dv-cinder-836996-25-smb devstack@c-api.service[122229]: DEBUG cinder.api.openstack.wsgi [None req-8ff61719-4a6a-4d89-9df9-c4e85d62bec2 tempest-QosSpecsTestJSON-1913549030 tempest-QosSpecsTestJSON-1913549030-project-admin] Empty body provided in request {{(pid=122229) get_body /opt/stack/cinder/cinder/api/openstack/wsgi.py:715}}
May 23 10:53:17.945694 dv-cinder-836996-25-smb devstack@c-api.service[122229]: DEBUG cinder.api.openstack.wsgi [None req-8ff61719-4a6a-4d89-9df9-c4e85d62bec2 tempest-QosSpecsTestJSON-1913549030 tempest-QosSpecsTestJSON-1913549030-project-admin] Calling method 'delete' {{(pid=122229) _process_stack /opt/stack/cinder/cinder/api/openstack/wsgi.py:868}}
May 23 10:53:17.946491 dv-cinder-836996-25-smb devstack@c-api.service[122229]: /usr/local/lib/python3.8/dist-packages/oslo_context/context.py:100: DeprecationWarning: Policy enforcement is depending on the value of is_admin. This key is deprecated. Please update your policy file to use the standard policy values.
May 23 10:53:17.946491 dv-cinder-836996-25-smb devstack@c-api.service[122229]: warnings.warn('Policy enforcement is depending on the value of '
May 23 10:53:17.947631 dv-cinder-836996-25-smb devstack@c-api.service[122229]: DEBUG cinder.api.contrib.qos_specs_manage [None req-8ff61719-4a6a-4d89-9df9-c4e85d62bec2 tempest-QosSpecsTestJSON-1913549030 tempest-QosSpecsTestJSON-1913549030-project-admin] Delete qos_spec: d0a9ff53-fe2f-490a-b8fd-e11b9a419c8b, force: False {{(pid=122229) delete /opt/stack/cinder/cinder/api/contrib/qos_specs_manage.py:168}}
May 23 10:53:17.950040 dv-cinder-836996-25-smb devstack@c-api.service[122230]: INFO cinder.volume.api [None req-3898207a-0121-4833-b1f7-e26a10949249 tempest-VolumeQuotasAdminTestJSON-634174671 tempest-VolumeQuotasAdminTestJSON-634174671-project-admin] Volume info retrieved successfully.
May 23 10:53:17.979407 dv-cinder-836996-25-smb devstack@c-api.service[122230]: INFO cinder.api.openstack.wsgi [None req-3898207a-0121-4833-b1f7-e26a10949249 tempest-VolumeQuotasAdminTestJSON-634174671 tempest-VolumeQuotasAdminTestJSON-634174671-project-admin] http://10.222.0.25/volume/v3/00a5daaef08b429ab8672d01c1f9ff5d/volumes/8b1e1ad1-ab6c-442c-b9bd-addd53015c4d returned with HTTP 200
May 23 10:53:17.992182 dv-cinder-836996-25-smb devstack@c-api.service[122230]: [pid: 122230|app: 0|req: 83/178] 10.222.0.25 () {58 vars in 1324 bytes} [Mon May 23 10:53:17 2022] GET /volume/v3/00a5daaef08b429ab8672d01c1f9ff5d/volumes/8b1e1ad1-ab6c-442c-b9bd-addd53015c4d => generated 1083 bytes in 135 msecs (HTTP/1.1 200) 7 headers in 286 bytes (1 switches on core 0)
May 23 10:53:18.003641 dv-cinder-836996-25-smb devstack@c-api.service[122229]: INFO cinder.api.openstack.wsgi [None req-8ff61719-4a6a-4d89-9df9-c4e85d62bec2 tempest-QosSpecsTestJSON-1913549030 tempest-QosSpecsTestJSON-1913549030-project-admin] http://10.222.0.25/volume/v3/2bbd777973c045ce9e8b549bc328c454/qos-specs/d0a9ff53-fe2f-490a-b8fd-e11b9a419c8b?force=False returned with HTTP 202
May 23 10:53:18.007734 dv-cinder-836996-25-smb devstack@c-api.service[122229]: [pid: 122229|app: 0|req: 96/179] 10.222.0.25 () {58 vars in 1356 bytes} [Mon May 23 10:53:17 2022] DELETE /volume/v3/2bbd777973c045ce9e8b549bc328c454/qos-specs/d0a9ff53-fe2f-490a-b8fd-e11b9a419c8b?force=False => generated 0 bytes in 71 msecs (HTTP/1.1 202) 6 headers in 233 bytes (1 switches on core 0)
May 23 10:53:18.010130 dv-cinder-836996-25-smb devstack@c-api.service[122230]: DEBUG cinder.api.middleware.request_id [None req-2923c2f3-1061-4fc8-9532-dd981898a54a None None] RequestId filter calling following filter/app {{(pid=122230) _context_setter /opt/stack/cinder/cinder/api/middleware/request_id.py:62}}
May 23 10:53:18.021997 dv-cinder-836996-25-smb devstack@c-api.service[122230]: INFO cinder.api.openstack.wsgi [None req-2923c2f3-1061-4fc8-9532-dd981898a54a tempest-QosSpecsTestJSON-1913549030 tempest-QosSpecsTestJSON-1913549030-project-admin] GET http://10.222.0.25/volume/v3/2bbd777973c045ce9e8b549bc328c454/qos-specs/d0a9ff53-fe2f-490a-b8fd-e11b9a419c8b
