May 23 10:53:05.311282 dv-cinder-836996-25-smb devstack@c-api.service[122230]: DEBUG cinder.api.openstack.wsgi [None req-a74a1082-60a5-4689-90a9-7f6307b0d029 tempest-GroupSnapshotsTest-390156233 tempest-GroupSnapshotsTest-390156233-project-admin] Action: 'create', calling method: _create, body: {"volume_type": {"name": "tempest-GroupSnapshotsTest-volume-type-441340315"}} {{(pid=122230) _process_stack /opt/stack/cinder/cinder/api/openstack/wsgi.py:866}}
May 23 10:53:05.390990 dv-cinder-836996-25-smb devstack@c-api.service[122229]: WARNING cinder.quota [None req-9245bc07-9d20-46b9-a5b7-42e42c37d3ea tempest-VolumeQuotasAdminTestJSON-634174671 tempest-VolumeQuotasAdminTestJSON-634174671-project-admin] Deprecated: Default quota for resource: volumes_tempest-GroupSnapshotsTest-volume-type-441340315 is set by the default quota flag: quota_volumes_tempest-GroupSnapshotsTest-volume-type-441340315, it is now deprecated. Please use the default quota class for default quota.
May 23 10:53:05.394330 dv-cinder-836996-25-smb devstack@c-api.service[122229]: WARNING cinder.quota [None req-9245bc07-9d20-46b9-a5b7-42e42c37d3ea tempest-VolumeQuotasAdminTestJSON-634174671 tempest-VolumeQuotasAdminTestJSON-634174671-project-admin] Deprecated: Default quota for resource: gigabytes_tempest-GroupSnapshotsTest-volume-type-441340315 is set by the default quota flag: quota_gigabytes_tempest-GroupSnapshotsTest-volume-type-441340315, it is now deprecated. Please use the default quota class for default quota.
May 23 10:53:05.397125 dv-cinder-836996-25-smb devstack@c-api.service[122229]: WARNING cinder.quota [None req-9245bc07-9d20-46b9-a5b7-42e42c37d3ea tempest-VolumeQuotasAdminTestJSON-634174671 tempest-VolumeQuotasAdminTestJSON-634174671-project-admin] Deprecated: Default quota for resource: snapshots_tempest-GroupSnapshotsTest-volume-type-441340315 is set by the default quota flag: quota_snapshots_tempest-GroupSnapshotsTest-volume-type-441340315, it is now deprecated. Please use the default quota class for default quota.
May 23 10:53:05.412653 dv-cinder-836996-25-smb devstack@c-api.service[122230]: INFO cinder.api.openstack.wsgi [None req-a74a1082-60a5-4689-90a9-7f6307b0d029 tempest-GroupSnapshotsTest-390156233 tempest-GroupSnapshotsTest-390156233-project-admin] http://10.222.0.25/volume/v3/6b817327ad0c490287169d9bcd8d98ca/types returned with HTTP 200
May 23 10:53:05.422644 dv-cinder-836996-25-smb devstack@c-api.service[122230]: [pid: 122230|app: 0|req: 50/87] 10.222.0.25 () {60 vars in 1228 bytes} [Mon May 23 10:53:05 2022] POST /volume/v3/6b817327ad0c490287169d9bcd8d98ca/types => generated 223 bytes in 152 msecs (HTTP/1.1 200) 7 headers in 285 bytes (1 switches on core 0)
May 23 10:53:05.428003 dv-cinder-836996-25-smb devstack@c-api.service[122229]: INFO cinder.api.openstack.wsgi [None req-9245bc07-9d20-46b9-a5b7-42e42c37d3ea tempest-VolumeQuotasAdminTestJSON-634174671 tempest-VolumeQuotasAdminTestJSON-634174671-project-admin] http://10.222.0.25/volume/v3/00a5daaef08b429ab8672d01c1f9ff5d/os-quota-sets/eb46edfddf7449c7962905a1c8df4492 returned with HTTP 200
May 23 10:53:05.429520 dv-cinder-836996-25-smb devstack@c-api.service[122230]: DEBUG cinder.api.middleware.request_id [None req-33d9b0ec-842d-4d56-89f6-d6f5fca603f5 None None] RequestId filter calling following filter/app {{(pid=122230) _context_setter /opt/stack/cinder/cinder/api/middleware/request_id.py:62}}
May 23 10:53:05.438956 dv-cinder-836996-25-smb devstack@c-api.service[122229]: [pid: 122229|app: 0|req: 38/88] 10.222.0.25 () {60 vars in 1350 bytes} [Mon May 23 10:53:05 2022] PUT /volume/v3/00a5daaef08b429ab8672d01c1f9ff5d/os-quota-sets/eb46edfddf7449c7962905a1c8df4492 => generated 714 bytes in 192 msecs (HTTP/1.1 200) 7 headers in 285 bytes (1 switches on core 0)
May 23 10:53:05.441325 dv-cinder-836996-25-smb devstack@c-api.service[122229]: DEBUG cinder.api.middleware.request_id [None req-68d4fa24-9b39-41f9-9147-7943459a33e2 None None] RequestId filter calling following filter/app {{(pid=122229) _context_setter /opt/stack/cinder/cinder/api/middleware/request_id.py:62}}
May 23 10:53:05.444410 dv-cinder-836996-25-smb devstack@c-api.service[122230]: INFO cinder.api.openstack.wsgi [None req-33d9b0ec-842d-4d56-89f6-d6f5fca603f5 tempest-GroupSnapshotsTest-390156233 tempest-GroupSnapshotsTest-390156233-project-admin] POST http://10.222.0.25/volume/v3/6b817327ad0c490287169d9bcd8d98ca/group_types
May 23 10:53:05.451661 dv-cinder-836996-25-smb devstack@c-api.service[122230]: DEBUG cinder.api.openstack.wsgi [None req-33d9b0ec-842d-4d56-89f6-d6f5fca603f5 tempest-GroupSnapshotsTest-390156233 tempest-GroupSnapshotsTest-390156233-project-admin] Action: 'create', calling method: version_select, body: {"group_type": {"name": "tempest-GroupSnapshotsTest-group-type-462275864"}} {{(pid=122230) _process_stack /opt/stack/cinder/cinder/api/openstack/wsgi.py:866}}
May 23 10:53:05.455127 dv-cinder-836996-25-smb devstack@c-api.service[122229]: INFO cinder.api.openstack.wsgi [None req-68d4fa24-9b39-41f9-9147-7943459a33e2 tempest-VolumeQuotasAdminTestJSON-634174671 tempest-VolumeQuotasAdminTestJSON-634174671-project-admin] DELETE http://10.222.0.25/volume/v3/00a5daaef08b429ab8672d01c1f9ff5d/os-quota-sets/eb46edfddf7449c7962905a1c8df4492
May 23 10:53:05.470736 dv-cinder-836996-25-smb devstack@c-api.service[122229]: DEBUG cinder.api.openstack.wsgi [None req-68d4fa24-9b39-41f9-9147-7943459a33e2 tempest-VolumeQuotasAdminTestJSON-634174671 tempest-VolumeQuotasAdminTestJSON-634174671-project-admin] Empty body provided in request {{(pid=122229) get_body /opt/stack/cinder/cinder/api/openstack/wsgi.py:715}}
May 23 10:53:05.472814 dv-cinder-836996-25-smb devstack@c-api.service[122229]: DEBUG cinder.api.openstack.wsgi [None req-68d4fa24-9b39-41f9-9147-7943459a33e2 tempest-VolumeQuotasAdminTestJSON-634174671 tempest-VolumeQuotasAdminTestJSON-634174671-project-admin] Calling method 'delete' {{(pid=122229) _process_stack /opt/stack/cinder/cinder/api/openstack/wsgi.py:868}}
May 23 10:53:05.512241 dv-cinder-836996-25-smb devstack@c-api.service[122229]: INFO cinder.api.openstack.wsgi [None req-68d4fa24-9b39-41f9-9147-7943459a33e2 tempest-VolumeQuotasAdminTestJSON-634174671 tempest-VolumeQuotasAdminTestJSON-634174671-project-admin] http://10.222.0.25/volume/v3/00a5daaef08b429ab8672d01c1f9ff5d/os-quota-sets/eb46edfddf7449c7962905a1c8df4492 returned with HTTP 200
May 23 10:53:05.514420 dv-cinder-836996-25-smb devstack@c-api.service[122229]: [pid: 122229|app: 0|req: 39/89] 10.222.0.25 () {58 vars in 1333 bytes} [Mon May 23 10:53:05 2022] DELETE /volume/v3/00a5daaef08b429ab8672d01c1f9ff5d/os-quota-sets/eb46edfddf7449c7962905a1c8df4492 => generated 0 bytes in 74 msecs (HTTP/1.1 200) 7 headers in 283 bytes (1 switches on core 0)
May 23 10:53:05.523380 dv-cinder-836996-25-smb devstack@c-api.service[122229]: DEBUG cinder.api.middleware.request_id [None req-b53fd574-dd3b-4215-9b41-4464fd3e3398 None None] RequestId filter calling following filter/app {{(pid=122229) _context_setter /opt/stack/cinder/cinder/api/middleware/request_id.py:62}}
May 23 10:53:05.542830 dv-cinder-836996-25-smb devstack@c-api.service[122229]: INFO cinder.api.openstack.wsgi [None req-b53fd574-dd3b-4215-9b41-4464fd3e3398 tempest-VolumeQuotasAdminTestJSON-634174671 tempest-VolumeQuotasAdminTestJSON-634174671-project-admin] GET http://10.222.0.25/volume/v3/00a5daaef08b429ab8672d01c1f9ff5d/os-quota-sets/eb46edfddf7449c7962905a1c8df4492
May 23 10:53:05.545534 dv-cinder-836996-25-smb devstack@c-api.service[122229]: DEBUG cinder.api.openstack.wsgi [None req-b53fd574-dd3b-4215-9b41-4464fd3e3398 tempest-VolumeQuotasAdminTestJSON-634174671 tempest-VolumeQuotasAdminTestJSON-634174671-project-admin] Empty body provided in request {{(pid=122229) get_body /opt/stack/cinder/cinder/api/openstack/wsgi.py:715}}
May 23 10:53:05.547454 dv-cinder-836996-25-smb devstack@c-api.service[122229]: DEBUG cinder.api.openstack.wsgi [None req-b53fd574-dd3b-4215-9b41-4464fd3e3398 tempest-VolumeQuotasAdminTestJSON-634174671 tempest-VolumeQuotasAdminTestJSON-634174671-project-admin] Calling method 'show' {{(pid=122229) _process_stack /opt/stack/cinder/cinder/api/openstack/wsgi.py:868}}
May 23 10:53:05.563850 dv-cinder-836996-25-smb devstack@c-api.service[122230]: INFO cinder.api.openstack.wsgi [None req-33d9b0ec-842d-4d56-89f6-d6f5fca603f5 tempest-GroupSnapshotsTest-390156233 tempest-GroupSnapshotsTest-390156233-project-admin] http://10.222.0.25/volume/v3/6b817327ad0c490287169d9bcd8d98ca/group_types returned with HTTP 202
May 23 10:53:05.569215 dv-cinder-836996-25-smb devstack@c-api.service[122230]: [pid: 122230|app: 0|req: 51/90] 10.222.0.25 () {62 vars in 1287 bytes} [Mon May 23 10:53:05 2022] POST /volume/v3/6b817327ad0c490287169d9bcd8d98ca/group_types => generated 180 bytes in 140 msecs (HTTP/1.1 202) 7 headers in 292 bytes (1 switches on core 0)
May 23 10:53:05.575082 dv-cinder-836996-25-smb devstack@c-api.service[122230]: DEBUG cinder.api.middleware.request_id [None req-a839f10c-0d7c-4c15-a883-0c6c374837e6 None None] RequestId filter calling following filter/app {{(pid=122230) _context_setter /opt/stack/cinder/cinder/api/middleware/request_id.py:62}}
May 23 10:53:05.622828 dv-cinder-836996-25-smb devstack@c-api.service[122230]: INFO cinder.api.openstack.wsgi [None req-a839f10c-0d7c-4c15-a883-0c6c374837e6 tempest-GroupSnapshotsTest-1029219562 tempest-GroupSnapshotsTest-1029219562-project] POST http://10.222.0.25/volume/v3/b9e2983bba0f4d97b1d4098b865da537/groups
May 23 10:53:05.629908 dv-cinder-836996-25-smb devstack@c-api.service[122230]: DEBUG cinder.api.openstack.wsgi [None req-a839f10c-0d7c-4c15-a883-0c6c374837e6 tempest-GroupSnapshotsTest-1029219562 tempest-GroupSnapshotsTest-1029219562-project] Action: 'create', calling method: version_select, body: {"group": {"group_type": "7e56f4dd-f7c9-41ba-b5bb-4a9772036867", "volume_types": ["5b33bee6-a725-42eb-a37a-7dd5374d8032"], "name": "tempest-GroupSnapshotsTest-Group-1969179170"}} {{(pid=122230) _process_stack /opt/stack/cinder/cinder/api/openstack/wsgi.py:866}}
May 23 10:53:05.631129 dv-cinder-836996-25-smb devstack@c-api.service[122229]: INFO cinder.api.openstack.wsgi [None req-b53fd574-dd3b-4215-9b41-4464fd3e3398 tempest-VolumeQuotasAdminTestJSON-634174671 tempest-VolumeQuotasAdminTestJSON-634174671-project-admin] http://10.222.0.25/volume/v3/00a5daaef08b429ab8672d01c1f9ff5d/os-quota-sets/eb46edfddf7449c7962905a1c8df4492 returned with HTTP 200
May 23 10:53:05.632895 dv-cinder-836996-25-smb devstack@c-api.service[122229]: [pid: 122229|app: 0|req: 40/91] 10.222.0.25 () {58 vars in 1330 bytes} [Mon May 23 10:53:05 2022] GET /volume/v3/00a5daaef08b429ab8672d01c1f9ff5d/os-quota-sets/eb46edfddf7449c7962905a1c8df4492 => generated 756 bytes in 114 msecs (HTTP/1.1 200) 7 headers in 285 bytes (1 switches on core 0)
May 23 10:53:05.637863 dv-cinder-836996-25-smb devstack@c-api.service[122230]: DEBUG cinder.api.v3.groups [None req-a839f10c-0d7c-4c15-a883-0c6c374837e6 tempest-GroupSnapshotsTest-1029219562 tempest-GroupSnapshotsTest-1029219562-project] Creating new group {'group': {'group_type': '7e56f4dd-f7c9-41ba-b5bb-4a9772036867', 'volume_types': ['5b33bee6-a725-42eb-a37a-7dd5374d8032'], 'name': 'tempest-GroupSnapshotsTest-Group-1969179170'}} {{(pid=122230) create /opt/stack/cinder/cinder/api/v3/groups.py:190}}
May 23 10:53:05.639572 dv-cinder-836996-25-smb devstack@c-api.service[122229]: DEBUG cinder.api.middleware.request_id [None req-da73b870-ffc4-49b0-87f6-8ba9c484d4ac None None] RequestId filter calling following filter/app {{(pid=122229) _context_setter /opt/stack/cinder/cinder/api/middleware/request_id.py:62}}
May 23 10:53:05.645600 dv-cinder-836996-25-smb devstack@c-api.service[122229]: INFO cinder.api.openstack.wsgi [None req-da73b870-ffc4-49b0-87f6-8ba9c484d4ac tempest-VolumeQuotasAdminTestJSON-634174671 tempest-VolumeQuotasAdminTestJSON-634174671-project-admin] PUT http://10.222.0.25/volume/v3/00a5daaef08b429ab8672d01c1f9ff5d/os-quota-sets/eb46edfddf7449c7962905a1c8df4492
May 23 10:53:05.649926 dv-cinder-836996-25-smb devstack@c-api.service[122229]: DEBUG cinder.api.openstack.wsgi [None req-da73b870-ffc4-49b0-87f6-8ba9c484d4ac tempest-VolumeQuotasAdminTestJSON-634174671 tempest-VolumeQuotasAdminTestJSON-634174671-project-admin] Action: 'update', calling method: update, body: {"quota_set": {"volumes": 10, "per_volume_gigabytes": -1, "snapshots": 10, "gigabytes": 1000, "backups": 10, "backup_gigabytes": 1000}} {{(pid=122229) _process_stack /opt/stack/cinder/cinder/api/openstack/wsgi.py:866}}
May 23 10:53:05.663223 dv-cinder-836996-25-smb devstack@c-api.service[122230]: INFO cinder.api.v3.groups [None req-a839f10c-0d7c-4c15-a883-0c6c374837e6 tempest-GroupSnapshotsTest-1029219562 tempest-GroupSnapshotsTest-1029219562-project] Creating group tempest-GroupSnapshotsTest-Group-1969179170.
May 23 10:53:05.716002 dv-cinder-836996-25-smb devstack@c-api.service[122230]: INFO cinder.volume.api [None req-a839f10c-0d7c-4c15-a883-0c6c374837e6 tempest-GroupSnapshotsTest-1029219562 tempest-GroupSnapshotsTest-1029219562-project] Availability Zones retrieved successfully.
May 23 10:53:05.808811 dv-cinder-836996-25-smb devstack@c-api.service[122230]: DEBUG cinder.quota [None req-a839f10c-0d7c-4c15-a883-0c6c374837e6 tempest-GroupSnapshotsTest-1029219562 tempest-GroupSnapshotsTest-1029219562-project] Created reservations ['a857cb02-fb6b-44fc-89a5-3d4526d4e6f5'] {{(pid=122230) reserve /opt/stack/cinder/cinder/quota.py:755}}
May 23 10:53:05.859688 dv-cinder-836996-25-smb devstack@c-api.service[122229]: DEBUG dbcounter [-] [122229] Writing DB stats cinder:SELECT=91,cinder:UPDATE=3,cinder:INSERT=6 {{(pid=122229) stat_writer /usr/local/lib/python3.8/dist-packages/dbcounter.py:114}}
May 23 10:53:05.917186 dv-cinder-836996-25-smb devstack@c-api.service[122230]: INFO cinder.api.openstack.wsgi [None req-a839f10c-0d7c-4c15-a883-0c6c374837e6 tempest-GroupSnapshotsTest-1029219562 tempest-GroupSnapshotsTest-1029219562-project] http://10.222.0.25/volume/v3/b9e2983bba0f4d97b1d4098b865da537/groups returned with HTTP 202
May 23 10:53:05.924608 dv-cinder-836996-25-smb devstack@c-api.service[122230]: [pid: 122230|app: 0|req: 52/92] 10.222.0.25 () {62 vars in 1273 bytes} [Mon May 23 10:53:05 2022] POST /volume/v3/b9e2983bba0f4d97b1d4098b865da537/groups => generated 112 bytes in 352 msecs (HTTP/1.1 202) 7 headers in 292 bytes (1 switches on core 0)
May 23 10:53:05.928333 dv-cinder-836996-25-smb devstack@c-api.service[122230]: DEBUG cinder.api.middleware.request_id [None req-1ca0e77d-87d6-4a09-b3c6-1d3222dd63c8 None None] RequestId filter calling following filter/app {{(pid=122230) _context_setter /opt/stack/cinder/cinder/api/middleware/request_id.py:62}}
May 23 10:53:05.978231 dv-cinder-836996-25-smb devstack@c-api.service[122229]: INFO cinder.api.openstack.wsgi [None req-da73b870-ffc4-49b0-87f6-8ba9c484d4ac tempest-VolumeQuotasAdminTestJSON-634174671 tempest-VolumeQuotasAdminTestJSON-634174671-project-admin] http://10.222.0.25/volume/v3/00a5daaef08b429ab8672d01c1f9ff5d/os-quota-sets/eb46edfddf7449c7962905a1c8df4492 returned with HTTP 200
May 23 10:53:05.983095 dv-cinder-836996-25-smb devstack@c-api.service[122229]: [pid: 122229|app: 0|req: 41/93] 10.222.0.25 () {60 vars in 1351 bytes} [Mon May 23 10:53:05 2022] PUT /volume/v3/00a5daaef08b429ab8672d01c1f9ff5d/os-quota-sets/eb46edfddf7449c7962905a1c8df4492 => generated 714 bytes in 344 msecs (HTTP/1.1 200) 7 headers in 285 bytes (1 switches on core 0)
May 23 10:53:05.989243 dv-cinder-836996-25-smb devstack@c-api.service[122229]: DEBUG cinder.api.middleware.request_id [None req-3bc8e7e9-6291-499d-b238-b17e0a876e5d None None] RequestId filter calling following filter/app {{(pid=122229) _context_setter /opt/stack/cinder/cinder/api/middleware/request_id.py:62}}
May 23 10:53:06.002980 dv-cinder-836996-25-smb devstack@c-api.service[122229]: INFO cinder.api.openstack.wsgi [None req-3bc8e7e9-6291-499d-b238-b17e0a876e5d tempest-GroupSnapshotsTest-1029219562 tempest-GroupSnapshotsTest-1029219562-project] GET http://10.222.0.25/volume/v3/b9e2983bba0f4d97b1d4098b865da537/groups/e2961133-6460-445e-8fa3-97a3cd17fcf2
May 23 10:53:06.005279 dv-cinder-836996-25-smb devstack@c-api.service[122229]: DEBUG cinder.api.openstack.wsgi [None req-3bc8e7e9-6291-499d-b238-b17e0a876e5d tempest-GroupSnapshotsTest-1029219562 tempest-GroupSnapshotsTest-1029219562-project] Empty body provided in request {{(pid=122229) get_body /opt/stack/cinder/cinder/api/openstack/wsgi.py:715}}
May 23 10:53:06.005812 dv-cinder-836996-25-smb devstack@c-api.service[122229]: DEBUG cinder.api.openstack.wsgi [None req-3bc8e7e9-6291-499d-b238-b17e0a876e5d tempest-GroupSnapshotsTest-1029219562 tempest-GroupSnapshotsTest-1029219562-project] Calling method 'version_select' {{(pid=122229) _process_stack /opt/stack/cinder/cinder/api/openstack/wsgi.py:868}}
May 23 10:53:06.009460 dv-cinder-836996-25-smb devstack@c-api.service[122229]: DEBUG cinder.api.v3.groups [None req-3bc8e7e9-6291-499d-b238-b17e0a876e5d tempest-GroupSnapshotsTest-1029219562 tempest-GroupSnapshotsTest-1029219562-project] show called for member e2961133-6460-445e-8fa3-97a3cd17fcf2 {{(pid=122229) show /opt/stack/cinder/cinder/api/v3/groups.py:58}}
May 23 10:53:06.026849 dv-cinder-836996-25-smb devstack@c-api.service[122229]: /usr/local/lib/python3.8/dist-packages/oslo_context/context.py:100: DeprecationWarning: Policy enforcement is depending on the value of is_admin. This key is deprecated. Please update your policy file to use the standard policy values.
May 23 10:53:06.026849 dv-cinder-836996-25-smb devstack@c-api.service[122229]: warnings.warn('Policy enforcement is depending on the value of '
May 23 10:53:06.097730 dv-cinder-836996-25-smb devstack@c-api.service[122229]: INFO cinder.api.openstack.wsgi [None req-3bc8e7e9-6291-499d-b238-b17e0a876e5d tempest-GroupSnapshotsTest-1029219562 tempest-GroupSnapshotsTest-1029219562-project] http://10.222.0.25/volume/v3/b9e2983bba0f4d97b1d4098b865da537/groups/e2961133-6460-445e-8fa3-97a3cd17fcf2 returned with HTTP 200
May 23 10:53:06.105200 dv-cinder-836996-25-smb devstack@c-api.service[122229]: [pid: 122229|app: 0|req: 42/94] 10.222.0.25 () {60 vars in 1362 bytes} [Mon May 23 10:53:05 2022] GET /volume/v3/b9e2983bba0f4d97b1d4098b865da537/groups/e2961133-6460-445e-8fa3-97a3cd17fcf2 => generated 392 bytes in 121 msecs (HTTP/1.1 200) 7 headers in 286 bytes (1 switches on core 0)
May 23 10:53:06.109861 dv-cinder-836996-25-smb devstack@c-api.service[122229]: DEBUG cinder.api.middleware.request_id [None req-7e4b5e50-dc8d-4685-b688-c962102bdabb None None] RequestId filter calling following filter/app {{(pid=122229) _context_setter /opt/stack/cinder/cinder/api/middleware/request_id.py:62}}
May 23 10:53:06.127929 dv-cinder-836996-25-smb devstack@c-api.service[122229]: INFO cinder.api.openstack.wsgi [None req-7e4b5e50-dc8d-4685-b688-c962102bdabb tempest-VolumeQuotasAdminTestJSON-634174671 tempest-VolumeQuotasAdminTestJSON-634174671-project-admin] GET http://10.222.0.25/volume/v3/00a5daaef08b429ab8672d01c1f9ff5d/os-quota-sets/eb46edfddf7449c7962905a1c8df4492/defaults
May 23 10:53:06.128401 dv-cinder-836996-25-smb devstack@c-api.service[122229]: DEBUG cinder.api.openstack.wsgi [None req-7e4b5e50-dc8d-4685-b688-c962102bdabb tempest-VolumeQuotasAdminTestJSON-634174671 tempest-VolumeQuotasAdminTestJSON-634174671-project-admin] Empty body provided in request {{(pid=122229) get_body /opt/stack/cinder/cinder/api/openstack/wsgi.py:715}}
May 23 10:53:06.140226 dv-cinder-836996-25-smb devstack@c-api.service[122229]: DEBUG cinder.api.openstack.wsgi [None req-7e4b5e50-dc8d-4685-b688-c962102bdabb tempest-VolumeQuotasAdminTestJSON-634174671 tempest-VolumeQuotasAdminTestJSON-634174671-project-admin] Calling method 'defaults' {{(pid=122229) _process_stack /opt/stack/cinder/cinder/api/openstack/wsgi.py:868}}
May 23 10:53:06.142860 dv-cinder-836996-25-smb devstack@c-api.service[122229]: /usr/local/lib/python3.8/dist-packages/oslo_context/context.py:100: DeprecationWarning: Policy enforcement is depending on the value of is_admin. This key is deprecated. Please update your policy file to use the standard policy values.
May 23 10:53:06.142860 dv-cinder-836996-25-smb devstack@c-api.service[122229]: warnings.warn('Policy enforcement is depending on the value of '
May 23 10:53:06.215628 dv-cinder-836996-25-smb devstack@c-api.service[122229]: INFO cinder.api.openstack.wsgi [None req-7e4b5e50-dc8d-4685-b688-c962102bdabb tempest-VolumeQuotasAdminTestJSON-634174671 tempest-VolumeQuotasAdminTestJSON-634174671-project-admin] http://10.222.0.25/volume/v3/00a5daaef08b429ab8672d01c1f9ff5d/os-quota-sets/eb46edfddf7449c7962905a1c8df4492/defaults returned with HTTP 200
May 23 10:53:06.223199 dv-cinder-836996-25-smb devstack@c-api.service[122229]: [pid: 122229|app: 0|req: 43/95] 10.222.0.25 () {58 vars in 1357 bytes} [Mon May 23 10:53:06 2022] GET /volume/v3/00a5daaef08b429ab8672d01c1f9ff5d/os-quota-sets/eb46edfddf7449c7962905a1c8df4492/defaults => generated 756 bytes in 111 msecs (HTTP/1.1 200) 7 headers in 285 bytes (1 switches on core 0)
May 23 10:53:06.225505 dv-cinder-836996-25-smb devstack@c-api.service[122229]: DEBUG cinder.api.middleware.request_id [None req-908d49db-c2ab-4187-923d-768d2e4adc42 None None] RequestId filter calling following filter/app {{(pid=122229) _context_setter /opt/stack/cinder/cinder/api/middleware/request_id.py:62}}
May 23 10:53:06.238116 dv-cinder-836996-25-smb devstack@c-api.service[122229]: INFO cinder.api.openstack.wsgi [None req-908d49db-c2ab-4187-923d-768d2e4adc42 tempest-VolumeQuotasAdminTestJSON-634174671 tempest-VolumeQuotasAdminTestJSON-634174671-project-admin] GET http://10.222.0.25/volume/v3/00a5daaef08b429ab8672d01c1f9ff5d/os-quota-sets/eb46edfddf7449c7962905a1c8df4492
May 23 10:53:06.238421 dv-cinder-836996-25-smb devstack@c-api.service[122229]: DEBUG cinder.api.openstack.wsgi [None req-908d49db-c2ab-4187-923d-768d2e4adc42 tempest-VolumeQuotasAdminTestJSON-634174671 tempest-VolumeQuotasAdminTestJSON-634174671-project-admin] Empty body provided in request {{(pid=122229) get_body /opt/stack/cinder/cinder/api/openstack/wsgi.py:715}}
May 23 10:53:06.238884 dv-cinder-836996-25-smb devstack@c-api.service[122229]: DEBUG cinder.api.openstack.wsgi [None req-908d49db-c2ab-4187-923d-768d2e4adc42 tempest-VolumeQuotasAdminTestJSON-634174671 tempest-VolumeQuotasAdminTestJSON-634174671-project-admin] Calling method 'show' {{(pid=122229) _process_stack /opt/stack/cinder/cinder/api/openstack/wsgi.py:868}}
May 23 10:53:06.323518 dv-cinder-836996-25-smb devstack@c-api.service[122230]: INFO cinder.api.openstack.wsgi [None req-1ca0e77d-87d6-4a09-b3c6-1d3222dd63c8 tempest-SnapshotsActionsTest-2035075904 tempest-SnapshotsActionsTest-2035075904-project] POST http://10.222.0.25/volume/v3/b4b8c921bf3b4fbca9d533ccc38d3b02/volumes
May 23 10:53:06.324736 dv-cinder-836996-25-smb devstack@c-api.service[122230]: DEBUG cinder.api.openstack.wsgi [None req-1ca0e77d-87d6-4a09-b3c6-1d3222dd63c8 tempest-SnapshotsActionsTest-2035075904 tempest-SnapshotsActionsTest-2035075904-project] Action: 'create', calling method: create, body: {"volume": {"size": 1, "name": "tempest-SnapshotsActionsTest-Volume-22496253"}} {{(pid=122230) _process_stack /opt/stack/cinder/cinder/api/openstack/wsgi.py:866}}
May 23 10:53:06.326026 dv-cinder-836996-25-smb devstack@c-api.service[122230]: DEBUG cinder.api.v3.volumes [None req-1ca0e77d-87d6-4a09-b3c6-1d3222dd63c8 tempest-SnapshotsActionsTest-2035075904 tempest-SnapshotsActionsTest-2035075904-project] Create volume request body: {'volume': {'size': 1, 'name': 'tempest-SnapshotsActionsTest-Volume-22496253'}} {{(pid=122230) create /opt/stack/cinder/cinder/api/v3/volumes.py:298}}
May 23 10:53:06.326396 dv-cinder-836996-25-smb devstack@c-api.service[122230]: INFO cinder.api.v3.volumes [None req-1ca0e77d-87d6-4a09-b3c6-1d3222dd63c8 tempest-SnapshotsActionsTest-2035075904 tempest-SnapshotsActionsTest-2035075904-project] Create volume of 1 GB
May 23 10:53:06.327107 dv-cinder-836996-25-smb devstack@c-api.service[122230]: /usr/local/lib/python3.8/dist-packages/oslo_context/context.py:100: DeprecationWarning: Policy enforcement is depending on the value of is_admin. This key is deprecated. Please update your policy file to use the standard policy values.
May 23 10:53:06.327107 dv-cinder-836996-25-smb devstack@c-api.service[122230]: warnings.warn('Policy enforcement is depending on the value of '
May 23 10:53:06.341143 dv-cinder-836996-25-smb devstack@c-api.service[122230]: INFO cinder.volume.api [None req-1ca0e77d-87d6-4a09-b3c6-1d3222dd63c8 tempest-SnapshotsActionsTest-2035075904 tempest-SnapshotsActionsTest-2035075904-project] Availability Zones retrieved successfully.
May 23 10:53:06.342194 dv-cinder-836996-25-smb devstack@c-api.service[122229]: INFO cinder.api.openstack.wsgi [None req-908d49db-c2ab-4187-923d-768d2e4adc42 tempest-VolumeQuotasAdminTestJSON-634174671 tempest-VolumeQuotasAdminTestJSON-634174671-project-admin] http://10.222.0.25/volume/v3/00a5daaef08b429ab8672d01c1f9ff5d/os-quota-sets/eb46edfddf7449c7962905a1c8df4492 returned with HTTP 200
May 23 10:53:06.343540 dv-cinder-836996-25-smb devstack@c-api.service[122229]: [pid: 122229|app: 0|req: 44/96] 10.222.0.25 () {58 vars in 1330 bytes} [Mon May 23 10:53:06 2022] GET /volume/v3/00a5daaef08b429ab8672d01c1f9ff5d/os-quota-sets/eb46edfddf7449c7962905a1c8df4492 => generated 756 bytes in 119 msecs (HTTP/1.1 200) 7 headers in 285 bytes (2 switches on core 0)
May 23 10:53:06.359558 dv-cinder-836996-25-smb devstack@c-api.service[122229]: DEBUG cinder.api.middleware.request_id [None req-fe6a8e2c-d0ed-488d-936f-dc6a6a7ff5c5 None None] RequestId filter calling following filter/app {{(pid=122229) _context_setter /opt/stack/cinder/cinder/api/middleware/request_id.py:62}}
May 23 10:53:06.382692 dv-cinder-836996-25-smb devstack@c-api.service[122229]: INFO cinder.api.openstack.wsgi [None req-fe6a8e2c-d0ed-488d-936f-dc6a6a7ff5c5 tempest-VolumeQuotasAdminTestJSON-634174671 tempest-VolumeQuotasAdminTestJSON-634174671-project-admin] GET http://10.222.0.25/volume/v3/00a5daaef08b429ab8672d01c1f9ff5d/os-quota-sets/eb46edfddf7449c7962905a1c8df4492?usage=True
May 23 10:53:06.382979 dv-cinder-836996-25-smb devstack@c-api.service[122229]: DEBUG cinder.api.openstack.wsgi [None req-fe6a8e2c-d0ed-488d-936f-dc6a6a7ff5c5 tempest-VolumeQuotasAdminTestJSON-634174671 tempest-VolumeQuotasAdminTestJSON-634174671-project-admin] Empty body provided in request {{(pid=122229) get_body /opt/stack/cinder/cinder/api/openstack/wsgi.py:715}}
May 23 10:53:06.383673 dv-cinder-836996-25-smb devstack@c-api.service[122229]: DEBUG cinder.api.openstack.wsgi [None req-fe6a8e2c-d0ed-488d-936f-dc6a6a7ff5c5 tempest-VolumeQuotasAdminTestJSON-634174671 tempest-VolumeQuotasAdminTestJSON-634174671-project-admin] Calling method 'show' {{(pid=122229) _process_stack /opt/stack/cinder/cinder/api/openstack/wsgi.py:868}}
May 23 10:53:06.386581 dv-cinder-836996-25-smb devstack@c-api.service[122230]: DEBUG cinder.volume.api [None req-1ca0e77d-87d6-4a09-b3c6-1d3222dd63c8 tempest-SnapshotsActionsTest-2035075904 tempest-SnapshotsActionsTest-2035075904-project] Flow 'volume_create_api' (4101fd4a-707a-42d5-82f2-fe5434564de5) transitioned into state 'RUNNING' from state 'PENDING' {{(pid=122230) _flow_receiver /usr/local/lib/python3.8/dist-packages/taskflow/listeners/logging.py:141}}
May 23 10:53:06.394982 dv-cinder-836996-25-smb devstack@c-api.service[122230]: DEBUG cinder.volume.api [None req-1ca0e77d-87d6-4a09-b3c6-1d3222dd63c8 tempest-SnapshotsActionsTest-2035075904 tempest-SnapshotsActionsTest-2035075904-project] Task 'cinder.volume.flows.api.create_volume.ExtractVolumeRequestTask;volume:create' (d3e54ee3-c25b-46b2-a633-301eca5fef24) transitioned into state 'RUNNING' from state 'PENDING' {{(pid=122230) _task_receiver /usr/local/lib/python3.8/dist-packages/taskflow/listeners/logging.py:190}}
May 23 10:53:06.404162 dv-cinder-836996-25-smb devstack@c-api.service[122230]: DEBUG cinder.volume.flows.api.create_volume [None req-1ca0e77d-87d6-4a09-b3c6-1d3222dd63c8 tempest-SnapshotsActionsTest-2035075904 tempest-SnapshotsActionsTest-2035075904-project] Validating volume size '1' using validate_int {{(pid=122230) _extract_size /opt/stack/cinder/cinder/volume/flows/api/create_volume.py:228}}
May 23 10:53:06.522406 dv-cinder-836996-25-smb devstack@c-api.service[122229]: INFO cinder.api.openstack.wsgi [None req-fe6a8e2c-d0ed-488d-936f-dc6a6a7ff5c5 tempest-VolumeQuotasAdminTestJSON-634174671 tempest-VolumeQuotasAdminTestJSON-634174671-project-admin] http://10.222.0.25/volume/v3/00a5daaef08b429ab8672d01c1f9ff5d/os-quota-sets/eb46edfddf7449c7962905a1c8df4492?usage=True returned with HTTP 200
May 23 10:53:06.526820 dv-cinder-836996-25-smb devstack@c-api.service[122229]: [pid: 122229|app: 0|req: 45/97] 10.222.0.25 () {58 vars in 1351 bytes} [Mon May 23 10:53:06 2022] GET /volume/v3/00a5daaef08b429ab8672d01c1f9ff5d/os-quota-sets/eb46edfddf7449c7962905a1c8df4492?usage=True => generated 1497 bytes in 169 msecs (HTTP/1.1 200) 7 headers in 286 bytes (1 switches on core 0)
May 23 10:53:06.536517 dv-cinder-836996-25-smb devstack@c-api.service[122229]: DEBUG cinder.api.middleware.request_id [None req-b76f05c9-87b2-4002-8b9c-847df5ca7950 None None] RequestId filter calling following filter/app {{(pid=122229) _context_setter /opt/stack/cinder/cinder/api/middleware/request_id.py:62}}
May 23 10:53:06.607441 dv-cinder-836996-25-smb devstack@c-api.service[122230]: DEBUG cinder.volume.api [None req-1ca0e77d-87d6-4a09-b3c6-1d3222dd63c8 tempest-SnapshotsActionsTest-2035075904 tempest-SnapshotsActionsTest-2035075904-project] Task 'cinder.volume.flows.api.create_volume.ExtractVolumeRequestTask;volume:create' (d3e54ee3-c25b-46b2-a633-301eca5fef24) transitioned into state 'SUCCESS' from state 'RUNNING' with result '{'size': 1, 'snapshot_id': None, 'source_volid': None, 'volume_type': VolumeType(created_at=2022-05-23T10:41:50Z,deleted=False,deleted_at=None,description='Default Volume Type',extra_specs={},id=9eda14e8-f514-42cc-b0aa-74599b26a168,is_public=True,name='__DEFAULT__',projects=[],qos_specs=,qos_specs_id=None,updated_at=2022-05-23T10:41:50Z), 'volume_type_id': '9eda14e8-f514-42cc-b0aa-74599b26a168', 'encryption_key_id': None, 'qos_specs': None, 'consistencygroup_id': None, 'cgsnapshot_id': None, 'group_id': None, 'replication_status': 'disabled', 'refresh_az': False, 'backup_id': None, 'multiattach': False, 'availability_zones': ['nova']}' {{(pid=122230) _task_receiver /usr/local/lib/python3.8/dist-packages/taskflow/listeners/logging.py:178}}
May 23 10:53:06.612176 dv-cinder-836996-25-smb devstack@c-api.service[122230]: DEBUG cinder.volume.api [None req-1ca0e77d-87d6-4a09-b3c6-1d3222dd63c8 tempest-SnapshotsActionsTest-2035075904 tempest-SnapshotsActionsTest-2035075904-project] Task 'cinder.volume.flows.api.create_volume.QuotaReserveTask;volume:create' (e8a21d32-556e-491c-9258-702a4f68932b) transitioned into state 'RUNNING' from state 'PENDING' {{(pid=122230) _task_receiver /usr/local/lib/python3.8/dist-packages/taskflow/listeners/logging.py:190}}
May 23 10:53:06.889875 dv-cinder-836996-25-smb devstack@c-api.service[122230]: DEBUG dbcounter [-] [122230] Writing DB stats cinder:SELECT=85,cinder:UPDATE=5,cinder:INSERT=10 {{(pid=122230) stat_writer /usr/local/lib/python3.8/dist-packages/dbcounter.py:114}}
May 23 10:53:06.930384 dv-cinder-836996-25-smb devstack@c-api.service[122230]: DEBUG cinder.quota [None req-1ca0e77d-87d6-4a09-b3c6-1d3222dd63c8 tempest-SnapshotsActionsTest-2035075904 tempest-SnapshotsActionsTest-2035075904-project] Created reservations ['4ba9dcc6-a316-4692-9f83-b43e04f7b169', '9a2c71cb-302e-4bfa-a880-22af617c3f54', '2b20665d-3a18-4c19-a559-1b367dbe8ac8', '4e0870b7-2d72-4107-af5f-b3b10f62b428'] {{(pid=122230) reserve /opt/stack/cinder/cinder/quota.py:755}}
May 23 10:53:06.932902 dv-cinder-836996-25-smb devstack@c-api.service[122230]: DEBUG cinder.volume.api [None req-1ca0e77d-87d6-4a09-b3c6-1d3222dd63c8 tempest-SnapshotsActionsTest-2035075904 tempest-SnapshotsActionsTest-2035075904-project] Task 'cinder.volume.flows.api.create_volume.QuotaReserveTask;volume:create' (e8a21d32-556e-491c-9258-702a4f68932b) transitioned into state 'SUCCESS' from state 'RUNNING' with result '{'reservations': ['4ba9dcc6-a316-4692-9f83-b43e04f7b169', '9a2c71cb-302e-4bfa-a880-22af617c3f54', '2b20665d-3a18-4c19-a559-1b367dbe8ac8', '4e0870b7-2d72-4107-af5f-b3b10f62b428']}' {{(pid=122230) _task_receiver /usr/local/lib/python3.8/dist-packages/taskflow/listeners/logging.py:178}}
May 23 10:53:06.935602 dv-cinder-836996-25-smb devstack@c-api.service[122229]: INFO cinder.api.openstack.wsgi [None req-b76f05c9-87b2-4002-8b9c-847df5ca7950 tempest-VolumeQuotasAdminTestJSON-1261064420 tempest-VolumeQuotasAdminTestJSON-1261064420-project] POST http://10.222.0.25/volume/v3/eb46edfddf7449c7962905a1c8df4492/volumes
May 23 10:53:06.936371 dv-cinder-836996-25-smb devstack@c-api.service[122229]: DEBUG cinder.api.openstack.wsgi [None req-b76f05c9-87b2-4002-8b9c-847df5ca7950 tempest-VolumeQuotasAdminTestJSON-1261064420 tempest-VolumeQuotasAdminTestJSON-1261064420-project] Action: 'create', calling method: create, body: {"volume": {"size": 1, "name": "tempest-VolumeQuotasAdminTestJSON-Volume-642858876"}} {{(pid=122229) _process_stack /opt/stack/cinder/cinder/api/openstack/wsgi.py:866}}
May 23 10:53:06.937446 dv-cinder-836996-25-smb devstack@c-api.service[122229]: DEBUG cinder.api.v3.volumes [None req-b76f05c9-87b2-4002-8b9c-847df5ca7950 tempest-VolumeQuotasAdminTestJSON-1261064420 tempest-VolumeQuotasAdminTestJSON-1261064420-project] Create volume request body: {'volume': {'size': 1, 'name': 'tempest-VolumeQuotasAdminTestJSON-Volume-642858876'}} {{(pid=122229) create /opt/stack/cinder/cinder/api/v3/volumes.py:298}}
May 23 10:53:06.938566 dv-cinder-836996-25-smb devstack@c-api.service[122230]: DEBUG cinder.volume.api [None req-1ca0e77d-87d6-4a09-b3c6-1d3222dd63c8 tempest-SnapshotsActionsTest-2035075904 tempest-SnapshotsActionsTest-2035075904-project] Task 'cinder.volume.flows.api.create_volume.EntryCreateTask;volume:create' (ea053153-d2e4-4380-bb59-ac106abcaa18) transitioned into state 'RUNNING' from state 'PENDING' {{(pid=122230) _task_receiver /usr/local/lib/python3.8/dist-packages/taskflow/listeners/logging.py:190}}
May 23 10:53:06.938815 dv-cinder-836996-25-smb devstack@c-api.service[122229]: INFO cinder.api.v3.volumes [None req-b76f05c9-87b2-4002-8b9c-847df5ca7950 tempest-VolumeQuotasAdminTestJSON-1261064420 tempest-VolumeQuotasAdminTestJSON-1261064420-project] Create volume of 1 GB
May 23 10:53:06.962570 dv-cinder-836996-25-smb devstack@c-api.service[122229]: DEBUG cinder.volume.api [None req-b76f05c9-87b2-4002-8b9c-847df5ca7950 tempest-VolumeQuotasAdminTestJSON-1261064420 tempest-VolumeQuotasAdminTestJSON-1261064420-project] Availability zone cache updated, next update will occur around 2022-05-23 11:53:06.961529. {{(pid=122229) list_availability_zones /opt/stack/cinder/cinder/volume/api.py:153}}
May 23 10:53:06.962768 dv-cinder-836996-25-smb devstack@c-api.service[122229]: INFO cinder.volume.api [None req-b76f05c9-87b2-4002-8b9c-847df5ca7950 tempest-VolumeQuotasAdminTestJSON-1261064420 tempest-VolumeQuotasAdminTestJSON-1261064420-project] Availability Zones retrieved successfully.
May 23 10:53:07.025124 dv-cinder-836996-25-smb devstack@c-api.service[122230]: DEBUG cinder.volume.api [None req-1ca0e77d-87d6-4a09-b3c6-1d3222dd63c8 tempest-SnapshotsActionsTest-2035075904 tempest-SnapshotsActionsTest-2035075904-project] Task 'cinder.volume.flows.api.create_volume.EntryCreateTask;volume:create' (ea053153-d2e4-4380-bb59-ac106abcaa18) transitioned into state 'SUCCESS' from state 'RUNNING' with result '{'volume_id': 'ce1b24d7-4511-47ca-8939-e92458071ccd', 'volume_properties': VolumeProperties(attach_status='detached',availability_zone='nova',cgsnapshot_id=None,consistencygroup_id=None,display_description=None,display_name='tempest-SnapshotsActionsTest-Volume-22496253',encryption_key_id=None,group_id=None,group_type_id=,metadata={},multiattach=False,project_id='b4b8c921bf3b4fbca9d533ccc38d3b02',qos_specs=None,replication_status=,reservations=['4ba9dcc6-a316-4692-9f83-b43e04f7b169','9a2c71cb-302e-4bfa-a880-22af617c3f54','2b20665d-3a18-4c19-a559-1b367dbe8ac8','4e0870b7-2d72-4107-af5f-b3b10f62b428'],size=1,snapshot_id=None,source_replicaid=,source_volid=None,status='creating',user_id='58f6e20896dc4def88a50eb90f0a7580',volume_type_id=9eda14e8-f514-42cc-b0aa-74599b26a168), 'volume': Volume(_name_id=None,admin_metadata=,attach_status='detached',availability_zone='nova',bootable=False,cluster=,cluster_name=None,consistencygroup=,consistencygroup_id=None,created_at=2022-05-23T10:53:06Z,deleted=False,deleted_at=None,display_description=None,display_name='tempest-SnapshotsActionsTest-Volume-22496253',ec2_id=None,encryption_key_id=None,glance_metadata=,group=,group_id=None,host=None,id=ce1b24d7-4511-47ca-8939-e92458071ccd,launched_at=None,metadata={},migration_status=None,multiattach=False,previous_status=None,project_id='b4b8c921bf3b4fbca9d533ccc38d3b02',provider_auth=None,provider_geometry=None,provider_id=None,provider_location=None,replication_driver_data=None,replication_extended_status=None,replication_status=None,scheduled_at=None,service_uuid=None,shared_targets=True,size=1,snapshot_id=None,snapshots=,source_volid=None,status='creating',terminated_at=None,updated_at=None,use_quota=True,user_id='58f6e20896dc4def88a50eb90f0a7580',volume_attachment=VolumeAttachmentList,volume_type=VolumeType(9eda14e8-f514-42cc-b0aa-74599b26a168),volume_type_id=9eda14e8-f514-42cc-b0aa-74599b26a168)}' {{(pid=122230) _task_receiver /usr/local/lib/python3.8/dist-packages/taskflow/listeners/logging.py:178}}
May 23 10:53:07.028874 dv-cinder-836996-25-smb devstack@c-api.service[122230]: DEBUG cinder.volume.api [None req-1ca0e77d-87d6-4a09-b3c6-1d3222dd63c8 tempest-SnapshotsActionsTest-2035075904 tempest-SnapshotsActionsTest-2035075904-project] Task 'cinder.volume.flows.api.create_volume.QuotaCommitTask;volume:create' (87de05fe-e23a-46a1-9aeb-d51a9c823759) transitioned into state 'RUNNING' from state 'PENDING' {{(pid=122230) _task_receiver /usr/local/lib/python3.8/dist-packages/taskflow/listeners/logging.py:190}}
May 23 10:53:07.042238 dv-cinder-836996-25-smb devstack@c-api.service[122229]: DEBUG cinder.volume.api [None req-b76f05c9-87b2-4002-8b9c-847df5ca7950 tempest-VolumeQuotasAdminTestJSON-1261064420 tempest-VolumeQuotasAdminTestJSON-1261064420-project] Flow 'volume_create_api' (4b12d99f-a336-4b35-ba5b-b22812f73a78) transitioned into state 'RUNNING' from state 'PENDING' {{(pid=122229) _flow_receiver /usr/local/lib/python3.8/dist-packages/taskflow/listeners/logging.py:141}}
May 23 10:53:07.044909 dv-cinder-836996-25-smb devstack@c-api.service[122229]: DEBUG cinder.volume.api [None req-b76f05c9-87b2-4002-8b9c-847df5ca7950 tempest-VolumeQuotasAdminTestJSON-1261064420 tempest-VolumeQuotasAdminTestJSON-1261064420-project] Task 'cinder.volume.flows.api.create_volume.ExtractVolumeRequestTask;volume:create' (7107b9b2-9747-484f-8961-586d48a178d3) transitioned into state 'RUNNING' from state 'PENDING' {{(pid=122229) _task_receiver /usr/local/lib/python3.8/dist-packages/taskflow/listeners/logging.py:190}}
May 23 10:53:07.047840 dv-cinder-836996-25-smb devstack@c-api.service[122229]: DEBUG cinder.volume.flows.api.create_volume [None req-b76f05c9-87b2-4002-8b9c-847df5ca7950 tempest-VolumeQuotasAdminTestJSON-1261064420 tempest-VolumeQuotasAdminTestJSON-1261064420-project] Validating volume size '1' using validate_int {{(pid=122229) _extract_size /opt/stack/cinder/cinder/volume/flows/api/create_volume.py:228}}
May 23 10:53:07.092875 dv-cinder-836996-25-smb devstack@c-api.service[122230]: DEBUG cinder.volume.api [None req-1ca0e77d-87d6-4a09-b3c6-1d3222dd63c8 tempest-SnapshotsActionsTest-2035075904 tempest-SnapshotsActionsTest-2035075904-project] Task 'cinder.volume.flows.api.create_volume.QuotaCommitTask;volume:create' (87de05fe-e23a-46a1-9aeb-d51a9c823759) transitioned into state 'SUCCESS' from state 'RUNNING' with result '{'volume_properties': VolumeProperties(attach_status='detached',availability_zone='nova',cgsnapshot_id=None,consistencygroup_id=None,display_description=None,display_name='tempest-SnapshotsActionsTest-Volume-22496253',encryption_key_id=None,group_id=None,group_type_id=,metadata={},multiattach=False,project_id='b4b8c921bf3b4fbca9d533ccc38d3b02',qos_specs=None,replication_status=,reservations=['4ba9dcc6-a316-4692-9f83-b43e04f7b169','9a2c71cb-302e-4bfa-a880-22af617c3f54','2b20665d-3a18-4c19-a559-1b367dbe8ac8','4e0870b7-2d72-4107-af5f-b3b10f62b428'],size=1,snapshot_id=None,source_replicaid=,source_volid=None,status='creating',user_id='58f6e20896dc4def88a50eb90f0a7580',volume_type_id=9eda14e8-f514-42cc-b0aa-74599b26a168)}' {{(pid=122230) _task_receiver /usr/local/lib/python3.8/dist-packages/taskflow/listeners/logging.py:178}}
May 23 10:53:07.100788 dv-cinder-836996-25-smb devstack@c-api.service[122230]: DEBUG cinder.volume.api [None req-1ca0e77d-87d6-4a09-b3c6-1d3222dd63c8 tempest-SnapshotsActionsTest-2035075904 tempest-SnapshotsActionsTest-2035075904-project] Task 'cinder.volume.flows.api.create_volume.VolumeCastTask;volume:create' (2cde8b09-5c5b-4eb2-82dd-b872956b3c36) transitioned into state 'RUNNING' from state 'PENDING' {{(pid=122230) _task_receiver /usr/local/lib/python3.8/dist-packages/taskflow/listeners/logging.py:190}}
May 23 10:53:07.141490 dv-cinder-836996-25-smb devstack@c-api.service[122229]: DEBUG cinder.volume.api [None req-b76f05c9-87b2-4002-8b9c-847df5ca7950 tempest-VolumeQuotasAdminTestJSON-1261064420 tempest-VolumeQuotasAdminTestJSON-1261064420-project] Task 'cinder.volume.flows.api.create_volume.ExtractVolumeRequestTask;volume:create' (7107b9b2-9747-484f-8961-586d48a178d3) transitioned into state 'SUCCESS' from state 'RUNNING' with result '{'size': 1, 'snapshot_id': None, 'source_volid': None, 'volume_type': VolumeType(created_at=2022-05-23T10:41:50Z,deleted=False,deleted_at=None,description='Default Volume Type',extra_specs={},id=9eda14e8-f514-42cc-b0aa-74599b26a168,is_public=True,name='__DEFAULT__',projects=[],qos_specs=,qos_specs_id=None,updated_at=2022-05-23T10:41:50Z), 'volume_type_id': '9eda14e8-f514-42cc-b0aa-74599b26a168', 'encryption_key_id': None, 'qos_specs': None, 'consistencygroup_id': None, 'cgsnapshot_id': None, 'group_id': None, 'replication_status': 'disabled', 'refresh_az': False, 'backup_id': None, 'multiattach': False, 'availability_zones': ['nova']}' {{(pid=122229) _task_receiver /usr/local/lib/python3.8/dist-packages/taskflow/listeners/logging.py:178}}
May 23 10:53:07.144908 dv-cinder-836996-25-smb devstack@c-api.service[122229]: DEBUG cinder.volume.api [None req-b76f05c9-87b2-4002-8b9c-847df5ca7950 tempest-VolumeQuotasAdminTestJSON-1261064420 tempest-VolumeQuotasAdminTestJSON-1261064420-project] Task 'cinder.volume.flows.api.create_volume.QuotaReserveTask;volume:create' (e71d807c-35b1-4e55-bb0d-03cf1bb53e6c) transitioned into state 'RUNNING' from state 'PENDING' {{(pid=122229) _task_receiver /usr/local/lib/python3.8/dist-packages/taskflow/listeners/logging.py:190}}
May 23 10:53:07.217873 dv-cinder-836996-25-smb devstack@c-api.service[122230]: DEBUG cinder.volume.api [None req-1ca0e77d-87d6-4a09-b3c6-1d3222dd63c8 tempest-SnapshotsActionsTest-2035075904 tempest-SnapshotsActionsTest-2035075904-project] Task 'cinder.volume.flows.api.create_volume.VolumeCastTask;volume:create' (2cde8b09-5c5b-4eb2-82dd-b872956b3c36) transitioned into state 'SUCCESS' from state 'RUNNING' with result 'None' {{(pid=122230) _task_receiver /usr/local/lib/python3.8/dist-packages/taskflow/listeners/logging.py:178}}
May 23 10:53:07.228900 dv-cinder-836996-25-smb devstack@c-api.service[122230]: DEBUG cinder.volume.api [None req-1ca0e77d-87d6-4a09-b3c6-1d3222dd63c8 tempest-SnapshotsActionsTest-2035075904 tempest-SnapshotsActionsTest-2035075904-project] Flow 'volume_create_api' (4101fd4a-707a-42d5-82f2-fe5434564de5) transitioned into state 'SUCCESS' from state 'RUNNING' {{(pid=122230) _flow_receiver /usr/local/lib/python3.8/dist-packages/taskflow/listeners/logging.py:141}}
May 23 10:53:07.237269 dv-cinder-836996-25-smb devstack@c-api.service[122230]: INFO cinder.volume.api [None req-1ca0e77d-87d6-4a09-b3c6-1d3222dd63c8 tempest-SnapshotsActionsTest-2035075904 tempest-SnapshotsActionsTest-2035075904-project] Create volume request issued successfully.
May 23 10:53:07.256571 dv-cinder-836996-25-smb devstack@c-api.service[122230]: INFO cinder.api.openstack.wsgi [None req-1ca0e77d-87d6-4a09-b3c6-1d3222dd63c8 tempest-SnapshotsActionsTest-2035075904 tempest-SnapshotsActionsTest-2035075904-project] http://10.222.0.25/volume/v3/b4b8c921bf3b4fbca9d533ccc38d3b02/volumes returned with HTTP 202
May 23 10:53:07.281395 dv-cinder-836996-25-smb devstack@c-api.service[122230]: [pid: 122230|app: 0|req: 53/98] 10.222.0.25 () {60 vars in 1234 bytes} [Mon May 23 10:53:05 2022] POST /volume/v3/b4b8c921bf3b4fbca9d533ccc38d3b02/volumes => generated 818 bytes in 1356 msecs (HTTP/1.1 202) 7 headers in 291 bytes (1 switches on core 0)
May 23 10:53:07.283264 dv-cinder-836996-25-smb devstack@c-api.service[122230]: DEBUG cinder.api.middleware.request_id [None req-cb3c96c9-5c2a-4f31-bacd-f216b3e2c2f4 None None] RequestId filter calling following filter/app {{(pid=122230) _context_setter /opt/stack/cinder/cinder/api/middleware/request_id.py:62}}
May 23 10:53:07.317929 dv-cinder-836996-25-smb devstack@c-api.service[122230]: INFO cinder.api.openstack.wsgi [None req-cb3c96c9-5c2a-4f31-bacd-f216b3e2c2f4 tempest-GroupSnapshotsTest-1029219562 tempest-GroupSnapshotsTest-1029219562-project] GET http://10.222.0.25/volume/v3/b9e2983bba0f4d97b1d4098b865da537/groups/e2961133-6460-445e-8fa3-97a3cd17fcf2
May 23 10:53:07.318583 dv-cinder-836996-25-smb devstack@c-api.service[122230]: DEBUG cinder.api.openstack.wsgi [None req-cb3c96c9-5c2a-4f31-bacd-f216b3e2c2f4 tempest-GroupSnapshotsTest-1029219562 tempest-GroupSnapshotsTest-1029219562-project] Empty body provided in request {{(pid=122230) get_body /opt/stack/cinder/cinder/api/openstack/wsgi.py:715}}
May 23 10:53:07.319139 dv-cinder-836996-25-smb devstack@c-api.service[122230]: DEBUG cinder.api.openstack.wsgi [None req-cb3c96c9-5c2a-4f31-bacd-f216b3e2c2f4 tempest-GroupSnapshotsTest-1029219562 tempest-GroupSnapshotsTest-1029219562-project] Calling method 'version_select' {{(pid=122230) _process_stack /opt/stack/cinder/cinder/api/openstack/wsgi.py:868}}
May 23 10:53:07.320016 dv-cinder-836996-25-smb devstack@c-api.service[122230]: DEBUG cinder.api.v3.groups [None req-cb3c96c9-5c2a-4f31-bacd-f216b3e2c2f4 tempest-GroupSnapshotsTest-1029219562 tempest-GroupSnapshotsTest-1029219562-project] show called for member e2961133-6460-445e-8fa3-97a3cd17fcf2 {{(pid=122230) show /opt/stack/cinder/cinder/api/v3/groups.py:58}}
May 23 10:53:07.359382 dv-cinder-836996-25-smb devstack@c-api.service[122230]: /usr/local/lib/python3.8/dist-packages/oslo_context/context.py:100: DeprecationWarning: Policy enforcement is depending on the value of is_admin. This key is deprecated. Please update your policy file to use the standard policy values.
May 23 10:53:07.359382 dv-cinder-836996-25-smb devstack@c-api.service[122230]: warnings.warn('Policy enforcement is depending on the value of '
May 23 10:53:07.442226 dv-cinder-836996-25-smb devstack@c-api.service[122230]: INFO cinder.api.openstack.wsgi [None req-cb3c96c9-5c2a-4f31-bacd-f216b3e2c2f4 tempest-GroupSnapshotsTest-1029219562 tempest-GroupSnapshotsTest-1029219562-project] http://10.222.0.25/volume/v3/b9e2983bba0f4d97b1d4098b865da537/groups/e2961133-6460-445e-8fa3-97a3cd17fcf2 returned with HTTP 200
May 23 10:53:07.465736 dv-cinder-836996-25-smb devstack@c-api.service[122230]: [pid: 122230|app: 0|req: 54/99] 10.222.0.25 () {60 vars in 1362 bytes} [Mon May 23 10:53:07 2022] GET /volume/v3/b9e2983bba0f4d97b1d4098b865da537/groups/e2961133-6460-445e-8fa3-97a3cd17fcf2 => generated 393 bytes in 184 msecs (HTTP/1.1 200) 7 headers in 286 bytes (1 switches on core 0)
May 23 10:53:07.470936 dv-cinder-836996-25-smb devstack@c-api.service[122230]: DEBUG cinder.api.middleware.request_id [None req-c8ac6670-a85d-4905-86bf-112f1cb5c3ab None None] RequestId filter calling following filter/app {{(pid=122230) _context_setter /opt/stack/cinder/cinder/api/middleware/request_id.py:62}}
May 23 10:53:07.477769 dv-cinder-836996-25-smb devstack@c-api.service[122230]: INFO cinder.api.openstack.wsgi [None req-c8ac6670-a85d-4905-86bf-112f1cb5c3ab tempest-SnapshotsActionsTest-2035075904 tempest-SnapshotsActionsTest-2035075904-project] GET http://10.222.0.25/volume/v3/b4b8c921bf3b4fbca9d533ccc38d3b02/volumes/ce1b24d7-4511-47ca-8939-e92458071ccd
May 23 10:53:07.479998 dv-cinder-836996-25-smb devstack@c-api.service[122230]: DEBUG cinder.api.openstack.wsgi [None req-c8ac6670-a85d-4905-86bf-112f1cb5c3ab tempest-SnapshotsActionsTest-2035075904 tempest-SnapshotsActionsTest-2035075904-project] Empty body provided in request {{(pid=122230) get_body /opt/stack/cinder/cinder/api/openstack/wsgi.py:715}}
May 23 10:53:07.482321 dv-cinder-836996-25-smb devstack@c-api.service[122230]: DEBUG cinder.api.openstack.wsgi [None req-c8ac6670-a85d-4905-86bf-112f1cb5c3ab tempest-SnapshotsActionsTest-2035075904 tempest-SnapshotsActionsTest-2035075904-project] Calling method 'show' {{(pid=122230) _process_stack /opt/stack/cinder/cinder/api/openstack/wsgi.py:868}}
May 23 10:53:07.489433 dv-cinder-836996-25-smb devstack@c-api.service[122229]: DEBUG dbcounter [-] [122229] Writing DB stats cinder:SELECT=90,cinder:INSERT=8,cinder:UPDATE=2 {{(pid=122229) stat_writer /usr/local/lib/python3.8/dist-packages/dbcounter.py:114}}
May 23 10:53:07.506059 dv-cinder-836996-25-smb devstack@c-api.service[122230]: /usr/local/lib/python3.8/dist-packages/oslo_context/context.py:100: DeprecationWarning: Policy enforcement is depending on the value of is_admin. This key is deprecated. Please update your policy file to use the standard policy values.
