May 23 10:51:52.045565 dv-cinder-836996-25-iscsi devstack@c-api.service[122092]: INFO cinder.api.v3.volumes [req-fa616fa5-9111-4fa4-8a17-20f0974f527f req-325399ca-d8cf-47be-924c-9d54f769a8a5 tempest-VolumesSnapshotsTestJSON-991571962 tempest-VolumesSnapshotsTestJSON-991571962-project] Delete volume with id: 211fbd60-2162-4e8c-afee-4ee60f235203
May 23 10:51:52.077906 dv-cinder-836996-25-iscsi devstack@c-api.service[122092]: INFO cinder.api.openstack.wsgi [req-fa616fa5-9111-4fa4-8a17-20f0974f527f req-325399ca-d8cf-47be-924c-9d54f769a8a5 tempest-VolumesSnapshotsTestJSON-991571962 tempest-VolumesSnapshotsTestJSON-991571962-project] http://10.222.0.36/volume/v3/2707ec87254b4e55b636f5a5ac143858/volumes/211fbd60-2162-4e8c-afee-4ee60f235203 returned with HTTP 404
May 23 10:51:52.107176 dv-cinder-836996-25-iscsi devstack@c-api.service[122092]: [pid: 122092|app: 0|req: 48/83] 10.222.0.36 () {62 vars in 1600 bytes} [Mon May 23 10:51:52 2022] DELETE /volume/v3/2707ec87254b4e55b636f5a5ac143858/volumes/211fbd60-2162-4e8c-afee-4ee60f235203 => generated 109 bytes in 72 msecs (HTTP/1.1 404) 7 headers in 292 bytes (2 switches on core 0)
May 23 10:51:52.148415 dv-cinder-836996-25-iscsi devstack@c-api.service[122092]: DEBUG cinder.api.middleware.request_id [req-db463806-1e44-4a29-8a63-db0eb7e92e60 req-a5cbccff-ebfc-4757-92fd-10daab38a09f None None] RequestId filter calling following filter/app {{(pid=122092) _context_setter /opt/stack/cinder/cinder/api/middleware/request_id.py:62}}
May 23 10:51:52.153593 dv-cinder-836996-25-iscsi devstack@c-api.service[122092]: INFO cinder.api.openstack.wsgi [req-db463806-1e44-4a29-8a63-db0eb7e92e60 req-a5cbccff-ebfc-4757-92fd-10daab38a09f tempest-VolumesTestJSON-766790054 tempest-VolumesTestJSON-766790054-project] GET http://10.222.0.36/volume/v3/9d2278c536e14f7e96a3b01a18cd19ad/volumes/detail
May 23 10:51:52.154584 dv-cinder-836996-25-iscsi devstack@c-api.service[122092]: DEBUG cinder.api.openstack.wsgi [req-db463806-1e44-4a29-8a63-db0eb7e92e60 req-a5cbccff-ebfc-4757-92fd-10daab38a09f tempest-VolumesTestJSON-766790054 tempest-VolumesTestJSON-766790054-project] Empty body provided in request {{(pid=122092) get_body /opt/stack/cinder/cinder/api/openstack/wsgi.py:715}}
May 23 10:51:52.155345 dv-cinder-836996-25-iscsi devstack@c-api.service[122092]: DEBUG cinder.api.openstack.wsgi [req-db463806-1e44-4a29-8a63-db0eb7e92e60 req-a5cbccff-ebfc-4757-92fd-10daab38a09f tempest-VolumesTestJSON-766790054 tempest-VolumesTestJSON-766790054-project] Calling method 'detail' {{(pid=122092) _process_stack /opt/stack/cinder/cinder/api/openstack/wsgi.py:868}}
May 23 10:51:52.156204 dv-cinder-836996-25-iscsi devstack@c-api.service[122092]: DEBUG cinder.api.api_utils [req-db463806-1e44-4a29-8a63-db0eb7e92e60 req-a5cbccff-ebfc-4757-92fd-10daab38a09f tempest-VolumesTestJSON-766790054 tempest-VolumesTestJSON-766790054-project] Removing options '' from query. {{(pid=122092) remove_invalid_filter_options /opt/stack/cinder/cinder/api/api_utils.py:73}}
May 23 10:51:52.159559 dv-cinder-836996-25-iscsi devstack@c-api.service[122092]: DEBUG cinder.volume.api [req-db463806-1e44-4a29-8a63-db0eb7e92e60 req-a5cbccff-ebfc-4757-92fd-10daab38a09f tempest-VolumesTestJSON-766790054 tempest-VolumesTestJSON-766790054-project] Searching by: MultiDict([('no_migration_targets', True)]). {{(pid=122092) get_all /opt/stack/cinder/cinder/volume/api.py:664}}
May 23 10:51:52.238768 dv-cinder-836996-25-iscsi devstack@c-api.service[122091]: INFO cinder.volume.api [None req-0aa20f57-fbd5-45b3-b9cf-c3d64ed596c2 tempest-GroupSnapshotsTest-1421434068 tempest-GroupSnapshotsTest-1421434068-project] Get all volumes completed successfully.
May 23 10:51:52.251205 dv-cinder-836996-25-iscsi devstack@c-api.service[122091]: WARNING stevedore.named [None req-0aa20f57-fbd5-45b3-b9cf-c3d64ed596c2 tempest-GroupSnapshotsTest-1421434068 tempest-GroupSnapshotsTest-1421434068-project] Could not load cinder.keymgr.conf_key_mgr.ConfKeyManager
May 23 10:51:52.251866 dv-cinder-836996-25-iscsi devstack@c-api.service[122091]: WARNING castellan.key_manager [None req-0aa20f57-fbd5-45b3-b9cf-c3d64ed596c2 tempest-GroupSnapshotsTest-1421434068 tempest-GroupSnapshotsTest-1421434068-project] Deprecation Warning : cinder.keymgr.conf_key_mgr.ConfKeyManager is not a stevedore based driver, trying to load it as a class: stevedore.exception.NoMatches: No 'castellan.drivers' driver found, looking for 'cinder.keymgr.conf_key_mgr.ConfKeyManager'
May 23 10:51:52.290970 dv-cinder-836996-25-iscsi devstack@c-api.service[122091]: DEBUG oslo_db.sqlalchemy.engines [None req-0aa20f57-fbd5-45b3-b9cf-c3d64ed596c2 tempest-GroupSnapshotsTest-1421434068 tempest-GroupSnapshotsTest-1421434068-project] MySQL server mode set to STRICT_TRANS_TABLES,STRICT_ALL_TABLES,NO_ZERO_IN_DATE,NO_ZERO_DATE,ERROR_FOR_DIVISION_BY_ZERO,TRADITIONAL,NO_ENGINE_SUBSTITUTION {{(pid=122091) _check_effective_sql_mode /usr/local/lib/python3.8/dist-packages/oslo_db/sqlalchemy/engines.py:314}}
May 23 10:51:52.300952 dv-cinder-836996-25-iscsi devstack@c-api.service[122091]: /usr/local/lib/python3.8/dist-packages/oslo_context/context.py:100: DeprecationWarning: Policy enforcement is depending on the value of is_admin. This key is deprecated. Please update your policy file to use the standard policy values.
May 23 10:51:52.300952 dv-cinder-836996-25-iscsi devstack@c-api.service[122091]: warnings.warn('Policy enforcement is depending on the value of '
May 23 10:51:52.316672 dv-cinder-836996-25-iscsi devstack@c-api.service[122091]: WARNING stevedore.named [None req-0aa20f57-fbd5-45b3-b9cf-c3d64ed596c2 tempest-GroupSnapshotsTest-1421434068 tempest-GroupSnapshotsTest-1421434068-project] Could not load cinder.keymgr.conf_key_mgr.ConfKeyManager
May 23 10:51:52.318989 dv-cinder-836996-25-iscsi devstack@c-api.service[122091]: WARNING castellan.key_manager [None req-0aa20f57-fbd5-45b3-b9cf-c3d64ed596c2 tempest-GroupSnapshotsTest-1421434068 tempest-GroupSnapshotsTest-1421434068-project] Deprecation Warning : cinder.keymgr.conf_key_mgr.ConfKeyManager is not a stevedore based driver, trying to load it as a class: stevedore.exception.NoMatches: No 'castellan.drivers' driver found, looking for 'cinder.keymgr.conf_key_mgr.ConfKeyManager'
May 23 10:51:52.342715 dv-cinder-836996-25-iscsi devstack@c-api.service[122091]: DEBUG oslo_db.sqlalchemy.engines [None req-0aa20f57-fbd5-45b3-b9cf-c3d64ed596c2 tempest-GroupSnapshotsTest-1421434068 tempest-GroupSnapshotsTest-1421434068-project] MySQL server mode set to STRICT_TRANS_TABLES,STRICT_ALL_TABLES,NO_ZERO_IN_DATE,NO_ZERO_DATE,ERROR_FOR_DIVISION_BY_ZERO,TRADITIONAL,NO_ENGINE_SUBSTITUTION {{(pid=122091) _check_effective_sql_mode /usr/local/lib/python3.8/dist-packages/oslo_db/sqlalchemy/engines.py:314}}
May 23 10:51:52.379354 dv-cinder-836996-25-iscsi devstack@c-api.service[122091]: /usr/local/lib/python3.8/dist-packages/oslo_context/context.py:100: DeprecationWarning: Policy enforcement is depending on the value of is_admin. This key is deprecated. Please update your policy file to use the standard policy values.
May 23 10:51:52.379354 dv-cinder-836996-25-iscsi devstack@c-api.service[122091]: warnings.warn('Policy enforcement is depending on the value of '
May 23 10:51:52.392572 dv-cinder-836996-25-iscsi devstack@c-api.service[122092]: INFO cinder.volume.api [req-db463806-1e44-4a29-8a63-db0eb7e92e60 req-a5cbccff-ebfc-4757-92fd-10daab38a09f tempest-VolumesTestJSON-766790054 tempest-VolumesTestJSON-766790054-project] Get all volumes completed successfully.
May 23 10:51:52.395269 dv-cinder-836996-25-iscsi devstack@c-api.service[122092]: /usr/local/lib/python3.8/dist-packages/oslo_context/context.py:100: DeprecationWarning: Policy enforcement is depending on the value of is_admin. This key is deprecated. Please update your policy file to use the standard policy values.
May 23 10:51:52.395269 dv-cinder-836996-25-iscsi devstack@c-api.service[122092]: warnings.warn('Policy enforcement is depending on the value of '
May 23 10:51:52.436907 dv-cinder-836996-25-iscsi devstack@c-api.service[122091]: INFO cinder.api.openstack.wsgi [None req-0aa20f57-fbd5-45b3-b9cf-c3d64ed596c2 tempest-GroupSnapshotsTest-1421434068 tempest-GroupSnapshotsTest-1421434068-project] http://10.222.0.36/volume/v3/67ae1bdc29c44536a14d2918d4e1f61e/volumes/detail returned with HTTP 200
May 23 10:51:52.441525 dv-cinder-836996-25-iscsi devstack@c-api.service[122091]: [pid: 122091|app: 0|req: 36/84] 10.222.0.36 () {60 vars in 1275 bytes} [Mon May 23 10:51:51 2022] GET /volume/v3/67ae1bdc29c44536a14d2918d4e1f61e/volumes/detail => generated 1980 bytes in 503 msecs (HTTP/1.1 200) 7 headers in 287 bytes (1 switches on core 0)
May 23 10:51:52.441765 dv-cinder-836996-25-iscsi devstack@c-api.service[122092]: INFO cinder.api.openstack.wsgi [req-db463806-1e44-4a29-8a63-db0eb7e92e60 req-a5cbccff-ebfc-4757-92fd-10daab38a09f tempest-VolumesTestJSON-766790054 tempest-VolumesTestJSON-766790054-project] http://10.222.0.36/volume/v3/9d2278c536e14f7e96a3b01a18cd19ad/volumes/detail returned with HTTP 200
May 23 10:51:52.448532 dv-cinder-836996-25-iscsi devstack@c-api.service[122091]: DEBUG cinder.api.middleware.request_id [req-13244788-9f83-4983-ae71-bf14fdb313f8 req-9a102c31-4895-4b02-9e57-fa7a0457380a None None] RequestId filter calling following filter/app {{(pid=122091) _context_setter /opt/stack/cinder/cinder/api/middleware/request_id.py:62}}
May 23 10:51:52.448854 dv-cinder-836996-25-iscsi devstack@c-api.service[122092]: [pid: 122092|app: 0|req: 49/85] 10.222.0.36 () {60 vars in 1488 bytes} [Mon May 23 10:51:52 2022] GET /volume/v3/9d2278c536e14f7e96a3b01a18cd19ad/volumes/detail => generated 2745 bytes in 302 msecs (HTTP/1.1 200) 7 headers in 286 bytes (1 switches on core 0)
May 23 10:51:52.454977 dv-cinder-836996-25-iscsi devstack@c-api.service[122092]: DEBUG cinder.api.middleware.request_id [None req-97c02c3d-5740-48cf-80cc-689b1009b3b3 None None] RequestId filter calling following filter/app {{(pid=122092) _context_setter /opt/stack/cinder/cinder/api/middleware/request_id.py:62}}
May 23 10:51:52.479439 dv-cinder-836996-25-iscsi devstack@c-api.service[122092]: INFO cinder.api.openstack.wsgi [None req-97c02c3d-5740-48cf-80cc-689b1009b3b3 tempest-GroupSnapshotsTest-1421434068 tempest-GroupSnapshotsTest-1421434068-project] POST http://10.222.0.36/volume/v3/67ae1bdc29c44536a14d2918d4e1f61e/groups/5ac6b855-b95d-4e61-a632-e1d50580efa5/action
May 23 10:51:52.480550 dv-cinder-836996-25-iscsi devstack@c-api.service[122092]: DEBUG cinder.api.openstack.wsgi [None req-97c02c3d-5740-48cf-80cc-689b1009b3b3 tempest-GroupSnapshotsTest-1421434068 tempest-GroupSnapshotsTest-1421434068-project] Action body: b'{"delete": {"delete-volumes": true}}' {{(pid=122092) get_method /opt/stack/cinder/cinder/api/openstack/wsgi.py:983}}
May 23 10:51:52.480885 dv-cinder-836996-25-iscsi devstack@c-api.service[122092]: DEBUG cinder.api.openstack.wsgi [None req-97c02c3d-5740-48cf-80cc-689b1009b3b3 tempest-GroupSnapshotsTest-1421434068 tempest-GroupSnapshotsTest-1421434068-project] Action: 'action', calling method: version_select, body: {"delete": {"delete-volumes": true}} {{(pid=122092) _process_stack /opt/stack/cinder/cinder/api/openstack/wsgi.py:866}}
May 23 10:51:52.481738 dv-cinder-836996-25-iscsi devstack@c-api.service[122092]: DEBUG cinder.api.v3.groups [None req-97c02c3d-5740-48cf-80cc-689b1009b3b3 tempest-GroupSnapshotsTest-1421434068 tempest-GroupSnapshotsTest-1421434068-project] delete called for group 5ac6b855-b95d-4e61-a632-e1d50580efa5 {{(pid=122092) _delete /opt/stack/cinder/cinder/api/v3/groups.py:117}}
May 23 10:51:52.483941 dv-cinder-836996-25-iscsi devstack@c-api.service[122091]: INFO cinder.api.openstack.wsgi [req-13244788-9f83-4983-ae71-bf14fdb313f8 req-9a102c31-4895-4b02-9e57-fa7a0457380a tempest-VolumesSnapshotsTestJSON-991571962 tempest-VolumesSnapshotsTestJSON-991571962-project] GET http://10.222.0.36/volume/v3/2707ec87254b4e55b636f5a5ac143858/volumes/211fbd60-2162-4e8c-afee-4ee60f235203
May 23 10:51:52.486193 dv-cinder-836996-25-iscsi devstack@c-api.service[122091]: DEBUG cinder.api.openstack.wsgi [req-13244788-9f83-4983-ae71-bf14fdb313f8 req-9a102c31-4895-4b02-9e57-fa7a0457380a tempest-VolumesSnapshotsTestJSON-991571962 tempest-VolumesSnapshotsTestJSON-991571962-project] Empty body provided in request {{(pid=122091) get_body /opt/stack/cinder/cinder/api/openstack/wsgi.py:715}}
May 23 10:51:52.488337 dv-cinder-836996-25-iscsi devstack@c-api.service[122091]: DEBUG cinder.api.openstack.wsgi [req-13244788-9f83-4983-ae71-bf14fdb313f8 req-9a102c31-4895-4b02-9e57-fa7a0457380a tempest-VolumesSnapshotsTestJSON-991571962 tempest-VolumesSnapshotsTestJSON-991571962-project] Calling method 'show' {{(pid=122091) _process_stack /opt/stack/cinder/cinder/api/openstack/wsgi.py:868}}
May 23 10:51:52.506582 dv-cinder-836996-25-iscsi devstack@c-api.service[122092]: INFO cinder.api.v3.groups [None req-97c02c3d-5740-48cf-80cc-689b1009b3b3 tempest-GroupSnapshotsTest-1421434068 tempest-GroupSnapshotsTest-1421434068-project] Delete group with id: 5ac6b855-b95d-4e61-a632-e1d50580efa5
May 23 10:51:52.525201 dv-cinder-836996-25-iscsi devstack@c-api.service[122091]: INFO cinder.api.openstack.wsgi [req-13244788-9f83-4983-ae71-bf14fdb313f8 req-9a102c31-4895-4b02-9e57-fa7a0457380a tempest-VolumesSnapshotsTestJSON-991571962 tempest-VolumesSnapshotsTestJSON-991571962-project] http://10.222.0.36/volume/v3/2707ec87254b4e55b636f5a5ac143858/volumes/211fbd60-2162-4e8c-afee-4ee60f235203 returned with HTTP 404
May 23 10:51:52.526007 dv-cinder-836996-25-iscsi devstack@c-api.service[122092]: /usr/local/lib/python3.8/dist-packages/oslo_context/context.py:100: DeprecationWarning: Policy enforcement is depending on the value of is_admin. This key is deprecated. Please update your policy file to use the standard policy values.
May 23 10:51:52.526007 dv-cinder-836996-25-iscsi devstack@c-api.service[122092]: warnings.warn('Policy enforcement is depending on the value of '
May 23 10:51:52.542228 dv-cinder-836996-25-iscsi devstack@c-api.service[122091]: [pid: 122091|app: 0|req: 37/86] 10.222.0.36 () {60 vars in 1578 bytes} [Mon May 23 10:51:52 2022] GET /volume/v3/2707ec87254b4e55b636f5a5ac143858/volumes/211fbd60-2162-4e8c-afee-4ee60f235203 => generated 109 bytes in 100 msecs (HTTP/1.1 404) 7 headers in 292 bytes (1 switches on core 0)
May 23 10:51:52.556596 dv-cinder-836996-25-iscsi devstack@c-api.service[122091]: DEBUG cinder.api.middleware.request_id [req-6b603e06-c0de-4179-8ac0-fbc3ef135668 req-0f5a8caa-7ad7-4e24-8292-374739ea3e02 None None] RequestId filter calling following filter/app {{(pid=122091) _context_setter /opt/stack/cinder/cinder/api/middleware/request_id.py:62}}
May 23 10:51:52.571993 dv-cinder-836996-25-iscsi devstack@c-api.service[122091]: INFO cinder.api.openstack.wsgi [req-6b603e06-c0de-4179-8ac0-fbc3ef135668 req-0f5a8caa-7ad7-4e24-8292-374739ea3e02 tempest-VolumesTestJSON-766790054 tempest-VolumesTestJSON-766790054-project] GET http://10.222.0.36/volume/v3/9d2278c536e14f7e96a3b01a18cd19ad/volumes/detail
May 23 10:51:52.576224 dv-cinder-836996-25-iscsi devstack@c-api.service[122091]: DEBUG cinder.api.openstack.wsgi [req-6b603e06-c0de-4179-8ac0-fbc3ef135668 req-0f5a8caa-7ad7-4e24-8292-374739ea3e02 tempest-VolumesTestJSON-766790054 tempest-VolumesTestJSON-766790054-project] Empty body provided in request {{(pid=122091) get_body /opt/stack/cinder/cinder/api/openstack/wsgi.py:715}}
May 23 10:51:52.577155 dv-cinder-836996-25-iscsi devstack@c-api.service[122091]: DEBUG cinder.api.openstack.wsgi [req-6b603e06-c0de-4179-8ac0-fbc3ef135668 req-0f5a8caa-7ad7-4e24-8292-374739ea3e02 tempest-VolumesTestJSON-766790054 tempest-VolumesTestJSON-766790054-project] Calling method 'detail' {{(pid=122091) _process_stack /opt/stack/cinder/cinder/api/openstack/wsgi.py:868}}
May 23 10:51:52.582838 dv-cinder-836996-25-iscsi devstack@c-api.service[122091]: DEBUG cinder.api.api_utils [req-6b603e06-c0de-4179-8ac0-fbc3ef135668 req-0f5a8caa-7ad7-4e24-8292-374739ea3e02 tempest-VolumesTestJSON-766790054 tempest-VolumesTestJSON-766790054-project] Removing options '' from query. {{(pid=122091) remove_invalid_filter_options /opt/stack/cinder/cinder/api/api_utils.py:73}}
May 23 10:51:52.585906 dv-cinder-836996-25-iscsi devstack@c-api.service[122091]: DEBUG cinder.volume.api [req-6b603e06-c0de-4179-8ac0-fbc3ef135668 req-0f5a8caa-7ad7-4e24-8292-374739ea3e02 tempest-VolumesTestJSON-766790054 tempest-VolumesTestJSON-766790054-project] Searching by: MultiDict([('no_migration_targets', True)]). {{(pid=122091) get_all /opt/stack/cinder/cinder/volume/api.py:664}}
May 23 10:51:52.686581 dv-cinder-836996-25-iscsi devstack@c-api.service[122091]: INFO cinder.volume.api [req-6b603e06-c0de-4179-8ac0-fbc3ef135668 req-0f5a8caa-7ad7-4e24-8292-374739ea3e02 tempest-VolumesTestJSON-766790054 tempest-VolumesTestJSON-766790054-project] Get all volumes completed successfully.
May 23 10:51:52.687532 dv-cinder-836996-25-iscsi devstack@c-api.service[122092]: DEBUG dbcounter [-] [122092] Writing DB stats cinder:SELECT=97,cinder:UPDATE=2,cinder:INSERT=1 {{(pid=122092) stat_writer /usr/local/lib/python3.8/dist-packages/dbcounter.py:114}}
May 23 10:51:52.703779 dv-cinder-836996-25-iscsi devstack@c-api.service[122091]: /usr/local/lib/python3.8/dist-packages/oslo_context/context.py:100: DeprecationWarning: Policy enforcement is depending on the value of is_admin. This key is deprecated. Please update your policy file to use the standard policy values.
May 23 10:51:52.703779 dv-cinder-836996-25-iscsi devstack@c-api.service[122091]: warnings.warn('Policy enforcement is depending on the value of '
May 23 10:51:52.730567 dv-cinder-836996-25-iscsi devstack@c-api.service[122091]: INFO cinder.api.openstack.wsgi [req-6b603e06-c0de-4179-8ac0-fbc3ef135668 req-0f5a8caa-7ad7-4e24-8292-374739ea3e02 tempest-VolumesTestJSON-766790054 tempest-VolumesTestJSON-766790054-project] http://10.222.0.36/volume/v3/9d2278c536e14f7e96a3b01a18cd19ad/volumes/detail returned with HTTP 200
May 23 10:51:52.731495 dv-cinder-836996-25-iscsi devstack@c-api.service[122091]: [pid: 122091|app: 0|req: 38/87] 10.222.0.36 () {60 vars in 1488 bytes} [Mon May 23 10:51:52 2022] GET /volume/v3/9d2278c536e14f7e96a3b01a18cd19ad/volumes/detail => generated 2745 bytes in 187 msecs (HTTP/1.1 200) 7 headers in 286 bytes (1 switches on core 0)
May 23 10:51:52.753025 dv-cinder-836996-25-iscsi devstack@c-api.service[122092]: INFO cinder.api.openstack.wsgi [None req-97c02c3d-5740-48cf-80cc-689b1009b3b3 tempest-GroupSnapshotsTest-1421434068 tempest-GroupSnapshotsTest-1421434068-project] http://10.222.0.36/volume/v3/67ae1bdc29c44536a14d2918d4e1f61e/groups/5ac6b855-b95d-4e61-a632-e1d50580efa5/action returned with HTTP 202
May 23 10:51:52.754538 dv-cinder-836996-25-iscsi devstack@c-api.service[122092]: [pid: 122092|app: 0|req: 50/88] 10.222.0.36 () {62 vars in 1404 bytes} [Mon May 23 10:51:52 2022] POST /volume/v3/67ae1bdc29c44536a14d2918d4e1f61e/groups/5ac6b855-b95d-4e61-a632-e1d50580efa5/action => generated 0 bytes in 300 msecs (HTTP/1.1 202) 6 headers in 234 bytes (1 switches on core 0)
May 23 10:51:52.759409 dv-cinder-836996-25-iscsi devstack@c-api.service[122091]: DEBUG cinder.api.middleware.request_id [None req-d70ce943-fa13-4ef0-bdcd-6400f66d2bbb None None] RequestId filter calling following filter/app {{(pid=122091) _context_setter /opt/stack/cinder/cinder/api/middleware/request_id.py:62}}
May 23 10:51:52.762997 dv-cinder-836996-25-iscsi devstack@c-api.service[122091]: INFO cinder.api.openstack.wsgi [None req-d70ce943-fa13-4ef0-bdcd-6400f66d2bbb tempest-GroupSnapshotsTest-1421434068 tempest-GroupSnapshotsTest-1421434068-project] GET http://10.222.0.36/volume/v3/67ae1bdc29c44536a14d2918d4e1f61e/volumes/c51a159c-7e9b-4063-928b-9af94131276d
May 23 10:51:52.763396 dv-cinder-836996-25-iscsi devstack@c-api.service[122091]: DEBUG cinder.api.openstack.wsgi [None req-d70ce943-fa13-4ef0-bdcd-6400f66d2bbb tempest-GroupSnapshotsTest-1421434068 tempest-GroupSnapshotsTest-1421434068-project] Empty body provided in request {{(pid=122091) get_body /opt/stack/cinder/cinder/api/openstack/wsgi.py:715}}
May 23 10:51:52.763857 dv-cinder-836996-25-iscsi devstack@c-api.service[122091]: DEBUG cinder.api.openstack.wsgi [None req-d70ce943-fa13-4ef0-bdcd-6400f66d2bbb tempest-GroupSnapshotsTest-1421434068 tempest-GroupSnapshotsTest-1421434068-project] Calling method 'show' {{(pid=122091) _process_stack /opt/stack/cinder/cinder/api/openstack/wsgi.py:868}}
May 23 10:51:52.793889 dv-cinder-836996-25-iscsi devstack@c-api.service[122092]: DEBUG cinder.api.middleware.request_id [req-aaa25f00-6627-4e84-84d8-f9f170dcbef5 req-d59f8a3b-618a-44a3-b69d-bba82ef3b039 None None] RequestId filter calling following filter/app {{(pid=122092) _context_setter /opt/stack/cinder/cinder/api/middleware/request_id.py:62}}
May 23 10:51:52.797999 dv-cinder-836996-25-iscsi devstack@c-api.service[122092]: INFO cinder.api.openstack.wsgi [req-aaa25f00-6627-4e84-84d8-f9f170dcbef5 req-d59f8a3b-618a-44a3-b69d-bba82ef3b039 tempest-VolumesTestJSON-766790054 tempest-VolumesTestJSON-766790054-project] GET http://10.222.0.36/volume/v3/9d2278c536e14f7e96a3b01a18cd19ad/volumes/detail
May 23 10:51:52.798460 dv-cinder-836996-25-iscsi devstack@c-api.service[122092]: DEBUG cinder.api.openstack.wsgi [req-aaa25f00-6627-4e84-84d8-f9f170dcbef5 req-d59f8a3b-618a-44a3-b69d-bba82ef3b039 tempest-VolumesTestJSON-766790054 tempest-VolumesTestJSON-766790054-project] Empty body provided in request {{(pid=122092) get_body /opt/stack/cinder/cinder/api/openstack/wsgi.py:715}}
May 23 10:51:52.798918 dv-cinder-836996-25-iscsi devstack@c-api.service[122092]: DEBUG cinder.api.openstack.wsgi [req-aaa25f00-6627-4e84-84d8-f9f170dcbef5 req-d59f8a3b-618a-44a3-b69d-bba82ef3b039 tempest-VolumesTestJSON-766790054 tempest-VolumesTestJSON-766790054-project] Calling method 'detail' {{(pid=122092) _process_stack /opt/stack/cinder/cinder/api/openstack/wsgi.py:868}}
May 23 10:51:52.799507 dv-cinder-836996-25-iscsi devstack@c-api.service[122092]: DEBUG cinder.api.api_utils [req-aaa25f00-6627-4e84-84d8-f9f170dcbef5 req-d59f8a3b-618a-44a3-b69d-bba82ef3b039 tempest-VolumesTestJSON-766790054 tempest-VolumesTestJSON-766790054-project] Removing options '' from query. {{(pid=122092) remove_invalid_filter_options /opt/stack/cinder/cinder/api/api_utils.py:73}}
May 23 10:51:52.801201 dv-cinder-836996-25-iscsi devstack@c-api.service[122092]: DEBUG cinder.volume.api [req-aaa25f00-6627-4e84-84d8-f9f170dcbef5 req-d59f8a3b-618a-44a3-b69d-bba82ef3b039 tempest-VolumesTestJSON-766790054 tempest-VolumesTestJSON-766790054-project] Searching by: MultiDict([('no_migration_targets', True)]). {{(pid=122092) get_all /opt/stack/cinder/cinder/volume/api.py:664}}
May 23 10:51:52.811549 dv-cinder-836996-25-iscsi devstack@c-api.service[122091]: /usr/local/lib/python3.8/dist-packages/oslo_context/context.py:100: DeprecationWarning: Policy enforcement is depending on the value of is_admin. This key is deprecated. Please update your policy file to use the standard policy values.
May 23 10:51:52.811549 dv-cinder-836996-25-iscsi devstack@c-api.service[122091]: warnings.warn('Policy enforcement is depending on the value of '
May 23 10:51:52.859811 dv-cinder-836996-25-iscsi devstack@c-api.service[122091]: INFO cinder.volume.api [None req-d70ce943-fa13-4ef0-bdcd-6400f66d2bbb tempest-GroupSnapshotsTest-1421434068 tempest-GroupSnapshotsTest-1421434068-project] Volume info retrieved successfully.
May 23 10:51:52.861200 dv-cinder-836996-25-iscsi devstack@c-api.service[122091]: WARNING stevedore.named [None req-d70ce943-fa13-4ef0-bdcd-6400f66d2bbb tempest-GroupSnapshotsTest-1421434068 tempest-GroupSnapshotsTest-1421434068-project] Could not load cinder.keymgr.conf_key_mgr.ConfKeyManager
May 23 10:51:52.861588 dv-cinder-836996-25-iscsi devstack@c-api.service[122091]: WARNING castellan.key_manager [None req-d70ce943-fa13-4ef0-bdcd-6400f66d2bbb tempest-GroupSnapshotsTest-1421434068 tempest-GroupSnapshotsTest-1421434068-project] Deprecation Warning : cinder.keymgr.conf_key_mgr.ConfKeyManager is not a stevedore based driver, trying to load it as a class: stevedore.exception.NoMatches: No 'castellan.drivers' driver found, looking for 'cinder.keymgr.conf_key_mgr.ConfKeyManager'
May 23 10:51:52.899027 dv-cinder-836996-25-iscsi devstack@c-api.service[122091]: DEBUG oslo_db.sqlalchemy.engines [None req-d70ce943-fa13-4ef0-bdcd-6400f66d2bbb tempest-GroupSnapshotsTest-1421434068 tempest-GroupSnapshotsTest-1421434068-project] MySQL server mode set to STRICT_TRANS_TABLES,STRICT_ALL_TABLES,NO_ZERO_IN_DATE,NO_ZERO_DATE,ERROR_FOR_DIVISION_BY_ZERO,TRADITIONAL,NO_ENGINE_SUBSTITUTION {{(pid=122091) _check_effective_sql_mode /usr/local/lib/python3.8/dist-packages/oslo_db/sqlalchemy/engines.py:314}}
May 23 10:51:52.915870 dv-cinder-836996-25-iscsi devstack@c-api.service[122091]: /usr/local/lib/python3.8/dist-packages/oslo_context/context.py:100: DeprecationWarning: Policy enforcement is depending on the value of is_admin. This key is deprecated. Please update your policy file to use the standard policy values.
May 23 10:51:52.915870 dv-cinder-836996-25-iscsi devstack@c-api.service[122091]: warnings.warn('Policy enforcement is depending on the value of '
May 23 10:51:52.963117 dv-cinder-836996-25-iscsi devstack@c-api.service[122091]: INFO cinder.api.openstack.wsgi [None req-d70ce943-fa13-4ef0-bdcd-6400f66d2bbb tempest-GroupSnapshotsTest-1421434068 tempest-GroupSnapshotsTest-1421434068-project] http://10.222.0.36/volume/v3/67ae1bdc29c44536a14d2918d4e1f61e/volumes/c51a159c-7e9b-4063-928b-9af94131276d returned with HTTP 200
May 23 10:51:52.973075 dv-cinder-836996-25-iscsi devstack@c-api.service[122091]: [pid: 122091|app: 0|req: 39/89] 10.222.0.36 () {60 vars in 1365 bytes} [Mon May 23 10:51:52 2022] GET /volume/v3/67ae1bdc29c44536a14d2918d4e1f61e/volumes/c51a159c-7e9b-4063-928b-9af94131276d => generated 990 bytes in 209 msecs (HTTP/1.1 200) 7 headers in 286 bytes (1 switches on core 0)
May 23 10:51:53.071957 dv-cinder-836996-25-iscsi devstack@c-api.service[122092]: INFO cinder.volume.api [req-aaa25f00-6627-4e84-84d8-f9f170dcbef5 req-d59f8a3b-618a-44a3-b69d-bba82ef3b039 tempest-VolumesTestJSON-766790054 tempest-VolumesTestJSON-766790054-project] Get all volumes completed successfully.
May 23 10:51:53.086483 dv-cinder-836996-25-iscsi devstack@c-api.service[122092]: /usr/local/lib/python3.8/dist-packages/oslo_context/context.py:100: DeprecationWarning: Policy enforcement is depending on the value of is_admin. This key is deprecated. Please update your policy file to use the standard policy values.
May 23 10:51:53.086483 dv-cinder-836996-25-iscsi devstack@c-api.service[122092]: warnings.warn('Policy enforcement is depending on the value of '
May 23 10:51:53.144001 dv-cinder-836996-25-iscsi devstack@c-api.service[122092]: INFO cinder.api.openstack.wsgi [req-aaa25f00-6627-4e84-84d8-f9f170dcbef5 req-d59f8a3b-618a-44a3-b69d-bba82ef3b039 tempest-VolumesTestJSON-766790054 tempest-VolumesTestJSON-766790054-project] http://10.222.0.36/volume/v3/9d2278c536e14f7e96a3b01a18cd19ad/volumes/detail returned with HTTP 200
May 23 10:51:53.155517 dv-cinder-836996-25-iscsi devstack@c-api.service[122092]: [pid: 122092|app: 0|req: 51/90] 10.222.0.36 () {60 vars in 1488 bytes} [Mon May 23 10:51:52 2022] GET /volume/v3/9d2278c536e14f7e96a3b01a18cd19ad/volumes/detail => generated 2745 bytes in 354 msecs (HTTP/1.1 200) 7 headers in 286 bytes (2 switches on core 0)
May 23 10:51:53.255627 dv-cinder-836996-25-iscsi devstack@c-api.service[122091]: DEBUG cinder.api.middleware.request_id [req-3068e361-1205-4f1e-9e01-4da2c41a11da req-5afde715-daf6-4116-83a9-d34f7b504a1a None None] RequestId filter calling following filter/app {{(pid=122091) _context_setter /opt/stack/cinder/cinder/api/middleware/request_id.py:62}}
May 23 10:51:53.262978 dv-cinder-836996-25-iscsi devstack@c-api.service[122091]: INFO cinder.api.openstack.wsgi [req-3068e361-1205-4f1e-9e01-4da2c41a11da req-5afde715-daf6-4116-83a9-d34f7b504a1a tempest-VolumesTestJSON-766790054 tempest-VolumesTestJSON-766790054-project] GET http://10.222.0.36/volume/v3/9d2278c536e14f7e96a3b01a18cd19ad/volumes/detail
May 23 10:51:53.264630 dv-cinder-836996-25-iscsi devstack@c-api.service[122091]: DEBUG cinder.api.openstack.wsgi [req-3068e361-1205-4f1e-9e01-4da2c41a11da req-5afde715-daf6-4116-83a9-d34f7b504a1a tempest-VolumesTestJSON-766790054 tempest-VolumesTestJSON-766790054-project] Empty body provided in request {{(pid=122091) get_body /opt/stack/cinder/cinder/api/openstack/wsgi.py:715}}
May 23 10:51:53.265214 dv-cinder-836996-25-iscsi devstack@c-api.service[122091]: DEBUG cinder.api.openstack.wsgi [req-3068e361-1205-4f1e-9e01-4da2c41a11da req-5afde715-daf6-4116-83a9-d34f7b504a1a tempest-VolumesTestJSON-766790054 tempest-VolumesTestJSON-766790054-project] Calling method 'detail' {{(pid=122091) _process_stack /opt/stack/cinder/cinder/api/openstack/wsgi.py:868}}
May 23 10:51:53.266114 dv-cinder-836996-25-iscsi devstack@c-api.service[122091]: DEBUG cinder.api.api_utils [req-3068e361-1205-4f1e-9e01-4da2c41a11da req-5afde715-daf6-4116-83a9-d34f7b504a1a tempest-VolumesTestJSON-766790054 tempest-VolumesTestJSON-766790054-project] Removing options '' from query. {{(pid=122091) remove_invalid_filter_options /opt/stack/cinder/cinder/api/api_utils.py:73}}
May 23 10:51:53.293576 dv-cinder-836996-25-iscsi devstack@c-api.service[122091]: DEBUG cinder.volume.api [req-3068e361-1205-4f1e-9e01-4da2c41a11da req-5afde715-daf6-4116-83a9-d34f7b504a1a tempest-VolumesTestJSON-766790054 tempest-VolumesTestJSON-766790054-project] Searching by: MultiDict([('no_migration_targets', True)]). {{(pid=122091) get_all /opt/stack/cinder/cinder/volume/api.py:664}}
May 23 10:51:53.526183 dv-cinder-836996-25-iscsi devstack@c-api.service[122091]: INFO cinder.volume.api [req-3068e361-1205-4f1e-9e01-4da2c41a11da req-5afde715-daf6-4116-83a9-d34f7b504a1a tempest-VolumesTestJSON-766790054 tempest-VolumesTestJSON-766790054-project] Get all volumes completed successfully.
May 23 10:51:53.528599 dv-cinder-836996-25-iscsi devstack@c-api.service[122091]: /usr/local/lib/python3.8/dist-packages/oslo_context/context.py:100: DeprecationWarning: Policy enforcement is depending on the value of is_admin. This key is deprecated. Please update your policy file to use the standard policy values.
May 23 10:51:53.528599 dv-cinder-836996-25-iscsi devstack@c-api.service[122091]: warnings.warn('Policy enforcement is depending on the value of '
May 23 10:51:53.555802 dv-cinder-836996-25-iscsi devstack@c-api.service[122091]: INFO cinder.api.openstack.wsgi [req-3068e361-1205-4f1e-9e01-4da2c41a11da req-5afde715-daf6-4116-83a9-d34f7b504a1a tempest-VolumesTestJSON-766790054 tempest-VolumesTestJSON-766790054-project] http://10.222.0.36/volume/v3/9d2278c536e14f7e96a3b01a18cd19ad/volumes/detail returned with HTTP 200
May 23 10:51:53.567839 dv-cinder-836996-25-iscsi devstack@c-api.service[122091]: [pid: 122091|app: 0|req: 40/91] 10.222.0.36 () {60 vars in 1488 bytes} [Mon May 23 10:51:53 2022] GET /volume/v3/9d2278c536e14f7e96a3b01a18cd19ad/volumes/detail => generated 2745 bytes in 313 msecs (HTTP/1.1 200) 7 headers in 286 bytes (2 switches on core 0)
May 23 10:51:53.972793 dv-cinder-836996-25-iscsi devstack@c-api.service[122092]: DEBUG cinder.api.middleware.request_id [req-69a1eef1-d470-4000-a290-3d2e06e251b1 req-7c06d34f-b44e-44e1-89f8-2f115b482c8a None None] RequestId filter calling following filter/app {{(pid=122092) _context_setter /opt/stack/cinder/cinder/api/middleware/request_id.py:62}}
May 23 10:51:53.977353 dv-cinder-836996-25-iscsi devstack@c-api.service[122091]: DEBUG cinder.api.middleware.request_id [None req-4ee87537-1b24-416b-8b9e-19d8d8b79295 None None] RequestId filter calling following filter/app {{(pid=122091) _context_setter /opt/stack/cinder/cinder/api/middleware/request_id.py:62}}
May 23 10:51:53.981361 dv-cinder-836996-25-iscsi devstack@c-api.service[122091]: INFO cinder.api.openstack.wsgi [None req-4ee87537-1b24-416b-8b9e-19d8d8b79295 tempest-GroupSnapshotsTest-1421434068 tempest-GroupSnapshotsTest-1421434068-project] GET http://10.222.0.36/volume/v3/67ae1bdc29c44536a14d2918d4e1f61e/volumes/c51a159c-7e9b-4063-928b-9af94131276d
May 23 10:51:53.984009 dv-cinder-836996-25-iscsi devstack@c-api.service[122091]: DEBUG cinder.api.openstack.wsgi [None req-4ee87537-1b24-416b-8b9e-19d8d8b79295 tempest-GroupSnapshotsTest-1421434068 tempest-GroupSnapshotsTest-1421434068-project] Empty body provided in request {{(pid=122091) get_body /opt/stack/cinder/cinder/api/openstack/wsgi.py:715}}
May 23 10:51:53.984806 dv-cinder-836996-25-iscsi devstack@c-api.service[122092]: INFO cinder.api.openstack.wsgi [req-69a1eef1-d470-4000-a290-3d2e06e251b1 req-7c06d34f-b44e-44e1-89f8-2f115b482c8a tempest-VolumesTestJSON-766790054 tempest-VolumesTestJSON-766790054-project] GET http://10.222.0.36/volume/v3/9d2278c536e14f7e96a3b01a18cd19ad/volumes/detail
May 23 10:51:53.985301 dv-cinder-836996-25-iscsi devstack@c-api.service[122091]: DEBUG cinder.api.openstack.wsgi [None req-4ee87537-1b24-416b-8b9e-19d8d8b79295 tempest-GroupSnapshotsTest-1421434068 tempest-GroupSnapshotsTest-1421434068-project] Calling method 'show' {{(pid=122091) _process_stack /opt/stack/cinder/cinder/api/openstack/wsgi.py:868}}
May 23 10:51:53.985815 dv-cinder-836996-25-iscsi devstack@c-api.service[122092]: DEBUG cinder.api.openstack.wsgi [req-69a1eef1-d470-4000-a290-3d2e06e251b1 req-7c06d34f-b44e-44e1-89f8-2f115b482c8a tempest-VolumesTestJSON-766790054 tempest-VolumesTestJSON-766790054-project] Empty body provided in request {{(pid=122092) get_body /opt/stack/cinder/cinder/api/openstack/wsgi.py:715}}
May 23 10:51:53.988447 dv-cinder-836996-25-iscsi devstack@c-api.service[122092]: DEBUG cinder.api.openstack.wsgi [req-69a1eef1-d470-4000-a290-3d2e06e251b1 req-7c06d34f-b44e-44e1-89f8-2f115b482c8a tempest-VolumesTestJSON-766790054 tempest-VolumesTestJSON-766790054-project] Calling method 'detail' {{(pid=122092) _process_stack /opt/stack/cinder/cinder/api/openstack/wsgi.py:868}}
May 23 10:51:53.989101 dv-cinder-836996-25-iscsi devstack@c-api.service[122092]: DEBUG cinder.api.api_utils [req-69a1eef1-d470-4000-a290-3d2e06e251b1 req-7c06d34f-b44e-44e1-89f8-2f115b482c8a tempest-VolumesTestJSON-766790054 tempest-VolumesTestJSON-766790054-project] Removing options '' from query. {{(pid=122092) remove_invalid_filter_options /opt/stack/cinder/cinder/api/api_utils.py:73}}
May 23 10:51:53.991143 dv-cinder-836996-25-iscsi devstack@c-api.service[122092]: DEBUG cinder.volume.api [req-69a1eef1-d470-4000-a290-3d2e06e251b1 req-7c06d34f-b44e-44e1-89f8-2f115b482c8a tempest-VolumesTestJSON-766790054 tempest-VolumesTestJSON-766790054-project] Searching by: MultiDict([('no_migration_targets', True)]). {{(pid=122092) get_all /opt/stack/cinder/cinder/volume/api.py:664}}
May 23 10:51:54.022913 dv-cinder-836996-25-iscsi devstack@c-api.service[122091]: INFO cinder.api.openstack.wsgi [None req-4ee87537-1b24-416b-8b9e-19d8d8b79295 tempest-GroupSnapshotsTest-1421434068 tempest-GroupSnapshotsTest-1421434068-project] http://10.222.0.36/volume/v3/67ae1bdc29c44536a14d2918d4e1f61e/volumes/c51a159c-7e9b-4063-928b-9af94131276d returned with HTTP 404
May 23 10:51:54.023990 dv-cinder-836996-25-iscsi devstack@c-api.service[122091]: [pid: 122091|app: 0|req: 41/92] 10.222.0.36 () {60 vars in 1365 bytes} [Mon May 23 10:51:53 2022] GET /volume/v3/67ae1bdc29c44536a14d2918d4e1f61e/volumes/c51a159c-7e9b-4063-928b-9af94131276d => generated 109 bytes in 48 msecs (HTTP/1.1 404) 7 headers in 293 bytes (2 switches on core 0)
May 23 10:51:54.029123 dv-cinder-836996-25-iscsi devstack@c-api.service[122091]: DEBUG cinder.api.middleware.request_id [None req-7c1dd1dd-97fc-43a1-b8f8-864f736dc078 None None] RequestId filter calling following filter/app {{(pid=122091) _context_setter /opt/stack/cinder/cinder/api/middleware/request_id.py:62}}
May 23 10:51:54.049394 dv-cinder-836996-25-iscsi devstack@c-api.service[122091]: INFO cinder.api.openstack.wsgi [None req-7c1dd1dd-97fc-43a1-b8f8-864f736dc078 tempest-GroupSnapshotsTest-1421434068 tempest-GroupSnapshotsTest-1421434068-project] GET http://10.222.0.36/volume/v3/67ae1bdc29c44536a14d2918d4e1f61e/groups/5ac6b855-b95d-4e61-a632-e1d50580efa5
May 23 10:51:54.054744 dv-cinder-836996-25-iscsi devstack@c-api.service[122091]: DEBUG cinder.api.openstack.wsgi [None req-7c1dd1dd-97fc-43a1-b8f8-864f736dc078 tempest-GroupSnapshotsTest-1421434068 tempest-GroupSnapshotsTest-1421434068-project] Empty body provided in request {{(pid=122091) get_body /opt/stack/cinder/cinder/api/openstack/wsgi.py:715}}
May 23 10:51:54.055480 dv-cinder-836996-25-iscsi devstack@c-api.service[122091]: DEBUG cinder.api.openstack.wsgi [None req-7c1dd1dd-97fc-43a1-b8f8-864f736dc078 tempest-GroupSnapshotsTest-1421434068 tempest-GroupSnapshotsTest-1421434068-project] Calling method 'version_select' {{(pid=122091) _process_stack /opt/stack/cinder/cinder/api/openstack/wsgi.py:868}}
May 23 10:51:54.060841 dv-cinder-836996-25-iscsi devstack@c-api.service[122091]: DEBUG cinder.api.v3.groups [None req-7c1dd1dd-97fc-43a1-b8f8-864f736dc078 tempest-GroupSnapshotsTest-1421434068 tempest-GroupSnapshotsTest-1421434068-project] show called for member 5ac6b855-b95d-4e61-a632-e1d50580efa5 {{(pid=122091) show /opt/stack/cinder/cinder/api/v3/groups.py:58}}
May 23 10:51:54.063303 dv-cinder-836996-25-iscsi devstack@c-api.service[122091]: DEBUG dbcounter [-] [122091] Writing DB stats cinder:SELECT=90,cinder:INSERT=3,cinder:UPDATE=7 {{(pid=122091) stat_writer /usr/local/lib/python3.8/dist-packages/dbcounter.py:114}}
May 23 10:51:54.077746 dv-cinder-836996-25-iscsi devstack@c-api.service[122091]: INFO cinder.api.openstack.wsgi [None req-7c1dd1dd-97fc-43a1-b8f8-864f736dc078 tempest-GroupSnapshotsTest-1421434068 tempest-GroupSnapshotsTest-1421434068-project] http://10.222.0.36/volume/v3/67ae1bdc29c44536a14d2918d4e1f61e/groups/5ac6b855-b95d-4e61-a632-e1d50580efa5 returned with HTTP 404
May 23 10:51:54.086756 dv-cinder-836996-25-iscsi devstack@c-api.service[122091]: [pid: 122091|app: 0|req: 42/93] 10.222.0.36 () {60 vars in 1362 bytes} [Mon May 23 10:51:54 2022] GET /volume/v3/67ae1bdc29c44536a14d2918d4e1f61e/groups/5ac6b855-b95d-4e61-a632-e1d50580efa5 => generated 108 bytes in 58 msecs (HTTP/1.1 404) 7 headers in 293 bytes (1 switches on core 0)
May 23 10:51:54.092759 dv-cinder-836996-25-iscsi devstack@c-api.service[122091]: DEBUG cinder.api.middleware.request_id [None req-c29ad445-850d-422a-a02f-a2b57a598a7a None None] RequestId filter calling following filter/app {{(pid=122091) _context_setter /opt/stack/cinder/cinder/api/middleware/request_id.py:62}}
May 23 10:51:54.105502 dv-cinder-836996-25-iscsi devstack@c-api.service[122091]: INFO cinder.api.openstack.wsgi [None req-c29ad445-850d-422a-a02f-a2b57a598a7a tempest-GroupSnapshotsTest-1421434068 tempest-GroupSnapshotsTest-1421434068-project] DELETE http://10.222.0.36/volume/v3/67ae1bdc29c44536a14d2918d4e1f61e/group_snapshots/2011cd06-a4aa-469e-b20e-8bea603cee58
May 23 10:51:54.112407 dv-cinder-836996-25-iscsi devstack@c-api.service[122091]: DEBUG cinder.api.openstack.wsgi [None req-c29ad445-850d-422a-a02f-a2b57a598a7a tempest-GroupSnapshotsTest-1421434068 tempest-GroupSnapshotsTest-1421434068-project] Empty body provided in request {{(pid=122091) get_body /opt/stack/cinder/cinder/api/openstack/wsgi.py:715}}
May 23 10:51:54.113177 dv-cinder-836996-25-iscsi devstack@c-api.service[122091]: DEBUG cinder.api.openstack.wsgi [None req-c29ad445-850d-422a-a02f-a2b57a598a7a tempest-GroupSnapshotsTest-1421434068 tempest-GroupSnapshotsTest-1421434068-project] Calling method 'version_select' {{(pid=122091) _process_stack /opt/stack/cinder/cinder/api/openstack/wsgi.py:868}}
May 23 10:51:54.116606 dv-cinder-836996-25-iscsi devstack@c-api.service[122091]: DEBUG cinder.api.v3.group_snapshots [None req-c29ad445-850d-422a-a02f-a2b57a598a7a tempest-GroupSnapshotsTest-1421434068 tempest-GroupSnapshotsTest-1421434068-project] delete called for member 2011cd06-a4aa-469e-b20e-8bea603cee58 {{(pid=122091) delete /opt/stack/cinder/cinder/api/v3/group_snapshots.py:72}}
May 23 10:51:54.117220 dv-cinder-836996-25-iscsi devstack@c-api.service[122091]: INFO cinder.api.v3.group_snapshots [None req-c29ad445-850d-422a-a02f-a2b57a598a7a tempest-GroupSnapshotsTest-1421434068 tempest-GroupSnapshotsTest-1421434068-project] Delete group_snapshot with id: 2011cd06-a4aa-469e-b20e-8bea603cee58
May 23 10:51:54.148130 dv-cinder-836996-25-iscsi devstack@c-api.service[122091]: /usr/local/lib/python3.8/dist-packages/oslo_context/context.py:100: DeprecationWarning: Policy enforcement is depending on the value of is_admin. This key is deprecated. Please update your policy file to use the standard policy values.
May 23 10:51:54.148130 dv-cinder-836996-25-iscsi devstack@c-api.service[122091]: warnings.warn('Policy enforcement is depending on the value of '
May 23 10:51:54.191823 dv-cinder-836996-25-iscsi devstack@c-api.service[122092]: INFO cinder.volume.api [req-69a1eef1-d470-4000-a290-3d2e06e251b1 req-7c06d34f-b44e-44e1-89f8-2f115b482c8a tempest-VolumesTestJSON-766790054 tempest-VolumesTestJSON-766790054-project] Get all volumes completed successfully.
May 23 10:51:54.201604 dv-cinder-836996-25-iscsi devstack@c-api.service[122092]: /usr/local/lib/python3.8/dist-packages/oslo_context/context.py:100: DeprecationWarning: Policy enforcement is depending on the value of is_admin. This key is deprecated. Please update your policy file to use the standard policy values.
May 23 10:51:54.201604 dv-cinder-836996-25-iscsi devstack@c-api.service[122092]: warnings.warn('Policy enforcement is depending on the value of '
May 23 10:51:54.221586 dv-cinder-836996-25-iscsi devstack@c-api.service[122092]: INFO cinder.api.openstack.wsgi [req-69a1eef1-d470-4000-a290-3d2e06e251b1 req-7c06d34f-b44e-44e1-89f8-2f115b482c8a tempest-VolumesTestJSON-766790054 tempest-VolumesTestJSON-766790054-project] http://10.222.0.36/volume/v3/9d2278c536e14f7e96a3b01a18cd19ad/volumes/detail returned with HTTP 200
May 23 10:51:54.226365 dv-cinder-836996-25-iscsi devstack@c-api.service[122092]: [pid: 122092|app: 0|req: 52/94] 10.222.0.36 () {60 vars in 1488 bytes} [Mon May 23 10:51:53 2022] GET /volume/v3/9d2278c536e14f7e96a3b01a18cd19ad/volumes/detail => generated 2745 bytes in 254 msecs (HTTP/1.1 200) 7 headers in 286 bytes (1 switches on core 0)
May 23 10:51:54.261816 dv-cinder-836996-25-iscsi devstack@c-api.service[122092]: DEBUG cinder.api.middleware.request_id [req-c769832f-9c1a-424b-8f9c-2dff42c3fe35 req-78a0014d-f44a-4ae1-96fb-5b58d25c0b68 None None] RequestId filter calling following filter/app {{(pid=122092) _context_setter /opt/stack/cinder/cinder/api/middleware/request_id.py:62}}
May 23 10:51:54.268863 dv-cinder-836996-25-iscsi devstack@c-api.service[122092]: INFO cinder.api.openstack.wsgi [req-c769832f-9c1a-424b-8f9c-2dff42c3fe35 req-78a0014d-f44a-4ae1-96fb-5b58d25c0b68 tempest-VolumesTestJSON-766790054 tempest-VolumesTestJSON-766790054-project] GET http://10.222.0.36/volume/v3/9d2278c536e14f7e96a3b01a18cd19ad/volumes/detail
May 23 10:51:54.269654 dv-cinder-836996-25-iscsi devstack@c-api.service[122092]: DEBUG cinder.api.openstack.wsgi [req-c769832f-9c1a-424b-8f9c-2dff42c3fe35 req-78a0014d-f44a-4ae1-96fb-5b58d25c0b68 tempest-VolumesTestJSON-766790054 tempest-VolumesTestJSON-766790054-project] Empty body provided in request {{(pid=122092) get_body /opt/stack/cinder/cinder/api/openstack/wsgi.py:715}}
May 23 10:51:54.270713 dv-cinder-836996-25-iscsi devstack@c-api.service[122092]: DEBUG cinder.api.openstack.wsgi [req-c769832f-9c1a-424b-8f9c-2dff42c3fe35 req-78a0014d-f44a-4ae1-96fb-5b58d25c0b68 tempest-VolumesTestJSON-766790054 tempest-VolumesTestJSON-766790054-project] Calling method 'detail' {{(pid=122092) _process_stack /opt/stack/cinder/cinder/api/openstack/wsgi.py:868}}
May 23 10:51:54.271512 dv-cinder-836996-25-iscsi devstack@c-api.service[122092]: DEBUG cinder.api.api_utils [req-c769832f-9c1a-424b-8f9c-2dff42c3fe35 req-78a0014d-f44a-4ae1-96fb-5b58d25c0b68 tempest-VolumesTestJSON-766790054 tempest-VolumesTestJSON-766790054-project] Removing options '' from query. {{(pid=122092) remove_invalid_filter_options /opt/stack/cinder/cinder/api/api_utils.py:73}}
May 23 10:51:54.274352 dv-cinder-836996-25-iscsi devstack@c-api.service[122092]: DEBUG cinder.volume.api [req-c769832f-9c1a-424b-8f9c-2dff42c3fe35 req-78a0014d-f44a-4ae1-96fb-5b58d25c0b68 tempest-VolumesTestJSON-766790054 tempest-VolumesTestJSON-766790054-project] Searching by: MultiDict([('no_migration_targets', True)]). {{(pid=122092) get_all /opt/stack/cinder/cinder/volume/api.py:664}}
May 23 10:51:54.331946 dv-cinder-836996-25-iscsi devstack@c-api.service[122091]: INFO cinder.api.openstack.wsgi [None req-c29ad445-850d-422a-a02f-a2b57a598a7a tempest-GroupSnapshotsTest-1421434068 tempest-GroupSnapshotsTest-1421434068-project] http://10.222.0.36/volume/v3/67ae1bdc29c44536a14d2918d4e1f61e/group_snapshots/2011cd06-a4aa-469e-b20e-8bea603cee58 returned with HTTP 202
May 23 10:51:54.340654 dv-cinder-836996-25-iscsi devstack@c-api.service[122091]: [pid: 122091|app: 0|req: 43/95] 10.222.0.36 () {60 vars in 1392 bytes} [Mon May 23 10:51:54 2022] DELETE /volume/v3/67ae1bdc29c44536a14d2918d4e1f61e/group_snapshots/2011cd06-a4aa-469e-b20e-8bea603cee58 => generated 0 bytes in 248 msecs (HTTP/1.1 202) 6 headers in 234 bytes (2 switches on core 0)
May 23 10:51:54.346326 dv-cinder-836996-25-iscsi devstack@c-api.service[122091]: DEBUG cinder.api.middleware.request_id [None req-bc887524-6230-4d1a-9c45-946b217832a5 None None] RequestId filter calling following filter/app {{(pid=122091) _context_setter /opt/stack/cinder/cinder/api/middleware/request_id.py:62}}
May 23 10:51:54.364395 dv-cinder-836996-25-iscsi devstack@c-api.service[122091]: INFO cinder.api.openstack.wsgi [None req-bc887524-6230-4d1a-9c45-946b217832a5 tempest-GroupSnapshotsTest-1421434068 tempest-GroupSnapshotsTest-1421434068-project] GET http://10.222.0.36/volume/v3/67ae1bdc29c44536a14d2918d4e1f61e/volumes/detail
May 23 10:51:54.369736 dv-cinder-836996-25-iscsi devstack@c-api.service[122091]: DEBUG cinder.api.openstack.wsgi [None req-bc887524-6230-4d1a-9c45-946b217832a5 tempest-GroupSnapshotsTest-1421434068 tempest-GroupSnapshotsTest-1421434068-project] Empty body provided in request {{(pid=122091) get_body /opt/stack/cinder/cinder/api/openstack/wsgi.py:715}}
May 23 10:51:54.370831 dv-cinder-836996-25-iscsi devstack@c-api.service[122091]: DEBUG cinder.api.openstack.wsgi [None req-bc887524-6230-4d1a-9c45-946b217832a5 tempest-GroupSnapshotsTest-1421434068 tempest-GroupSnapshotsTest-1421434068-project] Calling method 'detail' {{(pid=122091) _process_stack /opt/stack/cinder/cinder/api/openstack/wsgi.py:868}}
May 23 10:51:54.371448 dv-cinder-836996-25-iscsi devstack@c-api.service[122091]: DEBUG cinder.api.api_utils [None req-bc887524-6230-4d1a-9c45-946b217832a5 tempest-GroupSnapshotsTest-1421434068 tempest-GroupSnapshotsTest-1421434068-project] Removing options '' from query. {{(pid=122091) remove_invalid_filter_options /opt/stack/cinder/cinder/api/api_utils.py:73}}
May 23 10:51:54.375373 dv-cinder-836996-25-iscsi devstack@c-api.service[122091]: /usr/local/lib/python3.8/dist-packages/oslo_context/context.py:100: DeprecationWarning: Policy enforcement is depending on the value of is_admin. This key is deprecated. Please update your policy file to use the standard policy values.
May 23 10:51:54.375373 dv-cinder-836996-25-iscsi devstack@c-api.service[122091]: warnings.warn('Policy enforcement is depending on the value of '
May 23 10:51:54.376745 dv-cinder-836996-25-iscsi devstack@c-api.service[122091]: DEBUG cinder.volume.api [None req-bc887524-6230-4d1a-9c45-946b217832a5 tempest-GroupSnapshotsTest-1421434068 tempest-GroupSnapshotsTest-1421434068-project] Searching by: MultiDict([('no_migration_targets', True)]). {{(pid=122091) get_all /opt/stack/cinder/cinder/volume/api.py:664}}
May 23 10:51:54.532216 dv-cinder-836996-25-iscsi devstack@c-api.service[122092]: INFO cinder.volume.api [req-c769832f-9c1a-424b-8f9c-2dff42c3fe35 req-78a0014d-f44a-4ae1-96fb-5b58d25c0b68 tempest-VolumesTestJSON-766790054 tempest-VolumesTestJSON-766790054-project] Get all volumes completed successfully.
May 23 10:51:54.540693 dv-cinder-836996-25-iscsi devstack@c-api.service[122092]: /usr/local/lib/python3.8/dist-packages/oslo_context/context.py:100: DeprecationWarning: Policy enforcement is depending on the value of is_admin. This key is deprecated. Please update your policy file to use the standard policy values.
May 23 10:51:54.540693 dv-cinder-836996-25-iscsi devstack@c-api.service[122092]: warnings.warn('Policy enforcement is depending on the value of '
May 23 10:51:54.557612 dv-cinder-836996-25-iscsi devstack@c-api.service[122092]: INFO cinder.api.openstack.wsgi [req-c769832f-9c1a-424b-8f9c-2dff42c3fe35 req-78a0014d-f44a-4ae1-96fb-5b58d25c0b68 tempest-VolumesTestJSON-766790054 tempest-VolumesTestJSON-766790054-project] http://10.222.0.36/volume/v3/9d2278c536e14f7e96a3b01a18cd19ad/volumes/detail returned with HTTP 200
May 23 10:51:54.558365 dv-cinder-836996-25-iscsi devstack@c-api.service[122091]: INFO cinder.volume.api [None req-bc887524-6230-4d1a-9c45-946b217832a5 tempest-GroupSnapshotsTest-1421434068 tempest-GroupSnapshotsTest-1421434068-project] Get all volumes completed successfully.
May 23 10:51:54.560273 dv-cinder-836996-25-iscsi devstack@c-api.service[122091]: WARNING stevedore.named [None req-bc887524-6230-4d1a-9c45-946b217832a5 tempest-GroupSnapshotsTest-1421434068 tempest-GroupSnapshotsTest-1421434068-project] Could not load cinder.keymgr.conf_key_mgr.ConfKeyManager
