May 11 09:52:20.122163 dv-cinder-836996-21-iscsi devstack@c-api.service[116499]: DEBUG cinder.api.middleware.request_id [None req-2af8dd90-122b-4d01-a9fd-b8d14898382b None None] RequestId filter calling following filter/app {{(pid=116499) _context_setter /opt/stack/cinder/cinder/api/middleware/request_id.py:62}}
May 11 09:52:20.130067 dv-cinder-836996-21-iscsi devstack@c-api.service[116499]: INFO cinder.api.openstack.wsgi [None req-2af8dd90-122b-4d01-a9fd-b8d14898382b tempest-GroupsV314Test-419739479 tempest-GroupsV314Test-419739479-project] GET http://10.222.0.44/volume/v3/68a3e6ab8be041b0a6c19741b5cc9ea9/groups/76203c87-e570-467b-82e5-e7fffc4cf6a9
May 11 09:52:20.130688 dv-cinder-836996-21-iscsi devstack@c-api.service[116499]: DEBUG cinder.api.openstack.wsgi [None req-2af8dd90-122b-4d01-a9fd-b8d14898382b tempest-GroupsV314Test-419739479 tempest-GroupsV314Test-419739479-project] Empty body provided in request {{(pid=116499) get_body /opt/stack/cinder/cinder/api/openstack/wsgi.py:715}}
May 11 09:52:20.131130 dv-cinder-836996-21-iscsi devstack@c-api.service[116499]: DEBUG cinder.api.openstack.wsgi [None req-2af8dd90-122b-4d01-a9fd-b8d14898382b tempest-GroupsV314Test-419739479 tempest-GroupsV314Test-419739479-project] Calling method 'version_select' {{(pid=116499) _process_stack /opt/stack/cinder/cinder/api/openstack/wsgi.py:868}}
May 11 09:52:20.131467 dv-cinder-836996-21-iscsi devstack@c-api.service[116499]: DEBUG cinder.api.v3.groups [None req-2af8dd90-122b-4d01-a9fd-b8d14898382b tempest-GroupsV314Test-419739479 tempest-GroupsV314Test-419739479-project] show called for member 76203c87-e570-467b-82e5-e7fffc4cf6a9 {{(pid=116499) show /opt/stack/cinder/cinder/api/v3/groups.py:58}}
May 11 09:52:20.151078 dv-cinder-836996-21-iscsi devstack@c-api.service[116500]: INFO cinder.volume.api [None req-3372076b-17e7-4ce0-8e4a-16eae981e03e tempest-VolumesActionsTest-1078157057 tempest-VolumesActionsTest-1078157057-project] Volume info retrieved successfully.
May 11 09:52:20.163093 dv-cinder-836996-21-iscsi devstack@c-api.service[116499]: INFO cinder.api.openstack.wsgi [None req-2af8dd90-122b-4d01-a9fd-b8d14898382b tempest-GroupsV314Test-419739479 tempest-GroupsV314Test-419739479-project] http://10.222.0.44/volume/v3/68a3e6ab8be041b0a6c19741b5cc9ea9/groups/76203c87-e570-467b-82e5-e7fffc4cf6a9 returned with HTTP 404
May 11 09:52:20.164911 dv-cinder-836996-21-iscsi devstack@c-api.service[116499]: [pid: 116499|app: 0|req: 167/362] 10.222.0.44 () {60 vars in 1362 bytes} [Wed May 11 09:52:20 2022] GET /volume/v3/68a3e6ab8be041b0a6c19741b5cc9ea9/groups/76203c87-e570-467b-82e5-e7fffc4cf6a9 => generated 108 bytes in 44 msecs (HTTP/1.1 404) 7 headers in 293 bytes (1 switches on core 0)
May 11 09:52:20.170813 dv-cinder-836996-21-iscsi devstack@c-api.service[116499]: DEBUG cinder.api.middleware.request_id [None req-4c4fcfc7-fe35-4837-ace9-e111a967d804 None None] RequestId filter calling following filter/app {{(pid=116499) _context_setter /opt/stack/cinder/cinder/api/middleware/request_id.py:62}}
May 11 09:52:20.175805 dv-cinder-836996-21-iscsi devstack@c-api.service[116500]: INFO cinder.api.openstack.wsgi [None req-3372076b-17e7-4ce0-8e4a-16eae981e03e tempest-VolumesActionsTest-1078157057 tempest-VolumesActionsTest-1078157057-project] http://10.222.0.44/volume/v3/11d3332f3f804ee09536af37eb0af4cd/volumes/4e5570a8-04ad-4f8b-9b0b-bb2f999b66c8 returned with HTTP 200
May 11 09:52:20.177923 dv-cinder-836996-21-iscsi devstack@c-api.service[116500]: [pid: 116500|app: 0|req: 196/363] 10.222.0.44 () {58 vars in 1324 bytes} [Wed May 11 09:52:20 2022] GET /volume/v3/11d3332f3f804ee09536af37eb0af4cd/volumes/4e5570a8-04ad-4f8b-9b0b-bb2f999b66c8 => generated 910 bytes in 125 msecs (HTTP/1.1 200) 7 headers in 285 bytes (1 switches on core 0)
May 11 09:52:20.178926 dv-cinder-836996-21-iscsi devstack@c-api.service[116499]: INFO cinder.api.openstack.wsgi [None req-4c4fcfc7-fe35-4837-ace9-e111a967d804 tempest-GroupsV314Test-671915722 tempest-GroupsV314Test-671915722-project-admin] DELETE http://10.222.0.44/volume/v3/5679cffbdd2a4f68b1cc8ee61b8c1e4c/group_types/2ccb1004-cf0f-420d-8004-799bfd29598d
May 11 09:52:20.179598 dv-cinder-836996-21-iscsi devstack@c-api.service[116499]: DEBUG cinder.api.openstack.wsgi [None req-4c4fcfc7-fe35-4837-ace9-e111a967d804 tempest-GroupsV314Test-671915722 tempest-GroupsV314Test-671915722-project-admin] Empty body provided in request {{(pid=116499) get_body /opt/stack/cinder/cinder/api/openstack/wsgi.py:715}}
May 11 09:52:20.185538 dv-cinder-836996-21-iscsi devstack@c-api.service[116499]: DEBUG cinder.api.openstack.wsgi [None req-4c4fcfc7-fe35-4837-ace9-e111a967d804 tempest-GroupsV314Test-671915722 tempest-GroupsV314Test-671915722-project-admin] Calling method 'version_select' {{(pid=116499) _process_stack /opt/stack/cinder/cinder/api/openstack/wsgi.py:868}}
May 11 09:52:20.237413 dv-cinder-836996-21-iscsi devstack@c-api.service[116499]: INFO cinder.api.openstack.wsgi [None req-4c4fcfc7-fe35-4837-ace9-e111a967d804 tempest-GroupsV314Test-671915722 tempest-GroupsV314Test-671915722-project-admin] http://10.222.0.44/volume/v3/5679cffbdd2a4f68b1cc8ee61b8c1e4c/group_types/2ccb1004-cf0f-420d-8004-799bfd29598d returned with HTTP 202
May 11 09:52:20.238592 dv-cinder-836996-21-iscsi devstack@c-api.service[116499]: [pid: 116499|app: 0|req: 168/364] 10.222.0.44 () {60 vars in 1380 bytes} [Wed May 11 09:52:20 2022] DELETE /volume/v3/5679cffbdd2a4f68b1cc8ee61b8c1e4c/group_types/2ccb1004-cf0f-420d-8004-799bfd29598d => generated 0 bytes in 70 msecs (HTTP/1.1 202) 6 headers in 234 bytes (2 switches on core 0)
May 11 09:52:20.250630 dv-cinder-836996-21-iscsi devstack@c-api.service[116500]: DEBUG cinder.api.middleware.request_id [None req-30337174-3336-4020-ae45-563e09f3001a None None] RequestId filter calling following filter/app {{(pid=116500) _context_setter /opt/stack/cinder/cinder/api/middleware/request_id.py:62}}
May 11 09:52:20.254616 dv-cinder-836996-21-iscsi devstack@c-api.service[116500]: INFO cinder.api.openstack.wsgi [None req-30337174-3336-4020-ae45-563e09f3001a tempest-GroupsV314Test-419739479 tempest-GroupsV314Test-419739479-project] DELETE http://10.222.0.44/volume/v3/68a3e6ab8be041b0a6c19741b5cc9ea9/volumes/6a81f559-3cc7-4f38-bc9f-f8602526f121
May 11 09:52:20.255375 dv-cinder-836996-21-iscsi devstack@c-api.service[116500]: DEBUG cinder.api.openstack.wsgi [None req-30337174-3336-4020-ae45-563e09f3001a tempest-GroupsV314Test-419739479 tempest-GroupsV314Test-419739479-project] Empty body provided in request {{(pid=116500) get_body /opt/stack/cinder/cinder/api/openstack/wsgi.py:715}}
May 11 09:52:20.255816 dv-cinder-836996-21-iscsi devstack@c-api.service[116500]: DEBUG cinder.api.openstack.wsgi [None req-30337174-3336-4020-ae45-563e09f3001a tempest-GroupsV314Test-419739479 tempest-GroupsV314Test-419739479-project] Calling method 'delete' {{(pid=116500) _process_stack /opt/stack/cinder/cinder/api/openstack/wsgi.py:868}}
May 11 09:52:20.256343 dv-cinder-836996-21-iscsi devstack@c-api.service[116500]: INFO cinder.api.v3.volumes [None req-30337174-3336-4020-ae45-563e09f3001a tempest-GroupsV314Test-419739479 tempest-GroupsV314Test-419739479-project] Delete volume with id: 6a81f559-3cc7-4f38-bc9f-f8602526f121
May 11 09:52:20.287592 dv-cinder-836996-21-iscsi devstack@c-api.service[116500]: INFO cinder.api.openstack.wsgi [None req-30337174-3336-4020-ae45-563e09f3001a tempest-GroupsV314Test-419739479 tempest-GroupsV314Test-419739479-project] http://10.222.0.44/volume/v3/68a3e6ab8be041b0a6c19741b5cc9ea9/volumes/6a81f559-3cc7-4f38-bc9f-f8602526f121 returned with HTTP 404
May 11 09:52:20.288898 dv-cinder-836996-21-iscsi devstack@c-api.service[116500]: [pid: 116500|app: 0|req: 197/365] 10.222.0.44 () {60 vars in 1368 bytes} [Wed May 11 09:52:20 2022] DELETE /volume/v3/68a3e6ab8be041b0a6c19741b5cc9ea9/volumes/6a81f559-3cc7-4f38-bc9f-f8602526f121 => generated 109 bytes in 40 msecs (HTTP/1.1 404) 7 headers in 293 bytes (1 switches on core 0)
May 11 09:52:20.293951 dv-cinder-836996-21-iscsi devstack@c-api.service[116499]: DEBUG cinder.api.middleware.request_id [None req-3940eaa8-55b1-443a-a457-8add6b9cbc10 None None] RequestId filter calling following filter/app {{(pid=116499) _context_setter /opt/stack/cinder/cinder/api/middleware/request_id.py:62}}
May 11 09:52:20.298055 dv-cinder-836996-21-iscsi devstack@c-api.service[116499]: INFO cinder.api.openstack.wsgi [None req-3940eaa8-55b1-443a-a457-8add6b9cbc10 tempest-GroupsV314Test-671915722 tempest-GroupsV314Test-671915722-project-admin] DELETE http://10.222.0.44/volume/v3/5679cffbdd2a4f68b1cc8ee61b8c1e4c/types/b85fb73b-bfa2-4f7f-87a6-aa55795ae653
May 11 09:52:20.298680 dv-cinder-836996-21-iscsi devstack@c-api.service[116499]: DEBUG cinder.api.openstack.wsgi [None req-3940eaa8-55b1-443a-a457-8add6b9cbc10 tempest-GroupsV314Test-671915722 tempest-GroupsV314Test-671915722-project-admin] Empty body provided in request {{(pid=116499) get_body /opt/stack/cinder/cinder/api/openstack/wsgi.py:715}}
May 11 09:52:20.299311 dv-cinder-836996-21-iscsi devstack@c-api.service[116499]: DEBUG cinder.api.openstack.wsgi [None req-3940eaa8-55b1-443a-a457-8add6b9cbc10 tempest-GroupsV314Test-671915722 tempest-GroupsV314Test-671915722-project-admin] Calling method '_delete' {{(pid=116499) _process_stack /opt/stack/cinder/cinder/api/openstack/wsgi.py:868}}
May 11 09:52:20.363163 dv-cinder-836996-21-iscsi devstack@c-api.service[116499]: INFO cinder.api.openstack.wsgi [None req-3940eaa8-55b1-443a-a457-8add6b9cbc10 tempest-GroupsV314Test-671915722 tempest-GroupsV314Test-671915722-project-admin] http://10.222.0.44/volume/v3/5679cffbdd2a4f68b1cc8ee61b8c1e4c/types/b85fb73b-bfa2-4f7f-87a6-aa55795ae653 returned with HTTP 202
May 11 09:52:20.365073 dv-cinder-836996-21-iscsi devstack@c-api.service[116499]: [pid: 116499|app: 0|req: 169/366] 10.222.0.44 () {58 vars in 1321 bytes} [Wed May 11 09:52:20 2022] DELETE /volume/v3/5679cffbdd2a4f68b1cc8ee61b8c1e4c/types/b85fb73b-bfa2-4f7f-87a6-aa55795ae653 => generated 0 bytes in 72 msecs (HTTP/1.1 202) 6 headers in 233 bytes (2 switches on core 0)
May 11 09:52:20.369583 dv-cinder-836996-21-iscsi devstack@c-api.service[116500]: DEBUG cinder.api.middleware.request_id [None req-ed6b7e39-df5b-48a0-9959-8209231c7e95 None None] RequestId filter calling following filter/app {{(pid=116500) _context_setter /opt/stack/cinder/cinder/api/middleware/request_id.py:62}}
May 11 09:52:20.376512 dv-cinder-836996-21-iscsi devstack@c-api.service[116500]: INFO cinder.api.openstack.wsgi [None req-ed6b7e39-df5b-48a0-9959-8209231c7e95 tempest-GroupsV314Test-671915722 tempest-GroupsV314Test-671915722-project-admin] GET http://10.222.0.44/volume/v3/5679cffbdd2a4f68b1cc8ee61b8c1e4c/types/b85fb73b-bfa2-4f7f-87a6-aa55795ae653
May 11 09:52:20.377851 dv-cinder-836996-21-iscsi devstack@c-api.service[116500]: DEBUG cinder.api.openstack.wsgi [None req-ed6b7e39-df5b-48a0-9959-8209231c7e95 tempest-GroupsV314Test-671915722 tempest-GroupsV314Test-671915722-project-admin] Empty body provided in request {{(pid=116500) get_body /opt/stack/cinder/cinder/api/openstack/wsgi.py:715}}
May 11 09:52:20.379006 dv-cinder-836996-21-iscsi devstack@c-api.service[116500]: DEBUG cinder.api.openstack.wsgi [None req-ed6b7e39-df5b-48a0-9959-8209231c7e95 tempest-GroupsV314Test-671915722 tempest-GroupsV314Test-671915722-project-admin] Calling method 'show' {{(pid=116500) _process_stack /opt/stack/cinder/cinder/api/openstack/wsgi.py:868}}
May 11 09:52:20.385713 dv-cinder-836996-21-iscsi devstack@c-api.service[116500]: INFO cinder.api.openstack.wsgi [None req-ed6b7e39-df5b-48a0-9959-8209231c7e95 tempest-GroupsV314Test-671915722 tempest-GroupsV314Test-671915722-project-admin] http://10.222.0.44/volume/v3/5679cffbdd2a4f68b1cc8ee61b8c1e4c/types/b85fb73b-bfa2-4f7f-87a6-aa55795ae653 returned with HTTP 404
May 11 09:52:20.387377 dv-cinder-836996-21-iscsi devstack@c-api.service[116500]: [pid: 116500|app: 0|req: 198/367] 10.222.0.44 () {58 vars in 1318 bytes} [Wed May 11 09:52:20 2022] GET /volume/v3/5679cffbdd2a4f68b1cc8ee61b8c1e4c/types/b85fb73b-bfa2-4f7f-87a6-aa55795ae653 => generated 114 bytes in 20 msecs (HTTP/1.1 404) 7 headers in 292 bytes (2 switches on core 0)
May 11 09:52:20.424156 dv-cinder-836996-21-iscsi devstack@c-api.service[116499]: DEBUG cinder.api.middleware.request_id [req-ed6d4abe-6f35-4343-9ab3-05302a633252 req-c4799fa9-b7f5-4af9-83b5-70162c1804ba None None] RequestId filter calling following filter/app {{(pid=116499) _context_setter /opt/stack/cinder/cinder/api/middleware/request_id.py:62}}
May 11 09:52:20.430453 dv-cinder-836996-21-iscsi devstack@c-api.service[116499]: INFO cinder.api.openstack.wsgi [req-ed6d4abe-6f35-4343-9ab3-05302a633252 req-c4799fa9-b7f5-4af9-83b5-70162c1804ba tempest-DeleteServersTestJSON-2016772116 tempest-DeleteServersTestJSON-2016772116-project] DELETE http://10.222.0.44/volume/v3/749504c9ac8140ff9436f595b73afbb1/attachments/85280699-abb0-405b-ad45-d3a1b98a79ea
May 11 09:52:20.431107 dv-cinder-836996-21-iscsi devstack@c-api.service[116499]: DEBUG cinder.api.openstack.wsgi [req-ed6d4abe-6f35-4343-9ab3-05302a633252 req-c4799fa9-b7f5-4af9-83b5-70162c1804ba tempest-DeleteServersTestJSON-2016772116 tempest-DeleteServersTestJSON-2016772116-project] Empty body provided in request {{(pid=116499) get_body /opt/stack/cinder/cinder/api/openstack/wsgi.py:715}}
May 11 09:52:20.431722 dv-cinder-836996-21-iscsi devstack@c-api.service[116499]: DEBUG cinder.api.openstack.wsgi [req-ed6d4abe-6f35-4343-9ab3-05302a633252 req-c4799fa9-b7f5-4af9-83b5-70162c1804ba tempest-DeleteServersTestJSON-2016772116 tempest-DeleteServersTestJSON-2016772116-project] Calling method 'version_select' {{(pid=116499) _process_stack /opt/stack/cinder/cinder/api/openstack/wsgi.py:868}}
May 11 09:52:20.472796 dv-cinder-836996-21-iscsi devstack@c-api.service[116499]: /usr/local/lib/python3.8/dist-packages/oslo_context/context.py:100: DeprecationWarning: Policy enforcement is depending on the value of is_admin. This key is deprecated. Please update your policy file to use the standard policy values.
May 11 09:52:20.472796 dv-cinder-836996-21-iscsi devstack@c-api.service[116499]: warnings.warn('Policy enforcement is depending on the value of '
May 11 09:52:20.668712 dv-cinder-836996-21-iscsi devstack@c-api.service[116499]: INFO cinder.api.openstack.wsgi [req-ed6d4abe-6f35-4343-9ab3-05302a633252 req-c4799fa9-b7f5-4af9-83b5-70162c1804ba tempest-DeleteServersTestJSON-2016772116 tempest-DeleteServersTestJSON-2016772116-project] http://10.222.0.44/volume/v3/749504c9ac8140ff9436f595b73afbb1/attachments/85280699-abb0-405b-ad45-d3a1b98a79ea returned with HTTP 200
May 11 09:52:20.670312 dv-cinder-836996-21-iscsi devstack@c-api.service[116499]: [pid: 116499|app: 0|req: 170/368] 10.222.0.59 () {62 vars in 1446 bytes} [Wed May 11 09:52:20 2022] DELETE /volume/v3/749504c9ac8140ff9436f595b73afbb1/attachments/85280699-abb0-405b-ad45-d3a1b98a79ea => generated 19 bytes in 249 msecs (HTTP/1.1 200) 7 headers in 285 bytes (2 switches on core 0)
May 11 09:52:21.193602 dv-cinder-836996-21-iscsi devstack@c-api.service[116500]: DEBUG cinder.api.middleware.request_id [None req-3eb2617a-c7f3-4beb-b58c-289f4c8f2719 None None] RequestId filter calling following filter/app {{(pid=116500) _context_setter /opt/stack/cinder/cinder/api/middleware/request_id.py:62}}
May 11 09:52:21.199167 dv-cinder-836996-21-iscsi devstack@c-api.service[116500]: INFO cinder.api.openstack.wsgi [None req-3eb2617a-c7f3-4beb-b58c-289f4c8f2719 tempest-VolumesActionsTest-1078157057 tempest-VolumesActionsTest-1078157057-project] GET http://10.222.0.44/volume/v3/11d3332f3f804ee09536af37eb0af4cd/volumes/4e5570a8-04ad-4f8b-9b0b-bb2f999b66c8
May 11 09:52:21.199886 dv-cinder-836996-21-iscsi devstack@c-api.service[116500]: DEBUG cinder.api.openstack.wsgi [None req-3eb2617a-c7f3-4beb-b58c-289f4c8f2719 tempest-VolumesActionsTest-1078157057 tempest-VolumesActionsTest-1078157057-project] Empty body provided in request {{(pid=116500) get_body /opt/stack/cinder/cinder/api/openstack/wsgi.py:715}}
May 11 09:52:21.200568 dv-cinder-836996-21-iscsi devstack@c-api.service[116500]: DEBUG cinder.api.openstack.wsgi [None req-3eb2617a-c7f3-4beb-b58c-289f4c8f2719 tempest-VolumesActionsTest-1078157057 tempest-VolumesActionsTest-1078157057-project] Calling method 'show' {{(pid=116500) _process_stack /opt/stack/cinder/cinder/api/openstack/wsgi.py:868}}
May 11 09:52:21.231924 dv-cinder-836996-21-iscsi devstack@c-api.service[116500]: INFO cinder.api.openstack.wsgi [None req-3eb2617a-c7f3-4beb-b58c-289f4c8f2719 tempest-VolumesActionsTest-1078157057 tempest-VolumesActionsTest-1078157057-project] http://10.222.0.44/volume/v3/11d3332f3f804ee09536af37eb0af4cd/volumes/4e5570a8-04ad-4f8b-9b0b-bb2f999b66c8 returned with HTTP 404
May 11 09:52:21.233156 dv-cinder-836996-21-iscsi devstack@c-api.service[116500]: [pid: 116500|app: 0|req: 199/369] 10.222.0.44 () {58 vars in 1324 bytes} [Wed May 11 09:52:21 2022] GET /volume/v3/11d3332f3f804ee09536af37eb0af4cd/volumes/4e5570a8-04ad-4f8b-9b0b-bb2f999b66c8 => generated 109 bytes in 43 msecs (HTTP/1.1 404) 7 headers in 292 bytes (1 switches on core 0)
May 11 09:52:21.242127 dv-cinder-836996-21-iscsi devstack@c-api.service[116499]: DEBUG cinder.api.middleware.request_id [None req-197dceb1-ca90-4f94-bcd1-5f6a62b9aa40 None None] RequestId filter calling following filter/app {{(pid=116499) _context_setter /opt/stack/cinder/cinder/api/middleware/request_id.py:62}}
May 11 09:52:21.248187 dv-cinder-836996-21-iscsi devstack@c-api.service[116499]: INFO cinder.api.openstack.wsgi [None req-197dceb1-ca90-4f94-bcd1-5f6a62b9aa40 tempest-VolumesActionsTest-1078157057 tempest-VolumesActionsTest-1078157057-project] POST http://10.222.0.44/volume/v3/11d3332f3f804ee09536af37eb0af4cd/volumes
May 11 09:52:21.249568 dv-cinder-836996-21-iscsi devstack@c-api.service[116499]: DEBUG cinder.api.openstack.wsgi [None req-197dceb1-ca90-4f94-bcd1-5f6a62b9aa40 tempest-VolumesActionsTest-1078157057 tempest-VolumesActionsTest-1078157057-project] Action: 'create', calling method: create, body: {"volume": {"size": 1, "name": "tempest-VolumesActionsTest-Volume-1251821071"}} {{(pid=116499) _process_stack /opt/stack/cinder/cinder/api/openstack/wsgi.py:866}}
May 11 09:52:21.250832 dv-cinder-836996-21-iscsi devstack@c-api.service[116499]: DEBUG cinder.api.v3.volumes [None req-197dceb1-ca90-4f94-bcd1-5f6a62b9aa40 tempest-VolumesActionsTest-1078157057 tempest-VolumesActionsTest-1078157057-project] Create volume request body: {'volume': {'size': 1, 'name': 'tempest-VolumesActionsTest-Volume-1251821071'}} {{(pid=116499) create /opt/stack/cinder/cinder/api/v3/volumes.py:298}}
May 11 09:52:21.251724 dv-cinder-836996-21-iscsi devstack@c-api.service[116499]: INFO cinder.api.v3.volumes [None req-197dceb1-ca90-4f94-bcd1-5f6a62b9aa40 tempest-VolumesActionsTest-1078157057 tempest-VolumesActionsTest-1078157057-project] Create volume of 1 GB
May 11 09:52:21.254325 dv-cinder-836996-21-iscsi devstack@c-api.service[116499]: /usr/local/lib/python3.8/dist-packages/oslo_context/context.py:100: DeprecationWarning: Policy enforcement is depending on the value of is_admin. This key is deprecated. Please update your policy file to use the standard policy values.
May 11 09:52:21.254325 dv-cinder-836996-21-iscsi devstack@c-api.service[116499]: warnings.warn('Policy enforcement is depending on the value of '
May 11 09:52:21.267593 dv-cinder-836996-21-iscsi devstack@c-api.service[116499]: INFO cinder.volume.api [None req-197dceb1-ca90-4f94-bcd1-5f6a62b9aa40 tempest-VolumesActionsTest-1078157057 tempest-VolumesActionsTest-1078157057-project] Availability Zones retrieved successfully.
May 11 09:52:21.298070 dv-cinder-836996-21-iscsi devstack@c-api.service[116499]: DEBUG cinder.volume.api [None req-197dceb1-ca90-4f94-bcd1-5f6a62b9aa40 tempest-VolumesActionsTest-1078157057 tempest-VolumesActionsTest-1078157057-project] Flow 'volume_create_api' (4ffd544a-4e37-4f6b-8379-c04d236a2567) transitioned into state 'RUNNING' from state 'PENDING' {{(pid=116499) _flow_receiver /usr/local/lib/python3.8/dist-packages/taskflow/listeners/logging.py:141}}
May 11 09:52:21.307922 dv-cinder-836996-21-iscsi devstack@c-api.service[116499]: DEBUG cinder.volume.api [None req-197dceb1-ca90-4f94-bcd1-5f6a62b9aa40 tempest-VolumesActionsTest-1078157057 tempest-VolumesActionsTest-1078157057-project] Task 'cinder.volume.flows.api.create_volume.ExtractVolumeRequestTask;volume:create' (d284c58c-68ee-40dd-991c-60e8ca2c0747) transitioned into state 'RUNNING' from state 'PENDING' {{(pid=116499) _task_receiver /usr/local/lib/python3.8/dist-packages/taskflow/listeners/logging.py:190}}
May 11 09:52:21.322511 dv-cinder-836996-21-iscsi devstack@c-api.service[116499]: DEBUG cinder.volume.flows.api.create_volume [None req-197dceb1-ca90-4f94-bcd1-5f6a62b9aa40 tempest-VolumesActionsTest-1078157057 tempest-VolumesActionsTest-1078157057-project] Validating volume size '1' using validate_int {{(pid=116499) _extract_size /opt/stack/cinder/cinder/volume/flows/api/create_volume.py:225}}
May 11 09:52:21.361846 dv-cinder-836996-21-iscsi devstack@c-api.service[116500]: DEBUG cinder.api.middleware.request_id [None req-bbca5591-fd73-442f-b17e-6c14a6a3ff0a None None] RequestId filter calling following filter/app {{(pid=116500) _context_setter /opt/stack/cinder/cinder/api/middleware/request_id.py:62}}
May 11 09:52:21.388038 dv-cinder-836996-21-iscsi devstack@c-api.service[116499]: DEBUG cinder.volume.api [None req-197dceb1-ca90-4f94-bcd1-5f6a62b9aa40 tempest-VolumesActionsTest-1078157057 tempest-VolumesActionsTest-1078157057-project] Task 'cinder.volume.flows.api.create_volume.ExtractVolumeRequestTask;volume:create' (d284c58c-68ee-40dd-991c-60e8ca2c0747) transitioned into state 'SUCCESS' from state 'RUNNING' with result '{'size': 1, 'snapshot_id': None, 'source_volid': None, 'volume_type': VolumeType(created_at=2022-05-11T09:41:26Z,deleted=False,deleted_at=None,description='Default Volume Type',extra_specs={},id=35eeb34d-fc93-4ef8-a222-764e5806199a,is_public=True,name='__DEFAULT__',projects=[],qos_specs=,qos_specs_id=None,updated_at=2022-05-11T09:41:26Z), 'volume_type_id': '35eeb34d-fc93-4ef8-a222-764e5806199a', 'encryption_key_id': None, 'qos_specs': None, 'consistencygroup_id': None, 'cgsnapshot_id': None, 'group_id': None, 'replication_status': 'disabled', 'refresh_az': False, 'backup_id': None, 'multiattach': False, 'availability_zones': ['nova']}' {{(pid=116499) _task_receiver /usr/local/lib/python3.8/dist-packages/taskflow/listeners/logging.py:178}}
May 11 09:52:21.390048 dv-cinder-836996-21-iscsi devstack@c-api.service[116499]: DEBUG cinder.volume.api [None req-197dceb1-ca90-4f94-bcd1-5f6a62b9aa40 tempest-VolumesActionsTest-1078157057 tempest-VolumesActionsTest-1078157057-project] Task 'cinder.volume.flows.api.create_volume.QuotaReserveTask;volume:create' (32b176d1-e0d7-43cf-8a6e-1be365e5bea4) transitioned into state 'RUNNING' from state 'PENDING' {{(pid=116499) _task_receiver /usr/local/lib/python3.8/dist-packages/taskflow/listeners/logging.py:190}}
May 11 09:52:21.507089 dv-cinder-836996-21-iscsi devstack@c-api.service[116499]: DEBUG cinder.quota [None req-197dceb1-ca90-4f94-bcd1-5f6a62b9aa40 tempest-VolumesActionsTest-1078157057 tempest-VolumesActionsTest-1078157057-project] Created reservations ['e96aedfd-5a19-4a52-9090-3b7e52c900e6', 'f6329af9-98d6-48c5-8455-495a87c8829f', 'cc58e733-5dc9-4e03-b045-b0386d19b0df', '708ea9fd-8a2d-4dcc-b3e4-49bde0de4d49'] {{(pid=116499) reserve /opt/stack/cinder/cinder/quota.py:755}}
May 11 09:52:21.509513 dv-cinder-836996-21-iscsi devstack@c-api.service[116499]: DEBUG cinder.volume.api [None req-197dceb1-ca90-4f94-bcd1-5f6a62b9aa40 tempest-VolumesActionsTest-1078157057 tempest-VolumesActionsTest-1078157057-project] Task 'cinder.volume.flows.api.create_volume.QuotaReserveTask;volume:create' (32b176d1-e0d7-43cf-8a6e-1be365e5bea4) transitioned into state 'SUCCESS' from state 'RUNNING' with result '{'reservations': ['e96aedfd-5a19-4a52-9090-3b7e52c900e6', 'f6329af9-98d6-48c5-8455-495a87c8829f', 'cc58e733-5dc9-4e03-b045-b0386d19b0df', '708ea9fd-8a2d-4dcc-b3e4-49bde0de4d49']}' {{(pid=116499) _task_receiver /usr/local/lib/python3.8/dist-packages/taskflow/listeners/logging.py:178}}
May 11 09:52:21.522784 dv-cinder-836996-21-iscsi devstack@c-api.service[116499]: DEBUG cinder.volume.api [None req-197dceb1-ca90-4f94-bcd1-5f6a62b9aa40 tempest-VolumesActionsTest-1078157057 tempest-VolumesActionsTest-1078157057-project] Task 'cinder.volume.flows.api.create_volume.EntryCreateTask;volume:create' (b7eb0ff6-0ad8-49c4-9566-607a803db26b) transitioned into state 'RUNNING' from state 'PENDING' {{(pid=116499) _task_receiver /usr/local/lib/python3.8/dist-packages/taskflow/listeners/logging.py:190}}
May 11 09:52:21.571873 dv-cinder-836996-21-iscsi devstack@c-api.service[116499]: DEBUG cinder.volume.api [None req-197dceb1-ca90-4f94-bcd1-5f6a62b9aa40 tempest-VolumesActionsTest-1078157057 tempest-VolumesActionsTest-1078157057-project] Task 'cinder.volume.flows.api.create_volume.EntryCreateTask;volume:create' (b7eb0ff6-0ad8-49c4-9566-607a803db26b) transitioned into state 'SUCCESS' from state 'RUNNING' with result '{'volume_id': '2ec3bc59-085a-4207-b601-e43458156666', 'volume_properties': VolumeProperties(attach_status='detached',availability_zone='nova',cgsnapshot_id=None,consistencygroup_id=None,display_description=None,display_name='tempest-VolumesActionsTest-Volume-1251821071',encryption_key_id=None,group_id=None,group_type_id=,metadata={},multiattach=False,project_id='11d3332f3f804ee09536af37eb0af4cd',qos_specs=None,replication_status=,reservations=['e96aedfd-5a19-4a52-9090-3b7e52c900e6','f6329af9-98d6-48c5-8455-495a87c8829f','cc58e733-5dc9-4e03-b045-b0386d19b0df','708ea9fd-8a2d-4dcc-b3e4-49bde0de4d49'],size=1,snapshot_id=None,source_replicaid=,source_volid=None,status='creating',user_id='1fc89c3765ff40d085ad8402f123a0ee',volume_type_id=35eeb34d-fc93-4ef8-a222-764e5806199a), 'volume': Volume(_name_id=None,admin_metadata=,attach_status='detached',availability_zone='nova',bootable=False,cluster=,cluster_name=None,consistencygroup=,consistencygroup_id=None,created_at=2022-05-11T09:52:21Z,deleted=False,deleted_at=None,display_description=None,display_name='tempest-VolumesActionsTest-Volume-1251821071',ec2_id=None,encryption_key_id=None,glance_metadata=,group=,group_id=None,host=None,id=2ec3bc59-085a-4207-b601-e43458156666,launched_at=None,metadata={},migration_status=None,multiattach=False,previous_status=None,project_id='11d3332f3f804ee09536af37eb0af4cd',provider_auth=None,provider_geometry=None,provider_id=None,provider_location=None,replication_driver_data=None,replication_extended_status=None,replication_status=None,scheduled_at=None,service_uuid=None,shared_targets=True,size=1,snapshot_id=None,snapshots=,source_volid=None,status='creating',terminated_at=None,updated_at=None,use_quota=True,user_id='1fc89c3765ff40d085ad8402f123a0ee',volume_attachment=VolumeAttachmentList,volume_type=VolumeType(35eeb34d-fc93-4ef8-a222-764e5806199a),volume_type_id=35eeb34d-fc93-4ef8-a222-764e5806199a)}' {{(pid=116499) _task_receiver /usr/local/lib/python3.8/dist-packages/taskflow/listeners/logging.py:178}}
May 11 09:52:21.574750 dv-cinder-836996-21-iscsi devstack@c-api.service[116499]: DEBUG cinder.volume.api [None req-197dceb1-ca90-4f94-bcd1-5f6a62b9aa40 tempest-VolumesActionsTest-1078157057 tempest-VolumesActionsTest-1078157057-project] Task 'cinder.volume.flows.api.create_volume.QuotaCommitTask;volume:create' (8c4383d1-e618-49f9-bbd0-054b60711354) transitioned into state 'RUNNING' from state 'PENDING' {{(pid=116499) _task_receiver /usr/local/lib/python3.8/dist-packages/taskflow/listeners/logging.py:190}}
May 11 09:52:21.597845 dv-cinder-836996-21-iscsi devstack@c-api.service[116500]: INFO cinder.api.openstack.wsgi [None req-bbca5591-fd73-442f-b17e-6c14a6a3ff0a tempest-VolumeTypesExtraSpecsTest-2011281533 tempest-VolumeTypesExtraSpecsTest-2011281533-project-admin] POST http://10.222.0.44/volume/v3/5b642ad1a2bc4213a4dab5f9020abd72/types
May 11 09:52:21.599306 dv-cinder-836996-21-iscsi devstack@c-api.service[116500]: DEBUG cinder.api.openstack.wsgi [None req-bbca5591-fd73-442f-b17e-6c14a6a3ff0a tempest-VolumeTypesExtraSpecsTest-2011281533 tempest-VolumeTypesExtraSpecsTest-2011281533-project-admin] Action: 'create', calling method: _create, body: {"volume_type": {"name": "tempest-VolumeTypesExtraSpecsTest-volume-type-803919575"}} {{(pid=116500) _process_stack /opt/stack/cinder/cinder/api/openstack/wsgi.py:866}}
May 11 09:52:21.644975 dv-cinder-836996-21-iscsi devstack@c-api.service[116500]: INFO cinder.api.openstack.wsgi [None req-bbca5591-fd73-442f-b17e-6c14a6a3ff0a tempest-VolumeTypesExtraSpecsTest-2011281533 tempest-VolumeTypesExtraSpecsTest-2011281533-project-admin] http://10.222.0.44/volume/v3/5b642ad1a2bc4213a4dab5f9020abd72/types returned with HTTP 200
May 11 09:52:21.654464 dv-cinder-836996-21-iscsi devstack@c-api.service[116500]: [pid: 116500|app: 0|req: 200/370] 10.222.0.44 () {60 vars in 1228 bytes} [Wed May 11 09:52:21 2022] POST /volume/v3/5b642ad1a2bc4213a4dab5f9020abd72/types => generated 230 bytes in 288 msecs (HTTP/1.1 200) 7 headers in 285 bytes (2 switches on core 0)
May 11 09:52:21.657297 dv-cinder-836996-21-iscsi devstack@c-api.service[116500]: DEBUG cinder.api.middleware.request_id [None req-834608d3-fd2f-4479-b1fa-f9bf4bc8e594 None None] RequestId filter calling following filter/app {{(pid=116500) _context_setter /opt/stack/cinder/cinder/api/middleware/request_id.py:62}}
May 11 09:52:21.659557 dv-cinder-836996-21-iscsi devstack@c-api.service[116499]: DEBUG cinder.volume.api [None req-197dceb1-ca90-4f94-bcd1-5f6a62b9aa40 tempest-VolumesActionsTest-1078157057 tempest-VolumesActionsTest-1078157057-project] Task 'cinder.volume.flows.api.create_volume.QuotaCommitTask;volume:create' (8c4383d1-e618-49f9-bbd0-054b60711354) transitioned into state 'SUCCESS' from state 'RUNNING' with result '{'volume_properties': VolumeProperties(attach_status='detached',availability_zone='nova',cgsnapshot_id=None,consistencygroup_id=None,display_description=None,display_name='tempest-VolumesActionsTest-Volume-1251821071',encryption_key_id=None,group_id=None,group_type_id=,metadata={},multiattach=False,project_id='11d3332f3f804ee09536af37eb0af4cd',qos_specs=None,replication_status=,reservations=['e96aedfd-5a19-4a52-9090-3b7e52c900e6','f6329af9-98d6-48c5-8455-495a87c8829f','cc58e733-5dc9-4e03-b045-b0386d19b0df','708ea9fd-8a2d-4dcc-b3e4-49bde0de4d49'],size=1,snapshot_id=None,source_replicaid=,source_volid=None,status='creating',user_id='1fc89c3765ff40d085ad8402f123a0ee',volume_type_id=35eeb34d-fc93-4ef8-a222-764e5806199a)}' {{(pid=116499) _task_receiver /usr/local/lib/python3.8/dist-packages/taskflow/listeners/logging.py:178}}
May 11 09:52:21.662190 dv-cinder-836996-21-iscsi devstack@c-api.service[116499]: DEBUG cinder.volume.api [None req-197dceb1-ca90-4f94-bcd1-5f6a62b9aa40 tempest-VolumesActionsTest-1078157057 tempest-VolumesActionsTest-1078157057-project] Task 'cinder.volume.flows.api.create_volume.VolumeCastTask;volume:create' (be2b7121-5702-488d-b363-daf9e6be7a06) transitioned into state 'RUNNING' from state 'PENDING' {{(pid=116499) _task_receiver /usr/local/lib/python3.8/dist-packages/taskflow/listeners/logging.py:190}}
May 11 09:52:21.663771 dv-cinder-836996-21-iscsi devstack@c-api.service[116500]: INFO cinder.api.openstack.wsgi [None req-834608d3-fd2f-4479-b1fa-f9bf4bc8e594 tempest-VolumeTypesExtraSpecsTest-2011281533 tempest-VolumeTypesExtraSpecsTest-2011281533-project-admin] POST http://10.222.0.44/volume/v3/5b642ad1a2bc4213a4dab5f9020abd72/types/fe612eba-09d3-42ad-a475-bc1b6580ea37/extra_specs
May 11 09:52:21.664621 dv-cinder-836996-21-iscsi devstack@c-api.service[116500]: DEBUG cinder.api.openstack.wsgi [None req-834608d3-fd2f-4479-b1fa-f9bf4bc8e594 tempest-VolumeTypesExtraSpecsTest-2011281533 tempest-VolumeTypesExtraSpecsTest-2011281533-project-admin] Action: 'create', calling method: create, body: {"extra_specs": {"spec3": "val1"}} {{(pid=116500) _process_stack /opt/stack/cinder/cinder/api/openstack/wsgi.py:866}}
May 11 09:52:21.690849 dv-cinder-836996-21-iscsi devstack@c-api.service[116499]: DEBUG cinder.volume.api [None req-197dceb1-ca90-4f94-bcd1-5f6a62b9aa40 tempest-VolumesActionsTest-1078157057 tempest-VolumesActionsTest-1078157057-project] Task 'cinder.volume.flows.api.create_volume.VolumeCastTask;volume:create' (be2b7121-5702-488d-b363-daf9e6be7a06) transitioned into state 'SUCCESS' from state 'RUNNING' with result 'None' {{(pid=116499) _task_receiver /usr/local/lib/python3.8/dist-packages/taskflow/listeners/logging.py:178}}
May 11 09:52:21.694620 dv-cinder-836996-21-iscsi devstack@c-api.service[116499]: DEBUG cinder.volume.api [None req-197dceb1-ca90-4f94-bcd1-5f6a62b9aa40 tempest-VolumesActionsTest-1078157057 tempest-VolumesActionsTest-1078157057-project] Flow 'volume_create_api' (4ffd544a-4e37-4f6b-8379-c04d236a2567) transitioned into state 'SUCCESS' from state 'RUNNING' {{(pid=116499) _flow_receiver /usr/local/lib/python3.8/dist-packages/taskflow/listeners/logging.py:141}}
May 11 09:52:21.695524 dv-cinder-836996-21-iscsi devstack@c-api.service[116499]: INFO cinder.volume.api [None req-197dceb1-ca90-4f94-bcd1-5f6a62b9aa40 tempest-VolumesActionsTest-1078157057 tempest-VolumesActionsTest-1078157057-project] Create volume request issued successfully.
May 11 09:52:21.697948 dv-cinder-836996-21-iscsi devstack@c-api.service[116499]: INFO cinder.api.openstack.wsgi [None req-197dceb1-ca90-4f94-bcd1-5f6a62b9aa40 tempest-VolumesActionsTest-1078157057 tempest-VolumesActionsTest-1078157057-project] http://10.222.0.44/volume/v3/11d3332f3f804ee09536af37eb0af4cd/volumes returned with HTTP 202
May 11 09:52:21.699115 dv-cinder-836996-21-iscsi devstack@c-api.service[116499]: [pid: 116499|app: 0|req: 171/371] 10.222.0.44 () {60 vars in 1234 bytes} [Wed May 11 09:52:21 2022] POST /volume/v3/11d3332f3f804ee09536af37eb0af4cd/volumes => generated 818 bytes in 458 msecs (HTTP/1.1 202) 7 headers in 291 bytes (1 switches on core 0)
May 11 09:52:21.710510 dv-cinder-836996-21-iscsi devstack@c-api.service[116499]: DEBUG cinder.api.middleware.request_id [None req-72804ea1-cf7f-497c-8b56-a66717fd85db None None] RequestId filter calling following filter/app {{(pid=116499) _context_setter /opt/stack/cinder/cinder/api/middleware/request_id.py:62}}
May 11 09:52:21.722515 dv-cinder-836996-21-iscsi devstack@c-api.service[116499]: INFO cinder.api.openstack.wsgi [None req-72804ea1-cf7f-497c-8b56-a66717fd85db tempest-VolumesActionsTest-1078157057 tempest-VolumesActionsTest-1078157057-project] GET http://10.222.0.44/volume/v3/11d3332f3f804ee09536af37eb0af4cd/volumes/2ec3bc59-085a-4207-b601-e43458156666
May 11 09:52:21.725380 dv-cinder-836996-21-iscsi devstack@c-api.service[116499]: DEBUG cinder.api.openstack.wsgi [None req-72804ea1-cf7f-497c-8b56-a66717fd85db tempest-VolumesActionsTest-1078157057 tempest-VolumesActionsTest-1078157057-project] Empty body provided in request {{(pid=116499) get_body /opt/stack/cinder/cinder/api/openstack/wsgi.py:715}}
May 11 09:52:21.728316 dv-cinder-836996-21-iscsi devstack@c-api.service[116499]: DEBUG cinder.api.openstack.wsgi [None req-72804ea1-cf7f-497c-8b56-a66717fd85db tempest-VolumesActionsTest-1078157057 tempest-VolumesActionsTest-1078157057-project] Calling method 'show' {{(pid=116499) _process_stack /opt/stack/cinder/cinder/api/openstack/wsgi.py:868}}
May 11 09:52:21.754601 dv-cinder-836996-21-iscsi devstack@c-api.service[116500]: INFO cinder.api.openstack.wsgi [None req-834608d3-fd2f-4479-b1fa-f9bf4bc8e594 tempest-VolumeTypesExtraSpecsTest-2011281533 tempest-VolumeTypesExtraSpecsTest-2011281533-project-admin] http://10.222.0.44/volume/v3/5b642ad1a2bc4213a4dab5f9020abd72/types/fe612eba-09d3-42ad-a475-bc1b6580ea37/extra_specs returned with HTTP 200
May 11 09:52:21.757698 dv-cinder-836996-21-iscsi devstack@c-api.service[116500]: [pid: 116500|app: 0|req: 201/372] 10.222.0.44 () {60 vars in 1375 bytes} [Wed May 11 09:52:21 2022] POST /volume/v3/5b642ad1a2bc4213a4dab5f9020abd72/types/fe612eba-09d3-42ad-a475-bc1b6580ea37/extra_specs => generated 34 bytes in 101 msecs (HTTP/1.1 200) 7 headers in 284 bytes (2 switches on core 0)
May 11 09:52:21.764913 dv-cinder-836996-21-iscsi devstack@c-api.service[116499]: /usr/local/lib/python3.8/dist-packages/oslo_context/context.py:100: DeprecationWarning: Policy enforcement is depending on the value of is_admin. This key is deprecated. Please update your policy file to use the standard policy values.
May 11 09:52:21.764913 dv-cinder-836996-21-iscsi devstack@c-api.service[116499]: warnings.warn('Policy enforcement is depending on the value of '
May 11 09:52:21.765662 dv-cinder-836996-21-iscsi devstack@c-api.service[116500]: DEBUG cinder.api.middleware.request_id [None req-5a47251c-4582-4ded-8086-4f6b43fa6a2f None None] RequestId filter calling following filter/app {{(pid=116500) _context_setter /opt/stack/cinder/cinder/api/middleware/request_id.py:62}}
May 11 09:52:21.777265 dv-cinder-836996-21-iscsi devstack@c-api.service[116499]: INFO cinder.volume.api [None req-72804ea1-cf7f-497c-8b56-a66717fd85db tempest-VolumesActionsTest-1078157057 tempest-VolumesActionsTest-1078157057-project] Volume info retrieved successfully.
May 11 09:52:21.779946 dv-cinder-836996-21-iscsi devstack@c-api.service[116500]: INFO cinder.api.openstack.wsgi [None req-5a47251c-4582-4ded-8086-4f6b43fa6a2f tempest-VolumeTypesExtraSpecsTest-2011281533 tempest-VolumeTypesExtraSpecsTest-2011281533-project-admin] GET http://10.222.0.44/volume/v3/5b642ad1a2bc4213a4dab5f9020abd72/types/fe612eba-09d3-42ad-a475-bc1b6580ea37/extra_specs/spec3
May 11 09:52:21.781155 dv-cinder-836996-21-iscsi devstack@c-api.service[116500]: DEBUG cinder.api.openstack.wsgi [None req-5a47251c-4582-4ded-8086-4f6b43fa6a2f tempest-VolumeTypesExtraSpecsTest-2011281533 tempest-VolumeTypesExtraSpecsTest-2011281533-project-admin] Empty body provided in request {{(pid=116500) get_body /opt/stack/cinder/cinder/api/openstack/wsgi.py:715}}
May 11 09:52:21.785462 dv-cinder-836996-21-iscsi devstack@c-api.service[116500]: DEBUG cinder.api.openstack.wsgi [None req-5a47251c-4582-4ded-8086-4f6b43fa6a2f tempest-VolumeTypesExtraSpecsTest-2011281533 tempest-VolumeTypesExtraSpecsTest-2011281533-project-admin] Calling method 'show' {{(pid=116500) _process_stack /opt/stack/cinder/cinder/api/openstack/wsgi.py:868}}
May 11 09:52:21.791272 dv-cinder-836996-21-iscsi devstack@c-api.service[116499]: INFO cinder.api.openstack.wsgi [None req-72804ea1-cf7f-497c-8b56-a66717fd85db tempest-VolumesActionsTest-1078157057 tempest-VolumesActionsTest-1078157057-project] http://10.222.0.44/volume/v3/11d3332f3f804ee09536af37eb0af4cd/volumes/2ec3bc59-085a-4207-b601-e43458156666 returned with HTTP 200
May 11 09:52:21.792631 dv-cinder-836996-21-iscsi devstack@c-api.service[116499]: [pid: 116499|app: 0|req: 172/373] 10.222.0.44 () {58 vars in 1324 bytes} [Wed May 11 09:52:21 2022] GET /volume/v3/11d3332f3f804ee09536af37eb0af4cd/volumes/2ec3bc59-085a-4207-b601-e43458156666 => generated 886 bytes in 84 msecs (HTTP/1.1 200) 7 headers in 285 bytes (1 switches on core 0)
May 11 09:52:21.812308 dv-cinder-836996-21-iscsi devstack@c-api.service[116500]: INFO cinder.api.openstack.wsgi [None req-5a47251c-4582-4ded-8086-4f6b43fa6a2f tempest-VolumeTypesExtraSpecsTest-2011281533 tempest-VolumeTypesExtraSpecsTest-2011281533-project-admin] http://10.222.0.44/volume/v3/5b642ad1a2bc4213a4dab5f9020abd72/types/fe612eba-09d3-42ad-a475-bc1b6580ea37/extra_specs/spec3 returned with HTTP 200
May 11 09:52:21.814992 dv-cinder-836996-21-iscsi devstack@c-api.service[116500]: [pid: 116500|app: 0|req: 202/374] 10.222.0.44 () {58 vars in 1372 bytes} [Wed May 11 09:52:21 2022] GET /volume/v3/5b642ad1a2bc4213a4dab5f9020abd72/types/fe612eba-09d3-42ad-a475-bc1b6580ea37/extra_specs/spec3 => generated 17 bytes in 51 msecs (HTTP/1.1 200) 7 headers in 284 bytes (1 switches on core 0)
May 11 09:52:21.821189 dv-cinder-836996-21-iscsi devstack@c-api.service[116499]: DEBUG cinder.api.middleware.request_id [None req-8f5e3f5a-6c28-4e1b-a095-4e3a4bb9d4cd None None] RequestId filter calling following filter/app {{(pid=116499) _context_setter /opt/stack/cinder/cinder/api/middleware/request_id.py:62}}
May 11 09:52:21.826620 dv-cinder-836996-21-iscsi devstack@c-api.service[116499]: INFO cinder.api.openstack.wsgi [None req-8f5e3f5a-6c28-4e1b-a095-4e3a4bb9d4cd tempest-VolumeTypesExtraSpecsTest-2011281533 tempest-VolumeTypesExtraSpecsTest-2011281533-project-admin] DELETE http://10.222.0.44/volume/v3/5b642ad1a2bc4213a4dab5f9020abd72/types/fe612eba-09d3-42ad-a475-bc1b6580ea37/extra_specs/spec3
May 11 09:52:21.827075 dv-cinder-836996-21-iscsi devstack@c-api.service[116499]: DEBUG cinder.api.openstack.wsgi [None req-8f5e3f5a-6c28-4e1b-a095-4e3a4bb9d4cd tempest-VolumeTypesExtraSpecsTest-2011281533 tempest-VolumeTypesExtraSpecsTest-2011281533-project-admin] Empty body provided in request {{(pid=116499) get_body /opt/stack/cinder/cinder/api/openstack/wsgi.py:715}}
May 11 09:52:21.827836 dv-cinder-836996-21-iscsi devstack@c-api.service[116499]: DEBUG cinder.api.openstack.wsgi [None req-8f5e3f5a-6c28-4e1b-a095-4e3a4bb9d4cd tempest-VolumeTypesExtraSpecsTest-2011281533 tempest-VolumeTypesExtraSpecsTest-2011281533-project-admin] Calling method 'delete' {{(pid=116499) _process_stack /opt/stack/cinder/cinder/api/openstack/wsgi.py:868}}
May 11 09:52:21.871395 dv-cinder-836996-21-iscsi devstack@c-api.service[116500]: DEBUG cinder.api.middleware.request_id [None req-d2bbdc08-2351-4960-a132-abd9162dbbe0 None None] RequestId filter calling following filter/app {{(pid=116500) _context_setter /opt/stack/cinder/cinder/api/middleware/request_id.py:62}}
May 11 09:52:21.905315 dv-cinder-836996-21-iscsi devstack@c-api.service[116499]: INFO cinder.api.openstack.wsgi [None req-8f5e3f5a-6c28-4e1b-a095-4e3a4bb9d4cd tempest-VolumeTypesExtraSpecsTest-2011281533 tempest-VolumeTypesExtraSpecsTest-2011281533-project-admin] http://10.222.0.44/volume/v3/5b642ad1a2bc4213a4dab5f9020abd72/types/fe612eba-09d3-42ad-a475-bc1b6580ea37/extra_specs/spec3 returned with HTTP 202
May 11 09:52:21.906088 dv-cinder-836996-21-iscsi devstack@c-api.service[116499]: [pid: 116499|app: 0|req: 173/375] 10.222.0.44 () {58 vars in 1375 bytes} [Wed May 11 09:52:21 2022] DELETE /volume/v3/5b642ad1a2bc4213a4dab5f9020abd72/types/fe612eba-09d3-42ad-a475-bc1b6580ea37/extra_specs/spec3 => generated 0 bytes in 87 msecs (HTTP/1.1 202) 7 headers in 289 bytes (1 switches on core 0)
May 11 09:52:21.910711 dv-cinder-836996-21-iscsi devstack@c-api.service[116499]: DEBUG cinder.api.middleware.request_id [None req-87704502-40b4-4c26-9c02-57a7a3761663 None None] RequestId filter calling following filter/app {{(pid=116499) _context_setter /opt/stack/cinder/cinder/api/middleware/request_id.py:62}}
May 11 09:52:21.923391 dv-cinder-836996-21-iscsi devstack@c-api.service[116499]: INFO cinder.api.openstack.wsgi [None req-87704502-40b4-4c26-9c02-57a7a3761663 tempest-VolumeTypesExtraSpecsTest-2011281533 tempest-VolumeTypesExtraSpecsTest-2011281533-project-admin] GET http://10.222.0.44/volume/v3/5b642ad1a2bc4213a4dab5f9020abd72/types/fe612eba-09d3-42ad-a475-bc1b6580ea37/extra_specs/spec3
May 11 09:52:21.925890 dv-cinder-836996-21-iscsi devstack@c-api.service[116499]: DEBUG cinder.api.openstack.wsgi [None req-87704502-40b4-4c26-9c02-57a7a3761663 tempest-VolumeTypesExtraSpecsTest-2011281533 tempest-VolumeTypesExtraSpecsTest-2011281533-project-admin] Empty body provided in request {{(pid=116499) get_body /opt/stack/cinder/cinder/api/openstack/wsgi.py:715}}
May 11 09:52:21.926355 dv-cinder-836996-21-iscsi devstack@c-api.service[116499]: DEBUG cinder.api.openstack.wsgi [None req-87704502-40b4-4c26-9c02-57a7a3761663 tempest-VolumeTypesExtraSpecsTest-2011281533 tempest-VolumeTypesExtraSpecsTest-2011281533-project-admin] Calling method 'show' {{(pid=116499) _process_stack /opt/stack/cinder/cinder/api/openstack/wsgi.py:868}}
May 11 09:52:21.950074 dv-cinder-836996-21-iscsi devstack@c-api.service[116499]: INFO cinder.api.openstack.wsgi [None req-87704502-40b4-4c26-9c02-57a7a3761663 tempest-VolumeTypesExtraSpecsTest-2011281533 tempest-VolumeTypesExtraSpecsTest-2011281533-project-admin] http://10.222.0.44/volume/v3/5b642ad1a2bc4213a4dab5f9020abd72/types/fe612eba-09d3-42ad-a475-bc1b6580ea37/extra_specs/spec3 returned with HTTP 404
May 11 09:52:21.956481 dv-cinder-836996-21-iscsi devstack@c-api.service[116499]: [pid: 116499|app: 0|req: 174/376] 10.222.0.44 () {58 vars in 1372 bytes} [Wed May 11 09:52:21 2022] GET /volume/v3/5b642ad1a2bc4213a4dab5f9020abd72/types/fe612eba-09d3-42ad-a475-bc1b6580ea37/extra_specs/spec3 => generated 129 bytes in 46 msecs (HTTP/1.1 404) 7 headers in 292 bytes (1 switches on core 0)
May 11 09:52:21.958337 dv-cinder-836996-21-iscsi devstack@c-api.service[116499]: DEBUG cinder.api.middleware.request_id [None req-1ac5e718-a79b-495a-9189-621e67897573 None None] RequestId filter calling following filter/app {{(pid=116499) _context_setter /opt/stack/cinder/cinder/api/middleware/request_id.py:62}}
May 11 09:52:21.964770 dv-cinder-836996-21-iscsi devstack@c-api.service[116499]: INFO cinder.api.openstack.wsgi [None req-1ac5e718-a79b-495a-9189-621e67897573 tempest-VolumeTypesExtraSpecsTest-2011281533 tempest-VolumeTypesExtraSpecsTest-2011281533-project-admin] POST http://10.222.0.44/volume/v3/5b642ad1a2bc4213a4dab5f9020abd72/types/fe612eba-09d3-42ad-a475-bc1b6580ea37/extra_specs
May 11 09:52:21.966947 dv-cinder-836996-21-iscsi devstack@c-api.service[116499]: DEBUG cinder.api.openstack.wsgi [None req-1ac5e718-a79b-495a-9189-621e67897573 tempest-VolumeTypesExtraSpecsTest-2011281533 tempest-VolumeTypesExtraSpecsTest-2011281533-project-admin] Action: 'create', calling method: create, body: {"extra_specs": {"spec1": "val1"}} {{(pid=116499) _process_stack /opt/stack/cinder/cinder/api/openstack/wsgi.py:866}}
May 11 09:52:22.032938 dv-cinder-836996-21-iscsi devstack@c-api.service[116499]: INFO cinder.api.openstack.wsgi [None req-1ac5e718-a79b-495a-9189-621e67897573 tempest-VolumeTypesExtraSpecsTest-2011281533 tempest-VolumeTypesExtraSpecsTest-2011281533-project-admin] http://10.222.0.44/volume/v3/5b642ad1a2bc4213a4dab5f9020abd72/types/fe612eba-09d3-42ad-a475-bc1b6580ea37/extra_specs returned with HTTP 200
May 11 09:52:22.037497 dv-cinder-836996-21-iscsi devstack@c-api.service[116499]: [pid: 116499|app: 0|req: 175/377] 10.222.0.44 () {60 vars in 1375 bytes} [Wed May 11 09:52:21 2022] POST /volume/v3/5b642ad1a2bc4213a4dab5f9020abd72/types/fe612eba-09d3-42ad-a475-bc1b6580ea37/extra_specs => generated 34 bytes in 77 msecs (HTTP/1.1 200) 7 headers in 284 bytes (1 switches on core 0)
May 11 09:52:22.039953 dv-cinder-836996-21-iscsi devstack@c-api.service[116499]: DEBUG cinder.api.middleware.request_id [None req-b5014b76-caec-4624-8b94-96a40836520b None None] RequestId filter calling following filter/app {{(pid=116499) _context_setter /opt/stack/cinder/cinder/api/middleware/request_id.py:62}}
May 11 09:52:22.050017 dv-cinder-836996-21-iscsi devstack@c-api.service[116499]: INFO cinder.api.openstack.wsgi [None req-b5014b76-caec-4624-8b94-96a40836520b tempest-VolumeTypesExtraSpecsTest-2011281533 tempest-VolumeTypesExtraSpecsTest-2011281533-project-admin] GET http://10.222.0.44/volume/v3/5b642ad1a2bc4213a4dab5f9020abd72/types/fe612eba-09d3-42ad-a475-bc1b6580ea37/extra_specs
May 11 09:52:22.050576 dv-cinder-836996-21-iscsi devstack@c-api.service[116499]: DEBUG cinder.api.openstack.wsgi [None req-b5014b76-caec-4624-8b94-96a40836520b tempest-VolumeTypesExtraSpecsTest-2011281533 tempest-VolumeTypesExtraSpecsTest-2011281533-project-admin] Empty body provided in request {{(pid=116499) get_body /opt/stack/cinder/cinder/api/openstack/wsgi.py:715}}
May 11 09:52:22.051071 dv-cinder-836996-21-iscsi devstack@c-api.service[116499]: DEBUG cinder.api.openstack.wsgi [None req-b5014b76-caec-4624-8b94-96a40836520b tempest-VolumeTypesExtraSpecsTest-2011281533 tempest-VolumeTypesExtraSpecsTest-2011281533-project-admin] Calling method 'index' {{(pid=116499) _process_stack /opt/stack/cinder/cinder/api/openstack/wsgi.py:868}}
May 11 09:52:22.073671 dv-cinder-836996-21-iscsi devstack@c-api.service[116499]: INFO cinder.api.openstack.wsgi [None req-b5014b76-caec-4624-8b94-96a40836520b tempest-VolumeTypesExtraSpecsTest-2011281533 tempest-VolumeTypesExtraSpecsTest-2011281533-project-admin] http://10.222.0.44/volume/v3/5b642ad1a2bc4213a4dab5f9020abd72/types/fe612eba-09d3-42ad-a475-bc1b6580ea37/extra_specs returned with HTTP 200
May 11 09:52:22.079249 dv-cinder-836996-21-iscsi devstack@c-api.service[116499]: [pid: 116499|app: 0|req: 176/378] 10.222.0.44 () {58 vars in 1354 bytes} [Wed May 11 09:52:22 2022] GET /volume/v3/5b642ad1a2bc4213a4dab5f9020abd72/types/fe612eba-09d3-42ad-a475-bc1b6580ea37/extra_specs => generated 34 bytes in 36 msecs (HTTP/1.1 200) 7 headers in 284 bytes (1 switches on core 0)
May 11 09:52:22.083464 dv-cinder-836996-21-iscsi devstack@c-api.service[116499]: DEBUG cinder.api.middleware.request_id [None req-83e03e7e-495b-4e98-917a-a7a8d64b71af None None] RequestId filter calling following filter/app {{(pid=116499) _context_setter /opt/stack/cinder/cinder/api/middleware/request_id.py:62}}
May 11 09:52:22.088478 dv-cinder-836996-21-iscsi devstack@c-api.service[116499]: INFO cinder.api.openstack.wsgi [None req-83e03e7e-495b-4e98-917a-a7a8d64b71af tempest-VolumeTypesExtraSpecsTest-2011281533 tempest-VolumeTypesExtraSpecsTest-2011281533-project-admin] POST http://10.222.0.44/volume/v3/5b642ad1a2bc4213a4dab5f9020abd72/types/fe612eba-09d3-42ad-a475-bc1b6580ea37/extra_specs
May 11 09:52:22.089199 dv-cinder-836996-21-iscsi devstack@c-api.service[116499]: DEBUG cinder.api.openstack.wsgi [None req-83e03e7e-495b-4e98-917a-a7a8d64b71af tempest-VolumeTypesExtraSpecsTest-2011281533 tempest-VolumeTypesExtraSpecsTest-2011281533-project-admin] Action: 'create', calling method: create, body: {"extra_specs": {"spec2": "val1"}} {{(pid=116499) _process_stack /opt/stack/cinder/cinder/api/openstack/wsgi.py:866}}
