May 11 09:51:58.578918 dv-cinder-836996-21-iscsi devstack@c-api.service[116500]: DEBUG cinder.api.middleware.request_id [None req-8ae7c180-45f8-494f-bf53-101db63ed6ac None None] RequestId filter calling following filter/app {{(pid=116500) _context_setter /opt/stack/cinder/cinder/api/middleware/request_id.py:62}}
May 11 09:51:58.584551 dv-cinder-836996-21-iscsi devstack@c-api.service[116500]: INFO cinder.api.openstack.wsgi [None req-8ae7c180-45f8-494f-bf53-101db63ed6ac tempest-GroupsTest-1103170381 tempest-GroupsTest-1103170381-project] PUT http://10.222.0.44/volume/v3/2c976586131c419188039e6b01a1e6d6/groups/094afc2e-59c6-4c55-8f7c-41e48e2df1e2
May 11 09:51:58.587153 dv-cinder-836996-21-iscsi devstack@c-api.service[116500]: DEBUG cinder.api.openstack.wsgi [None req-8ae7c180-45f8-494f-bf53-101db63ed6ac tempest-GroupsTest-1103170381 tempest-GroupsTest-1103170381-project] Action: 'update', calling method: version_select, body: {"group": {"name": "new_group", "description": "This is a new group", "remove_volumes": "5d83f356-4e38-4cc1-8030-b6a03a197ea9"}} {{(pid=116500) _process_stack /opt/stack/cinder/cinder/api/openstack/wsgi.py:866}}
May 11 09:51:58.598026 dv-cinder-836996-21-iscsi devstack@c-api.service[116499]: DEBUG cinder.volume.api [None req-15ddd414-9ff0-4d96-b6a4-e25afc8b6b2b tempest-DeleteServersTestJSON-2016772116 tempest-DeleteServersTestJSON-2016772116-project] Flow 'volume_create_api' (d6fd0bfa-1a1c-4441-9441-dde6f5651efb) transitioned into state 'RUNNING' from state 'PENDING' {{(pid=116499) _flow_receiver /usr/local/lib/python3.8/dist-packages/taskflow/listeners/logging.py:141}}
May 11 09:51:58.600915 dv-cinder-836996-21-iscsi devstack@c-api.service[116499]: DEBUG cinder.volume.api [None req-15ddd414-9ff0-4d96-b6a4-e25afc8b6b2b tempest-DeleteServersTestJSON-2016772116 tempest-DeleteServersTestJSON-2016772116-project] Task 'cinder.volume.flows.api.create_volume.ExtractVolumeRequestTask;volume:create' (ad64e6a7-ded9-4f07-92ca-6ef232a3d858) transitioned into state 'RUNNING' from state 'PENDING' {{(pid=116499) _task_receiver /usr/local/lib/python3.8/dist-packages/taskflow/listeners/logging.py:190}}
May 11 09:51:58.601560 dv-cinder-836996-21-iscsi devstack@c-api.service[116500]: DEBUG cinder.api.v3.groups [None req-8ae7c180-45f8-494f-bf53-101db63ed6ac tempest-GroupsTest-1103170381 tempest-GroupsTest-1103170381-project] Update called for group 094afc2e-59c6-4c55-8f7c-41e48e2df1e2. {{(pid=116500) update /opt/stack/cinder/cinder/api/v3/groups.py:302}}
May 11 09:51:58.602250 dv-cinder-836996-21-iscsi devstack@c-api.service[116500]: INFO cinder.api.v3.groups [None req-8ae7c180-45f8-494f-bf53-101db63ed6ac tempest-GroupsTest-1103170381 tempest-GroupsTest-1103170381-project] Updating group 094afc2e-59c6-4c55-8f7c-41e48e2df1e2 with name new_group description: This is a new group add_volumes: None remove_volumes: 5d83f356-4e38-4cc1-8030-b6a03a197ea9.
May 11 09:51:58.603472 dv-cinder-836996-21-iscsi devstack@c-api.service[116499]: DEBUG cinder.volume.flows.api.create_volume [None req-15ddd414-9ff0-4d96-b6a4-e25afc8b6b2b tempest-DeleteServersTestJSON-2016772116 tempest-DeleteServersTestJSON-2016772116-project] Validating volume size '1' using validate_int {{(pid=116499) _extract_size /opt/stack/cinder/cinder/volume/flows/api/create_volume.py:225}}
May 11 09:51:58.615244 dv-cinder-836996-21-iscsi devstack@c-api.service[116500]: /usr/local/lib/python3.8/dist-packages/oslo_context/context.py:100: DeprecationWarning: Policy enforcement is depending on the value of is_admin. This key is deprecated. Please update your policy file to use the standard policy values.
May 11 09:51:58.615244 dv-cinder-836996-21-iscsi devstack@c-api.service[116500]: warnings.warn('Policy enforcement is depending on the value of '
May 11 09:51:58.711768 dv-cinder-836996-21-iscsi devstack@c-api.service[116499]: DEBUG cinder.volume.api [None req-15ddd414-9ff0-4d96-b6a4-e25afc8b6b2b tempest-DeleteServersTestJSON-2016772116 tempest-DeleteServersTestJSON-2016772116-project] Task 'cinder.volume.flows.api.create_volume.ExtractVolumeRequestTask;volume:create' (ad64e6a7-ded9-4f07-92ca-6ef232a3d858) transitioned into state 'SUCCESS' from state 'RUNNING' with result '{'size': 1, 'snapshot_id': None, 'source_volid': None, 'volume_type': VolumeType(created_at=2022-05-11T09:41:26Z,deleted=False,deleted_at=None,description='Default Volume Type',extra_specs={},id=35eeb34d-fc93-4ef8-a222-764e5806199a,is_public=True,name='__DEFAULT__',projects=[],qos_specs=,qos_specs_id=None,updated_at=2022-05-11T09:41:26Z), 'volume_type_id': '35eeb34d-fc93-4ef8-a222-764e5806199a', 'encryption_key_id': None, 'qos_specs': None, 'consistencygroup_id': None, 'cgsnapshot_id': None, 'group_id': None, 'replication_status': 'disabled', 'refresh_az': False, 'backup_id': None, 'multiattach': False, 'availability_zones': ['nova']}' {{(pid=116499) _task_receiver /usr/local/lib/python3.8/dist-packages/taskflow/listeners/logging.py:178}}
May 11 09:51:58.717436 dv-cinder-836996-21-iscsi devstack@c-api.service[116499]: DEBUG cinder.volume.api [None req-15ddd414-9ff0-4d96-b6a4-e25afc8b6b2b tempest-DeleteServersTestJSON-2016772116 tempest-DeleteServersTestJSON-2016772116-project] Task 'cinder.volume.flows.api.create_volume.QuotaReserveTask;volume:create' (3b69a8ae-5eae-457a-9c29-92295dc03770) transitioned into state 'RUNNING' from state 'PENDING' {{(pid=116499) _task_receiver /usr/local/lib/python3.8/dist-packages/taskflow/listeners/logging.py:190}}
May 11 09:51:58.731340 dv-cinder-836996-21-iscsi devstack@c-api.service[116500]: INFO cinder.api.openstack.wsgi [None req-8ae7c180-45f8-494f-bf53-101db63ed6ac tempest-GroupsTest-1103170381 tempest-GroupsTest-1103170381-project] http://10.222.0.44/volume/v3/2c976586131c419188039e6b01a1e6d6/groups/094afc2e-59c6-4c55-8f7c-41e48e2df1e2 returned with HTTP 202
May 11 09:51:58.735721 dv-cinder-836996-21-iscsi devstack@c-api.service[116500]: [pid: 116500|app: 0|req: 93/185] 10.222.0.44 () {62 vars in 1383 bytes} [Wed May 11 09:51:58 2022] PUT /volume/v3/2c976586131c419188039e6b01a1e6d6/groups/094afc2e-59c6-4c55-8f7c-41e48e2df1e2 => generated 0 bytes in 157 msecs (HTTP/1.1 202) 6 headers in 234 bytes (1 switches on core 0)
May 11 09:51:58.738729 dv-cinder-836996-21-iscsi devstack@c-api.service[116500]: DEBUG cinder.api.middleware.request_id [None req-f9c09dc5-4d43-4d89-92ca-0385db5f784d None None] RequestId filter calling following filter/app {{(pid=116500) _context_setter /opt/stack/cinder/cinder/api/middleware/request_id.py:62}}
May 11 09:51:58.742757 dv-cinder-836996-21-iscsi devstack@c-api.service[116500]: INFO cinder.api.openstack.wsgi [None req-f9c09dc5-4d43-4d89-92ca-0385db5f784d tempest-GroupsTest-1103170381 tempest-GroupsTest-1103170381-project] GET http://10.222.0.44/volume/v3/2c976586131c419188039e6b01a1e6d6/groups/094afc2e-59c6-4c55-8f7c-41e48e2df1e2
May 11 09:51:58.743253 dv-cinder-836996-21-iscsi devstack@c-api.service[116500]: DEBUG cinder.api.openstack.wsgi [None req-f9c09dc5-4d43-4d89-92ca-0385db5f784d tempest-GroupsTest-1103170381 tempest-GroupsTest-1103170381-project] Empty body provided in request {{(pid=116500) get_body /opt/stack/cinder/cinder/api/openstack/wsgi.py:715}}
May 11 09:51:58.743730 dv-cinder-836996-21-iscsi devstack@c-api.service[116500]: DEBUG cinder.api.openstack.wsgi [None req-f9c09dc5-4d43-4d89-92ca-0385db5f784d tempest-GroupsTest-1103170381 tempest-GroupsTest-1103170381-project] Calling method 'version_select' {{(pid=116500) _process_stack /opt/stack/cinder/cinder/api/openstack/wsgi.py:868}}
May 11 09:51:58.744237 dv-cinder-836996-21-iscsi devstack@c-api.service[116500]: DEBUG cinder.api.v3.groups [None req-f9c09dc5-4d43-4d89-92ca-0385db5f784d tempest-GroupsTest-1103170381 tempest-GroupsTest-1103170381-project] show called for member 094afc2e-59c6-4c55-8f7c-41e48e2df1e2 {{(pid=116500) show /opt/stack/cinder/cinder/api/v3/groups.py:58}}
May 11 09:51:58.750375 dv-cinder-836996-21-iscsi devstack@c-api.service[116500]: /usr/local/lib/python3.8/dist-packages/oslo_context/context.py:100: DeprecationWarning: Policy enforcement is depending on the value of is_admin. This key is deprecated. Please update your policy file to use the standard policy values.
May 11 09:51:58.750375 dv-cinder-836996-21-iscsi devstack@c-api.service[116500]: warnings.warn('Policy enforcement is depending on the value of '
May 11 09:51:58.787512 dv-cinder-836996-21-iscsi devstack@c-api.service[116500]: INFO cinder.api.openstack.wsgi [None req-f9c09dc5-4d43-4d89-92ca-0385db5f784d tempest-GroupsTest-1103170381 tempest-GroupsTest-1103170381-project] http://10.222.0.44/volume/v3/2c976586131c419188039e6b01a1e6d6/groups/094afc2e-59c6-4c55-8f7c-41e48e2df1e2 returned with HTTP 200
May 11 09:51:58.794128 dv-cinder-836996-21-iscsi devstack@c-api.service[116500]: [pid: 116500|app: 0|req: 94/186] 10.222.0.44 () {60 vars in 1362 bytes} [Wed May 11 09:51:58 2022] GET /volume/v3/2c976586131c419188039e6b01a1e6d6/groups/094afc2e-59c6-4c55-8f7c-41e48e2df1e2 => generated 323 bytes in 54 msecs (HTTP/1.1 200) 7 headers in 286 bytes (1 switches on core 0)
May 11 09:51:58.853974 dv-cinder-836996-21-iscsi devstack@c-api.service[116499]: DEBUG cinder.quota [None req-15ddd414-9ff0-4d96-b6a4-e25afc8b6b2b tempest-DeleteServersTestJSON-2016772116 tempest-DeleteServersTestJSON-2016772116-project] Created reservations ['a72b28f8-126b-43e3-9a33-1532a367684f', '5ce8b544-eeae-41b5-b894-a82c42d0012d', 'ac0788eb-7233-4ccc-9868-42dec7bd3d16', 'd02df022-4d0b-4323-becc-8450d640efa3'] {{(pid=116499) reserve /opt/stack/cinder/cinder/quota.py:755}}
May 11 09:51:58.856496 dv-cinder-836996-21-iscsi devstack@c-api.service[116499]: DEBUG cinder.volume.api [None req-15ddd414-9ff0-4d96-b6a4-e25afc8b6b2b tempest-DeleteServersTestJSON-2016772116 tempest-DeleteServersTestJSON-2016772116-project] Task 'cinder.volume.flows.api.create_volume.QuotaReserveTask;volume:create' (3b69a8ae-5eae-457a-9c29-92295dc03770) transitioned into state 'SUCCESS' from state 'RUNNING' with result '{'reservations': ['a72b28f8-126b-43e3-9a33-1532a367684f', '5ce8b544-eeae-41b5-b894-a82c42d0012d', 'ac0788eb-7233-4ccc-9868-42dec7bd3d16', 'd02df022-4d0b-4323-becc-8450d640efa3']}' {{(pid=116499) _task_receiver /usr/local/lib/python3.8/dist-packages/taskflow/listeners/logging.py:178}}
May 11 09:51:58.858573 dv-cinder-836996-21-iscsi devstack@c-api.service[116499]: DEBUG cinder.volume.api [None req-15ddd414-9ff0-4d96-b6a4-e25afc8b6b2b tempest-DeleteServersTestJSON-2016772116 tempest-DeleteServersTestJSON-2016772116-project] Task 'cinder.volume.flows.api.create_volume.EntryCreateTask;volume:create' (32ba750d-3cae-4039-b57f-04fcad6337a6) transitioned into state 'RUNNING' from state 'PENDING' {{(pid=116499) _task_receiver /usr/local/lib/python3.8/dist-packages/taskflow/listeners/logging.py:190}}
May 11 09:51:58.884059 dv-cinder-836996-21-iscsi devstack@c-api.service[116499]: DEBUG cinder.volume.api [None req-15ddd414-9ff0-4d96-b6a4-e25afc8b6b2b tempest-DeleteServersTestJSON-2016772116 tempest-DeleteServersTestJSON-2016772116-project] Task 'cinder.volume.flows.api.create_volume.EntryCreateTask;volume:create' (32ba750d-3cae-4039-b57f-04fcad6337a6) transitioned into state 'SUCCESS' from state 'RUNNING' with result '{'volume_id': 'dac0b87c-00f2-449b-99e5-d342197d42db', 'volume_properties': VolumeProperties(attach_status='detached',availability_zone='nova',cgsnapshot_id=None,consistencygroup_id=None,display_description=None,display_name='tempest-DeleteServersTestJSON-volume-1826516832',encryption_key_id=None,group_id=None,group_type_id=,metadata={},multiattach=False,project_id='749504c9ac8140ff9436f595b73afbb1',qos_specs=None,replication_status=,reservations=['a72b28f8-126b-43e3-9a33-1532a367684f','5ce8b544-eeae-41b5-b894-a82c42d0012d','ac0788eb-7233-4ccc-9868-42dec7bd3d16','d02df022-4d0b-4323-becc-8450d640efa3'],size=1,snapshot_id=None,source_replicaid=,source_volid=None,status='creating',user_id='5e725fa4d9cc46c1b9578109d1daa9b2',volume_type_id=35eeb34d-fc93-4ef8-a222-764e5806199a), 'volume': Volume(_name_id=None,admin_metadata=,attach_status='detached',availability_zone='nova',bootable=False,cluster=,cluster_name=None,consistencygroup=,consistencygroup_id=None,created_at=2022-05-11T09:51:58Z,deleted=False,deleted_at=None,display_description=None,display_name='tempest-DeleteServersTestJSON-volume-1826516832',ec2_id=None,encryption_key_id=None,glance_metadata=,group=,group_id=None,host=None,id=dac0b87c-00f2-449b-99e5-d342197d42db,launched_at=None,metadata={},migration_status=None,multiattach=False,previous_status=None,project_id='749504c9ac8140ff9436f595b73afbb1',provider_auth=None,provider_geometry=None,provider_id=None,provider_location=None,replication_driver_data=None,replication_extended_status=None,replication_status=None,scheduled_at=None,service_uuid=None,shared_targets=True,size=1,snapshot_id=None,snapshots=,source_volid=None,status='creating',terminated_at=None,updated_at=None,use_quota=True,user_id='5e725fa4d9cc46c1b9578109d1daa9b2',volume_attachment=VolumeAttachmentList,volume_type=VolumeType(35eeb34d-fc93-4ef8-a222-764e5806199a),volume_type_id=35eeb34d-fc93-4ef8-a222-764e5806199a)}' {{(pid=116499) _task_receiver /usr/local/lib/python3.8/dist-packages/taskflow/listeners/logging.py:178}}
May 11 09:51:58.885974 dv-cinder-836996-21-iscsi devstack@c-api.service[116499]: DEBUG cinder.volume.api [None req-15ddd414-9ff0-4d96-b6a4-e25afc8b6b2b tempest-DeleteServersTestJSON-2016772116 tempest-DeleteServersTestJSON-2016772116-project] Task 'cinder.volume.flows.api.create_volume.QuotaCommitTask;volume:create' (3757f663-6f36-42ec-94e2-63cda28d5655) transitioned into state 'RUNNING' from state 'PENDING' {{(pid=116499) _task_receiver /usr/local/lib/python3.8/dist-packages/taskflow/listeners/logging.py:190}}
May 11 09:51:58.914520 dv-cinder-836996-21-iscsi devstack@c-api.service[116499]: DEBUG cinder.volume.api [None req-15ddd414-9ff0-4d96-b6a4-e25afc8b6b2b tempest-DeleteServersTestJSON-2016772116 tempest-DeleteServersTestJSON-2016772116-project] Task 'cinder.volume.flows.api.create_volume.QuotaCommitTask;volume:create' (3757f663-6f36-42ec-94e2-63cda28d5655) transitioned into state 'SUCCESS' from state 'RUNNING' with result '{'volume_properties': VolumeProperties(attach_status='detached',availability_zone='nova',cgsnapshot_id=None,consistencygroup_id=None,display_description=None,display_name='tempest-DeleteServersTestJSON-volume-1826516832',encryption_key_id=None,group_id=None,group_type_id=,metadata={},multiattach=False,project_id='749504c9ac8140ff9436f595b73afbb1',qos_specs=None,replication_status=,reservations=['a72b28f8-126b-43e3-9a33-1532a367684f','5ce8b544-eeae-41b5-b894-a82c42d0012d','ac0788eb-7233-4ccc-9868-42dec7bd3d16','d02df022-4d0b-4323-becc-8450d640efa3'],size=1,snapshot_id=None,source_replicaid=,source_volid=None,status='creating',user_id='5e725fa4d9cc46c1b9578109d1daa9b2',volume_type_id=35eeb34d-fc93-4ef8-a222-764e5806199a)}' {{(pid=116499) _task_receiver /usr/local/lib/python3.8/dist-packages/taskflow/listeners/logging.py:178}}
May 11 09:51:58.917871 dv-cinder-836996-21-iscsi devstack@c-api.service[116499]: DEBUG cinder.volume.api [None req-15ddd414-9ff0-4d96-b6a4-e25afc8b6b2b tempest-DeleteServersTestJSON-2016772116 tempest-DeleteServersTestJSON-2016772116-project] Task 'cinder.volume.flows.api.create_volume.VolumeCastTask;volume:create' (b13c2929-c281-46aa-a7a2-83a6208d79c0) transitioned into state 'RUNNING' from state 'PENDING' {{(pid=116499) _task_receiver /usr/local/lib/python3.8/dist-packages/taskflow/listeners/logging.py:190}}
May 11 09:51:58.937163 dv-cinder-836996-21-iscsi devstack@c-api.service[116499]: DEBUG cinder.volume.api [None req-15ddd414-9ff0-4d96-b6a4-e25afc8b6b2b tempest-DeleteServersTestJSON-2016772116 tempest-DeleteServersTestJSON-2016772116-project] Task 'cinder.volume.flows.api.create_volume.VolumeCastTask;volume:create' (b13c2929-c281-46aa-a7a2-83a6208d79c0) transitioned into state 'SUCCESS' from state 'RUNNING' with result 'None' {{(pid=116499) _task_receiver /usr/local/lib/python3.8/dist-packages/taskflow/listeners/logging.py:178}}
May 11 09:51:58.939559 dv-cinder-836996-21-iscsi devstack@c-api.service[116499]: DEBUG cinder.volume.api [None req-15ddd414-9ff0-4d96-b6a4-e25afc8b6b2b tempest-DeleteServersTestJSON-2016772116 tempest-DeleteServersTestJSON-2016772116-project] Flow 'volume_create_api' (d6fd0bfa-1a1c-4441-9441-dde6f5651efb) transitioned into state 'SUCCESS' from state 'RUNNING' {{(pid=116499) _flow_receiver /usr/local/lib/python3.8/dist-packages/taskflow/listeners/logging.py:141}}
May 11 09:51:58.940329 dv-cinder-836996-21-iscsi devstack@c-api.service[116499]: INFO cinder.volume.api [None req-15ddd414-9ff0-4d96-b6a4-e25afc8b6b2b tempest-DeleteServersTestJSON-2016772116 tempest-DeleteServersTestJSON-2016772116-project] Create volume request issued successfully.
May 11 09:51:58.941577 dv-cinder-836996-21-iscsi devstack@c-api.service[116499]: INFO cinder.api.openstack.wsgi [None req-15ddd414-9ff0-4d96-b6a4-e25afc8b6b2b tempest-DeleteServersTestJSON-2016772116 tempest-DeleteServersTestJSON-2016772116-project] http://10.222.0.44/volume/v3/749504c9ac8140ff9436f595b73afbb1/volumes returned with HTTP 202
May 11 09:51:58.942855 dv-cinder-836996-21-iscsi devstack@c-api.service[116499]: [pid: 116499|app: 0|req: 93/187] 10.222.0.44 () {60 vars in 1234 bytes} [Wed May 11 09:51:58 2022] POST /volume/v3/749504c9ac8140ff9436f595b73afbb1/volumes => generated 821 bytes in 402 msecs (HTTP/1.1 202) 7 headers in 291 bytes (2 switches on core 0)
May 11 09:51:58.954113 dv-cinder-836996-21-iscsi devstack@c-api.service[116500]: DEBUG cinder.api.middleware.request_id [None req-e7af9f44-d0a9-41bd-a662-1b24729ab4e6 None None] RequestId filter calling following filter/app {{(pid=116500) _context_setter /opt/stack/cinder/cinder/api/middleware/request_id.py:62}}
May 11 09:51:58.959132 dv-cinder-836996-21-iscsi devstack@c-api.service[116500]: INFO cinder.api.openstack.wsgi [None req-e7af9f44-d0a9-41bd-a662-1b24729ab4e6 tempest-DeleteServersTestJSON-2016772116 tempest-DeleteServersTestJSON-2016772116-project] GET http://10.222.0.44/volume/v3/749504c9ac8140ff9436f595b73afbb1/volumes/dac0b87c-00f2-449b-99e5-d342197d42db
May 11 09:51:58.959752 dv-cinder-836996-21-iscsi devstack@c-api.service[116500]: DEBUG cinder.api.openstack.wsgi [None req-e7af9f44-d0a9-41bd-a662-1b24729ab4e6 tempest-DeleteServersTestJSON-2016772116 tempest-DeleteServersTestJSON-2016772116-project] Empty body provided in request {{(pid=116500) get_body /opt/stack/cinder/cinder/api/openstack/wsgi.py:715}}
May 11 09:51:58.960426 dv-cinder-836996-21-iscsi devstack@c-api.service[116500]: DEBUG cinder.api.openstack.wsgi [None req-e7af9f44-d0a9-41bd-a662-1b24729ab4e6 tempest-DeleteServersTestJSON-2016772116 tempest-DeleteServersTestJSON-2016772116-project] Calling method 'show' {{(pid=116500) _process_stack /opt/stack/cinder/cinder/api/openstack/wsgi.py:868}}
May 11 09:51:58.977266 dv-cinder-836996-21-iscsi devstack@c-api.service[116500]: /usr/local/lib/python3.8/dist-packages/oslo_context/context.py:100: DeprecationWarning: Policy enforcement is depending on the value of is_admin. This key is deprecated. Please update your policy file to use the standard policy values.
May 11 09:51:58.977266 dv-cinder-836996-21-iscsi devstack@c-api.service[116500]: warnings.warn('Policy enforcement is depending on the value of '
May 11 09:51:58.985843 dv-cinder-836996-21-iscsi devstack@c-api.service[116500]: INFO cinder.volume.api [None req-e7af9f44-d0a9-41bd-a662-1b24729ab4e6 tempest-DeleteServersTestJSON-2016772116 tempest-DeleteServersTestJSON-2016772116-project] Volume info retrieved successfully.
May 11 09:51:58.994624 dv-cinder-836996-21-iscsi devstack@c-api.service[116500]: INFO cinder.api.openstack.wsgi [None req-e7af9f44-d0a9-41bd-a662-1b24729ab4e6 tempest-DeleteServersTestJSON-2016772116 tempest-DeleteServersTestJSON-2016772116-project] http://10.222.0.44/volume/v3/749504c9ac8140ff9436f595b73afbb1/volumes/dac0b87c-00f2-449b-99e5-d342197d42db returned with HTTP 200
May 11 09:51:58.997982 dv-cinder-836996-21-iscsi devstack@c-api.service[116500]: [pid: 116500|app: 0|req: 95/188] 10.222.0.44 () {58 vars in 1324 bytes} [Wed May 11 09:51:58 2022] GET /volume/v3/749504c9ac8140ff9436f595b73afbb1/volumes/dac0b87c-00f2-449b-99e5-d342197d42db => generated 889 bytes in 43 msecs (HTTP/1.1 200) 7 headers in 285 bytes (1 switches on core 0)
May 11 09:51:59.534808 dv-cinder-836996-21-iscsi devstack@c-api.service[116499]: DEBUG cinder.api.middleware.request_id [None req-4b54fd1f-6329-4cf2-9189-f34eed1c5ebf None None] RequestId filter calling following filter/app {{(pid=116499) _context_setter /opt/stack/cinder/cinder/api/middleware/request_id.py:62}}
May 11 09:51:59.548089 dv-cinder-836996-21-iscsi devstack@c-api.service[116499]: INFO cinder.api.openstack.wsgi [None req-4b54fd1f-6329-4cf2-9189-f34eed1c5ebf tempest-VolumeQuotasNegativeTestJSON-2074103951 tempest-VolumeQuotasNegativeTestJSON-2074103951-project] GET http://10.222.0.44/volume/v3/6aa038e72dcb4990a87f940c317b617b/volumes/d63dcb40-cbf1-4e72-8193-ed18378fdf77
May 11 09:51:59.548580 dv-cinder-836996-21-iscsi devstack@c-api.service[116499]: DEBUG cinder.api.openstack.wsgi [None req-4b54fd1f-6329-4cf2-9189-f34eed1c5ebf tempest-VolumeQuotasNegativeTestJSON-2074103951 tempest-VolumeQuotasNegativeTestJSON-2074103951-project] Empty body provided in request {{(pid=116499) get_body /opt/stack/cinder/cinder/api/openstack/wsgi.py:715}}
May 11 09:51:59.549050 dv-cinder-836996-21-iscsi devstack@c-api.service[116499]: DEBUG cinder.api.openstack.wsgi [None req-4b54fd1f-6329-4cf2-9189-f34eed1c5ebf tempest-VolumeQuotasNegativeTestJSON-2074103951 tempest-VolumeQuotasNegativeTestJSON-2074103951-project] Calling method 'show' {{(pid=116499) _process_stack /opt/stack/cinder/cinder/api/openstack/wsgi.py:868}}
May 11 09:51:59.577694 dv-cinder-836996-21-iscsi devstack@c-api.service[116499]: INFO cinder.api.openstack.wsgi [None req-4b54fd1f-6329-4cf2-9189-f34eed1c5ebf tempest-VolumeQuotasNegativeTestJSON-2074103951 tempest-VolumeQuotasNegativeTestJSON-2074103951-project] http://10.222.0.44/volume/v3/6aa038e72dcb4990a87f940c317b617b/volumes/d63dcb40-cbf1-4e72-8193-ed18378fdf77 returned with HTTP 404
May 11 09:51:59.579857 dv-cinder-836996-21-iscsi devstack@c-api.service[116499]: [pid: 116499|app: 0|req: 94/189] 10.222.0.44 () {58 vars in 1324 bytes} [Wed May 11 09:51:59 2022] GET /volume/v3/6aa038e72dcb4990a87f940c317b617b/volumes/d63dcb40-cbf1-4e72-8193-ed18378fdf77 => generated 109 bytes in 49 msecs (HTTP/1.1 404) 7 headers in 292 bytes (1 switches on core 0)
May 11 09:51:59.585367 dv-cinder-836996-21-iscsi devstack@c-api.service[116500]: DEBUG cinder.api.middleware.request_id [None req-3ee67b70-c97a-404c-9237-ae1e8f9f432a None None] RequestId filter calling following filter/app {{(pid=116500) _context_setter /opt/stack/cinder/cinder/api/middleware/request_id.py:62}}
May 11 09:51:59.591400 dv-cinder-836996-21-iscsi devstack@c-api.service[116500]: INFO cinder.api.openstack.wsgi [None req-3ee67b70-c97a-404c-9237-ae1e8f9f432a tempest-VolumeQuotasNegativeTestJSON-1376218175 tempest-VolumeQuotasNegativeTestJSON-1376218175-project-admin] PUT http://10.222.0.44/volume/v3/5133326a78f34f57a2c060cf0bab7df0/os-quota-sets/6aa038e72dcb4990a87f940c317b617b
May 11 09:51:59.592169 dv-cinder-836996-21-iscsi devstack@c-api.service[116500]: DEBUG cinder.api.openstack.wsgi [None req-3ee67b70-c97a-404c-9237-ae1e8f9f432a tempest-VolumeQuotasNegativeTestJSON-1376218175 tempest-VolumeQuotasNegativeTestJSON-1376218175-project-admin] Action: 'update', calling method: update, body: {"quota_set": {"volumes": 10, "per_volume_gigabytes": -1, "snapshots": 10, "gigabytes": 1000, "backups": 10, "backup_gigabytes": 1000}} {{(pid=116500) _process_stack /opt/stack/cinder/cinder/api/openstack/wsgi.py:866}}
May 11 09:51:59.798433 dv-cinder-836996-21-iscsi devstack@c-api.service[116499]: DEBUG cinder.api.middleware.request_id [None req-d5a59608-999a-469d-aeb4-1eea07baacae None None] RequestId filter calling following filter/app {{(pid=116499) _context_setter /opt/stack/cinder/cinder/api/middleware/request_id.py:62}}
May 11 09:51:59.803136 dv-cinder-836996-21-iscsi devstack@c-api.service[116499]: INFO cinder.api.openstack.wsgi [None req-d5a59608-999a-469d-aeb4-1eea07baacae tempest-GroupsTest-1103170381 tempest-GroupsTest-1103170381-project] GET http://10.222.0.44/volume/v3/2c976586131c419188039e6b01a1e6d6/groups/094afc2e-59c6-4c55-8f7c-41e48e2df1e2
May 11 09:51:59.803871 dv-cinder-836996-21-iscsi devstack@c-api.service[116499]: DEBUG cinder.api.openstack.wsgi [None req-d5a59608-999a-469d-aeb4-1eea07baacae tempest-GroupsTest-1103170381 tempest-GroupsTest-1103170381-project] Empty body provided in request {{(pid=116499) get_body /opt/stack/cinder/cinder/api/openstack/wsgi.py:715}}
May 11 09:51:59.804392 dv-cinder-836996-21-iscsi devstack@c-api.service[116499]: DEBUG cinder.api.openstack.wsgi [None req-d5a59608-999a-469d-aeb4-1eea07baacae tempest-GroupsTest-1103170381 tempest-GroupsTest-1103170381-project] Calling method 'version_select' {{(pid=116499) _process_stack /opt/stack/cinder/cinder/api/openstack/wsgi.py:868}}
May 11 09:51:59.804905 dv-cinder-836996-21-iscsi devstack@c-api.service[116499]: DEBUG cinder.api.v3.groups [None req-d5a59608-999a-469d-aeb4-1eea07baacae tempest-GroupsTest-1103170381 tempest-GroupsTest-1103170381-project] show called for member 094afc2e-59c6-4c55-8f7c-41e48e2df1e2 {{(pid=116499) show /opt/stack/cinder/cinder/api/v3/groups.py:58}}
May 11 09:51:59.818163 dv-cinder-836996-21-iscsi devstack@c-api.service[116499]: /usr/local/lib/python3.8/dist-packages/oslo_context/context.py:100: DeprecationWarning: Policy enforcement is depending on the value of is_admin. This key is deprecated. Please update your policy file to use the standard policy values.
May 11 09:51:59.818163 dv-cinder-836996-21-iscsi devstack@c-api.service[116499]: warnings.warn('Policy enforcement is depending on the value of '
May 11 09:51:59.823564 dv-cinder-836996-21-iscsi devstack@c-api.service[116500]: INFO cinder.api.openstack.wsgi [None req-3ee67b70-c97a-404c-9237-ae1e8f9f432a tempest-VolumeQuotasNegativeTestJSON-1376218175 tempest-VolumeQuotasNegativeTestJSON-1376218175-project-admin] http://10.222.0.44/volume/v3/5133326a78f34f57a2c060cf0bab7df0/os-quota-sets/6aa038e72dcb4990a87f940c317b617b returned with HTTP 200
May 11 09:51:59.826355 dv-cinder-836996-21-iscsi devstack@c-api.service[116500]: [pid: 116500|app: 0|req: 96/190] 10.222.0.44 () {60 vars in 1351 bytes} [Wed May 11 09:51:59 2022] PUT /volume/v3/5133326a78f34f57a2c060cf0bab7df0/os-quota-sets/6aa038e72dcb4990a87f940c317b617b => generated 666 bytes in 242 msecs (HTTP/1.1 200) 7 headers in 285 bytes (1 switches on core 0)
May 11 09:51:59.889603 dv-cinder-836996-21-iscsi devstack@c-api.service[116499]: INFO cinder.api.openstack.wsgi [None req-d5a59608-999a-469d-aeb4-1eea07baacae tempest-GroupsTest-1103170381 tempest-GroupsTest-1103170381-project] http://10.222.0.44/volume/v3/2c976586131c419188039e6b01a1e6d6/groups/094afc2e-59c6-4c55-8f7c-41e48e2df1e2 returned with HTTP 200
May 11 09:51:59.892261 dv-cinder-836996-21-iscsi devstack@c-api.service[116499]: [pid: 116499|app: 0|req: 95/191] 10.222.0.44 () {60 vars in 1362 bytes} [Wed May 11 09:51:59 2022] GET /volume/v3/2c976586131c419188039e6b01a1e6d6/groups/094afc2e-59c6-4c55-8f7c-41e48e2df1e2 => generated 324 bytes in 95 msecs (HTTP/1.1 200) 7 headers in 286 bytes (2 switches on core 0)
May 11 09:51:59.899998 dv-cinder-836996-21-iscsi devstack@c-api.service[116500]: DEBUG cinder.api.middleware.request_id [None req-bd08e5b5-1c65-47a8-9d28-6c9dd10ab1a5 None None] RequestId filter calling following filter/app {{(pid=116500) _context_setter /opt/stack/cinder/cinder/api/middleware/request_id.py:62}}
May 11 09:51:59.904671 dv-cinder-836996-21-iscsi devstack@c-api.service[116500]: INFO cinder.api.openstack.wsgi [None req-bd08e5b5-1c65-47a8-9d28-6c9dd10ab1a5 tempest-GroupsTest-1103170381 tempest-GroupsTest-1103170381-project] GET http://10.222.0.44/volume/v3/2c976586131c419188039e6b01a1e6d6/groups/094afc2e-59c6-4c55-8f7c-41e48e2df1e2
May 11 09:51:59.907407 dv-cinder-836996-21-iscsi devstack@c-api.service[116500]: DEBUG cinder.api.openstack.wsgi [None req-bd08e5b5-1c65-47a8-9d28-6c9dd10ab1a5 tempest-GroupsTest-1103170381 tempest-GroupsTest-1103170381-project] Empty body provided in request {{(pid=116500) get_body /opt/stack/cinder/cinder/api/openstack/wsgi.py:715}}
May 11 09:51:59.908119 dv-cinder-836996-21-iscsi devstack@c-api.service[116500]: DEBUG cinder.api.openstack.wsgi [None req-bd08e5b5-1c65-47a8-9d28-6c9dd10ab1a5 tempest-GroupsTest-1103170381 tempest-GroupsTest-1103170381-project] Calling method 'version_select' {{(pid=116500) _process_stack /opt/stack/cinder/cinder/api/openstack/wsgi.py:868}}
May 11 09:51:59.908965 dv-cinder-836996-21-iscsi devstack@c-api.service[116500]: DEBUG cinder.api.v3.groups [None req-bd08e5b5-1c65-47a8-9d28-6c9dd10ab1a5 tempest-GroupsTest-1103170381 tempest-GroupsTest-1103170381-project] show called for member 094afc2e-59c6-4c55-8f7c-41e48e2df1e2 {{(pid=116500) show /opt/stack/cinder/cinder/api/v3/groups.py:58}}
May 11 09:51:59.932157 dv-cinder-836996-21-iscsi devstack@c-api.service[116500]: /usr/local/lib/python3.8/dist-packages/oslo_context/context.py:100: DeprecationWarning: Policy enforcement is depending on the value of is_admin. This key is deprecated. Please update your policy file to use the standard policy values.
May 11 09:51:59.932157 dv-cinder-836996-21-iscsi devstack@c-api.service[116500]: warnings.warn('Policy enforcement is depending on the value of '
May 11 09:51:59.978202 dv-cinder-836996-21-iscsi devstack@c-api.service[116500]: INFO cinder.api.openstack.wsgi [None req-bd08e5b5-1c65-47a8-9d28-6c9dd10ab1a5 tempest-GroupsTest-1103170381 tempest-GroupsTest-1103170381-project] http://10.222.0.44/volume/v3/2c976586131c419188039e6b01a1e6d6/groups/094afc2e-59c6-4c55-8f7c-41e48e2df1e2 returned with HTTP 200
May 11 09:51:59.992568 dv-cinder-836996-21-iscsi devstack@c-api.service[116500]: [pid: 116500|app: 0|req: 97/192] 10.222.0.44 () {60 vars in 1362 bytes} [Wed May 11 09:51:59 2022] GET /volume/v3/2c976586131c419188039e6b01a1e6d6/groups/094afc2e-59c6-4c55-8f7c-41e48e2df1e2 => generated 324 bytes in 94 msecs (HTTP/1.1 200) 7 headers in 286 bytes (1 switches on core 0)
May 11 09:52:00.002860 dv-cinder-836996-21-iscsi devstack@c-api.service[116499]: DEBUG cinder.api.middleware.request_id [None req-ebea0222-f72c-456d-9b3b-1feec67820dd None None] RequestId filter calling following filter/app {{(pid=116499) _context_setter /opt/stack/cinder/cinder/api/middleware/request_id.py:62}}
May 11 09:52:00.006738 dv-cinder-836996-21-iscsi devstack@c-api.service[116499]: INFO cinder.api.openstack.wsgi [None req-ebea0222-f72c-456d-9b3b-1feec67820dd tempest-GroupsTest-1103170381 tempest-GroupsTest-1103170381-project] GET http://10.222.0.44/volume/v3/2c976586131c419188039e6b01a1e6d6/volumes/detail
May 11 09:52:00.008518 dv-cinder-836996-21-iscsi devstack@c-api.service[116500]: DEBUG cinder.api.middleware.request_id [None req-c9c43dc5-a055-4b37-8789-55342a6aad3a None None] RequestId filter calling following filter/app {{(pid=116500) _context_setter /opt/stack/cinder/cinder/api/middleware/request_id.py:62}}
May 11 09:52:00.010658 dv-cinder-836996-21-iscsi devstack@c-api.service[116499]: DEBUG cinder.api.openstack.wsgi [None req-ebea0222-f72c-456d-9b3b-1feec67820dd tempest-GroupsTest-1103170381 tempest-GroupsTest-1103170381-project] Empty body provided in request {{(pid=116499) get_body /opt/stack/cinder/cinder/api/openstack/wsgi.py:715}}
May 11 09:52:00.013877 dv-cinder-836996-21-iscsi devstack@c-api.service[116499]: DEBUG cinder.api.openstack.wsgi [None req-ebea0222-f72c-456d-9b3b-1feec67820dd tempest-GroupsTest-1103170381 tempest-GroupsTest-1103170381-project] Calling method 'detail' {{(pid=116499) _process_stack /opt/stack/cinder/cinder/api/openstack/wsgi.py:868}}
May 11 09:52:00.015040 dv-cinder-836996-21-iscsi devstack@c-api.service[116499]: DEBUG cinder.api.api_utils [None req-ebea0222-f72c-456d-9b3b-1feec67820dd tempest-GroupsTest-1103170381 tempest-GroupsTest-1103170381-project] Removing options '' from query. {{(pid=116499) remove_invalid_filter_options /opt/stack/cinder/cinder/api/api_utils.py:73}}
May 11 09:52:00.016049 dv-cinder-836996-21-iscsi devstack@c-api.service[116499]: /usr/local/lib/python3.8/dist-packages/oslo_context/context.py:100: DeprecationWarning: Policy enforcement is depending on the value of is_admin. This key is deprecated. Please update your policy file to use the standard policy values.
May 11 09:52:00.016049 dv-cinder-836996-21-iscsi devstack@c-api.service[116499]: warnings.warn('Policy enforcement is depending on the value of '
May 11 09:52:00.017164 dv-cinder-836996-21-iscsi devstack@c-api.service[116499]: DEBUG cinder.volume.api [None req-ebea0222-f72c-456d-9b3b-1feec67820dd tempest-GroupsTest-1103170381 tempest-GroupsTest-1103170381-project] Searching by: MultiDict([('no_migration_targets', True)]). {{(pid=116499) get_all /opt/stack/cinder/cinder/volume/api.py:663}}
May 11 09:52:00.017883 dv-cinder-836996-21-iscsi devstack@c-api.service[116500]: INFO cinder.api.openstack.wsgi [None req-c9c43dc5-a055-4b37-8789-55342a6aad3a tempest-DeleteServersTestJSON-2016772116 tempest-DeleteServersTestJSON-2016772116-project] GET http://10.222.0.44/volume/v3/749504c9ac8140ff9436f595b73afbb1/volumes/dac0b87c-00f2-449b-99e5-d342197d42db
May 11 09:52:00.018321 dv-cinder-836996-21-iscsi devstack@c-api.service[116500]: DEBUG cinder.api.openstack.wsgi [None req-c9c43dc5-a055-4b37-8789-55342a6aad3a tempest-DeleteServersTestJSON-2016772116 tempest-DeleteServersTestJSON-2016772116-project] Empty body provided in request {{(pid=116500) get_body /opt/stack/cinder/cinder/api/openstack/wsgi.py:715}}
May 11 09:52:00.021014 dv-cinder-836996-21-iscsi devstack@c-api.service[116500]: DEBUG cinder.api.openstack.wsgi [None req-c9c43dc5-a055-4b37-8789-55342a6aad3a tempest-DeleteServersTestJSON-2016772116 tempest-DeleteServersTestJSON-2016772116-project] Calling method 'show' {{(pid=116500) _process_stack /opt/stack/cinder/cinder/api/openstack/wsgi.py:868}}
May 11 09:52:00.055715 dv-cinder-836996-21-iscsi devstack@c-api.service[116500]: /usr/local/lib/python3.8/dist-packages/oslo_context/context.py:100: DeprecationWarning: Policy enforcement is depending on the value of is_admin. This key is deprecated. Please update your policy file to use the standard policy values.
May 11 09:52:00.055715 dv-cinder-836996-21-iscsi devstack@c-api.service[116500]: warnings.warn('Policy enforcement is depending on the value of '
May 11 09:52:00.079197 dv-cinder-836996-21-iscsi devstack@c-api.service[116500]: INFO cinder.volume.api [None req-c9c43dc5-a055-4b37-8789-55342a6aad3a tempest-DeleteServersTestJSON-2016772116 tempest-DeleteServersTestJSON-2016772116-project] Volume info retrieved successfully.
May 11 09:52:00.096658 dv-cinder-836996-21-iscsi devstack@c-api.service[116500]: INFO cinder.api.openstack.wsgi [None req-c9c43dc5-a055-4b37-8789-55342a6aad3a tempest-DeleteServersTestJSON-2016772116 tempest-DeleteServersTestJSON-2016772116-project] http://10.222.0.44/volume/v3/749504c9ac8140ff9436f595b73afbb1/volumes/dac0b87c-00f2-449b-99e5-d342197d42db returned with HTTP 200
May 11 09:52:00.103777 dv-cinder-836996-21-iscsi devstack@c-api.service[116499]: INFO cinder.volume.api [None req-ebea0222-f72c-456d-9b3b-1feec67820dd tempest-GroupsTest-1103170381 tempest-GroupsTest-1103170381-project] Get all volumes completed successfully.
May 11 09:52:00.105997 dv-cinder-836996-21-iscsi devstack@c-api.service[116499]: WARNING stevedore.named [None req-ebea0222-f72c-456d-9b3b-1feec67820dd tempest-GroupsTest-1103170381 tempest-GroupsTest-1103170381-project] Could not load cinder.keymgr.conf_key_mgr.ConfKeyManager
May 11 09:52:00.107213 dv-cinder-836996-21-iscsi devstack@c-api.service[116499]: WARNING castellan.key_manager [None req-ebea0222-f72c-456d-9b3b-1feec67820dd tempest-GroupsTest-1103170381 tempest-GroupsTest-1103170381-project] Deprecation Warning : cinder.keymgr.conf_key_mgr.ConfKeyManager is not a stevedore based driver, trying to load it as a class: stevedore.exception.NoMatches: No 'castellan.drivers' driver found, looking for 'cinder.keymgr.conf_key_mgr.ConfKeyManager'
May 11 09:52:00.111346 dv-cinder-836996-21-iscsi devstack@c-api.service[116500]: [pid: 116500|app: 0|req: 98/193] 10.222.0.44 () {58 vars in 1324 bytes} [Wed May 11 09:52:00 2022] GET /volume/v3/749504c9ac8140ff9436f595b73afbb1/volumes/dac0b87c-00f2-449b-99e5-d342197d42db => generated 914 bytes in 104 msecs (HTTP/1.1 200) 7 headers in 285 bytes (1 switches on core 0)
May 11 09:52:00.116233 dv-cinder-836996-21-iscsi devstack@c-api.service[116499]: DEBUG oslo_db.sqlalchemy.engines [None req-ebea0222-f72c-456d-9b3b-1feec67820dd tempest-GroupsTest-1103170381 tempest-GroupsTest-1103170381-project] MySQL server mode set to STRICT_TRANS_TABLES,STRICT_ALL_TABLES,NO_ZERO_IN_DATE,NO_ZERO_DATE,ERROR_FOR_DIVISION_BY_ZERO,TRADITIONAL,NO_ENGINE_SUBSTITUTION {{(pid=116499) _check_effective_sql_mode /usr/local/lib/python3.8/dist-packages/oslo_db/sqlalchemy/engines.py:314}}
May 11 09:52:00.122983 dv-cinder-836996-21-iscsi devstack@c-api.service[116499]: /usr/local/lib/python3.8/dist-packages/oslo_context/context.py:100: DeprecationWarning: Policy enforcement is depending on the value of is_admin. This key is deprecated. Please update your policy file to use the standard policy values.
May 11 09:52:00.122983 dv-cinder-836996-21-iscsi devstack@c-api.service[116499]: warnings.warn('Policy enforcement is depending on the value of '
May 11 09:52:00.139424 dv-cinder-836996-21-iscsi devstack@c-api.service[116499]: INFO cinder.api.openstack.wsgi [None req-ebea0222-f72c-456d-9b3b-1feec67820dd tempest-GroupsTest-1103170381 tempest-GroupsTest-1103170381-project] http://10.222.0.44/volume/v3/2c976586131c419188039e6b01a1e6d6/volumes/detail returned with HTTP 200
May 11 09:52:00.140911 dv-cinder-836996-21-iscsi devstack@c-api.service[116499]: [pid: 116499|app: 0|req: 96/194] 10.222.0.44 () {60 vars in 1275 bytes} [Wed May 11 09:52:00 2022] GET /volume/v3/2c976586131c419188039e6b01a1e6d6/volumes/detail => generated 1926 bytes in 139 msecs (HTTP/1.1 200) 7 headers in 287 bytes (1 switches on core 0)
May 11 09:52:00.154030 dv-cinder-836996-21-iscsi devstack@c-api.service[116500]: DEBUG cinder.api.middleware.request_id [None req-e4362486-d1ef-4cf6-b302-17f45260c928 None None] RequestId filter calling following filter/app {{(pid=116500) _context_setter /opt/stack/cinder/cinder/api/middleware/request_id.py:62}}
May 11 09:52:00.161191 dv-cinder-836996-21-iscsi devstack@c-api.service[116500]: INFO cinder.api.openstack.wsgi [None req-e4362486-d1ef-4cf6-b302-17f45260c928 tempest-GroupsTest-1103170381 tempest-GroupsTest-1103170381-project] PUT http://10.222.0.44/volume/v3/2c976586131c419188039e6b01a1e6d6/groups/094afc2e-59c6-4c55-8f7c-41e48e2df1e2
May 11 09:52:00.162029 dv-cinder-836996-21-iscsi devstack@c-api.service[116500]: DEBUG cinder.api.openstack.wsgi [None req-e4362486-d1ef-4cf6-b302-17f45260c928 tempest-GroupsTest-1103170381 tempest-GroupsTest-1103170381-project] Action: 'update', calling method: version_select, body: {"group": {"add_volumes": "5d83f356-4e38-4cc1-8030-b6a03a197ea9"}} {{(pid=116500) _process_stack /opt/stack/cinder/cinder/api/openstack/wsgi.py:866}}
May 11 09:52:00.163517 dv-cinder-836996-21-iscsi devstack@c-api.service[116500]: DEBUG cinder.api.v3.groups [None req-e4362486-d1ef-4cf6-b302-17f45260c928 tempest-GroupsTest-1103170381 tempest-GroupsTest-1103170381-project] Update called for group 094afc2e-59c6-4c55-8f7c-41e48e2df1e2. {{(pid=116500) update /opt/stack/cinder/cinder/api/v3/groups.py:302}}
May 11 09:52:00.163873 dv-cinder-836996-21-iscsi devstack@c-api.service[116500]: INFO cinder.api.v3.groups [None req-e4362486-d1ef-4cf6-b302-17f45260c928 tempest-GroupsTest-1103170381 tempest-GroupsTest-1103170381-project] Updating group 094afc2e-59c6-4c55-8f7c-41e48e2df1e2 with name None description: None add_volumes: 5d83f356-4e38-4cc1-8030-b6a03a197ea9 remove_volumes: None.
May 11 09:52:00.176463 dv-cinder-836996-21-iscsi devstack@c-api.service[116500]: /usr/local/lib/python3.8/dist-packages/oslo_context/context.py:100: DeprecationWarning: Policy enforcement is depending on the value of is_admin. This key is deprecated. Please update your policy file to use the standard policy values.
May 11 09:52:00.176463 dv-cinder-836996-21-iscsi devstack@c-api.service[116500]: warnings.warn('Policy enforcement is depending on the value of '
May 11 09:52:00.281242 dv-cinder-836996-21-iscsi devstack@c-api.service[116500]: INFO cinder.api.openstack.wsgi [None req-e4362486-d1ef-4cf6-b302-17f45260c928 tempest-GroupsTest-1103170381 tempest-GroupsTest-1103170381-project] http://10.222.0.44/volume/v3/2c976586131c419188039e6b01a1e6d6/groups/094afc2e-59c6-4c55-8f7c-41e48e2df1e2 returned with HTTP 202
May 11 09:52:00.285053 dv-cinder-836996-21-iscsi devstack@c-api.service[116500]: [pid: 116500|app: 0|req: 99/195] 10.222.0.44 () {62 vars in 1382 bytes} [Wed May 11 09:52:00 2022] PUT /volume/v3/2c976586131c419188039e6b01a1e6d6/groups/094afc2e-59c6-4c55-8f7c-41e48e2df1e2 => generated 0 bytes in 129 msecs (HTTP/1.1 202) 6 headers in 234 bytes (1 switches on core 0)
May 11 09:52:00.287181 dv-cinder-836996-21-iscsi devstack@c-api.service[116499]: DEBUG cinder.api.middleware.request_id [None req-34359b71-1178-457e-b5d6-58ace5671c7f None None] RequestId filter calling following filter/app {{(pid=116499) _context_setter /opt/stack/cinder/cinder/api/middleware/request_id.py:62}}
May 11 09:52:00.294972 dv-cinder-836996-21-iscsi devstack@c-api.service[116499]: INFO cinder.api.openstack.wsgi [None req-34359b71-1178-457e-b5d6-58ace5671c7f tempest-GroupsTest-1103170381 tempest-GroupsTest-1103170381-project] GET http://10.222.0.44/volume/v3/2c976586131c419188039e6b01a1e6d6/groups/094afc2e-59c6-4c55-8f7c-41e48e2df1e2
May 11 09:52:00.295486 dv-cinder-836996-21-iscsi devstack@c-api.service[116499]: DEBUG cinder.api.openstack.wsgi [None req-34359b71-1178-457e-b5d6-58ace5671c7f tempest-GroupsTest-1103170381 tempest-GroupsTest-1103170381-project] Empty body provided in request {{(pid=116499) get_body /opt/stack/cinder/cinder/api/openstack/wsgi.py:715}}
May 11 09:52:00.295957 dv-cinder-836996-21-iscsi devstack@c-api.service[116499]: DEBUG cinder.api.openstack.wsgi [None req-34359b71-1178-457e-b5d6-58ace5671c7f tempest-GroupsTest-1103170381 tempest-GroupsTest-1103170381-project] Calling method 'version_select' {{(pid=116499) _process_stack /opt/stack/cinder/cinder/api/openstack/wsgi.py:868}}
May 11 09:52:00.296451 dv-cinder-836996-21-iscsi devstack@c-api.service[116499]: DEBUG cinder.api.v3.groups [None req-34359b71-1178-457e-b5d6-58ace5671c7f tempest-GroupsTest-1103170381 tempest-GroupsTest-1103170381-project] show called for member 094afc2e-59c6-4c55-8f7c-41e48e2df1e2 {{(pid=116499) show /opt/stack/cinder/cinder/api/v3/groups.py:58}}
May 11 09:52:00.313902 dv-cinder-836996-21-iscsi devstack@c-api.service[116499]: /usr/local/lib/python3.8/dist-packages/oslo_context/context.py:100: DeprecationWarning: Policy enforcement is depending on the value of is_admin. This key is deprecated. Please update your policy file to use the standard policy values.
May 11 09:52:00.313902 dv-cinder-836996-21-iscsi devstack@c-api.service[116499]: warnings.warn('Policy enforcement is depending on the value of '
May 11 09:52:00.338796 dv-cinder-836996-21-iscsi devstack@c-api.service[116500]: DEBUG cinder.api.middleware.request_id [req-f1c9699f-b738-4f64-80fe-857c869e3684 req-e7d5f52f-5986-4663-90dc-3f0534171927 None None] RequestId filter calling following filter/app {{(pid=116500) _context_setter /opt/stack/cinder/cinder/api/middleware/request_id.py:62}}
May 11 09:52:00.348151 dv-cinder-836996-21-iscsi devstack@c-api.service[116500]: INFO cinder.api.openstack.wsgi [req-f1c9699f-b738-4f64-80fe-857c869e3684 req-e7d5f52f-5986-4663-90dc-3f0534171927 tempest-DeleteServersTestJSON-2016772116 tempest-DeleteServersTestJSON-2016772116-project] GET http://10.222.0.44/volume/v3/749504c9ac8140ff9436f595b73afbb1/volumes/dac0b87c-00f2-449b-99e5-d342197d42db
May 11 09:52:00.348662 dv-cinder-836996-21-iscsi devstack@c-api.service[116500]: DEBUG cinder.api.openstack.wsgi [req-f1c9699f-b738-4f64-80fe-857c869e3684 req-e7d5f52f-5986-4663-90dc-3f0534171927 tempest-DeleteServersTestJSON-2016772116 tempest-DeleteServersTestJSON-2016772116-project] Empty body provided in request {{(pid=116500) get_body /opt/stack/cinder/cinder/api/openstack/wsgi.py:715}}
May 11 09:52:00.349134 dv-cinder-836996-21-iscsi devstack@c-api.service[116500]: DEBUG cinder.api.openstack.wsgi [req-f1c9699f-b738-4f64-80fe-857c869e3684 req-e7d5f52f-5986-4663-90dc-3f0534171927 tempest-DeleteServersTestJSON-2016772116 tempest-DeleteServersTestJSON-2016772116-project] Calling method 'show' {{(pid=116500) _process_stack /opt/stack/cinder/cinder/api/openstack/wsgi.py:868}}
May 11 09:52:00.366473 dv-cinder-836996-21-iscsi devstack@c-api.service[116499]: INFO cinder.api.openstack.wsgi [None req-34359b71-1178-457e-b5d6-58ace5671c7f tempest-GroupsTest-1103170381 tempest-GroupsTest-1103170381-project] http://10.222.0.44/volume/v3/2c976586131c419188039e6b01a1e6d6/groups/094afc2e-59c6-4c55-8f7c-41e48e2df1e2 returned with HTTP 200
May 11 09:52:00.367932 dv-cinder-836996-21-iscsi devstack@c-api.service[116499]: [pid: 116499|app: 0|req: 97/196] 10.222.0.44 () {60 vars in 1362 bytes} [Wed May 11 09:52:00 2022] GET /volume/v3/2c976586131c419188039e6b01a1e6d6/groups/094afc2e-59c6-4c55-8f7c-41e48e2df1e2 => generated 323 bytes in 82 msecs (HTTP/1.1 200) 7 headers in 286 bytes (1 switches on core 0)
May 11 09:52:00.391221 dv-cinder-836996-21-iscsi devstack@c-api.service[116500]: /usr/local/lib/python3.8/dist-packages/oslo_context/context.py:100: DeprecationWarning: Policy enforcement is depending on the value of is_admin. This key is deprecated. Please update your policy file to use the standard policy values.
May 11 09:52:00.391221 dv-cinder-836996-21-iscsi devstack@c-api.service[116500]: warnings.warn('Policy enforcement is depending on the value of '
May 11 09:52:00.414839 dv-cinder-836996-21-iscsi devstack@c-api.service[116500]: INFO cinder.volume.api [req-f1c9699f-b738-4f64-80fe-857c869e3684 req-e7d5f52f-5986-4663-90dc-3f0534171927 tempest-DeleteServersTestJSON-2016772116 tempest-DeleteServersTestJSON-2016772116-project] Volume info retrieved successfully.
May 11 09:52:00.428835 dv-cinder-836996-21-iscsi devstack@c-api.service[116500]: INFO cinder.api.openstack.wsgi [req-f1c9699f-b738-4f64-80fe-857c869e3684 req-e7d5f52f-5986-4663-90dc-3f0534171927 tempest-DeleteServersTestJSON-2016772116 tempest-DeleteServersTestJSON-2016772116-project] http://10.222.0.44/volume/v3/749504c9ac8140ff9436f595b73afbb1/volumes/dac0b87c-00f2-449b-99e5-d342197d42db returned with HTTP 200
May 11 09:52:00.429614 dv-cinder-836996-21-iscsi devstack@c-api.service[116500]: [pid: 116500|app: 0|req: 100/197] 10.222.0.44 () {60 vars in 1578 bytes} [Wed May 11 09:52:00 2022] GET /volume/v3/749504c9ac8140ff9436f595b73afbb1/volumes/dac0b87c-00f2-449b-99e5-d342197d42db => generated 914 bytes in 92 msecs (HTTP/1.1 200) 7 headers in 285 bytes (1 switches on core 0)
May 11 09:52:01.102930 dv-cinder-836996-21-iscsi devstack@c-api.service[116499]: DEBUG cinder.api.middleware.request_id [None req-3a7ecb64-856a-4d54-bbca-41e0206af0d9 None None] RequestId filter calling following filter/app {{(pid=116499) _context_setter /opt/stack/cinder/cinder/api/middleware/request_id.py:62}}
May 11 09:52:01.104418 dv-cinder-836996-21-iscsi devstack@c-api.service[116499]: INFO cinder.api.openstack.wsgi [None req-3a7ecb64-856a-4d54-bbca-41e0206af0d9 None None] GET http://10.222.0.44/volume//
May 11 09:52:01.104875 dv-cinder-836996-21-iscsi devstack@c-api.service[116499]: DEBUG cinder.api.openstack.wsgi [None req-3a7ecb64-856a-4d54-bbca-41e0206af0d9 None None] Empty body provided in request {{(pid=116499) get_body /opt/stack/cinder/cinder/api/openstack/wsgi.py:715}}
May 11 09:52:01.105379 dv-cinder-836996-21-iscsi devstack@c-api.service[116499]: DEBUG cinder.api.openstack.wsgi [None req-3a7ecb64-856a-4d54-bbca-41e0206af0d9 None None] Calling method 'all' {{(pid=116499) _process_stack /opt/stack/cinder/cinder/api/openstack/wsgi.py:868}}
May 11 09:52:01.106583 dv-cinder-836996-21-iscsi devstack@c-api.service[116499]: INFO cinder.api.openstack.wsgi [None req-3a7ecb64-856a-4d54-bbca-41e0206af0d9 None None] http://10.222.0.44/volume// returned with HTTP 300
May 11 09:52:01.107556 dv-cinder-836996-21-iscsi devstack@c-api.service[116499]: [pid: 116499|app: 0|req: 98/198] 10.222.0.44 () {58 vars in 1299 bytes} [Wed May 11 09:52:01 2022] GET /volume/ => generated 386 bytes in 5 msecs (HTTP/1.1 300) 7 headers in 299 bytes (1 switches on core 0)
May 11 09:52:01.121077 dv-cinder-836996-21-iscsi devstack@c-api.service[116500]: DEBUG cinder.api.middleware.request_id [req-f1c9699f-b738-4f64-80fe-857c869e3684 req-e62d1617-faa6-4340-b5d7-2d830eece344 None None] RequestId filter calling following filter/app {{(pid=116500) _context_setter /opt/stack/cinder/cinder/api/middleware/request_id.py:62}}
May 11 09:52:01.127016 dv-cinder-836996-21-iscsi devstack@c-api.service[116500]: INFO cinder.api.openstack.wsgi [req-f1c9699f-b738-4f64-80fe-857c869e3684 req-e62d1617-faa6-4340-b5d7-2d830eece344 tempest-DeleteServersTestJSON-2016772116 tempest-DeleteServersTestJSON-2016772116-project] POST http://10.222.0.44/volume/v3/749504c9ac8140ff9436f595b73afbb1/attachments
