May 11 09:51:46.081342 dv-cinder-836996-21-iscsi devstack@c-api.service[116499]: DEBUG cinder.api.v3.groups [None req-0bb48bb8-1f95-4dd0-96a0-0880985ff76d tempest-GroupsTest-1103170381 tempest-GroupsTest-1103170381-project] show called for member 8432032f-d8f1-4302-82d8-ddd8192fdb70 {{(pid=116499) show /opt/stack/cinder/cinder/api/v3/groups.py:58}}
May 11 09:51:46.095331 dv-cinder-836996-21-iscsi devstack@c-api.service[116499]: /usr/local/lib/python3.8/dist-packages/oslo_context/context.py:100: DeprecationWarning: Policy enforcement is depending on the value of is_admin. This key is deprecated. Please update your policy file to use the standard policy values.
May 11 09:51:46.095331 dv-cinder-836996-21-iscsi devstack@c-api.service[116499]: warnings.warn('Policy enforcement is depending on the value of '
May 11 09:51:46.183150 dv-cinder-836996-21-iscsi devstack@c-api.service[116499]: INFO cinder.api.openstack.wsgi [None req-0bb48bb8-1f95-4dd0-96a0-0880985ff76d tempest-GroupsTest-1103170381 tempest-GroupsTest-1103170381-project] http://10.222.0.44/volume/v3/2c976586131c419188039e6b01a1e6d6/groups/8432032f-d8f1-4302-82d8-ddd8192fdb70 returned with HTTP 200
May 11 09:51:46.197718 dv-cinder-836996-21-iscsi devstack@c-api.service[116500]: DEBUG cinder.api.middleware.request_id [None req-40d535c1-6049-4f22-9ea7-a7e1b3685d25 None None] RequestId filter calling following filter/app {{(pid=116500) _context_setter /opt/stack/cinder/cinder/api/middleware/request_id.py:62}}
May 11 09:51:46.204149 dv-cinder-836996-21-iscsi devstack@c-api.service[116500]: INFO cinder.api.openstack.wsgi [None req-40d535c1-6049-4f22-9ea7-a7e1b3685d25 tempest-GroupsTest-1103170381 tempest-GroupsTest-1103170381-project] POST http://10.222.0.44/volume/v3/2c976586131c419188039e6b01a1e6d6/groups
May 11 09:51:46.208185 dv-cinder-836996-21-iscsi devstack@c-api.service[116500]: DEBUG cinder.api.openstack.wsgi [None req-40d535c1-6049-4f22-9ea7-a7e1b3685d25 tempest-GroupsTest-1103170381 tempest-GroupsTest-1103170381-project] Action: 'create', calling method: version_select, body: {"group": {"group_type": "780a48e7-c4dc-4d03-b75a-55f7ec8f1ba6", "volume_types": ["6f1c9c69-b104-41e3-99fc-2d2f3fafbc6c"], "name": "tempest-Group2-813497435"}} {{(pid=116500) _process_stack /opt/stack/cinder/cinder/api/openstack/wsgi.py:866}}
May 11 09:51:46.209880 dv-cinder-836996-21-iscsi devstack@c-api.service[116500]: DEBUG cinder.api.v3.groups [None req-40d535c1-6049-4f22-9ea7-a7e1b3685d25 tempest-GroupsTest-1103170381 tempest-GroupsTest-1103170381-project] Creating new group {'group': {'group_type': '780a48e7-c4dc-4d03-b75a-55f7ec8f1ba6', 'volume_types': ['6f1c9c69-b104-41e3-99fc-2d2f3fafbc6c'], 'name': 'tempest-Group2-813497435'}} {{(pid=116500) create /opt/stack/cinder/cinder/api/v3/groups.py:190}}
May 11 09:51:46.216089 dv-cinder-836996-21-iscsi devstack@c-api.service[116499]: [pid: 116499|app: 0|req: 45/96] 10.222.0.44 () {60 vars in 1362 bytes} [Wed May 11 09:51:46 2022] GET /volume/v3/2c976586131c419188039e6b01a1e6d6/groups/8432032f-d8f1-4302-82d8-ddd8192fdb70 => generated 323 bytes in 143 msecs (HTTP/1.1 200) 7 headers in 286 bytes (1 switches on core 0)
May 11 09:51:46.226828 dv-cinder-836996-21-iscsi devstack@c-api.service[116500]: INFO cinder.api.v3.groups [None req-40d535c1-6049-4f22-9ea7-a7e1b3685d25 tempest-GroupsTest-1103170381 tempest-GroupsTest-1103170381-project] Creating group tempest-Group2-813497435.
May 11 09:51:46.231357 dv-cinder-836996-21-iscsi devstack@c-api.service[116500]: /usr/local/lib/python3.8/dist-packages/oslo_context/context.py:100: DeprecationWarning: Policy enforcement is depending on the value of is_admin. This key is deprecated. Please update your policy file to use the standard policy values.
May 11 09:51:46.231357 dv-cinder-836996-21-iscsi devstack@c-api.service[116500]: warnings.warn('Policy enforcement is depending on the value of '
May 11 09:51:46.279080 dv-cinder-836996-21-iscsi devstack@c-api.service[116500]: INFO cinder.volume.api [None req-40d535c1-6049-4f22-9ea7-a7e1b3685d25 tempest-GroupsTest-1103170381 tempest-GroupsTest-1103170381-project] Availability Zones retrieved successfully.
May 11 09:51:46.304482 dv-cinder-836996-21-iscsi devstack@c-api.service[116499]: DEBUG cinder.api.middleware.request_id [None req-682875a3-4028-45ac-9190-247e205981fc None None] RequestId filter calling following filter/app {{(pid=116499) _context_setter /opt/stack/cinder/cinder/api/middleware/request_id.py:62}}
May 11 09:51:46.309726 dv-cinder-836996-21-iscsi devstack@c-api.service[116499]: INFO cinder.api.openstack.wsgi [None req-682875a3-4028-45ac-9190-247e205981fc tempest-GroupsV320Test-395670129 tempest-GroupsV320Test-395670129-project] GET http://10.222.0.44/volume/v3/7c4ad7a07e4a44a1850b2008dd1cfd8d/groups/4e9dd969-03ae-4d60-b117-0f9b8a09d871
May 11 09:51:46.310457 dv-cinder-836996-21-iscsi devstack@c-api.service[116499]: DEBUG cinder.api.openstack.wsgi [None req-682875a3-4028-45ac-9190-247e205981fc tempest-GroupsV320Test-395670129 tempest-GroupsV320Test-395670129-project] Empty body provided in request {{(pid=116499) get_body /opt/stack/cinder/cinder/api/openstack/wsgi.py:715}}
May 11 09:51:46.311123 dv-cinder-836996-21-iscsi devstack@c-api.service[116499]: DEBUG cinder.api.openstack.wsgi [None req-682875a3-4028-45ac-9190-247e205981fc tempest-GroupsV320Test-395670129 tempest-GroupsV320Test-395670129-project] Calling method 'version_select' {{(pid=116499) _process_stack /opt/stack/cinder/cinder/api/openstack/wsgi.py:868}}
May 11 09:51:46.311674 dv-cinder-836996-21-iscsi devstack@c-api.service[116499]: DEBUG cinder.api.v3.groups [None req-682875a3-4028-45ac-9190-247e205981fc tempest-GroupsV320Test-395670129 tempest-GroupsV320Test-395670129-project] show called for member 4e9dd969-03ae-4d60-b117-0f9b8a09d871 {{(pid=116499) show /opt/stack/cinder/cinder/api/v3/groups.py:58}}
May 11 09:51:46.323578 dv-cinder-836996-21-iscsi devstack@c-api.service[116499]: /usr/local/lib/python3.8/dist-packages/oslo_context/context.py:100: DeprecationWarning: Policy enforcement is depending on the value of is_admin. This key is deprecated. Please update your policy file to use the standard policy values.
May 11 09:51:46.323578 dv-cinder-836996-21-iscsi devstack@c-api.service[116499]: warnings.warn('Policy enforcement is depending on the value of '
May 11 09:51:46.342959 dv-cinder-836996-21-iscsi devstack@c-api.service[116500]: DEBUG cinder.quota [None req-40d535c1-6049-4f22-9ea7-a7e1b3685d25 tempest-GroupsTest-1103170381 tempest-GroupsTest-1103170381-project] Created reservations ['8e8d65a9-5d14-4cc2-a365-af0b004ca133'] {{(pid=116500) reserve /opt/stack/cinder/cinder/quota.py:755}}
May 11 09:51:46.362736 dv-cinder-836996-21-iscsi devstack@c-api.service[116499]: INFO cinder.api.openstack.wsgi [None req-682875a3-4028-45ac-9190-247e205981fc tempest-GroupsV320Test-395670129 tempest-GroupsV320Test-395670129-project] http://10.222.0.44/volume/v3/7c4ad7a07e4a44a1850b2008dd1cfd8d/groups/4e9dd969-03ae-4d60-b117-0f9b8a09d871 returned with HTTP 200
May 11 09:51:46.366350 dv-cinder-836996-21-iscsi devstack@c-api.service[116499]: [pid: 116499|app: 0|req: 46/97] 10.222.0.44 () {60 vars in 1362 bytes} [Wed May 11 09:51:46 2022] GET /volume/v3/7c4ad7a07e4a44a1850b2008dd1cfd8d/groups/4e9dd969-03ae-4d60-b117-0f9b8a09d871 => generated 388 bytes in 63 msecs (HTTP/1.1 200) 7 headers in 286 bytes (2 switches on core 0)
May 11 09:51:46.373747 dv-cinder-836996-21-iscsi devstack@c-api.service[116499]: DEBUG cinder.api.middleware.request_id [None req-f27da42c-4b4c-42cd-a5f5-44cda837801c None None] RequestId filter calling following filter/app {{(pid=116499) _context_setter /opt/stack/cinder/cinder/api/middleware/request_id.py:62}}
May 11 09:51:46.378686 dv-cinder-836996-21-iscsi devstack@c-api.service[116499]: INFO cinder.api.openstack.wsgi [None req-f27da42c-4b4c-42cd-a5f5-44cda837801c tempest-GroupsV320Test-673269525 tempest-GroupsV320Test-673269525-project-admin] POST http://10.222.0.44/volume/v3/4a0a460f08e74539af76436be69a1a9e/groups/4e9dd969-03ae-4d60-b117-0f9b8a09d871/action
May 11 09:51:46.386565 dv-cinder-836996-21-iscsi devstack@c-api.service[116499]: DEBUG cinder.api.openstack.wsgi [None req-f27da42c-4b4c-42cd-a5f5-44cda837801c tempest-GroupsV320Test-673269525 tempest-GroupsV320Test-673269525-project-admin] Action body: b'{"reset_status": {"status": "creating"}}' {{(pid=116499) get_method /opt/stack/cinder/cinder/api/openstack/wsgi.py:983}}
May 11 09:51:46.387234 dv-cinder-836996-21-iscsi devstack@c-api.service[116499]: DEBUG cinder.api.openstack.wsgi [None req-f27da42c-4b4c-42cd-a5f5-44cda837801c tempest-GroupsV320Test-673269525 tempest-GroupsV320Test-673269525-project-admin] Action: 'action', calling method: version_select, body: {"reset_status": {"status": "creating"}} {{(pid=116499) _process_stack /opt/stack/cinder/cinder/api/openstack/wsgi.py:866}}
May 11 09:51:46.388304 dv-cinder-836996-21-iscsi devstack@c-api.service[116499]: DEBUG cinder.api.v3.groups [None req-f27da42c-4b4c-42cd-a5f5-44cda837801c tempest-GroupsV320Test-673269525 tempest-GroupsV320Test-673269525-project-admin] Updating group '4e9dd969-03ae-4d60-b117-0f9b8a09d871' with 'creating' {{(pid=116499) _reset_status /opt/stack/cinder/cinder/api/v3/groups.py:82}}
May 11 09:51:46.408092 dv-cinder-836996-21-iscsi devstack@c-api.service[116499]: /usr/local/lib/python3.8/dist-packages/oslo_context/context.py:100: DeprecationWarning: Policy enforcement is depending on the value of is_admin. This key is deprecated. Please update your policy file to use the standard policy values.
May 11 09:51:46.408092 dv-cinder-836996-21-iscsi devstack@c-api.service[116499]: warnings.warn('Policy enforcement is depending on the value of '
May 11 09:51:46.432493 dv-cinder-836996-21-iscsi devstack@c-api.service[116499]: INFO cinder.api.openstack.wsgi [None req-f27da42c-4b4c-42cd-a5f5-44cda837801c tempest-GroupsV320Test-673269525 tempest-GroupsV320Test-673269525-project-admin] http://10.222.0.44/volume/v3/4a0a460f08e74539af76436be69a1a9e/groups/4e9dd969-03ae-4d60-b117-0f9b8a09d871/action returned with HTTP 202
May 11 09:51:46.433942 dv-cinder-836996-21-iscsi devstack@c-api.service[116499]: [pid: 116499|app: 0|req: 47/98] 10.222.0.44 () {62 vars in 1404 bytes} [Wed May 11 09:51:46 2022] POST /volume/v3/4a0a460f08e74539af76436be69a1a9e/groups/4e9dd969-03ae-4d60-b117-0f9b8a09d871/action => generated 0 bytes in 61 msecs (HTTP/1.1 202) 6 headers in 234 bytes (1 switches on core 0)
May 11 09:51:46.438473 dv-cinder-836996-21-iscsi devstack@c-api.service[116499]: DEBUG cinder.api.middleware.request_id [None req-9c17c5a9-9409-47e3-99fe-cc3eafedd5f5 None None] RequestId filter calling following filter/app {{(pid=116499) _context_setter /opt/stack/cinder/cinder/api/middleware/request_id.py:62}}
May 11 09:51:46.449887 dv-cinder-836996-21-iscsi devstack@c-api.service[116500]: INFO cinder.api.openstack.wsgi [None req-40d535c1-6049-4f22-9ea7-a7e1b3685d25 tempest-GroupsTest-1103170381 tempest-GroupsTest-1103170381-project] http://10.222.0.44/volume/v3/2c976586131c419188039e6b01a1e6d6/groups returned with HTTP 202
May 11 09:51:46.460895 dv-cinder-836996-21-iscsi devstack@c-api.service[116500]: [pid: 116500|app: 0|req: 52/99] 10.222.0.44 () {62 vars in 1273 bytes} [Wed May 11 09:51:46 2022] POST /volume/v3/2c976586131c419188039e6b01a1e6d6/groups => generated 93 bytes in 260 msecs (HTTP/1.1 202) 7 headers in 291 bytes (1 switches on core 0)
May 11 09:51:46.464553 dv-cinder-836996-21-iscsi devstack@c-api.service[116500]: DEBUG cinder.api.middleware.request_id [None req-b50cdc1e-87e4-44ac-906a-ba9554b7efed None None] RequestId filter calling following filter/app {{(pid=116500) _context_setter /opt/stack/cinder/cinder/api/middleware/request_id.py:62}}
May 11 09:51:46.466623 dv-cinder-836996-21-iscsi devstack@c-api.service[116499]: INFO cinder.api.openstack.wsgi [None req-9c17c5a9-9409-47e3-99fe-cc3eafedd5f5 tempest-GroupsV320Test-395670129 tempest-GroupsV320Test-395670129-project] GET http://10.222.0.44/volume/v3/7c4ad7a07e4a44a1850b2008dd1cfd8d/groups/4e9dd969-03ae-4d60-b117-0f9b8a09d871
May 11 09:51:46.470213 dv-cinder-836996-21-iscsi devstack@c-api.service[116499]: DEBUG cinder.api.openstack.wsgi [None req-9c17c5a9-9409-47e3-99fe-cc3eafedd5f5 tempest-GroupsV320Test-395670129 tempest-GroupsV320Test-395670129-project] Empty body provided in request {{(pid=116499) get_body /opt/stack/cinder/cinder/api/openstack/wsgi.py:715}}
May 11 09:51:46.470909 dv-cinder-836996-21-iscsi devstack@c-api.service[116499]: DEBUG cinder.api.openstack.wsgi [None req-9c17c5a9-9409-47e3-99fe-cc3eafedd5f5 tempest-GroupsV320Test-395670129 tempest-GroupsV320Test-395670129-project] Calling method 'version_select' {{(pid=116499) _process_stack /opt/stack/cinder/cinder/api/openstack/wsgi.py:868}}
May 11 09:51:46.471013 dv-cinder-836996-21-iscsi devstack@c-api.service[116500]: INFO cinder.api.openstack.wsgi [None req-b50cdc1e-87e4-44ac-906a-ba9554b7efed tempest-GroupsTest-1103170381 tempest-GroupsTest-1103170381-project] GET http://10.222.0.44/volume/v3/2c976586131c419188039e6b01a1e6d6/groups/f8a15035-33c3-413d-835d-7341e225ff53
May 11 09:51:46.471475 dv-cinder-836996-21-iscsi devstack@c-api.service[116500]: DEBUG cinder.api.openstack.wsgi [None req-b50cdc1e-87e4-44ac-906a-ba9554b7efed tempest-GroupsTest-1103170381 tempest-GroupsTest-1103170381-project] Empty body provided in request {{(pid=116500) get_body /opt/stack/cinder/cinder/api/openstack/wsgi.py:715}}
May 11 09:51:46.471958 dv-cinder-836996-21-iscsi devstack@c-api.service[116500]: DEBUG cinder.api.openstack.wsgi [None req-b50cdc1e-87e4-44ac-906a-ba9554b7efed tempest-GroupsTest-1103170381 tempest-GroupsTest-1103170381-project] Calling method 'version_select' {{(pid=116500) _process_stack /opt/stack/cinder/cinder/api/openstack/wsgi.py:868}}
May 11 09:51:46.472297 dv-cinder-836996-21-iscsi devstack@c-api.service[116500]: DEBUG cinder.api.v3.groups [None req-b50cdc1e-87e4-44ac-906a-ba9554b7efed tempest-GroupsTest-1103170381 tempest-GroupsTest-1103170381-project] show called for member f8a15035-33c3-413d-835d-7341e225ff53 {{(pid=116500) show /opt/stack/cinder/cinder/api/v3/groups.py:58}}
May 11 09:51:46.474015 dv-cinder-836996-21-iscsi devstack@c-api.service[116499]: DEBUG cinder.api.v3.groups [None req-9c17c5a9-9409-47e3-99fe-cc3eafedd5f5 tempest-GroupsV320Test-395670129 tempest-GroupsV320Test-395670129-project] show called for member 4e9dd969-03ae-4d60-b117-0f9b8a09d871 {{(pid=116499) show /opt/stack/cinder/cinder/api/v3/groups.py:58}}
May 11 09:51:46.491008 dv-cinder-836996-21-iscsi devstack@c-api.service[116499]: /usr/local/lib/python3.8/dist-packages/oslo_context/context.py:100: DeprecationWarning: Policy enforcement is depending on the value of is_admin. This key is deprecated. Please update your policy file to use the standard policy values.
May 11 09:51:46.491008 dv-cinder-836996-21-iscsi devstack@c-api.service[116499]: warnings.warn('Policy enforcement is depending on the value of '
May 11 09:51:46.493558 dv-cinder-836996-21-iscsi devstack@c-api.service[116500]: /usr/local/lib/python3.8/dist-packages/oslo_context/context.py:100: DeprecationWarning: Policy enforcement is depending on the value of is_admin. This key is deprecated. Please update your policy file to use the standard policy values.
May 11 09:51:46.493558 dv-cinder-836996-21-iscsi devstack@c-api.service[116500]: warnings.warn('Policy enforcement is depending on the value of '
May 11 09:51:46.532620 dv-cinder-836996-21-iscsi devstack@c-api.service[116500]: INFO cinder.api.openstack.wsgi [None req-b50cdc1e-87e4-44ac-906a-ba9554b7efed tempest-GroupsTest-1103170381 tempest-GroupsTest-1103170381-project] http://10.222.0.44/volume/v3/2c976586131c419188039e6b01a1e6d6/groups/f8a15035-33c3-413d-835d-7341e225ff53 returned with HTTP 200
May 11 09:51:46.540350 dv-cinder-836996-21-iscsi devstack@c-api.service[116500]: [pid: 116500|app: 0|req: 53/100] 10.222.0.44 () {60 vars in 1362 bytes} [Wed May 11 09:51:46 2022] GET /volume/v3/2c976586131c419188039e6b01a1e6d6/groups/f8a15035-33c3-413d-835d-7341e225ff53 => generated 321 bytes in 74 msecs (HTTP/1.1 200) 7 headers in 286 bytes (1 switches on core 0)
May 11 09:51:46.567501 dv-cinder-836996-21-iscsi devstack@c-api.service[116499]: INFO cinder.api.openstack.wsgi [None req-9c17c5a9-9409-47e3-99fe-cc3eafedd5f5 tempest-GroupsV320Test-395670129 tempest-GroupsV320Test-395670129-project] http://10.222.0.44/volume/v3/7c4ad7a07e4a44a1850b2008dd1cfd8d/groups/4e9dd969-03ae-4d60-b117-0f9b8a09d871 returned with HTTP 200
May 11 09:51:46.578182 dv-cinder-836996-21-iscsi devstack@c-api.service[116500]: DEBUG cinder.api.middleware.request_id [None req-4dd3f6c4-2696-4412-885b-9e32983f609d None None] RequestId filter calling following filter/app {{(pid=116500) _context_setter /opt/stack/cinder/cinder/api/middleware/request_id.py:62}}
May 11 09:51:46.580691 dv-cinder-836996-21-iscsi devstack@c-api.service[116499]: [pid: 116499|app: 0|req: 48/101] 10.222.0.44 () {60 vars in 1362 bytes} [Wed May 11 09:51:46 2022] GET /volume/v3/7c4ad7a07e4a44a1850b2008dd1cfd8d/groups/4e9dd969-03ae-4d60-b117-0f9b8a09d871 => generated 387 bytes in 143 msecs (HTTP/1.1 200) 7 headers in 286 bytes (1 switches on core 0)
May 11 09:51:46.586616 dv-cinder-836996-21-iscsi devstack@c-api.service[116500]: INFO cinder.api.openstack.wsgi [None req-4dd3f6c4-2696-4412-885b-9e32983f609d tempest-GroupsV320Test-673269525 tempest-GroupsV320Test-673269525-project-admin] POST http://10.222.0.44/volume/v3/4a0a460f08e74539af76436be69a1a9e/groups/4e9dd969-03ae-4d60-b117-0f9b8a09d871/action
May 11 09:51:46.587763 dv-cinder-836996-21-iscsi devstack@c-api.service[116500]: DEBUG cinder.api.openstack.wsgi [None req-4dd3f6c4-2696-4412-885b-9e32983f609d tempest-GroupsV320Test-673269525 tempest-GroupsV320Test-673269525-project-admin] Action body: b'{"reset_status": {"status": "available"}}' {{(pid=116500) get_method /opt/stack/cinder/cinder/api/openstack/wsgi.py:983}}
May 11 09:51:46.588726 dv-cinder-836996-21-iscsi devstack@c-api.service[116500]: DEBUG cinder.api.openstack.wsgi [None req-4dd3f6c4-2696-4412-885b-9e32983f609d tempest-GroupsV320Test-673269525 tempest-GroupsV320Test-673269525-project-admin] Action: 'action', calling method: version_select, body: {"reset_status": {"status": "available"}} {{(pid=116500) _process_stack /opt/stack/cinder/cinder/api/openstack/wsgi.py:866}}
May 11 09:51:46.590744 dv-cinder-836996-21-iscsi devstack@c-api.service[116500]: DEBUG cinder.api.v3.groups [None req-4dd3f6c4-2696-4412-885b-9e32983f609d tempest-GroupsV320Test-673269525 tempest-GroupsV320Test-673269525-project-admin] Updating group '4e9dd969-03ae-4d60-b117-0f9b8a09d871' with 'available' {{(pid=116500) _reset_status /opt/stack/cinder/cinder/api/v3/groups.py:82}}
May 11 09:51:46.619311 dv-cinder-836996-21-iscsi devstack@c-api.service[116500]: /usr/local/lib/python3.8/dist-packages/oslo_context/context.py:100: DeprecationWarning: Policy enforcement is depending on the value of is_admin. This key is deprecated. Please update your policy file to use the standard policy values.
May 11 09:51:46.619311 dv-cinder-836996-21-iscsi devstack@c-api.service[116500]: warnings.warn('Policy enforcement is depending on the value of '
May 11 09:51:46.646016 dv-cinder-836996-21-iscsi devstack@c-api.service[116500]: INFO cinder.api.openstack.wsgi [None req-4dd3f6c4-2696-4412-885b-9e32983f609d tempest-GroupsV320Test-673269525 tempest-GroupsV320Test-673269525-project-admin] http://10.222.0.44/volume/v3/4a0a460f08e74539af76436be69a1a9e/groups/4e9dd969-03ae-4d60-b117-0f9b8a09d871/action returned with HTTP 202
May 11 09:51:46.651197 dv-cinder-836996-21-iscsi devstack@c-api.service[116500]: [pid: 116500|app: 0|req: 54/102] 10.222.0.44 () {62 vars in 1404 bytes} [Wed May 11 09:51:46 2022] POST /volume/v3/4a0a460f08e74539af76436be69a1a9e/groups/4e9dd969-03ae-4d60-b117-0f9b8a09d871/action => generated 0 bytes in 75 msecs (HTTP/1.1 202) 6 headers in 234 bytes (1 switches on core 0)
May 11 09:51:46.656680 dv-cinder-836996-21-iscsi devstack@c-api.service[116499]: DEBUG cinder.api.middleware.request_id [None req-7ebc9014-46cc-4c05-8d2b-5732d762764c None None] RequestId filter calling following filter/app {{(pid=116499) _context_setter /opt/stack/cinder/cinder/api/middleware/request_id.py:62}}
May 11 09:51:46.662738 dv-cinder-836996-21-iscsi devstack@c-api.service[116499]: INFO cinder.api.openstack.wsgi [None req-7ebc9014-46cc-4c05-8d2b-5732d762764c tempest-GroupsV320Test-395670129 tempest-GroupsV320Test-395670129-project] GET http://10.222.0.44/volume/v3/7c4ad7a07e4a44a1850b2008dd1cfd8d/groups/4e9dd969-03ae-4d60-b117-0f9b8a09d871
May 11 09:51:46.663269 dv-cinder-836996-21-iscsi devstack@c-api.service[116499]: DEBUG cinder.api.openstack.wsgi [None req-7ebc9014-46cc-4c05-8d2b-5732d762764c tempest-GroupsV320Test-395670129 tempest-GroupsV320Test-395670129-project] Empty body provided in request {{(pid=116499) get_body /opt/stack/cinder/cinder/api/openstack/wsgi.py:715}}
May 11 09:51:46.664839 dv-cinder-836996-21-iscsi devstack@c-api.service[116499]: DEBUG cinder.api.openstack.wsgi [None req-7ebc9014-46cc-4c05-8d2b-5732d762764c tempest-GroupsV320Test-395670129 tempest-GroupsV320Test-395670129-project] Calling method 'version_select' {{(pid=116499) _process_stack /opt/stack/cinder/cinder/api/openstack/wsgi.py:868}}
May 11 09:51:46.665275 dv-cinder-836996-21-iscsi devstack@c-api.service[116499]: DEBUG cinder.api.v3.groups [None req-7ebc9014-46cc-4c05-8d2b-5732d762764c tempest-GroupsV320Test-395670129 tempest-GroupsV320Test-395670129-project] show called for member 4e9dd969-03ae-4d60-b117-0f9b8a09d871 {{(pid=116499) show /opt/stack/cinder/cinder/api/v3/groups.py:58}}
May 11 09:51:46.676877 dv-cinder-836996-21-iscsi devstack@c-api.service[116499]: /usr/local/lib/python3.8/dist-packages/oslo_context/context.py:100: DeprecationWarning: Policy enforcement is depending on the value of is_admin. This key is deprecated. Please update your policy file to use the standard policy values.
May 11 09:51:46.676877 dv-cinder-836996-21-iscsi devstack@c-api.service[116499]: warnings.warn('Policy enforcement is depending on the value of '
May 11 09:51:46.706925 dv-cinder-836996-21-iscsi devstack@c-api.service[116499]: INFO cinder.api.openstack.wsgi [None req-7ebc9014-46cc-4c05-8d2b-5732d762764c tempest-GroupsV320Test-395670129 tempest-GroupsV320Test-395670129-project] http://10.222.0.44/volume/v3/7c4ad7a07e4a44a1850b2008dd1cfd8d/groups/4e9dd969-03ae-4d60-b117-0f9b8a09d871 returned with HTTP 200
May 11 09:51:46.708277 dv-cinder-836996-21-iscsi devstack@c-api.service[116499]: [pid: 116499|app: 0|req: 49/103] 10.222.0.44 () {60 vars in 1362 bytes} [Wed May 11 09:51:46 2022] GET /volume/v3/7c4ad7a07e4a44a1850b2008dd1cfd8d/groups/4e9dd969-03ae-4d60-b117-0f9b8a09d871 => generated 388 bytes in 53 msecs (HTTP/1.1 200) 7 headers in 286 bytes (1 switches on core 0)
May 11 09:51:46.717171 dv-cinder-836996-21-iscsi devstack@c-api.service[116500]: DEBUG cinder.api.middleware.request_id [None req-d525933d-d073-4aad-bea8-9e221c75ede7 None None] RequestId filter calling following filter/app {{(pid=116500) _context_setter /opt/stack/cinder/cinder/api/middleware/request_id.py:62}}
May 11 09:51:46.723311 dv-cinder-836996-21-iscsi devstack@c-api.service[116500]: INFO cinder.api.openstack.wsgi [None req-d525933d-d073-4aad-bea8-9e221c75ede7 tempest-GroupsV320Test-673269525 tempest-GroupsV320Test-673269525-project-admin] POST http://10.222.0.44/volume/v3/4a0a460f08e74539af76436be69a1a9e/groups/4e9dd969-03ae-4d60-b117-0f9b8a09d871/action
May 11 09:51:46.724742 dv-cinder-836996-21-iscsi devstack@c-api.service[116500]: DEBUG cinder.api.openstack.wsgi [None req-d525933d-d073-4aad-bea8-9e221c75ede7 tempest-GroupsV320Test-673269525 tempest-GroupsV320Test-673269525-project-admin] Action body: b'{"reset_status": {"status": "error"}}' {{(pid=116500) get_method /opt/stack/cinder/cinder/api/openstack/wsgi.py:983}}
May 11 09:51:46.725305 dv-cinder-836996-21-iscsi devstack@c-api.service[116500]: DEBUG cinder.api.openstack.wsgi [None req-d525933d-d073-4aad-bea8-9e221c75ede7 tempest-GroupsV320Test-673269525 tempest-GroupsV320Test-673269525-project-admin] Action: 'action', calling method: reset_status, body: {"reset_status": {"status": "error"}} {{(pid=116500) _process_stack /opt/stack/cinder/cinder/api/openstack/wsgi.py:866}}
May 11 09:51:46.726613 dv-cinder-836996-21-iscsi devstack@c-api.service[116500]: DEBUG cinder.api.v3.groups [None req-d525933d-d073-4aad-bea8-9e221c75ede7 tempest-GroupsV320Test-673269525 tempest-GroupsV320Test-673269525-project-admin] Updating group '4e9dd969-03ae-4d60-b117-0f9b8a09d871' with 'error' {{(pid=116500) _reset_status /opt/stack/cinder/cinder/api/v3/groups.py:82}}
May 11 09:51:46.738831 dv-cinder-836996-21-iscsi devstack@c-api.service[116500]: /usr/local/lib/python3.8/dist-packages/oslo_context/context.py:100: DeprecationWarning: Policy enforcement is depending on the value of is_admin. This key is deprecated. Please update your policy file to use the standard policy values.
May 11 09:51:46.738831 dv-cinder-836996-21-iscsi devstack@c-api.service[116500]: warnings.warn('Policy enforcement is depending on the value of '
May 11 09:51:46.767542 dv-cinder-836996-21-iscsi devstack@c-api.service[116500]: INFO cinder.api.openstack.wsgi [None req-d525933d-d073-4aad-bea8-9e221c75ede7 tempest-GroupsV320Test-673269525 tempest-GroupsV320Test-673269525-project-admin] http://10.222.0.44/volume/v3/4a0a460f08e74539af76436be69a1a9e/groups/4e9dd969-03ae-4d60-b117-0f9b8a09d871/action returned with HTTP 202
May 11 09:51:46.770097 dv-cinder-836996-21-iscsi devstack@c-api.service[116500]: [pid: 116500|app: 0|req: 55/104] 10.222.0.44 () {62 vars in 1404 bytes} [Wed May 11 09:51:46 2022] POST /volume/v3/4a0a460f08e74539af76436be69a1a9e/groups/4e9dd969-03ae-4d60-b117-0f9b8a09d871/action => generated 0 bytes in 55 msecs (HTTP/1.1 202) 6 headers in 234 bytes (2 switches on core 0)
May 11 09:51:46.778673 dv-cinder-836996-21-iscsi devstack@c-api.service[116499]: DEBUG cinder.api.middleware.request_id [None req-2bc9e620-5ce5-4987-9ba7-6291163b16e1 None None] RequestId filter calling following filter/app {{(pid=116499) _context_setter /opt/stack/cinder/cinder/api/middleware/request_id.py:62}}
May 11 09:51:46.788699 dv-cinder-836996-21-iscsi devstack@c-api.service[116499]: INFO cinder.api.openstack.wsgi [None req-2bc9e620-5ce5-4987-9ba7-6291163b16e1 tempest-GroupsV320Test-395670129 tempest-GroupsV320Test-395670129-project] GET http://10.222.0.44/volume/v3/7c4ad7a07e4a44a1850b2008dd1cfd8d/groups/4e9dd969-03ae-4d60-b117-0f9b8a09d871
May 11 09:51:46.789426 dv-cinder-836996-21-iscsi devstack@c-api.service[116499]: DEBUG cinder.api.openstack.wsgi [None req-2bc9e620-5ce5-4987-9ba7-6291163b16e1 tempest-GroupsV320Test-395670129 tempest-GroupsV320Test-395670129-project] Empty body provided in request {{(pid=116499) get_body /opt/stack/cinder/cinder/api/openstack/wsgi.py:715}}
May 11 09:51:46.790602 dv-cinder-836996-21-iscsi devstack@c-api.service[116499]: DEBUG cinder.api.openstack.wsgi [None req-2bc9e620-5ce5-4987-9ba7-6291163b16e1 tempest-GroupsV320Test-395670129 tempest-GroupsV320Test-395670129-project] Calling method 'version_select' {{(pid=116499) _process_stack /opt/stack/cinder/cinder/api/openstack/wsgi.py:868}}
May 11 09:51:46.791558 dv-cinder-836996-21-iscsi devstack@c-api.service[116499]: DEBUG cinder.api.v3.groups [None req-2bc9e620-5ce5-4987-9ba7-6291163b16e1 tempest-GroupsV320Test-395670129 tempest-GroupsV320Test-395670129-project] show called for member 4e9dd969-03ae-4d60-b117-0f9b8a09d871 {{(pid=116499) show /opt/stack/cinder/cinder/api/v3/groups.py:58}}
May 11 09:51:46.803718 dv-cinder-836996-21-iscsi devstack@c-api.service[116499]: /usr/local/lib/python3.8/dist-packages/oslo_context/context.py:100: DeprecationWarning: Policy enforcement is depending on the value of is_admin. This key is deprecated. Please update your policy file to use the standard policy values.
May 11 09:51:46.803718 dv-cinder-836996-21-iscsi devstack@c-api.service[116499]: warnings.warn('Policy enforcement is depending on the value of '
May 11 09:51:46.845188 dv-cinder-836996-21-iscsi devstack@c-api.service[116499]: INFO cinder.api.openstack.wsgi [None req-2bc9e620-5ce5-4987-9ba7-6291163b16e1 tempest-GroupsV320Test-395670129 tempest-GroupsV320Test-395670129-project] http://10.222.0.44/volume/v3/7c4ad7a07e4a44a1850b2008dd1cfd8d/groups/4e9dd969-03ae-4d60-b117-0f9b8a09d871 returned with HTTP 200
May 11 09:51:46.845983 dv-cinder-836996-21-iscsi devstack@c-api.service[116499]: [pid: 116499|app: 0|req: 50/105] 10.222.0.44 () {60 vars in 1362 bytes} [Wed May 11 09:51:46 2022] GET /volume/v3/7c4ad7a07e4a44a1850b2008dd1cfd8d/groups/4e9dd969-03ae-4d60-b117-0f9b8a09d871 => generated 384 bytes in 72 msecs (HTTP/1.1 200) 7 headers in 286 bytes (1 switches on core 0)
May 11 09:51:46.854036 dv-cinder-836996-21-iscsi devstack@c-api.service[116500]: DEBUG cinder.api.middleware.request_id [None req-09710680-635b-4113-9c02-2d855ab94e60 None None] RequestId filter calling following filter/app {{(pid=116500) _context_setter /opt/stack/cinder/cinder/api/middleware/request_id.py:62}}
May 11 09:51:46.858987 dv-cinder-836996-21-iscsi devstack@c-api.service[116500]: INFO cinder.api.openstack.wsgi [None req-09710680-635b-4113-9c02-2d855ab94e60 tempest-GroupsV320Test-673269525 tempest-GroupsV320Test-673269525-project-admin] POST http://10.222.0.44/volume/v3/4a0a460f08e74539af76436be69a1a9e/groups/4e9dd969-03ae-4d60-b117-0f9b8a09d871/action
May 11 09:51:46.860779 dv-cinder-836996-21-iscsi devstack@c-api.service[116500]: DEBUG cinder.api.openstack.wsgi [None req-09710680-635b-4113-9c02-2d855ab94e60 tempest-GroupsV320Test-673269525 tempest-GroupsV320Test-673269525-project-admin] Action body: b'{"reset_status": {"status": "available"}}' {{(pid=116500) get_method /opt/stack/cinder/cinder/api/openstack/wsgi.py:983}}
May 11 09:51:46.861519 dv-cinder-836996-21-iscsi devstack@c-api.service[116500]: DEBUG cinder.api.openstack.wsgi [None req-09710680-635b-4113-9c02-2d855ab94e60 tempest-GroupsV320Test-673269525 tempest-GroupsV320Test-673269525-project-admin] Action: 'action', calling method: reset_status, body: {"reset_status": {"status": "available"}} {{(pid=116500) _process_stack /opt/stack/cinder/cinder/api/openstack/wsgi.py:866}}
May 11 09:51:46.872221 dv-cinder-836996-21-iscsi devstack@c-api.service[116500]: DEBUG cinder.api.v3.groups [None req-09710680-635b-4113-9c02-2d855ab94e60 tempest-GroupsV320Test-673269525 tempest-GroupsV320Test-673269525-project-admin] Updating group '4e9dd969-03ae-4d60-b117-0f9b8a09d871' with 'available' {{(pid=116500) _reset_status /opt/stack/cinder/cinder/api/v3/groups.py:82}}
May 11 09:51:46.896281 dv-cinder-836996-21-iscsi devstack@c-api.service[116500]: /usr/local/lib/python3.8/dist-packages/oslo_context/context.py:100: DeprecationWarning: Policy enforcement is depending on the value of is_admin. This key is deprecated. Please update your policy file to use the standard policy values.
May 11 09:51:46.896281 dv-cinder-836996-21-iscsi devstack@c-api.service[116500]: warnings.warn('Policy enforcement is depending on the value of '
May 11 09:51:46.919364 dv-cinder-836996-21-iscsi devstack@c-api.service[116500]: INFO cinder.api.openstack.wsgi [None req-09710680-635b-4113-9c02-2d855ab94e60 tempest-GroupsV320Test-673269525 tempest-GroupsV320Test-673269525-project-admin] http://10.222.0.44/volume/v3/4a0a460f08e74539af76436be69a1a9e/groups/4e9dd969-03ae-4d60-b117-0f9b8a09d871/action returned with HTTP 202
May 11 09:51:46.920340 dv-cinder-836996-21-iscsi devstack@c-api.service[116500]: [pid: 116500|app: 0|req: 56/106] 10.222.0.44 () {62 vars in 1404 bytes} [Wed May 11 09:51:46 2022] POST /volume/v3/4a0a460f08e74539af76436be69a1a9e/groups/4e9dd969-03ae-4d60-b117-0f9b8a09d871/action => generated 0 bytes in 67 msecs (HTTP/1.1 202) 6 headers in 234 bytes (1 switches on core 0)
May 11 09:51:46.925004 dv-cinder-836996-21-iscsi devstack@c-api.service[116499]: DEBUG cinder.api.middleware.request_id [None req-e29f6d33-da38-43e6-9aca-95801eeb51df None None] RequestId filter calling following filter/app {{(pid=116499) _context_setter /opt/stack/cinder/cinder/api/middleware/request_id.py:62}}
May 11 09:51:46.928860 dv-cinder-836996-21-iscsi devstack@c-api.service[116499]: INFO cinder.api.openstack.wsgi [None req-e29f6d33-da38-43e6-9aca-95801eeb51df tempest-GroupsV320Test-395670129 tempest-GroupsV320Test-395670129-project] GET http://10.222.0.44/volume/v3/7c4ad7a07e4a44a1850b2008dd1cfd8d/groups/4e9dd969-03ae-4d60-b117-0f9b8a09d871
May 11 09:51:46.929367 dv-cinder-836996-21-iscsi devstack@c-api.service[116499]: DEBUG cinder.api.openstack.wsgi [None req-e29f6d33-da38-43e6-9aca-95801eeb51df tempest-GroupsV320Test-395670129 tempest-GroupsV320Test-395670129-project] Empty body provided in request {{(pid=116499) get_body /opt/stack/cinder/cinder/api/openstack/wsgi.py:715}}
May 11 09:51:46.929804 dv-cinder-836996-21-iscsi devstack@c-api.service[116499]: DEBUG cinder.api.openstack.wsgi [None req-e29f6d33-da38-43e6-9aca-95801eeb51df tempest-GroupsV320Test-395670129 tempest-GroupsV320Test-395670129-project] Calling method 'version_select' {{(pid=116499) _process_stack /opt/stack/cinder/cinder/api/openstack/wsgi.py:868}}
May 11 09:51:46.930156 dv-cinder-836996-21-iscsi devstack@c-api.service[116499]: DEBUG cinder.api.v3.groups [None req-e29f6d33-da38-43e6-9aca-95801eeb51df tempest-GroupsV320Test-395670129 tempest-GroupsV320Test-395670129-project] show called for member 4e9dd969-03ae-4d60-b117-0f9b8a09d871 {{(pid=116499) show /opt/stack/cinder/cinder/api/v3/groups.py:58}}
May 11 09:51:46.942391 dv-cinder-836996-21-iscsi devstack@c-api.service[116499]: /usr/local/lib/python3.8/dist-packages/oslo_context/context.py:100: DeprecationWarning: Policy enforcement is depending on the value of is_admin. This key is deprecated. Please update your policy file to use the standard policy values.
May 11 09:51:46.942391 dv-cinder-836996-21-iscsi devstack@c-api.service[116499]: warnings.warn('Policy enforcement is depending on the value of '
May 11 09:51:46.992389 dv-cinder-836996-21-iscsi devstack@c-api.service[116499]: INFO cinder.api.openstack.wsgi [None req-e29f6d33-da38-43e6-9aca-95801eeb51df tempest-GroupsV320Test-395670129 tempest-GroupsV320Test-395670129-project] http://10.222.0.44/volume/v3/7c4ad7a07e4a44a1850b2008dd1cfd8d/groups/4e9dd969-03ae-4d60-b117-0f9b8a09d871 returned with HTTP 200
May 11 09:51:46.994971 dv-cinder-836996-21-iscsi devstack@c-api.service[116499]: [pid: 116499|app: 0|req: 51/107] 10.222.0.44 () {60 vars in 1362 bytes} [Wed May 11 09:51:46 2022] GET /volume/v3/7c4ad7a07e4a44a1850b2008dd1cfd8d/groups/4e9dd969-03ae-4d60-b117-0f9b8a09d871 => generated 388 bytes in 71 msecs (HTTP/1.1 200) 7 headers in 286 bytes (1 switches on core 0)
May 11 09:51:47.002849 dv-cinder-836996-21-iscsi devstack@c-api.service[116500]: DEBUG cinder.api.middleware.request_id [None req-bb112fc2-ad43-4ba0-bcd0-16f37d84b668 None None] RequestId filter calling following filter/app {{(pid=116500) _context_setter /opt/stack/cinder/cinder/api/middleware/request_id.py:62}}
May 11 09:51:47.007346 dv-cinder-836996-21-iscsi devstack@c-api.service[116500]: INFO cinder.api.openstack.wsgi [None req-bb112fc2-ad43-4ba0-bcd0-16f37d84b668 tempest-GroupsV320Test-395670129 tempest-GroupsV320Test-395670129-project] GET http://10.222.0.44/volume/v3/7c4ad7a07e4a44a1850b2008dd1cfd8d/volumes/detail
May 11 09:51:47.007880 dv-cinder-836996-21-iscsi devstack@c-api.service[116500]: DEBUG cinder.api.openstack.wsgi [None req-bb112fc2-ad43-4ba0-bcd0-16f37d84b668 tempest-GroupsV320Test-395670129 tempest-GroupsV320Test-395670129-project] Empty body provided in request {{(pid=116500) get_body /opt/stack/cinder/cinder/api/openstack/wsgi.py:715}}
May 11 09:51:47.008495 dv-cinder-836996-21-iscsi devstack@c-api.service[116500]: DEBUG cinder.api.openstack.wsgi [None req-bb112fc2-ad43-4ba0-bcd0-16f37d84b668 tempest-GroupsV320Test-395670129 tempest-GroupsV320Test-395670129-project] Calling method 'detail' {{(pid=116500) _process_stack /opt/stack/cinder/cinder/api/openstack/wsgi.py:868}}
May 11 09:51:47.009211 dv-cinder-836996-21-iscsi devstack@c-api.service[116500]: DEBUG cinder.api.api_utils [None req-bb112fc2-ad43-4ba0-bcd0-16f37d84b668 tempest-GroupsV320Test-395670129 tempest-GroupsV320Test-395670129-project] Removing options '' from query. {{(pid=116500) remove_invalid_filter_options /opt/stack/cinder/cinder/api/api_utils.py:73}}
May 11 09:51:47.015289 dv-cinder-836996-21-iscsi devstack@c-api.service[116500]: DEBUG cinder.volume.api [None req-bb112fc2-ad43-4ba0-bcd0-16f37d84b668 tempest-GroupsV320Test-395670129 tempest-GroupsV320Test-395670129-project] Searching by: MultiDict([('no_migration_targets', True)]). {{(pid=116500) get_all /opt/stack/cinder/cinder/volume/api.py:663}}
May 11 09:51:47.103015 dv-cinder-836996-21-iscsi devstack@c-api.service[116500]: INFO cinder.volume.api [None req-bb112fc2-ad43-4ba0-bcd0-16f37d84b668 tempest-GroupsV320Test-395670129 tempest-GroupsV320Test-395670129-project] Get all volumes completed successfully.
May 11 09:51:47.108474 dv-cinder-836996-21-iscsi devstack@c-api.service[116500]: INFO cinder.api.openstack.wsgi [None req-bb112fc2-ad43-4ba0-bcd0-16f37d84b668 tempest-GroupsV320Test-395670129 tempest-GroupsV320Test-395670129-project] http://10.222.0.44/volume/v3/7c4ad7a07e4a44a1850b2008dd1cfd8d/volumes/detail returned with HTTP 200
May 11 09:51:47.109664 dv-cinder-836996-21-iscsi devstack@c-api.service[116500]: [pid: 116500|app: 0|req: 57/108] 10.222.0.44 () {60 vars in 1275 bytes} [Wed May 11 09:51:47 2022] GET /volume/v3/7c4ad7a07e4a44a1850b2008dd1cfd8d/volumes/detail => generated 15 bytes in 108 msecs (HTTP/1.1 200) 7 headers in 285 bytes (1 switches on core 0)
May 11 09:51:47.125563 dv-cinder-836996-21-iscsi devstack@c-api.service[116499]: DEBUG cinder.api.middleware.request_id [None req-7c6e3705-f0d0-48b9-88b6-488cfded6f4a None None] RequestId filter calling following filter/app {{(pid=116499) _context_setter /opt/stack/cinder/cinder/api/middleware/request_id.py:62}}
May 11 09:51:47.130680 dv-cinder-836996-21-iscsi devstack@c-api.service[116499]: INFO cinder.api.openstack.wsgi [None req-7c6e3705-f0d0-48b9-88b6-488cfded6f4a tempest-GroupsV320Test-395670129 tempest-GroupsV320Test-395670129-project] POST http://10.222.0.44/volume/v3/7c4ad7a07e4a44a1850b2008dd1cfd8d/groups/4e9dd969-03ae-4d60-b117-0f9b8a09d871/action
May 11 09:51:47.131813 dv-cinder-836996-21-iscsi devstack@c-api.service[116499]: DEBUG cinder.api.openstack.wsgi [None req-7c6e3705-f0d0-48b9-88b6-488cfded6f4a tempest-GroupsV320Test-395670129 tempest-GroupsV320Test-395670129-project] Action body: b'{"delete": {"delete-volumes": true}}' {{(pid=116499) get_method /opt/stack/cinder/cinder/api/openstack/wsgi.py:983}}
May 11 09:51:47.140236 dv-cinder-836996-21-iscsi devstack@c-api.service[116499]: DEBUG cinder.api.openstack.wsgi [None req-7c6e3705-f0d0-48b9-88b6-488cfded6f4a tempest-GroupsV320Test-395670129 tempest-GroupsV320Test-395670129-project] Action: 'action', calling method: delete_group, body: {"delete": {"delete-volumes": true}} {{(pid=116499) _process_stack /opt/stack/cinder/cinder/api/openstack/wsgi.py:866}}
May 11 09:51:47.143489 dv-cinder-836996-21-iscsi devstack@c-api.service[116499]: DEBUG cinder.api.v3.groups [None req-7c6e3705-f0d0-48b9-88b6-488cfded6f4a tempest-GroupsV320Test-395670129 tempest-GroupsV320Test-395670129-project] delete called for group 4e9dd969-03ae-4d60-b117-0f9b8a09d871 {{(pid=116499) _delete /opt/stack/cinder/cinder/api/v3/groups.py:117}}
May 11 09:51:47.143955 dv-cinder-836996-21-iscsi devstack@c-api.service[116499]: INFO cinder.api.v3.groups [None req-7c6e3705-f0d0-48b9-88b6-488cfded6f4a tempest-GroupsV320Test-395670129 tempest-GroupsV320Test-395670129-project] Delete group with id: 4e9dd969-03ae-4d60-b117-0f9b8a09d871
May 11 09:51:47.176433 dv-cinder-836996-21-iscsi devstack@c-api.service[116499]: /usr/local/lib/python3.8/dist-packages/oslo_context/context.py:100: DeprecationWarning: Policy enforcement is depending on the value of is_admin. This key is deprecated. Please update your policy file to use the standard policy values.
May 11 09:51:47.176433 dv-cinder-836996-21-iscsi devstack@c-api.service[116499]: warnings.warn('Policy enforcement is depending on the value of '
May 11 09:51:47.305354 dv-cinder-836996-21-iscsi devstack@c-api.service[116499]: INFO cinder.api.openstack.wsgi [None req-7c6e3705-f0d0-48b9-88b6-488cfded6f4a tempest-GroupsV320Test-395670129 tempest-GroupsV320Test-395670129-project] http://10.222.0.44/volume/v3/7c4ad7a07e4a44a1850b2008dd1cfd8d/groups/4e9dd969-03ae-4d60-b117-0f9b8a09d871/action returned with HTTP 202
May 11 09:51:47.306677 dv-cinder-836996-21-iscsi devstack@c-api.service[116499]: [pid: 116499|app: 0|req: 52/109] 10.222.0.44 () {62 vars in 1404 bytes} [Wed May 11 09:51:47 2022] POST /volume/v3/7c4ad7a07e4a44a1850b2008dd1cfd8d/groups/4e9dd969-03ae-4d60-b117-0f9b8a09d871/action => generated 0 bytes in 183 msecs (HTTP/1.1 202) 6 headers in 234 bytes (1 switches on core 0)
May 11 09:51:47.312071 dv-cinder-836996-21-iscsi devstack@c-api.service[116500]: DEBUG cinder.api.middleware.request_id [None req-6dfa9f3c-cc96-43a5-9f25-8eaece710bce None None] RequestId filter calling following filter/app {{(pid=116500) _context_setter /opt/stack/cinder/cinder/api/middleware/request_id.py:62}}
May 11 09:51:47.317964 dv-cinder-836996-21-iscsi devstack@c-api.service[116500]: INFO cinder.api.openstack.wsgi [None req-6dfa9f3c-cc96-43a5-9f25-8eaece710bce tempest-GroupsV320Test-395670129 tempest-GroupsV320Test-395670129-project] GET http://10.222.0.44/volume/v3/7c4ad7a07e4a44a1850b2008dd1cfd8d/groups/4e9dd969-03ae-4d60-b117-0f9b8a09d871
May 11 09:51:47.319800 dv-cinder-836996-21-iscsi devstack@c-api.service[116500]: DEBUG cinder.api.openstack.wsgi [None req-6dfa9f3c-cc96-43a5-9f25-8eaece710bce tempest-GroupsV320Test-395670129 tempest-GroupsV320Test-395670129-project] Empty body provided in request {{(pid=116500) get_body /opt/stack/cinder/cinder/api/openstack/wsgi.py:715}}
May 11 09:51:47.320796 dv-cinder-836996-21-iscsi devstack@c-api.service[116500]: DEBUG cinder.api.openstack.wsgi [None req-6dfa9f3c-cc96-43a5-9f25-8eaece710bce tempest-GroupsV320Test-395670129 tempest-GroupsV320Test-395670129-project] Calling method 'version_select' {{(pid=116500) _process_stack /opt/stack/cinder/cinder/api/openstack/wsgi.py:868}}
May 11 09:51:47.321519 dv-cinder-836996-21-iscsi devstack@c-api.service[116500]: DEBUG cinder.api.v3.groups [None req-6dfa9f3c-cc96-43a5-9f25-8eaece710bce tempest-GroupsV320Test-395670129 tempest-GroupsV320Test-395670129-project] show called for member 4e9dd969-03ae-4d60-b117-0f9b8a09d871 {{(pid=116500) show /opt/stack/cinder/cinder/api/v3/groups.py:58}}
May 11 09:51:47.349082 dv-cinder-836996-21-iscsi devstack@c-api.service[116500]: /usr/local/lib/python3.8/dist-packages/oslo_context/context.py:100: DeprecationWarning: Policy enforcement is depending on the value of is_admin. This key is deprecated. Please update your policy file to use the standard policy values.
May 11 09:51:47.349082 dv-cinder-836996-21-iscsi devstack@c-api.service[116500]: warnings.warn('Policy enforcement is depending on the value of '
May 11 09:51:47.423143 dv-cinder-836996-21-iscsi devstack@c-api.service[116500]: INFO cinder.api.openstack.wsgi [None req-6dfa9f3c-cc96-43a5-9f25-8eaece710bce tempest-GroupsV320Test-395670129 tempest-GroupsV320Test-395670129-project] http://10.222.0.44/volume/v3/7c4ad7a07e4a44a1850b2008dd1cfd8d/groups/4e9dd969-03ae-4d60-b117-0f9b8a09d871 returned with HTTP 200
May 11 09:51:47.424723 dv-cinder-836996-21-iscsi devstack@c-api.service[116500]: [pid: 116500|app: 0|req: 58/110] 10.222.0.44 () {60 vars in 1362 bytes} [Wed May 11 09:51:47 2022] GET /volume/v3/7c4ad7a07e4a44a1850b2008dd1cfd8d/groups/4e9dd969-03ae-4d60-b117-0f9b8a09d871 => generated 387 bytes in 114 msecs (HTTP/1.1 200) 7 headers in 286 bytes (1 switches on core 0)
May 11 09:51:47.546675 dv-cinder-836996-21-iscsi devstack@c-api.service[116499]: DEBUG cinder.api.middleware.request_id [None req-8be19904-bcfb-40fd-b22c-18bc45662740 None None] RequestId filter calling following filter/app {{(pid=116499) _context_setter /opt/stack/cinder/cinder/api/middleware/request_id.py:62}}
May 11 09:51:47.552082 dv-cinder-836996-21-iscsi devstack@c-api.service[116499]: INFO cinder.api.openstack.wsgi [None req-8be19904-bcfb-40fd-b22c-18bc45662740 tempest-GroupsTest-1103170381 tempest-GroupsTest-1103170381-project] GET http://10.222.0.44/volume/v3/2c976586131c419188039e6b01a1e6d6/groups/f8a15035-33c3-413d-835d-7341e225ff53
May 11 09:51:47.553193 dv-cinder-836996-21-iscsi devstack@c-api.service[116499]: DEBUG cinder.api.openstack.wsgi [None req-8be19904-bcfb-40fd-b22c-18bc45662740 tempest-GroupsTest-1103170381 tempest-GroupsTest-1103170381-project] Empty body provided in request {{(pid=116499) get_body /opt/stack/cinder/cinder/api/openstack/wsgi.py:715}}
May 11 09:51:47.553736 dv-cinder-836996-21-iscsi devstack@c-api.service[116499]: DEBUG cinder.api.openstack.wsgi [None req-8be19904-bcfb-40fd-b22c-18bc45662740 tempest-GroupsTest-1103170381 tempest-GroupsTest-1103170381-project] Calling method 'version_select' {{(pid=116499) _process_stack /opt/stack/cinder/cinder/api/openstack/wsgi.py:868}}
May 11 09:51:47.554162 dv-cinder-836996-21-iscsi devstack@c-api.service[116499]: DEBUG cinder.api.v3.groups [None req-8be19904-bcfb-40fd-b22c-18bc45662740 tempest-GroupsTest-1103170381 tempest-GroupsTest-1103170381-project] show called for member f8a15035-33c3-413d-835d-7341e225ff53 {{(pid=116499) show /opt/stack/cinder/cinder/api/v3/groups.py:58}}
May 11 09:51:47.567949 dv-cinder-836996-21-iscsi devstack@c-api.service[116499]: /usr/local/lib/python3.8/dist-packages/oslo_context/context.py:100: DeprecationWarning: Policy enforcement is depending on the value of is_admin. This key is deprecated. Please update your policy file to use the standard policy values.
May 11 09:51:47.567949 dv-cinder-836996-21-iscsi devstack@c-api.service[116499]: warnings.warn('Policy enforcement is depending on the value of '
May 11 09:51:47.603074 dv-cinder-836996-21-iscsi devstack@c-api.service[116499]: INFO cinder.api.openstack.wsgi [None req-8be19904-bcfb-40fd-b22c-18bc45662740 tempest-GroupsTest-1103170381 tempest-GroupsTest-1103170381-project] http://10.222.0.44/volume/v3/2c976586131c419188039e6b01a1e6d6/groups/f8a15035-33c3-413d-835d-7341e225ff53 returned with HTTP 200
May 11 09:51:47.606242 dv-cinder-836996-21-iscsi devstack@c-api.service[116499]: [pid: 116499|app: 0|req: 53/111] 10.222.0.44 () {60 vars in 1362 bytes} [Wed May 11 09:51:47 2022] GET /volume/v3/2c976586131c419188039e6b01a1e6d6/groups/f8a15035-33c3-413d-835d-7341e225ff53 => generated 322 bytes in 62 msecs (HTTP/1.1 200) 7 headers in 286 bytes (1 switches on core 0)
May 11 09:51:47.614016 dv-cinder-836996-21-iscsi devstack@c-api.service[116500]: DEBUG cinder.api.middleware.request_id [None req-09427692-4168-4bea-9d7b-5360bc288153 None None] RequestId filter calling following filter/app {{(pid=116500) _context_setter /opt/stack/cinder/cinder/api/middleware/request_id.py:62}}
May 11 09:51:47.617579 dv-cinder-836996-21-iscsi devstack@c-api.service[116500]: INFO cinder.api.openstack.wsgi [None req-09427692-4168-4bea-9d7b-5360bc288153 tempest-GroupsTest-1103170381 tempest-GroupsTest-1103170381-project] POST http://10.222.0.44/volume/v3/2c976586131c419188039e6b01a1e6d6/volumes
May 11 09:51:47.622002 dv-cinder-836996-21-iscsi devstack@c-api.service[116500]: DEBUG cinder.api.openstack.wsgi [None req-09427692-4168-4bea-9d7b-5360bc288153 tempest-GroupsTest-1103170381 tempest-GroupsTest-1103170381-project] Action: 'create', calling method: create, body: {"volume": {"name": "tempest-volume-1498901236", "volume_type": "6f1c9c69-b104-41e3-99fc-2d2f3fafbc6c", "group_id": "8432032f-d8f1-4302-82d8-ddd8192fdb70", "size": 1}} {{(pid=116500) _process_stack /opt/stack/cinder/cinder/api/openstack/wsgi.py:866}}
May 11 09:51:47.622002 dv-cinder-836996-21-iscsi devstack@c-api.service[116500]: DEBUG cinder.api.v3.volumes [None req-09427692-4168-4bea-9d7b-5360bc288153 tempest-GroupsTest-1103170381 tempest-GroupsTest-1103170381-project] Create volume request body: {'volume': {'name': 'tempest-volume-1498901236', 'volume_type': '6f1c9c69-b104-41e3-99fc-2d2f3fafbc6c', 'group_id': '8432032f-d8f1-4302-82d8-ddd8192fdb70', 'size': 1}} {{(pid=116500) create /opt/stack/cinder/cinder/api/v3/volumes.py:298}}
May 11 09:51:47.623419 dv-cinder-836996-21-iscsi devstack@c-api.service[116499]: DEBUG cinder.api.middleware.request_id [None req-a4a34560-2f97-443c-b855-e1e69244d3e2 None None] RequestId filter calling following filter/app {{(pid=116499) _context_setter /opt/stack/cinder/cinder/api/middleware/request_id.py:62}}
May 11 09:51:47.656412 dv-cinder-836996-21-iscsi devstack@c-api.service[116500]: /usr/local/lib/python3.8/dist-packages/oslo_context/context.py:100: DeprecationWarning: Policy enforcement is depending on the value of is_admin. This key is deprecated. Please update your policy file to use the standard policy values.
May 11 09:51:47.656412 dv-cinder-836996-21-iscsi devstack@c-api.service[116500]: warnings.warn('Policy enforcement is depending on the value of '
May 11 09:51:47.660196 dv-cinder-836996-21-iscsi devstack@c-api.service[116500]: INFO cinder.api.v3.volumes [None req-09427692-4168-4bea-9d7b-5360bc288153 tempest-GroupsTest-1103170381 tempest-GroupsTest-1103170381-project] Create volume of 1 GB
May 11 09:51:47.682821 dv-cinder-836996-21-iscsi devstack@c-api.service[116500]: INFO cinder.volume.api [None req-09427692-4168-4bea-9d7b-5360bc288153 tempest-GroupsTest-1103170381 tempest-GroupsTest-1103170381-project] Availability Zones retrieved successfully.
