Apr 08 09:07:01.279519 dv-cinder-836996-2-smb devstack@n-api.service[117088]: [pid: 117088|app: 0|req: 98/179] 10.222.0.43 () {58 vars in 1235 bytes} [Fri Apr 8 09:07:00 2022] GET /compute/v2.1/servers/0bde5328-eae3-4c2f-94ee-616db9f0a457 => generated 1521 bytes in 646 msecs (HTTP/1.1 200) 9 headers in 358 bytes (1 switches on core 0)
Apr 08 09:07:01.891470 dv-cinder-836996-2-smb devstack@n-api.service[117087]: DEBUG nova.api.openstack.wsgi [None req-46b987e8-6cbc-4c5a-aa4e-3774d025b971 tempest-VolumesTestJSON-1539591662 tempest-VolumesTestJSON-1539591662-project] Calling method '.version_select at 0x7fd9518c4dc0>' {{(pid=117087) _process_stack /opt/stack/nova/nova/api/openstack/wsgi.py:513}}
Apr 08 09:07:01.989761 dv-cinder-836996-2-smb devstack@n-api.service[117087]: INFO nova.api.openstack.requestlog [None req-46b987e8-6cbc-4c5a-aa4e-3774d025b971 tempest-VolumesTestJSON-1539591662 tempest-VolumesTestJSON-1539591662-project] 10.222.0.43 "GET /compute/v2.1/os-volumes/ba77f4f8-a635-4821-ba00-136d8b7e048c" status: 200 len: 350 microversion: 2.1 time: 0.101392
Apr 08 09:07:01.997563 dv-cinder-836996-2-smb devstack@n-api.service[117087]: [pid: 117087|app: 0|req: 82/180] 10.222.0.43 () {58 vars in 1244 bytes} [Fri Apr 8 09:07:01 2022] GET /compute/v2.1/os-volumes/ba77f4f8-a635-4821-ba00-136d8b7e048c => generated 350 bytes in 111 msecs (HTTP/1.1 200) 9 headers in 357 bytes (2 switches on core 0)
Apr 08 09:07:02.003601 dv-cinder-836996-2-smb devstack@n-api.service[117088]: DEBUG nova.api.openstack.wsgi [None req-4f6661bb-bb8d-4b6b-b1f7-4039b0bc8a28 tempest-VolumesTestJSON-1539591662 tempest-VolumesTestJSON-1539591662-project] Calling method '.version_select at 0x7fd9519e4dc0>' {{(pid=117088) _process_stack /opt/stack/nova/nova/api/openstack/wsgi.py:513}}
Apr 08 09:07:02.171139 dv-cinder-836996-2-smb devstack@n-api.service[117088]: INFO nova.api.openstack.requestlog [None req-4f6661bb-bb8d-4b6b-b1f7-4039b0bc8a28 tempest-VolumesTestJSON-1539591662 tempest-VolumesTestJSON-1539591662-project] 10.222.0.43 "GET /compute/v2.1/os-volumes" status: 200 len: 1035 microversion: 2.1 time: 0.172341
Apr 08 09:07:02.172096 dv-cinder-836996-2-smb devstack@n-api.service[117088]: [pid: 117088|app: 0|req: 99/181] 10.222.0.43 () {58 vars in 1133 bytes} [Fri Apr 8 09:07:01 2022] GET /compute/v2.1/os-volumes => generated 1035 bytes in 175 msecs (HTTP/1.1 200) 9 headers in 358 bytes (2 switches on core 0)
Apr 08 09:07:02.187235 dv-cinder-836996-2-smb devstack@n-api.service[117087]: DEBUG nova.api.openstack.wsgi [None req-3c006738-9d2c-45a3-b435-e2e32d0aebb3 tempest-VolumesTestJSON-1539591662 tempest-VolumesTestJSON-1539591662-project] Calling method '.version_select at 0x7fd95186e5e0>' {{(pid=117087) _process_stack /opt/stack/nova/nova/api/openstack/wsgi.py:513}}
Apr 08 09:07:02.285079 dv-cinder-836996-2-smb devstack@n-api.service[117087]: INFO nova.api.openstack.requestlog [None req-3c006738-9d2c-45a3-b435-e2e32d0aebb3 tempest-VolumesTestJSON-1539591662 tempest-VolumesTestJSON-1539591662-project] 10.222.0.43 "GET /compute/v2.1/os-volumes?limit=2" status: 200 len: 694 microversion: 2.1 time: 0.101474
Apr 08 09:07:02.286399 dv-cinder-836996-2-smb devstack@n-api.service[117087]: [pid: 117087|app: 0|req: 83/182] 10.222.0.43 () {58 vars in 1148 bytes} [Fri Apr 8 09:07:02 2022] GET /compute/v2.1/os-volumes?limit=2 => generated 694 bytes in 104 msecs (HTTP/1.1 200) 9 headers in 357 bytes (1 switches on core 0)
Apr 08 09:07:02.297375 dv-cinder-836996-2-smb devstack@n-api.service[117088]: DEBUG nova.api.openstack.wsgi [None req-d9c06f81-b774-4f55-87f2-315061fb0259 tempest-ServerRescueNegativeTestJSON-753807219 tempest-ServerRescueNegativeTestJSON-753807219-project] Calling method '>' {{(pid=117088) _process_stack /opt/stack/nova/nova/api/openstack/wsgi.py:513}}
Apr 08 09:07:02.298730 dv-cinder-836996-2-smb devstack@n-api.service[117088]: DEBUG nova.compute.api [None req-d9c06f81-b774-4f55-87f2-315061fb0259 tempest-ServerRescueNegativeTestJSON-753807219 tempest-ServerRescueNegativeTestJSON-753807219-project] [instance: 0bde5328-eae3-4c2f-94ee-616db9f0a457] Fetching instance by UUID {{(pid=117088) get /opt/stack/nova/nova/compute/api.py:2918}}
Apr 08 09:07:02.299418 dv-cinder-836996-2-smb devstack@n-api.service[117087]: DEBUG nova.api.openstack.wsgi [None req-790f0819-64af-4660-9f4c-42d92581a35b tempest-VolumesTestJSON-1539591662 tempest-VolumesTestJSON-1539591662-project] Calling method '.version_select at 0x7fd95188c430>' {{(pid=117087) _process_stack /opt/stack/nova/nova/api/openstack/wsgi.py:513}}
Apr 08 09:07:02.312600 dv-cinder-836996-2-smb devstack@n-api.service[117088]: DEBUG oslo_concurrency.lockutils [None req-d9c06f81-b774-4f55-87f2-315061fb0259 tempest-ServerRescueNegativeTestJSON-753807219 tempest-ServerRescueNegativeTestJSON-753807219-project] Lock "5b4fc341-c028-4bcb-8c10-8267aaa74d41" acquired by "nova.context.set_target_cell..get_or_set_cached_cell_and_set_connections" :: waited 0.000s {{(pid=117088) inner /usr/local/lib/python3.8/dist-packages/oslo_concurrency/lockutils.py:386}}
Apr 08 09:07:02.313116 dv-cinder-836996-2-smb devstack@n-api.service[117088]: DEBUG oslo_concurrency.lockutils [None req-d9c06f81-b774-4f55-87f2-315061fb0259 tempest-ServerRescueNegativeTestJSON-753807219 tempest-ServerRescueNegativeTestJSON-753807219-project] Lock "5b4fc341-c028-4bcb-8c10-8267aaa74d41" "released" by "nova.context.set_target_cell..get_or_set_cached_cell_and_set_connections" :: held 0.001s {{(pid=117088) inner /usr/local/lib/python3.8/dist-packages/oslo_concurrency/lockutils.py:400}}
Apr 08 09:07:02.314597 dv-cinder-836996-2-smb devstack@n-api.service[117088]: DEBUG oslo_concurrency.lockutils [None req-d9c06f81-b774-4f55-87f2-315061fb0259 tempest-ServerRescueNegativeTestJSON-753807219 tempest-ServerRescueNegativeTestJSON-753807219-project] Lock "5b4fc341-c028-4bcb-8c10-8267aaa74d41" acquired by "nova.context.set_target_cell..get_or_set_cached_cell_and_set_connections" :: waited 0.000s {{(pid=117088) inner /usr/local/lib/python3.8/dist-packages/oslo_concurrency/lockutils.py:386}}
Apr 08 09:07:02.315275 dv-cinder-836996-2-smb devstack@n-api.service[117088]: DEBUG oslo_concurrency.lockutils [None req-d9c06f81-b774-4f55-87f2-315061fb0259 tempest-ServerRescueNegativeTestJSON-753807219 tempest-ServerRescueNegativeTestJSON-753807219-project] Lock "5b4fc341-c028-4bcb-8c10-8267aaa74d41" "released" by "nova.context.set_target_cell..get_or_set_cached_cell_and_set_connections" :: held 0.001s {{(pid=117088) inner /usr/local/lib/python3.8/dist-packages/oslo_concurrency/lockutils.py:400}}
Apr 08 09:07:02.415507 dv-cinder-836996-2-smb devstack@n-api.service[117087]: INFO nova.api.openstack.requestlog [None req-790f0819-64af-4660-9f4c-42d92581a35b tempest-VolumesTestJSON-1539591662 tempest-VolumesTestJSON-1539591662-project] 10.222.0.43 "GET /compute/v2.1/os-volumes" status: 200 len: 1035 microversion: 2.1 time: 0.120435
Apr 08 09:07:02.417267 dv-cinder-836996-2-smb devstack@n-api.service[117087]: [pid: 117087|app: 0|req: 84/183] 10.222.0.43 () {58 vars in 1133 bytes} [Fri Apr 8 09:07:02 2022] GET /compute/v2.1/os-volumes => generated 1035 bytes in 123 msecs (HTTP/1.1 200) 9 headers in 358 bytes (1 switches on core 0)
Apr 08 09:07:02.430518 dv-cinder-836996-2-smb devstack@n-api.service[117087]: DEBUG nova.api.openstack.wsgi [None req-258247c6-a4d9-44e2-ae66-0104820dfb6c tempest-VolumesTestJSON-1539591662 tempest-VolumesTestJSON-1539591662-project] Calling method '.version_select at 0x7fd9518c4670>' {{(pid=117087) _process_stack /opt/stack/nova/nova/api/openstack/wsgi.py:513}}
Apr 08 09:07:02.548178 dv-cinder-836996-2-smb devstack@n-api.service[117088]: DEBUG nova.policy [None req-d9c06f81-b774-4f55-87f2-315061fb0259 tempest-ServerRescueNegativeTestJSON-753807219 tempest-ServerRescueNegativeTestJSON-753807219-project] Policy check for os_compute_api:os-extended-server-attributes failed with credentials {'is_admin': False, 'user_id': '9554e21c718644208043cb2d6cf6fdb8', 'user_domain_id': 'default', 'system_scope': None, 'domain_id': None, 'project_id': 'fd249d6901df4b43881d70df3f2d516e', 'project_domain_id': 'default', 'roles': ['member', 'reader'], 'is_admin_project': True, 'service_user_id': None, 'service_user_domain_id': None, 'service_project_id': None, 'service_project_domain_id': None, 'service_roles': []} {{(pid=117088) authorize /opt/stack/nova/nova/policy.py:199}}
Apr 08 09:07:02.562163 dv-cinder-836996-2-smb devstack@n-api.service[117088]: INFO nova.api.openstack.requestlog [None req-d9c06f81-b774-4f55-87f2-315061fb0259 tempest-ServerRescueNegativeTestJSON-753807219 tempest-ServerRescueNegativeTestJSON-753807219-project] 10.222.0.43 "GET /compute/v2.1/servers/0bde5328-eae3-4c2f-94ee-616db9f0a457" status: 200 len: 1521 microversion: 2.1 time: 0.268653
Apr 08 09:07:02.563372 dv-cinder-836996-2-smb devstack@n-api.service[117088]: [pid: 117088|app: 0|req: 100/184] 10.222.0.43 () {58 vars in 1235 bytes} [Fri Apr 8 09:07:02 2022] GET /compute/v2.1/servers/0bde5328-eae3-4c2f-94ee-616db9f0a457 => generated 1521 bytes in 272 msecs (HTTP/1.1 200) 9 headers in 358 bytes (2 switches on core 0)
Apr 08 09:07:02.591146 dv-cinder-836996-2-smb devstack@n-api.service[117087]: INFO nova.api.openstack.requestlog [None req-258247c6-a4d9-44e2-ae66-0104820dfb6c tempest-VolumesTestJSON-1539591662 tempest-VolumesTestJSON-1539591662-project] 10.222.0.43 "GET /compute/v2.1/os-volumes?offset=1&limit=1" status: 200 len: 354 microversion: 2.1 time: 0.165844
Apr 08 09:07:02.591821 dv-cinder-836996-2-smb devstack@n-api.service[117087]: [pid: 117087|app: 0|req: 85/185] 10.222.0.43 () {58 vars in 1166 bytes} [Fri Apr 8 09:07:02 2022] GET /compute/v2.1/os-volumes?offset=1&limit=1 => generated 354 bytes in 168 msecs (HTTP/1.1 200) 9 headers in 357 bytes (2 switches on core 0)
Apr 08 09:07:02.607047 dv-cinder-836996-2-smb devstack@n-api.service[117088]: DEBUG nova.api.openstack.wsgi [None req-6c436587-d24f-4a11-8518-edb138188c1a tempest-VolumesTestJSON-1539591662 tempest-VolumesTestJSON-1539591662-project] Calling method '.version_select at 0x7fd9519e48b0>' {{(pid=117088) _process_stack /opt/stack/nova/nova/api/openstack/wsgi.py:513}}
Apr 08 09:07:02.709801 dv-cinder-836996-2-smb devstack@n-api.service[117088]: INFO nova.api.openstack.requestlog [None req-6c436587-d24f-4a11-8518-edb138188c1a tempest-VolumesTestJSON-1539591662 tempest-VolumesTestJSON-1539591662-project] 10.222.0.43 "GET /compute/v2.1/os-volumes/detail?limit=2" status: 200 len: 694 microversion: 2.1 time: 0.109126
Apr 08 09:07:02.711295 dv-cinder-836996-2-smb devstack@n-api.service[117088]: [pid: 117088|app: 0|req: 101/186] 10.222.0.43 () {58 vars in 1169 bytes} [Fri Apr 8 09:07:02 2022] GET /compute/v2.1/os-volumes/detail?limit=2 => generated 694 bytes in 111 msecs (HTTP/1.1 200) 9 headers in 357 bytes (1 switches on core 0)
Apr 08 09:07:02.723862 dv-cinder-836996-2-smb devstack@n-api.service[117087]: DEBUG nova.api.openstack.wsgi [None req-18404771-0f3b-41c1-bd71-f77af2ee333c tempest-VolumesTestJSON-1539591662 tempest-VolumesTestJSON-1539591662-project] Calling method '.version_select at 0x7fd9518c4e50>' {{(pid=117087) _process_stack /opt/stack/nova/nova/api/openstack/wsgi.py:513}}
Apr 08 09:07:02.824704 dv-cinder-836996-2-smb devstack@n-api.service[117087]: INFO nova.api.openstack.requestlog [None req-18404771-0f3b-41c1-bd71-f77af2ee333c tempest-VolumesTestJSON-1539591662 tempest-VolumesTestJSON-1539591662-project] 10.222.0.43 "GET /compute/v2.1/os-volumes/detail" status: 200 len: 1035 microversion: 2.1 time: 0.105168
Apr 08 09:07:02.825653 dv-cinder-836996-2-smb devstack@n-api.service[117087]: [pid: 117087|app: 0|req: 86/187] 10.222.0.43 () {58 vars in 1154 bytes} [Fri Apr 8 09:07:02 2022] GET /compute/v2.1/os-volumes/detail => generated 1035 bytes in 107 msecs (HTTP/1.1 200) 9 headers in 358 bytes (1 switches on core 0)
Apr 08 09:07:02.837989 dv-cinder-836996-2-smb devstack@n-api.service[117088]: DEBUG nova.api.openstack.wsgi [None req-252cb7a0-ec3f-4f40-a197-aeb635bfb0d5 tempest-VolumesTestJSON-1539591662 tempest-VolumesTestJSON-1539591662-project] Calling method '.version_select at 0x7fd9519b49d0>' {{(pid=117088) _process_stack /opt/stack/nova/nova/api/openstack/wsgi.py:513}}
Apr 08 09:07:02.932496 dv-cinder-836996-2-smb devstack@n-api.service[117088]: INFO nova.api.openstack.requestlog [None req-252cb7a0-ec3f-4f40-a197-aeb635bfb0d5 tempest-VolumesTestJSON-1539591662 tempest-VolumesTestJSON-1539591662-project] 10.222.0.43 "GET /compute/v2.1/os-volumes/detail?offset=1&limit=1" status: 200 len: 354 microversion: 2.1 time: 0.099092
Apr 08 09:07:02.933452 dv-cinder-836996-2-smb devstack@n-api.service[117088]: [pid: 117088|app: 0|req: 102/188] 10.222.0.43 () {58 vars in 1187 bytes} [Fri Apr 8 09:07:02 2022] GET /compute/v2.1/os-volumes/detail?offset=1&limit=1 => generated 354 bytes in 101 msecs (HTTP/1.1 200) 9 headers in 357 bytes (1 switches on core 0)
Apr 08 09:07:02.947610 dv-cinder-836996-2-smb devstack@n-api.service[117087]: DEBUG nova.api.openstack.wsgi [None req-a893660c-ddba-4f36-847a-44f128d572e4 tempest-VolumesTestJSON-1539591662 tempest-VolumesTestJSON-1539591662-project] Calling method '.version_select at 0x7fd951968820>' {{(pid=117087) _process_stack /opt/stack/nova/nova/api/openstack/wsgi.py:513}}
Apr 08 09:07:03.042490 dv-cinder-836996-2-smb devstack@n-api.service[117087]: INFO nova.api.openstack.requestlog [None req-a893660c-ddba-4f36-847a-44f128d572e4 tempest-VolumesTestJSON-1539591662 tempest-VolumesTestJSON-1539591662-project] 10.222.0.43 "GET /compute/v2.1/os-volumes/detail" status: 200 len: 1035 microversion: 2.1 time: 0.099648
Apr 08 09:07:03.044086 dv-cinder-836996-2-smb devstack@n-api.service[117087]: [pid: 117087|app: 0|req: 87/189] 10.222.0.43 () {58 vars in 1154 bytes} [Fri Apr 8 09:07:02 2022] GET /compute/v2.1/os-volumes/detail => generated 1035 bytes in 102 msecs (HTTP/1.1 200) 9 headers in 358 bytes (1 switches on core 0)
Apr 08 09:07:03.582693 dv-cinder-836996-2-smb devstack@n-api.service[117088]: DEBUG nova.api.openstack.wsgi [None req-506287fa-db7d-4758-97f7-8fa28641ecf2 tempest-ServerRescueNegativeTestJSON-753807219 tempest-ServerRescueNegativeTestJSON-753807219-project] Calling method '>' {{(pid=117088) _process_stack /opt/stack/nova/nova/api/openstack/wsgi.py:513}}
Apr 08 09:07:03.585018 dv-cinder-836996-2-smb devstack@n-api.service[117088]: DEBUG nova.compute.api [None req-506287fa-db7d-4758-97f7-8fa28641ecf2 tempest-ServerRescueNegativeTestJSON-753807219 tempest-ServerRescueNegativeTestJSON-753807219-project] [instance: 0bde5328-eae3-4c2f-94ee-616db9f0a457] Fetching instance by UUID {{(pid=117088) get /opt/stack/nova/nova/compute/api.py:2918}}
Apr 08 09:07:03.597928 dv-cinder-836996-2-smb devstack@n-api.service[117088]: DEBUG oslo_concurrency.lockutils [None req-506287fa-db7d-4758-97f7-8fa28641ecf2 tempest-ServerRescueNegativeTestJSON-753807219 tempest-ServerRescueNegativeTestJSON-753807219-project] Lock "5b4fc341-c028-4bcb-8c10-8267aaa74d41" acquired by "nova.context.set_target_cell..get_or_set_cached_cell_and_set_connections" :: waited 0.000s {{(pid=117088) inner /usr/local/lib/python3.8/dist-packages/oslo_concurrency/lockutils.py:386}}
Apr 08 09:07:03.598570 dv-cinder-836996-2-smb devstack@n-api.service[117088]: DEBUG oslo_concurrency.lockutils [None req-506287fa-db7d-4758-97f7-8fa28641ecf2 tempest-ServerRescueNegativeTestJSON-753807219 tempest-ServerRescueNegativeTestJSON-753807219-project] Lock "5b4fc341-c028-4bcb-8c10-8267aaa74d41" "released" by "nova.context.set_target_cell..get_or_set_cached_cell_and_set_connections" :: held 0.001s {{(pid=117088) inner /usr/local/lib/python3.8/dist-packages/oslo_concurrency/lockutils.py:400}}
Apr 08 09:07:03.601703 dv-cinder-836996-2-smb devstack@n-api.service[117088]: DEBUG oslo_concurrency.lockutils [None req-506287fa-db7d-4758-97f7-8fa28641ecf2 tempest-ServerRescueNegativeTestJSON-753807219 tempest-ServerRescueNegativeTestJSON-753807219-project] Lock "5b4fc341-c028-4bcb-8c10-8267aaa74d41" acquired by "nova.context.set_target_cell..get_or_set_cached_cell_and_set_connections" :: waited 0.002s {{(pid=117088) inner /usr/local/lib/python3.8/dist-packages/oslo_concurrency/lockutils.py:386}}
Apr 08 09:07:03.602346 dv-cinder-836996-2-smb devstack@n-api.service[117088]: DEBUG oslo_concurrency.lockutils [None req-506287fa-db7d-4758-97f7-8fa28641ecf2 tempest-ServerRescueNegativeTestJSON-753807219 tempest-ServerRescueNegativeTestJSON-753807219-project] Lock "5b4fc341-c028-4bcb-8c10-8267aaa74d41" "released" by "nova.context.set_target_cell..get_or_set_cached_cell_and_set_connections" :: held 0.001s {{(pid=117088) inner /usr/local/lib/python3.8/dist-packages/oslo_concurrency/lockutils.py:400}}
Apr 08 09:07:03.872315 dv-cinder-836996-2-smb devstack@n-api.service[117087]: DEBUG nova.api.openstack.wsgi [None req-ecfaa101-1a9e-4ef1-abe2-19ca6c8ca8bb tempest-VolumesSnapshotTestJSON-1184460664 tempest-VolumesSnapshotTestJSON-1184460664-project] Action: 'create', calling method: >, body: {"server": {"name": "tempest-VolumesSnapshotTestJSON-instance-1648640944", "imageRef": "5d232c05-e2eb-40ec-89b0-a3455b6dec9c", "flavorRef": "452", "networks": [{"uuid": "226bef17-858e-4ef4-b457-7b372d89048a"}]}} {{(pid=117087) _process_stack /opt/stack/nova/nova/api/openstack/wsgi.py:511}}
Apr 08 09:07:03.878738 dv-cinder-836996-2-smb devstack@n-api.service[117088]: DEBUG nova.policy [None req-506287fa-db7d-4758-97f7-8fa28641ecf2 tempest-ServerRescueNegativeTestJSON-753807219 tempest-ServerRescueNegativeTestJSON-753807219-project] Policy check for os_compute_api:os-extended-server-attributes failed with credentials {'is_admin': False, 'user_id': '9554e21c718644208043cb2d6cf6fdb8', 'user_domain_id': 'default', 'system_scope': None, 'domain_id': None, 'project_id': 'fd249d6901df4b43881d70df3f2d516e', 'project_domain_id': 'default', 'roles': ['member', 'reader'], 'is_admin_project': True, 'service_user_id': None, 'service_user_domain_id': None, 'service_project_id': None, 'service_project_domain_id': None, 'service_roles': []} {{(pid=117088) authorize /opt/stack/nova/nova/policy.py:199}}
Apr 08 09:07:03.890115 dv-cinder-836996-2-smb devstack@n-api.service[117088]: INFO nova.api.openstack.requestlog [None req-506287fa-db7d-4758-97f7-8fa28641ecf2 tempest-ServerRescueNegativeTestJSON-753807219 tempest-ServerRescueNegativeTestJSON-753807219-project] 10.222.0.43 "GET /compute/v2.1/servers/0bde5328-eae3-4c2f-94ee-616db9f0a457" status: 200 len: 1521 microversion: 2.1 time: 0.312555
Apr 08 09:07:03.901088 dv-cinder-836996-2-smb devstack@n-api.service[117088]: [pid: 117088|app: 0|req: 103/190] 10.222.0.43 () {58 vars in 1235 bytes} [Fri Apr 8 09:07:03 2022] GET /compute/v2.1/servers/0bde5328-eae3-4c2f-94ee-616db9f0a457 => generated 1521 bytes in 324 msecs (HTTP/1.1 200) 9 headers in 358 bytes (1 switches on core 0)
Apr 08 09:07:03.935965 dv-cinder-836996-2-smb devstack@n-api.service[117087]: DEBUG nova.network.neutron [None req-ecfaa101-1a9e-4ef1-abe2-19ca6c8ca8bb tempest-VolumesSnapshotTestJSON-1184460664 tempest-VolumesSnapshotTestJSON-1184460664-project] validate_networks() for [('226bef17-858e-4ef4-b457-7b372d89048a', None, None, None, None, None)] {{(pid=117087) validate_networks /opt/stack/nova/nova/network/neutron.py:2632}}
Apr 08 09:07:04.685972 dv-cinder-836996-2-smb devstack@n-api.service[117087]: DEBUG nova.virt.hardware [None req-ecfaa101-1a9e-4ef1-abe2-19ca6c8ca8bb tempest-VolumesSnapshotTestJSON-1184460664 tempest-VolumesSnapshotTestJSON-1184460664-project] Flavor limits 0:0:0 {{(pid=117087) get_cpu_topology_constraints /opt/stack/nova/nova/virt/hardware.py:343}}
Apr 08 09:07:04.685972 dv-cinder-836996-2-smb devstack@n-api.service[117087]: DEBUG nova.virt.hardware [None req-ecfaa101-1a9e-4ef1-abe2-19ca6c8ca8bb tempest-VolumesSnapshotTestJSON-1184460664 tempest-VolumesSnapshotTestJSON-1184460664-project] Image limits 0:0:0 {{(pid=117087) get_cpu_topology_constraints /opt/stack/nova/nova/virt/hardware.py:347}}
Apr 08 09:07:04.686623 dv-cinder-836996-2-smb devstack@n-api.service[117087]: DEBUG nova.virt.hardware [None req-ecfaa101-1a9e-4ef1-abe2-19ca6c8ca8bb tempest-VolumesSnapshotTestJSON-1184460664 tempest-VolumesSnapshotTestJSON-1184460664-project] Flavor pref 0:0:0 {{(pid=117087) get_cpu_topology_constraints /opt/stack/nova/nova/virt/hardware.py:383}}
Apr 08 09:07:04.687297 dv-cinder-836996-2-smb devstack@n-api.service[117087]: DEBUG nova.virt.hardware [None req-ecfaa101-1a9e-4ef1-abe2-19ca6c8ca8bb tempest-VolumesSnapshotTestJSON-1184460664 tempest-VolumesSnapshotTestJSON-1184460664-project] Image pref 0:0:0 {{(pid=117087) get_cpu_topology_constraints /opt/stack/nova/nova/virt/hardware.py:387}}
Apr 08 09:07:04.688749 dv-cinder-836996-2-smb devstack@n-api.service[117087]: DEBUG nova.virt.hardware [None req-ecfaa101-1a9e-4ef1-abe2-19ca6c8ca8bb tempest-VolumesSnapshotTestJSON-1184460664 tempest-VolumesSnapshotTestJSON-1184460664-project] Chose sockets=0, cores=0, threads=0; limits were sockets=65536, cores=65536, threads=65536 {{(pid=117087) get_cpu_topology_constraints /opt/stack/nova/nova/virt/hardware.py:425}}
Apr 08 09:07:04.702851 dv-cinder-836996-2-smb devstack@n-api.service[117087]: DEBUG oslo_concurrency.lockutils [None req-ecfaa101-1a9e-4ef1-abe2-19ca6c8ca8bb tempest-VolumesSnapshotTestJSON-1184460664 tempest-VolumesSnapshotTestJSON-1184460664-project] Lock "00000000-0000-0000-0000-000000000000" acquired by "nova.context.set_target_cell..get_or_set_cached_cell_and_set_connections" :: waited 0.000s {{(pid=117087) inner /usr/local/lib/python3.8/dist-packages/oslo_concurrency/lockutils.py:386}}
Apr 08 09:07:04.703691 dv-cinder-836996-2-smb devstack@n-api.service[117087]: DEBUG oslo_concurrency.lockutils [None req-ecfaa101-1a9e-4ef1-abe2-19ca6c8ca8bb tempest-VolumesSnapshotTestJSON-1184460664 tempest-VolumesSnapshotTestJSON-1184460664-project] Lock "00000000-0000-0000-0000-000000000000" "released" by "nova.context.set_target_cell..get_or_set_cached_cell_and_set_connections" :: held 0.001s {{(pid=117087) inner /usr/local/lib/python3.8/dist-packages/oslo_concurrency/lockutils.py:400}}
Apr 08 09:07:04.704694 dv-cinder-836996-2-smb devstack@n-api.service[117087]: DEBUG oslo_concurrency.lockutils [None req-ecfaa101-1a9e-4ef1-abe2-19ca6c8ca8bb tempest-VolumesSnapshotTestJSON-1184460664 tempest-VolumesSnapshotTestJSON-1184460664-project] Lock "5b4fc341-c028-4bcb-8c10-8267aaa74d41" acquired by "nova.context.set_target_cell..get_or_set_cached_cell_and_set_connections" :: waited 0.000s {{(pid=117087) inner /usr/local/lib/python3.8/dist-packages/oslo_concurrency/lockutils.py:386}}
Apr 08 09:07:04.705520 dv-cinder-836996-2-smb devstack@n-api.service[117087]: DEBUG oslo_concurrency.lockutils [None req-ecfaa101-1a9e-4ef1-abe2-19ca6c8ca8bb tempest-VolumesSnapshotTestJSON-1184460664 tempest-VolumesSnapshotTestJSON-1184460664-project] Lock "5b4fc341-c028-4bcb-8c10-8267aaa74d41" "released" by "nova.context.set_target_cell..get_or_set_cached_cell_and_set_connections" :: held 0.001s {{(pid=117087) inner /usr/local/lib/python3.8/dist-packages/oslo_concurrency/lockutils.py:400}}
Apr 08 09:07:04.734163 dv-cinder-836996-2-smb devstack@n-api.service[117087]: DEBUG nova.quota [None req-ecfaa101-1a9e-4ef1-abe2-19ca6c8ca8bb tempest-VolumesSnapshotTestJSON-1184460664 tempest-VolumesSnapshotTestJSON-1184460664-project] Getting quotas for project 7865fae1f1ef4b929096907af6efd0dd. Resources: {'ram', 'cores', 'instances'} {{(pid=117087) _get_quotas /opt/stack/nova/nova/quota.py:393}}
Apr 08 09:07:04.739504 dv-cinder-836996-2-smb devstack@n-api.service[117087]: DEBUG nova.quota [None req-ecfaa101-1a9e-4ef1-abe2-19ca6c8ca8bb tempest-VolumesSnapshotTestJSON-1184460664 tempest-VolumesSnapshotTestJSON-1184460664-project] Getting quotas for user c637ed0dd0ae4fd0a785e5172a04ac83 and project 7865fae1f1ef4b929096907af6efd0dd. Resources: {'ram', 'cores', 'instances'} {{(pid=117087) _get_quotas /opt/stack/nova/nova/quota.py:383}}
Apr 08 09:07:04.753804 dv-cinder-836996-2-smb devstack@n-api.service[117087]: DEBUG nova.compute.api [None req-ecfaa101-1a9e-4ef1-abe2-19ca6c8ca8bb tempest-VolumesSnapshotTestJSON-1184460664 tempest-VolumesSnapshotTestJSON-1184460664-project] Going to run 1 instances... {{(pid=117087) _provision_instances /opt/stack/nova/nova/compute/api.py:1389}}
Apr 08 09:07:04.756426 dv-cinder-836996-2-smb devstack@n-api.service[117087]: DEBUG nova.compute.api [None req-ecfaa101-1a9e-4ef1-abe2-19ca6c8ca8bb tempest-VolumesSnapshotTestJSON-1184460664 tempest-VolumesSnapshotTestJSON-1184460664-project] [instance: f6924784-b191-45e4-9a58-d539925028d4] block_device_mapping [BlockDeviceMapping(attachment_id=,boot_index=0,connection_info=None,created_at=,delete_on_termination=True,deleted=,deleted_at=,destination_type='local',device_name=None,device_type='disk',disk_bus=None,guest_format=None,id=,image_id='5d232c05-e2eb-40ec-89b0-a3455b6dec9c',instance=,instance_uuid=,no_device=False,snapshot_id=None,source_type='image',tag=None,updated_at=,uuid=,volume_id=None,volume_size=None,volume_type=None)] {{(pid=117087) _bdm_validate_set_size_and_instance /opt/stack/nova/nova/compute/api.py:1807}}
Apr 08 09:07:04.840502 dv-cinder-836996-2-smb devstack@n-api.service[117087]: INFO nova.api.openstack.requestlog [None req-ecfaa101-1a9e-4ef1-abe2-19ca6c8ca8bb tempest-VolumesSnapshotTestJSON-1184460664 tempest-VolumesSnapshotTestJSON-1184460664-project] 10.222.0.43 "POST /compute/v2.1/servers" status: 202 len: 380 microversion: 2.1 time: 0.973247
Apr 08 09:07:04.846110 dv-cinder-836996-2-smb devstack@n-api.service[117087]: [pid: 117087|app: 0|req: 88/191] 10.222.0.43 () {60 vars in 1146 bytes} [Fri Apr 8 09:07:03 2022] POST /compute/v2.1/servers => generated 380 bytes in 980 msecs (HTTP/1.1 202) 10 headers in 451 bytes (2 switches on core 0)
Apr 08 09:07:04.854738 dv-cinder-836996-2-smb devstack@n-api.service[117088]: DEBUG nova.api.openstack.wsgi [None req-16e54d14-bd9b-421b-b87f-1ef1f26e3041 tempest-VolumesSnapshotTestJSON-1184460664 tempest-VolumesSnapshotTestJSON-1184460664-project] Calling method '>' {{(pid=117088) _process_stack /opt/stack/nova/nova/api/openstack/wsgi.py:513}}
Apr 08 09:07:04.857274 dv-cinder-836996-2-smb devstack@n-api.service[117088]: DEBUG nova.compute.api [None req-16e54d14-bd9b-421b-b87f-1ef1f26e3041 tempest-VolumesSnapshotTestJSON-1184460664 tempest-VolumesSnapshotTestJSON-1184460664-project] [instance: f6924784-b191-45e4-9a58-d539925028d4] Fetching instance by UUID {{(pid=117088) get /opt/stack/nova/nova/compute/api.py:2918}}
Apr 08 09:07:04.909025 dv-cinder-836996-2-smb devstack@n-api.service[117087]: DEBUG nova.api.openstack.wsgi [None req-c31fe906-a3c2-4a33-bf33-9cda5d1c5836 tempest-ServerRescueNegativeTestJSON-753807219 tempest-ServerRescueNegativeTestJSON-753807219-project] Calling method '>' {{(pid=117087) _process_stack /opt/stack/nova/nova/api/openstack/wsgi.py:513}}
Apr 08 09:07:04.909960 dv-cinder-836996-2-smb devstack@n-api.service[117087]: DEBUG nova.compute.api [None req-c31fe906-a3c2-4a33-bf33-9cda5d1c5836 tempest-ServerRescueNegativeTestJSON-753807219 tempest-ServerRescueNegativeTestJSON-753807219-project] [instance: 0bde5328-eae3-4c2f-94ee-616db9f0a457] Fetching instance by UUID {{(pid=117087) get /opt/stack/nova/nova/compute/api.py:2918}}
Apr 08 09:07:04.922495 dv-cinder-836996-2-smb devstack@n-api.service[117087]: DEBUG oslo_concurrency.lockutils [None req-c31fe906-a3c2-4a33-bf33-9cda5d1c5836 tempest-ServerRescueNegativeTestJSON-753807219 tempest-ServerRescueNegativeTestJSON-753807219-project] Lock "5b4fc341-c028-4bcb-8c10-8267aaa74d41" acquired by "nova.context.set_target_cell..get_or_set_cached_cell_and_set_connections" :: waited 0.000s {{(pid=117087) inner /usr/local/lib/python3.8/dist-packages/oslo_concurrency/lockutils.py:386}}
Apr 08 09:07:04.922950 dv-cinder-836996-2-smb devstack@n-api.service[117087]: DEBUG oslo_concurrency.lockutils [None req-c31fe906-a3c2-4a33-bf33-9cda5d1c5836 tempest-ServerRescueNegativeTestJSON-753807219 tempest-ServerRescueNegativeTestJSON-753807219-project] Lock "5b4fc341-c028-4bcb-8c10-8267aaa74d41" "released" by "nova.context.set_target_cell..get_or_set_cached_cell_and_set_connections" :: held 0.001s {{(pid=117087) inner /usr/local/lib/python3.8/dist-packages/oslo_concurrency/lockutils.py:400}}
Apr 08 09:07:04.927909 dv-cinder-836996-2-smb devstack@n-api.service[117087]: DEBUG oslo_concurrency.lockutils [None req-c31fe906-a3c2-4a33-bf33-9cda5d1c5836 tempest-ServerRescueNegativeTestJSON-753807219 tempest-ServerRescueNegativeTestJSON-753807219-project] Lock "5b4fc341-c028-4bcb-8c10-8267aaa74d41" acquired by "nova.context.set_target_cell..get_or_set_cached_cell_and_set_connections" :: waited 0.000s {{(pid=117087) inner /usr/local/lib/python3.8/dist-packages/oslo_concurrency/lockutils.py:386}}
Apr 08 09:07:04.929053 dv-cinder-836996-2-smb devstack@n-api.service[117087]: DEBUG oslo_concurrency.lockutils [None req-c31fe906-a3c2-4a33-bf33-9cda5d1c5836 tempest-ServerRescueNegativeTestJSON-753807219 tempest-ServerRescueNegativeTestJSON-753807219-project] Lock "5b4fc341-c028-4bcb-8c10-8267aaa74d41" "released" by "nova.context.set_target_cell..get_or_set_cached_cell_and_set_connections" :: held 0.001s {{(pid=117087) inner /usr/local/lib/python3.8/dist-packages/oslo_concurrency/lockutils.py:400}}
Apr 08 09:07:04.941070 dv-cinder-836996-2-smb devstack@n-api.service[117088]: DEBUG nova.policy [None req-16e54d14-bd9b-421b-b87f-1ef1f26e3041 tempest-VolumesSnapshotTestJSON-1184460664 tempest-VolumesSnapshotTestJSON-1184460664-project] Policy check for os_compute_api:os-extended-server-attributes failed with credentials {'is_admin': False, 'user_id': 'c637ed0dd0ae4fd0a785e5172a04ac83', 'user_domain_id': 'default', 'system_scope': None, 'domain_id': None, 'project_id': '7865fae1f1ef4b929096907af6efd0dd', 'project_domain_id': 'default', 'roles': ['member', 'reader'], 'is_admin_project': True, 'service_user_id': None, 'service_user_domain_id': None, 'service_project_id': None, 'service_project_domain_id': None, 'service_roles': []} {{(pid=117088) authorize /opt/stack/nova/nova/policy.py:199}}
Apr 08 09:07:04.955179 dv-cinder-836996-2-smb devstack@n-api.service[117088]: INFO nova.api.openstack.requestlog [None req-16e54d14-bd9b-421b-b87f-1ef1f26e3041 tempest-VolumesSnapshotTestJSON-1184460664 tempest-VolumesSnapshotTestJSON-1184460664-project] 10.222.0.43 "GET /compute/v2.1/servers/f6924784-b191-45e4-9a58-d539925028d4" status: 200 len: 1219 microversion: 2.1 time: 0.104640
Apr 08 09:07:04.958745 dv-cinder-836996-2-smb devstack@n-api.service[117088]: [pid: 117088|app: 0|req: 104/192] 10.222.0.43 () {58 vars in 1235 bytes} [Fri Apr 8 09:07:04 2022] GET /compute/v2.1/servers/f6924784-b191-45e4-9a58-d539925028d4 => generated 1219 bytes in 112 msecs (HTTP/1.1 200) 9 headers in 358 bytes (1 switches on core 0)
Apr 08 09:07:05.546820 dv-cinder-836996-2-smb devstack@n-api.service[117087]: DEBUG nova.policy [None req-c31fe906-a3c2-4a33-bf33-9cda5d1c5836 tempest-ServerRescueNegativeTestJSON-753807219 tempest-ServerRescueNegativeTestJSON-753807219-project] Policy check for os_compute_api:os-extended-server-attributes failed with credentials {'is_admin': False, 'user_id': '9554e21c718644208043cb2d6cf6fdb8', 'user_domain_id': 'default', 'system_scope': None, 'domain_id': None, 'project_id': 'fd249d6901df4b43881d70df3f2d516e', 'project_domain_id': 'default', 'roles': ['member', 'reader'], 'is_admin_project': True, 'service_user_id': None, 'service_user_domain_id': None, 'service_project_id': None, 'service_project_domain_id': None, 'service_roles': []} {{(pid=117087) authorize /opt/stack/nova/nova/policy.py:199}}
Apr 08 09:07:05.565170 dv-cinder-836996-2-smb devstack@n-api.service[117087]: INFO nova.api.openstack.requestlog [None req-c31fe906-a3c2-4a33-bf33-9cda5d1c5836 tempest-ServerRescueNegativeTestJSON-753807219 tempest-ServerRescueNegativeTestJSON-753807219-project] 10.222.0.43 "GET /compute/v2.1/servers/0bde5328-eae3-4c2f-94ee-616db9f0a457" status: 200 len: 1521 microversion: 2.1 time: 0.660003
Apr 08 09:07:05.567942 dv-cinder-836996-2-smb devstack@n-api.service[117087]: [pid: 117087|app: 0|req: 89/193] 10.222.0.43 () {58 vars in 1235 bytes} [Fri Apr 8 09:07:04 2022] GET /compute/v2.1/servers/0bde5328-eae3-4c2f-94ee-616db9f0a457 => generated 1521 bytes in 663 msecs (HTTP/1.1 200) 9 headers in 358 bytes (1 switches on core 0)
Apr 08 09:07:05.974529 dv-cinder-836996-2-smb devstack@n-api.service[117088]: DEBUG nova.api.openstack.wsgi [None req-f92c9fa8-0c7b-4211-a8b5-b5ec3b19d0e3 tempest-VolumesSnapshotTestJSON-1184460664 tempest-VolumesSnapshotTestJSON-1184460664-project] Calling method '>' {{(pid=117088) _process_stack /opt/stack/nova/nova/api/openstack/wsgi.py:513}}
Apr 08 09:07:05.976076 dv-cinder-836996-2-smb devstack@n-api.service[117088]: DEBUG nova.compute.api [None req-f92c9fa8-0c7b-4211-a8b5-b5ec3b19d0e3 tempest-VolumesSnapshotTestJSON-1184460664 tempest-VolumesSnapshotTestJSON-1184460664-project] [instance: f6924784-b191-45e4-9a58-d539925028d4] Fetching instance by UUID {{(pid=117088) get /opt/stack/nova/nova/compute/api.py:2918}}
Apr 08 09:07:05.983048 dv-cinder-836996-2-smb devstack@n-api.service[117088]: DEBUG oslo_concurrency.lockutils [None req-f92c9fa8-0c7b-4211-a8b5-b5ec3b19d0e3 tempest-VolumesSnapshotTestJSON-1184460664 tempest-VolumesSnapshotTestJSON-1184460664-project] Lock "5b4fc341-c028-4bcb-8c10-8267aaa74d41" acquired by "nova.context.set_target_cell..get_or_set_cached_cell_and_set_connections" :: waited 0.000s {{(pid=117088) inner /usr/local/lib/python3.8/dist-packages/oslo_concurrency/lockutils.py:386}}
Apr 08 09:07:05.983658 dv-cinder-836996-2-smb devstack@n-api.service[117088]: DEBUG oslo_concurrency.lockutils [None req-f92c9fa8-0c7b-4211-a8b5-b5ec3b19d0e3 tempest-VolumesSnapshotTestJSON-1184460664 tempest-VolumesSnapshotTestJSON-1184460664-project] Lock "5b4fc341-c028-4bcb-8c10-8267aaa74d41" "released" by "nova.context.set_target_cell..get_or_set_cached_cell_and_set_connections" :: held 0.001s {{(pid=117088) inner /usr/local/lib/python3.8/dist-packages/oslo_concurrency/lockutils.py:400}}
Apr 08 09:07:05.984580 dv-cinder-836996-2-smb devstack@n-api.service[117088]: DEBUG oslo_concurrency.lockutils [None req-f92c9fa8-0c7b-4211-a8b5-b5ec3b19d0e3 tempest-VolumesSnapshotTestJSON-1184460664 tempest-VolumesSnapshotTestJSON-1184460664-project] Lock "5b4fc341-c028-4bcb-8c10-8267aaa74d41" acquired by "nova.context.set_target_cell..get_or_set_cached_cell_and_set_connections" :: waited 0.000s {{(pid=117088) inner /usr/local/lib/python3.8/dist-packages/oslo_concurrency/lockutils.py:386}}
Apr 08 09:07:05.985113 dv-cinder-836996-2-smb devstack@n-api.service[117088]: DEBUG oslo_concurrency.lockutils [None req-f92c9fa8-0c7b-4211-a8b5-b5ec3b19d0e3 tempest-VolumesSnapshotTestJSON-1184460664 tempest-VolumesSnapshotTestJSON-1184460664-project] Lock "5b4fc341-c028-4bcb-8c10-8267aaa74d41" "released" by "nova.context.set_target_cell..get_or_set_cached_cell_and_set_connections" :: held 0.001s {{(pid=117088) inner /usr/local/lib/python3.8/dist-packages/oslo_concurrency/lockutils.py:400}}
Apr 08 09:07:06.098820 dv-cinder-836996-2-smb devstack@n-api.service[117088]: DEBUG nova.policy [None req-f92c9fa8-0c7b-4211-a8b5-b5ec3b19d0e3 tempest-VolumesSnapshotTestJSON-1184460664 tempest-VolumesSnapshotTestJSON-1184460664-project] Policy check for os_compute_api:os-extended-server-attributes failed with credentials {'is_admin': False, 'user_id': 'c637ed0dd0ae4fd0a785e5172a04ac83', 'user_domain_id': 'default', 'system_scope': None, 'domain_id': None, 'project_id': '7865fae1f1ef4b929096907af6efd0dd', 'project_domain_id': 'default', 'roles': ['member', 'reader'], 'is_admin_project': True, 'service_user_id': None, 'service_user_domain_id': None, 'service_project_id': None, 'service_project_domain_id': None, 'service_roles': []} {{(pid=117088) authorize /opt/stack/nova/nova/policy.py:199}}
Apr 08 09:07:06.112240 dv-cinder-836996-2-smb devstack@n-api.service[117088]: INFO nova.api.openstack.requestlog [None req-f92c9fa8-0c7b-4211-a8b5-b5ec3b19d0e3 tempest-VolumesSnapshotTestJSON-1184460664 tempest-VolumesSnapshotTestJSON-1184460664-project] 10.222.0.43 "GET /compute/v2.1/servers/f6924784-b191-45e4-9a58-d539925028d4" status: 200 len: 1271 microversion: 2.1 time: 0.141289
Apr 08 09:07:06.113701 dv-cinder-836996-2-smb devstack@n-api.service[117088]: [pid: 117088|app: 0|req: 105/194] 10.222.0.43 () {58 vars in 1235 bytes} [Fri Apr 8 09:07:05 2022] GET /compute/v2.1/servers/f6924784-b191-45e4-9a58-d539925028d4 => generated 1271 bytes in 143 msecs (HTTP/1.1 200) 9 headers in 358 bytes (1 switches on core 0)
Apr 08 09:07:06.588860 dv-cinder-836996-2-smb devstack@n-api.service[117087]: DEBUG nova.api.openstack.wsgi [None req-0b75f163-9085-45b3-bbfb-c0e68f90abd9 tempest-ServerRescueNegativeTestJSON-753807219 tempest-ServerRescueNegativeTestJSON-753807219-project] Calling method '>' {{(pid=117087) _process_stack /opt/stack/nova/nova/api/openstack/wsgi.py:513}}
Apr 08 09:07:06.589459 dv-cinder-836996-2-smb devstack@n-api.service[117087]: DEBUG nova.compute.api [None req-0b75f163-9085-45b3-bbfb-c0e68f90abd9 tempest-ServerRescueNegativeTestJSON-753807219 tempest-ServerRescueNegativeTestJSON-753807219-project] [instance: 0bde5328-eae3-4c2f-94ee-616db9f0a457] Fetching instance by UUID {{(pid=117087) get /opt/stack/nova/nova/compute/api.py:2918}}
Apr 08 09:07:06.599817 dv-cinder-836996-2-smb devstack@n-api.service[117087]: DEBUG oslo_concurrency.lockutils [None req-0b75f163-9085-45b3-bbfb-c0e68f90abd9 tempest-ServerRescueNegativeTestJSON-753807219 tempest-ServerRescueNegativeTestJSON-753807219-project] Lock "5b4fc341-c028-4bcb-8c10-8267aaa74d41" acquired by "nova.context.set_target_cell..get_or_set_cached_cell_and_set_connections" :: waited 0.000s {{(pid=117087) inner /usr/local/lib/python3.8/dist-packages/oslo_concurrency/lockutils.py:386}}
Apr 08 09:07:06.601626 dv-cinder-836996-2-smb devstack@n-api.service[117087]: DEBUG oslo_concurrency.lockutils [None req-0b75f163-9085-45b3-bbfb-c0e68f90abd9 tempest-ServerRescueNegativeTestJSON-753807219 tempest-ServerRescueNegativeTestJSON-753807219-project] Lock "5b4fc341-c028-4bcb-8c10-8267aaa74d41" "released" by "nova.context.set_target_cell..get_or_set_cached_cell_and_set_connections" :: held 0.002s {{(pid=117087) inner /usr/local/lib/python3.8/dist-packages/oslo_concurrency/lockutils.py:400}}
Apr 08 09:07:06.609571 dv-cinder-836996-2-smb devstack@n-api.service[117087]: DEBUG oslo_concurrency.lockutils [None req-0b75f163-9085-45b3-bbfb-c0e68f90abd9 tempest-ServerRescueNegativeTestJSON-753807219 tempest-ServerRescueNegativeTestJSON-753807219-project] Lock "5b4fc341-c028-4bcb-8c10-8267aaa74d41" acquired by "nova.context.set_target_cell..get_or_set_cached_cell_and_set_connections" :: waited 0.000s {{(pid=117087) inner /usr/local/lib/python3.8/dist-packages/oslo_concurrency/lockutils.py:386}}
Apr 08 09:07:06.610284 dv-cinder-836996-2-smb devstack@n-api.service[117087]: DEBUG oslo_concurrency.lockutils [None req-0b75f163-9085-45b3-bbfb-c0e68f90abd9 tempest-ServerRescueNegativeTestJSON-753807219 tempest-ServerRescueNegativeTestJSON-753807219-project] Lock "5b4fc341-c028-4bcb-8c10-8267aaa74d41" "released" by "nova.context.set_target_cell..get_or_set_cached_cell_and_set_connections" :: held 0.001s {{(pid=117087) inner /usr/local/lib/python3.8/dist-packages/oslo_concurrency/lockutils.py:400}}
Apr 08 09:07:07.132856 dv-cinder-836996-2-smb devstack@n-api.service[117088]: DEBUG nova.api.openstack.wsgi [None req-5d3ec7a4-aa88-4e0a-a94e-289785139610 tempest-VolumesSnapshotTestJSON-1184460664 tempest-VolumesSnapshotTestJSON-1184460664-project] Calling method '>' {{(pid=117088) _process_stack /opt/stack/nova/nova/api/openstack/wsgi.py:513}}
Apr 08 09:07:07.133498 dv-cinder-836996-2-smb devstack@n-api.service[117088]: DEBUG nova.compute.api [None req-5d3ec7a4-aa88-4e0a-a94e-289785139610 tempest-VolumesSnapshotTestJSON-1184460664 tempest-VolumesSnapshotTestJSON-1184460664-project] [instance: f6924784-b191-45e4-9a58-d539925028d4] Fetching instance by UUID {{(pid=117088) get /opt/stack/nova/nova/compute/api.py:2918}}
Apr 08 09:07:07.141558 dv-cinder-836996-2-smb devstack@n-api.service[117088]: DEBUG oslo_concurrency.lockutils [None req-5d3ec7a4-aa88-4e0a-a94e-289785139610 tempest-VolumesSnapshotTestJSON-1184460664 tempest-VolumesSnapshotTestJSON-1184460664-project] Lock "5b4fc341-c028-4bcb-8c10-8267aaa74d41" acquired by "nova.context.set_target_cell..get_or_set_cached_cell_and_set_connections" :: waited 0.000s {{(pid=117088) inner /usr/local/lib/python3.8/dist-packages/oslo_concurrency/lockutils.py:386}}
Apr 08 09:07:07.147717 dv-cinder-836996-2-smb devstack@n-api.service[117088]: DEBUG oslo_concurrency.lockutils [None req-5d3ec7a4-aa88-4e0a-a94e-289785139610 tempest-VolumesSnapshotTestJSON-1184460664 tempest-VolumesSnapshotTestJSON-1184460664-project] Lock "5b4fc341-c028-4bcb-8c10-8267aaa74d41" "released" by "nova.context.set_target_cell..get_or_set_cached_cell_and_set_connections" :: held 0.005s {{(pid=117088) inner /usr/local/lib/python3.8/dist-packages/oslo_concurrency/lockutils.py:400}}
Apr 08 09:07:07.149798 dv-cinder-836996-2-smb devstack@n-api.service[117087]: DEBUG nova.policy [None req-0b75f163-9085-45b3-bbfb-c0e68f90abd9 tempest-ServerRescueNegativeTestJSON-753807219 tempest-ServerRescueNegativeTestJSON-753807219-project] Policy check for os_compute_api:os-extended-server-attributes failed with credentials {'is_admin': False, 'user_id': '9554e21c718644208043cb2d6cf6fdb8', 'user_domain_id': 'default', 'system_scope': None, 'domain_id': None, 'project_id': 'fd249d6901df4b43881d70df3f2d516e', 'project_domain_id': 'default', 'roles': ['member', 'reader'], 'is_admin_project': True, 'service_user_id': None, 'service_user_domain_id': None, 'service_project_id': None, 'service_project_domain_id': None, 'service_roles': []} {{(pid=117087) authorize /opt/stack/nova/nova/policy.py:199}}
Apr 08 09:07:07.159006 dv-cinder-836996-2-smb devstack@n-api.service[117088]: DEBUG oslo_concurrency.lockutils [None req-5d3ec7a4-aa88-4e0a-a94e-289785139610 tempest-VolumesSnapshotTestJSON-1184460664 tempest-VolumesSnapshotTestJSON-1184460664-project] Lock "5b4fc341-c028-4bcb-8c10-8267aaa74d41" acquired by "nova.context.set_target_cell..get_or_set_cached_cell_and_set_connections" :: waited 0.000s {{(pid=117088) inner /usr/local/lib/python3.8/dist-packages/oslo_concurrency/lockutils.py:386}}
Apr 08 09:07:07.160102 dv-cinder-836996-2-smb devstack@n-api.service[117087]: INFO nova.api.openstack.requestlog [None req-0b75f163-9085-45b3-bbfb-c0e68f90abd9 tempest-ServerRescueNegativeTestJSON-753807219 tempest-ServerRescueNegativeTestJSON-753807219-project] 10.222.0.43 "GET /compute/v2.1/servers/0bde5328-eae3-4c2f-94ee-616db9f0a457" status: 200 len: 1521 microversion: 2.1 time: 0.578174
Apr 08 09:07:07.160522 dv-cinder-836996-2-smb devstack@n-api.service[117088]: DEBUG oslo_concurrency.lockutils [None req-5d3ec7a4-aa88-4e0a-a94e-289785139610 tempest-VolumesSnapshotTestJSON-1184460664 tempest-VolumesSnapshotTestJSON-1184460664-project] Lock "5b4fc341-c028-4bcb-8c10-8267aaa74d41" "released" by "nova.context.set_target_cell..get_or_set_cached_cell_and_set_connections" :: held 0.001s {{(pid=117088) inner /usr/local/lib/python3.8/dist-packages/oslo_concurrency/lockutils.py:400}}
Apr 08 09:07:07.171513 dv-cinder-836996-2-smb devstack@n-api.service[117087]: [pid: 117087|app: 0|req: 90/195] 10.222.0.43 () {58 vars in 1235 bytes} [Fri Apr 8 09:07:06 2022] GET /compute/v2.1/servers/0bde5328-eae3-4c2f-94ee-616db9f0a457 => generated 1521 bytes in 592 msecs (HTTP/1.1 200) 9 headers in 358 bytes (1 switches on core 0)
Apr 08 09:07:07.292325 dv-cinder-836996-2-smb devstack@n-api.service[117088]: DEBUG nova.policy [None req-5d3ec7a4-aa88-4e0a-a94e-289785139610 tempest-VolumesSnapshotTestJSON-1184460664 tempest-VolumesSnapshotTestJSON-1184460664-project] Policy check for os_compute_api:os-extended-server-attributes failed with credentials {'is_admin': False, 'user_id': 'c637ed0dd0ae4fd0a785e5172a04ac83', 'user_domain_id': 'default', 'system_scope': None, 'domain_id': None, 'project_id': '7865fae1f1ef4b929096907af6efd0dd', 'project_domain_id': 'default', 'roles': ['member', 'reader'], 'is_admin_project': True, 'service_user_id': None, 'service_user_domain_id': None, 'service_project_id': None, 'service_project_domain_id': None, 'service_roles': []} {{(pid=117088) authorize /opt/stack/nova/nova/policy.py:199}}
Apr 08 09:07:07.303441 dv-cinder-836996-2-smb devstack@n-api.service[117088]: INFO nova.api.openstack.requestlog [None req-5d3ec7a4-aa88-4e0a-a94e-289785139610 tempest-VolumesSnapshotTestJSON-1184460664 tempest-VolumesSnapshotTestJSON-1184460664-project] 10.222.0.43 "GET /compute/v2.1/servers/f6924784-b191-45e4-9a58-d539925028d4" status: 200 len: 1277 microversion: 2.1 time: 0.174430
Apr 08 09:07:07.315100 dv-cinder-836996-2-smb devstack@n-api.service[117088]: [pid: 117088|app: 0|req: 106/196] 10.222.0.43 () {58 vars in 1235 bytes} [Fri Apr 8 09:07:07 2022] GET /compute/v2.1/servers/f6924784-b191-45e4-9a58-d539925028d4 => generated 1277 bytes in 180 msecs (HTTP/1.1 200) 9 headers in 358 bytes (1 switches on core 0)
Apr 08 09:07:08.184062 dv-cinder-836996-2-smb devstack@n-api.service[117087]: DEBUG nova.api.openstack.wsgi [None req-ce4aa493-4398-472f-98b6-dfbb70dcf5f9 tempest-ServerRescueNegativeTestJSON-753807219 tempest-ServerRescueNegativeTestJSON-753807219-project] Calling method '>' {{(pid=117087) _process_stack /opt/stack/nova/nova/api/openstack/wsgi.py:513}}
Apr 08 09:07:08.185231 dv-cinder-836996-2-smb devstack@n-api.service[117087]: DEBUG nova.compute.api [None req-ce4aa493-4398-472f-98b6-dfbb70dcf5f9 tempest-ServerRescueNegativeTestJSON-753807219 tempest-ServerRescueNegativeTestJSON-753807219-project] [instance: 0bde5328-eae3-4c2f-94ee-616db9f0a457] Fetching instance by UUID {{(pid=117087) get /opt/stack/nova/nova/compute/api.py:2918}}
Apr 08 09:07:08.202632 dv-cinder-836996-2-smb devstack@n-api.service[117087]: DEBUG oslo_concurrency.lockutils [None req-ce4aa493-4398-472f-98b6-dfbb70dcf5f9 tempest-ServerRescueNegativeTestJSON-753807219 tempest-ServerRescueNegativeTestJSON-753807219-project] Lock "5b4fc341-c028-4bcb-8c10-8267aaa74d41" acquired by "nova.context.set_target_cell..get_or_set_cached_cell_and_set_connections" :: waited 0.000s {{(pid=117087) inner /usr/local/lib/python3.8/dist-packages/oslo_concurrency/lockutils.py:386}}
Apr 08 09:07:08.203381 dv-cinder-836996-2-smb devstack@n-api.service[117087]: DEBUG oslo_concurrency.lockutils [None req-ce4aa493-4398-472f-98b6-dfbb70dcf5f9 tempest-ServerRescueNegativeTestJSON-753807219 tempest-ServerRescueNegativeTestJSON-753807219-project] Lock "5b4fc341-c028-4bcb-8c10-8267aaa74d41" "released" by "nova.context.set_target_cell..get_or_set_cached_cell_and_set_connections" :: held 0.005s {{(pid=117087) inner /usr/local/lib/python3.8/dist-packages/oslo_concurrency/lockutils.py:400}}
Apr 08 09:07:08.207689 dv-cinder-836996-2-smb devstack@n-api.service[117087]: DEBUG oslo_concurrency.lockutils [None req-ce4aa493-4398-472f-98b6-dfbb70dcf5f9 tempest-ServerRescueNegativeTestJSON-753807219 tempest-ServerRescueNegativeTestJSON-753807219-project] Lock "5b4fc341-c028-4bcb-8c10-8267aaa74d41" acquired by "nova.context.set_target_cell..get_or_set_cached_cell_and_set_connections" :: waited 0.000s {{(pid=117087) inner /usr/local/lib/python3.8/dist-packages/oslo_concurrency/lockutils.py:386}}
Apr 08 09:07:08.208301 dv-cinder-836996-2-smb devstack@n-api.service[117087]: DEBUG oslo_concurrency.lockutils [None req-ce4aa493-4398-472f-98b6-dfbb70dcf5f9 tempest-ServerRescueNegativeTestJSON-753807219 tempest-ServerRescueNegativeTestJSON-753807219-project] Lock "5b4fc341-c028-4bcb-8c10-8267aaa74d41" "released" by "nova.context.set_target_cell..get_or_set_cached_cell_and_set_connections" :: held 0.001s {{(pid=117087) inner /usr/local/lib/python3.8/dist-packages/oslo_concurrency/lockutils.py:400}}
Apr 08 09:07:08.324162 dv-cinder-836996-2-smb devstack@n-api.service[117088]: DEBUG nova.api.openstack.wsgi [None req-3c416e3f-c7fb-45d5-9109-e1ab5f7b90a2 tempest-VolumesSnapshotTestJSON-1184460664 tempest-VolumesSnapshotTestJSON-1184460664-project] Calling method '>' {{(pid=117088) _process_stack /opt/stack/nova/nova/api/openstack/wsgi.py:513}}
Apr 08 09:07:08.325007 dv-cinder-836996-2-smb devstack@n-api.service[117088]: DEBUG nova.compute.api [None req-3c416e3f-c7fb-45d5-9109-e1ab5f7b90a2 tempest-VolumesSnapshotTestJSON-1184460664 tempest-VolumesSnapshotTestJSON-1184460664-project] [instance: f6924784-b191-45e4-9a58-d539925028d4] Fetching instance by UUID {{(pid=117088) get /opt/stack/nova/nova/compute/api.py:2918}}
Apr 08 09:07:08.338982 dv-cinder-836996-2-smb devstack@n-api.service[117088]: DEBUG oslo_concurrency.lockutils [None req-3c416e3f-c7fb-45d5-9109-e1ab5f7b90a2 tempest-VolumesSnapshotTestJSON-1184460664 tempest-VolumesSnapshotTestJSON-1184460664-project] Lock "5b4fc341-c028-4bcb-8c10-8267aaa74d41" acquired by "nova.context.set_target_cell..get_or_set_cached_cell_and_set_connections" :: waited 0.000s {{(pid=117088) inner /usr/local/lib/python3.8/dist-packages/oslo_concurrency/lockutils.py:386}}
Apr 08 09:07:08.340320 dv-cinder-836996-2-smb devstack@n-api.service[117088]: DEBUG oslo_concurrency.lockutils [None req-3c416e3f-c7fb-45d5-9109-e1ab5f7b90a2 tempest-VolumesSnapshotTestJSON-1184460664 tempest-VolumesSnapshotTestJSON-1184460664-project] Lock "5b4fc341-c028-4bcb-8c10-8267aaa74d41" "released" by "nova.context.set_target_cell..get_or_set_cached_cell_and_set_connections" :: held 0.001s {{(pid=117088) inner /usr/local/lib/python3.8/dist-packages/oslo_concurrency/lockutils.py:400}}
